000
CDUS43 KUNR 290841
CLIPHP


CLIMATE REPORT
NATIONAL WEATHER SERVICE RAPID CITY SD
240 AM MDT WED JUL 29 2015


...................................

...THE PHILIP SD CLIMATE SUMMARY FOR JULY 28 2015...

CLIMATE NORMAL PERIOD 1981 TO 2010
CLIMATE RECORD PERIOD 9999 TO 9999


WEATHER ITEM   OBSERVED TIME   NORMAL DEPARTURE LAST
                VALUE   (LST)  VALUE  FROM      YEAR
                                      NORMAL
......................................................
TEMPERATURE (F)
 YESTERDAY
  MAXIMUM         82    223 PM  91     -9       84
  MINIMUM         55   1159 PM  61     -6       48
  AVERAGE         69            76     -7       66

PRECIPITATION (IN)
  YESTERDAY        0.00          0.04  -0.04     0.00
  MONTH TO DATE    0.62          1.87  -1.25     0.11
  SINCE JUN 1      6.45          4.80   1.65     4.11
  SINCE JAN 1     13.43         11.72   1.71     8.93

DEGREE DAYS
 HEATING
  YESTERDAY        0             0      0        0
  MONTH TO DATE    0             3     -3       16
  SINCE JUN 1     12            66    -54       94
  SINCE JUL 1      0             3     -3       16

 COOLING
  YESTERDAY        4            11     -7        1
  MONTH TO DATE  263           271     -8      234
  SINCE JUN 1    373           394    -21      290
  SINCE JAN 1    379           421    -42      330
......................................................


WIND (MPH)
  HIGHEST WIND SPEED    29   HIGHEST WIND DIRECTION     W (290)
  HIGHEST GUST SPEED    37   HIGHEST GUST DIRECTION     W (290)
  AVERAGE WIND SPEED    15.7


SKY COVER
  AVERAGE SKY COVER 0.0


WEATHER CONDITIONS
 THE FOLLOWING WEATHER WAS RECORDED YESTERDAY.
  NO SIGNIFICANT WEATHER WAS OBSERVED.


RELATIVE HUMIDITY (PERCENT)
 HIGHEST    90          1200 AM
 LOWEST     28           100 PM
 AVERAGE    59

..........................................................




SUNRISE AND SUNSET
JULY 29 2015..........SUNRISE   531 AM MDT   SUNSET   814 PM MDT
JULY 30 2015..........SUNRISE   532 AM MDT   SUNSET   813 PM MDT


-  INDICATES NEGATIVE NUMBERS.
R  INDICATES RECORD WAS SET OR TIED.
MM INDICATES DATA IS MISSING.
T  INDICATES TRACE AMOUNT.




$$
