000
CDUS43 KUNR 260837
CLIPHP


CLIMATE REPORT
NATIONAL WEATHER SERVICE RAPID CITY SD
233 AM MDT SUN MAR 26 2017


...................................

...THE PHILIP SD CLIMATE SUMMARY FOR MARCH 25 2017...

CLIMATE NORMAL PERIOD 1981 TO 2010
CLIMATE RECORD PERIOD 9999 TO 9999


WEATHER ITEM   OBSERVED TIME   NORMAL DEPARTURE LAST
                VALUE   (LST)  VALUE  FROM      YEAR
                                      NORMAL
......................................................
TEMPERATURE (F)
 YESTERDAY
  MAXIMUM         69    305 PM  51     18       53
  MINIMUM         23    545 AM  25     -2       26
  AVERAGE         46            38      8       40

PRECIPITATION (IN)
  YESTERDAY        0.00          0.04  -0.04     0.26
  MONTH TO DATE    0.28          1.03  -0.75     0.49
  SINCE MAR 1      0.28          1.03  -0.75     0.49
  SINCE JAN 1      1.35          1.81  -0.46     1.17

DEGREE DAYS
 HEATING
  YESTERDAY       19            27     -8       25
  MONTH TO DATE  682           785   -103      587
  SINCE MAR 1    682           785   -103      587
  SINCE JUL 1   5742          6150   -408     5399

 COOLING
  YESTERDAY        0             0      0        0
  MONTH TO DATE    0             0      0        0
  SINCE MAR 1      0             0      0        0
  SINCE JAN 1      0             0      0        0
......................................................


WIND (MPH)
  HIGHEST WIND SPEED    24   HIGHEST WIND DIRECTION     S (160)
  HIGHEST GUST SPEED    31   HIGHEST GUST DIRECTION     S (170)
  AVERAGE WIND SPEED    12.1


SKY COVER
  AVERAGE SKY COVER 0.0


WEATHER CONDITIONS
 THE FOLLOWING WEATHER WAS RECORDED YESTERDAY.
  NO SIGNIFICANT WEATHER WAS OBSERVED.


RELATIVE HUMIDITY (PERCENT)
 HIGHEST    92           100 AM
 LOWEST     16           400 PM
 AVERAGE    54

..........................................................




SUNRISE AND SUNSET
MARCH 26 2017.........SUNRISE   638 AM MDT   SUNSET   707 PM MDT
MARCH 27 2017.........SUNRISE   636 AM MDT   SUNSET   708 PM MDT


-  INDICATES NEGATIVE NUMBERS.
R  INDICATES RECORD WAS SET OR TIED.
MM INDICATES DATA IS MISSING.
T  INDICATES TRACE AMOUNT.




$$
