000
CDUS43 KUNR 200831
CLIPHP


CLIMATE REPORT
NATIONAL WEATHER SERVICE RAPID CITY SD
131 AM MST SAT DEC 20 2014


...................................

...THE PHILIP SD CLIMATE SUMMARY FOR DECEMBER 19 2014...

CLIMATE NORMAL PERIOD 1981 TO 2010
CLIMATE RECORD PERIOD 9999 TO 9999


WEATHER ITEM   OBSERVED TIME   NORMAL DEPARTURE LAST
                VALUE   (LST)  VALUE  FROM      YEAR
                                      NORMAL
......................................................
TEMPERATURE (F)
 YESTERDAY
  MAXIMUM         50   1224 PM  35     15       30
  MINIMUM         13    253 AM  10      3       -7
  AVERAGE         32            22     10       12

PRECIPITATION (IN)
  YESTERDAY        0.00          0.01  -0.01     0.46
  MONTH TO DATE    T             0.27  -0.27     0.86
  SINCE DEC 1      T             0.27  -0.27     0.86
  SINCE JAN 1     16.21         17.19  -0.98    16.13

DEGREE DAYS
 HEATING
  YESTERDAY       33            43    -10       53
  MONTH TO DATE  629           779   -150      902
  SINCE DEC 1    629           779   -150      902
  SINCE JUL 1   2284          2414   -130     2413

 COOLING
  YESTERDAY        0             0      0        0
  MONTH TO DATE    0             0      0        0
  SINCE DEC 1      0             0      0        0
  SINCE JAN 1    649           818   -169      945
......................................................


WIND (MPH)
  HIGHEST WIND SPEED    15   HIGHEST WIND DIRECTION     W (260)
  HIGHEST GUST SPEED    18   HIGHEST GUST DIRECTION     W (260)
  AVERAGE WIND SPEED     4.8


SKY COVER
  AVERAGE SKY COVER 0.2


WEATHER CONDITIONS
 THE FOLLOWING WEATHER WAS RECORDED YESTERDAY.
  NO SIGNIFICANT WEATHER WAS OBSERVED.


RELATIVE HUMIDITY (PERCENT)
 HIGHEST    88          1200 AM
 LOWEST     39           100 PM
 AVERAGE    64

..........................................................




SUNRISE AND SUNSET
DECEMBER 20 2014......SUNRISE   718 AM MST   SUNSET   411 PM MST
DECEMBER 21 2014......SUNRISE   718 AM MST   SUNSET   411 PM MST


-  INDICATES NEGATIVE NUMBERS.
R  INDICATES RECORD WAS SET OR TIED.
MM INDICATES DATA IS MISSING.
T  INDICATES TRACE AMOUNT.




$$
