000
CDUS43 KUNR 250833
CLIPHP


CLIMATE REPORT
NATIONAL WEATHER SERVICE RAPID CITY SD
132 AM MST SUN JAN 25 2015


...................................

...THE PHILIP SD CLIMATE SUMMARY FOR JANUARY 24 2015...

CLIMATE NORMAL PERIOD 1981 TO 2010
CLIMATE RECORD PERIOD 9999 TO 9999


WEATHER ITEM   OBSERVED TIME   NORMAL DEPARTURE LAST
                VALUE   (LST)  VALUE  FROM      YEAR
                                      NORMAL
......................................................
TEMPERATURE (F)
 YESTERDAY
  MAXIMUM         55    208 PM  35     20       54
  MINIMUM         28    244 AM  10     18       26
  AVERAGE         42            23     19       40

PRECIPITATION (IN)
  YESTERDAY        T             0.01  -0.01     0.00
  MONTH TO DATE    0.01          0.24  -0.23     0.11
  SINCE DEC 1      0.31          0.67  -0.36     1.13
  SINCE JAN 1      0.01          0.24  -0.23     0.11

DEGREE DAYS
 HEATING
  YESTERDAY       23            42    -19       25
  MONTH TO DATE 1018          1037    -19      947
  SINCE DEC 1   2209          2337   -128     2459
  SINCE JUL 1   3864          3972   -108     3970

 COOLING
  YESTERDAY        0             0      0        0
  MONTH TO DATE    0             0      0        0
  SINCE DEC 1      0             0      0        0
  SINCE JAN 1      0             0      0        0
......................................................


WIND (MPH)
  HIGHEST WIND SPEED    44   HIGHEST WIND DIRECTION    NW (310)
  HIGHEST GUST SPEED    55   HIGHEST GUST DIRECTION    NW (320)
  AVERAGE WIND SPEED    20.1


SKY COVER
  AVERAGE SKY COVER 0.5


WEATHER CONDITIONS
 THE FOLLOWING WEATHER WAS RECORDED YESTERDAY.
  LIGHT RAIN


RELATIVE HUMIDITY (PERCENT)
 HIGHEST    78           100 AM
 LOWEST     50           300 PM
 AVERAGE    64

..........................................................




SUNRISE AND SUNSET
JANUARY 25 2015.......SUNRISE   711 AM MST   SUNSET   447 PM MST
JANUARY 26 2015.......SUNRISE   710 AM MST   SUNSET   448 PM MST


-  INDICATES NEGATIVE NUMBERS.
R  INDICATES RECORD WAS SET OR TIED.
MM INDICATES DATA IS MISSING.
T  INDICATES TRACE AMOUNT.




$$
