000
CDUS43 KUNR 290831
CLIPHP


CLIMATE REPORT
NATIONAL WEATHER SERVICE RAPID CITY SD
231 AM MDT THU JUN 29 2017


...................................

...THE PHILIP SD CLIMATE SUMMARY FOR JUNE 28 2017...

CLIMATE NORMAL PERIOD 1981 TO 2010
CLIMATE RECORD PERIOD 9999 TO 9999


WEATHER ITEM   OBSERVED TIME   NORMAL DEPARTURE LAST
                VALUE   (LST)  VALUE  FROM      YEAR
                                      NORMAL
......................................................
TEMPERATURE (F)
 YESTERDAY
  MAXIMUM         87    423 PM  85      2       91
  MINIMUM         61   1152 PM  57      4       57
  AVERAGE         74            71      3       74

PRECIPITATION (IN)
  YESTERDAY        T             0.09  -0.09      T
  MONTH TO DATE    2.06          2.76  -0.70     0.50
  SINCE JUN 1      2.06          2.76  -0.70     0.50
  SINCE JAN 1      6.90          9.68  -2.78     7.22

DEGREE DAYS
 HEATING
  YESTERDAY        0             1     -1        0
  MONTH TO DATE   22            62    -40        7
  SINCE JUN 1     22            62    -40        7
  SINCE JUL 1   6674          7196   -522     6323

 COOLING
  YESTERDAY        9             7      2        9
  MONTH TO DATE  150           110     40      216
  SINCE JUN 1    150           110     40      216
  SINCE JAN 1    163           137     26      230
......................................................


WIND (MPH)
  HIGHEST WIND SPEED    20   HIGHEST WIND DIRECTION    NW (300)
  HIGHEST GUST SPEED    23   HIGHEST GUST DIRECTION    NW (310)
  AVERAGE WIND SPEED     8.7


SKY COVER
  AVERAGE SKY COVER 0.1


WEATHER CONDITIONS
 THE FOLLOWING WEATHER WAS RECORDED YESTERDAY.
  NO SIGNIFICANT WEATHER WAS OBSERVED.


RELATIVE HUMIDITY (PERCENT)
 HIGHEST    84           200 AM
 LOWEST     21           400 PM
 AVERAGE    53

..........................................................




SUNRISE AND SUNSET
JUNE 29 2017..........SUNRISE   506 AM MDT   SUNSET   833 PM MDT
JUNE 30 2017..........SUNRISE   507 AM MDT   SUNSET   833 PM MDT


-  INDICATES NEGATIVE NUMBERS.
R  INDICATES RECORD WAS SET OR TIED.
MM INDICATES DATA IS MISSING.
T  INDICATES TRACE AMOUNT.




$$
