000
CDUS43 KUNR 190832
CLIPHP


CLIMATE REPORT
NATIONAL WEATHER SERVICE RAPID CITY SD
131 AM MST SUN FEB 19 2017


...................................

...THE PHILIP SD CLIMATE SUMMARY FOR FEBRUARY 18 2017...

CLIMATE NORMAL PERIOD 1981 TO 2010
CLIMATE RECORD PERIOD 9999 TO 9999


WEATHER ITEM   OBSERVED TIME   NORMAL DEPARTURE LAST
                VALUE   (LST)  VALUE  FROM      YEAR
                                      NORMAL
......................................................
TEMPERATURE (F)
 YESTERDAY
  MAXIMUM         66    306 PM  39     27       73
  MINIMUM         24   1246 AM  13     11       40
  AVERAGE         45            26     19       57

PRECIPITATION (IN)
  YESTERDAY        0.00          0.01  -0.01      T
  MONTH TO DATE    0.13          0.22  -0.09     0.26
  SINCE DEC 1      1.36          0.95   0.41     1.46
  SINCE JAN 1      0.94          0.52   0.42     0.47

DEGREE DAYS
 HEATING
  YESTERDAY       20            39    -19        8
  MONTH TO DATE  653           727    -74      555
  SINCE DEC 1   3649          3357    292     3164
  SINCE JUL 1   4787          4992   -205     4504

 COOLING
  YESTERDAY        0             0      0        0
  MONTH TO DATE    0             0      0        0
  SINCE DEC 1      0             0      0        0
  SINCE JAN 1      0             0      0        0
......................................................


WIND (MPH)
  HIGHEST WIND SPEED    23   HIGHEST WIND DIRECTION     S (200)
  HIGHEST GUST SPEED    29   HIGHEST GUST DIRECTION     S (180)
  AVERAGE WIND SPEED     7.7


SKY COVER
  AVERAGE SKY COVER 0.0


WEATHER CONDITIONS
 THE FOLLOWING WEATHER WAS RECORDED YESTERDAY.
  NO SIGNIFICANT WEATHER WAS OBSERVED.


RELATIVE HUMIDITY (PERCENT)
 HIGHEST    92           500 AM
 LOWEST     26           100 PM
 AVERAGE    59

..........................................................




SUNRISE AND SUNSET
FEBRUARY 19 2017......SUNRISE   639 AM MST   SUNSET   522 PM MST
FEBRUARY 20 2017......SUNRISE   638 AM MST   SUNSET   523 PM MST


-  INDICATES NEGATIVE NUMBERS.
R  INDICATES RECORD WAS SET OR TIED.
MM INDICATES DATA IS MISSING.
T  INDICATES TRACE AMOUNT.




$$
