000
CDUS43 KUNR 230848
CLIPHP


CLIMATE REPORT
NATIONAL WEATHER SERVICE RAPID CITY SD
244 AM MDT WED JUL 23 2014


...................................

...THE PHILIP SD CLIMATE SUMMARY FOR JULY 22 2014...

CLIMATE NORMAL PERIOD 1981 TO 2010
CLIMATE RECORD PERIOD 9999 TO 9999


WEATHER ITEM   OBSERVED TIME   NORMAL DEPARTURE LAST
                VALUE   (LST)  VALUE  FROM      YEAR
                                      NORMAL
......................................................
TEMPERATURE (F)
 YESTERDAY
  MAXIMUM         89    331 PM  91     -2       89
  MINIMUM         63    224 AM  61      2       61
  AVERAGE         76            76      0       75

PRECIPITATION (IN)
  YESTERDAY        0.01          0.06  -0.05     0.00
  MONTH TO DATE    0.11          1.57  -1.46     0.88
  SINCE JUN 1      4.11          4.50  -0.39     2.78
  SINCE JAN 1      8.93         11.42  -2.49     8.34

DEGREE DAYS
 HEATING
  YESTERDAY        0             0      0        0
  MONTH TO DATE   16             3     13        0
  SINCE JUN 1     94            66     28       64
  SINCE JUL 1     16             3     13        0

 COOLING
  YESTERDAY       11            11      0       10
  MONTH TO DATE  172           205    -33      274
  SINCE JUN 1    228           328   -100      401
  SINCE JAN 1    268           355    -87      422
......................................................


WIND (MPH)
  HIGHEST WIND SPEED    17   HIGHEST WIND DIRECTION     E (80)
  HIGHEST GUST SPEED    23   HIGHEST GUST DIRECTION     E (90)
  AVERAGE WIND SPEED     7.5


SKY COVER
  AVERAGE SKY COVER 0.0


WEATHER CONDITIONS
 THE FOLLOWING WEATHER WAS RECORDED YESTERDAY.
  THUNDERSTORM
  LIGHT RAIN


RELATIVE HUMIDITY (PERCENT)
 HIGHEST    93           200 AM
 LOWEST     36           400 PM
 AVERAGE    65

..........................................................




SUNRISE AND SUNSET
JULY 23 2014..........SUNRISE   525 AM MDT   SUNSET   820 PM MDT
JULY 24 2014..........SUNRISE   526 AM MDT   SUNSET   819 PM MDT


-  INDICATES NEGATIVE NUMBERS.
R  INDICATES RECORD WAS SET OR TIED.
MM INDICATES DATA IS MISSING.
T  INDICATES TRACE AMOUNT.




$$
