000
CDUS45 KPSR 280815
CLIPHX

CLIMATE REPORT
NATIONAL WEATHER SERVICE PHOENIX AZ
115 AM MST WED JAN 28 2015


...................................

...THE PHOENIX AZ CLIMATE SUMMARY FOR JANUARY 27 2015...

CLIMATE NORMAL PERIOD 1981 TO 2010
CLIMATE RECORD PERIOD 1895 TO 2015


WEATHER ITEM   OBSERVED TIME   RECORD YEAR NORMAL DEPARTURE LAST
                VALUE   (LST)  VALUE       VALUE  FROM      YEAR
                                                  NORMAL
..................................................................
TEMPERATURE (F)
 YESTERDAY
  MAXIMUM         74    506 PM  82    2003  68      6       75
  MINIMUM         53    629 AM  26    1904  47      6       56
  AVERAGE         64                        57      7       66

PRECIPITATION (IN)
  YESTERDAY        0.00          0.87 2008   0.03  -0.03     0.00
  MONTH TO DATE    0.15                      0.80  -0.65     0.00
  SINCE OCT 1      1.19                      2.91  -1.72     2.82
  SINCE JAN 1      0.15                      0.80  -0.65     0.00

SNOWFALL (IN)
  YESTERDAY        0.0
  MONTH TO DATE    0.0
  SINCE JAN 1      0.0
  SINCE JUL 1      0.0
  SNOW DEPTH       0

DEGREE DAYS
 HEATING
  YESTERDAY        1                         8     -7        0
  MONTH TO DATE  172                       239    -67      141
  SINCE DEC 1    400                       537   -137      403
  SINCE JUL 1    454                       640   -186      458

 COOLING
  YESTERDAY        0                         0      0        1
  MONTH TO DATE    0                         0      0        4
  SINCE DEC 1     10                         1      9        4
  SINCE JAN 1      0                         0      0        4
..................................................................


WIND (MPH)
  HIGHEST WIND SPEED    10   HIGHEST WIND DIRECTION     E (110)
  HIGHEST GUST SPEED    13   HIGHEST GUST DIRECTION     E (110)
  AVERAGE WIND SPEED     3.1


SKY COVER
  AVERAGE SKY COVER 0.6


WEATHER CONDITIONS
 THE FOLLOWING WEATHER WAS RECORDED YESTERDAY.
  NO SIGNIFICANT WEATHER WAS OBSERVED.


RELATIVE HUMIDITY (PERCENT)
 HIGHEST    89           600 AM
 LOWEST     38           300 PM
 AVERAGE    64

..........................................................


THE PHOENIX AZ CLIMATE NORMALS FOR TODAY
                         NORMAL    RECORD    YEAR
 MAXIMUM TEMPERATURE (F)   69        83      1971
 MINIMUM TEMPERATURE (F)   47        30      1937


SUNRISE AND SUNSET
JANUARY 28 2015.......SUNRISE   727 AM MST   SUNSET   556 PM MST
JANUARY 29 2015.......SUNRISE   726 AM MST   SUNSET   557 PM MST


-  INDICATES NEGATIVE NUMBERS.
R  INDICATES RECORD WAS SET OR TIED.
MM INDICATES DATA IS MISSING.
T  INDICATES TRACE AMOUNT.

&&
.....................................................................

DEW POINT
  HIGHEST DEW POINT    52
   LOWEST DEW POINT    47
  AVERAGE DEW POINT    50
.....................................................................

$$
