000
CDUS45 KPSR 270803
CLIPHX

CLIMATE REPORT
NATIONAL WEATHER SERVICE PHOENIX AZ
102 AM MST THU APR 27 2017

...................................

...THE PHOENIX AZ CLIMATE SUMMARY FOR APRIL 26 2017...

CLIMATE NORMAL PERIOD 1981 TO 2010
CLIMATE RECORD PERIOD 1895 TO 2017


WEATHER ITEM   OBSERVED TIME   RECORD YEAR NORMAL DEPARTURE LAST
                VALUE   (LST)  VALUE       VALUE  FROM      YEAR
                                                  NORMAL
..................................................................
TEMPERATURE (F)
 YESTERDAY
  MAXIMUM         90    440 PM 101    1992  88      2       77
                                      1898
  MINIMUM         64    609 AM  42    1964  63      1       57
  AVERAGE         77                        76      1       67

PRECIPITATION (IN)
  YESTERDAY        0.00          0.20 1951   0.00   0.00     0.00
  MONTH TO DATE    T                         0.26  -0.26     0.51
  SINCE OCT 1      4.23                      5.19  -0.96     2.99
  SINCE JAN 1      2.40                      3.08  -0.68     1.82

SNOWFALL (IN)
  YESTERDAY        0.0
  MONTH TO DATE    0.0
  SINCE JAN 1      0.0
  SINCE JUL 1      0.0
  SNOW DEPTH       0

DEGREE DAYS
 HEATING
  YESTERDAY        0                         0      0        0
  MONTH TO DATE    2                        17    -15        0
  SINCE MAR 1     25                        98    -73       16
  SINCE JUL 1    693                       931   -238      829

 COOLING
  YESTERDAY       12                        11      1        2
  MONTH TO DATE  280                       204     76      233
  SINCE MAR 1    485                       291    194      398
  SINCE JAN 1    505                       308    197      511
..................................................................


WIND (MPH)
  HIGHEST WIND SPEED    20   HIGHEST WIND DIRECTION    SW (230)
  HIGHEST GUST SPEED    28   HIGHEST GUST DIRECTION     W (250)
  AVERAGE WIND SPEED     7.9


SKY COVER
  AVERAGE SKY COVER 0.5


WEATHER CONDITIONS
 THE FOLLOWING WEATHER WAS RECORDED YESTERDAY.
  NO SIGNIFICANT WEATHER WAS OBSERVED.


RELATIVE HUMIDITY (PERCENT)
 HIGHEST    24           500 AM
 LOWEST      9           200 PM
 AVERAGE    17

..........................................................


THE PHOENIX AZ CLIMATE NORMALS FOR TODAY
                         NORMAL    RECORD    YEAR
 MAXIMUM TEMPERATURE (F)   89       104      1992
 MINIMUM TEMPERATURE (F)   64        45      1975
                                             1971
                                             1969


SUNRISE AND SUNSET
APRIL 27 2017.........SUNRISE   544 AM MST   SUNSET   708 PM MST
APRIL 28 2017.........SUNRISE   543 AM MST   SUNSET   709 PM MST


-  INDICATES NEGATIVE NUMBERS.
R  INDICATES RECORD WAS SET OR TIED.
MM INDICATES DATA IS MISSING.
T  INDICATES TRACE AMOUNT.

&&
.....................................................................

DEW POINT
  HIGHEST DEW POINT    33
   LOWEST DEW POINT    19
  AVERAGE DEW POINT    25
.....................................................................

$$
