728
CDUS45 KPSR 230830
CLIPHX

CDUS45 KPSR DDHHMM
CLIPHX

CLIMATE REPORT
NATIONAL WEATHER SERVICE PHOENIX AZ
129 AM MST SAT JUL 23 2016


...................................

...THE PHOENIX AZ CLIMATE SUMMARY FOR JULY 22 2016...

CLIMATE NORMAL PERIOD 1981 TO 2010
CLIMATE RECORD PERIOD 1895 TO 2016


WEATHER ITEM   OBSERVED TIME   RECORD YEAR NORMAL DEPARTURE LAST
                VALUE   (LST)  VALUE       VALUE  FROM      YEAR
                                                  NORMAL
..................................................................
TEMPERATURE (F)
 YESTERDAY
  MAXIMUM        112    537 PM 116    2006 106      6      107
  MINIMUM         91    628 AM  66    1924  84      7       86
  AVERAGE        102                        95      7       97

PRECIPITATION (IN)
  YESTERDAY        0.00          1.15 1955   0.04  -0.04     0.00
  MONTH TO DATE    0.36                      0.67  -0.31     0.41
  SINCE OCT 1      3.41                      6.01  -2.60     4.20
  SINCE JAN 1      2.24                      3.90  -1.66     3.16

SNOWFALL (IN)
  YESTERDAY        0.0
  MONTH TO DATE    0.0
  SINCE JAN 1      0.0
  SINCE JUL 1      0.0
  SNOW DEPTH       0

DEGREE DAYS
 HEATING
  YESTERDAY        0                         0      0        0
  MONTH TO DATE    0                         0      0        0
  SINCE JUN 1      0                         0      0        0
  SINCE JUL 1      0                         0      0        0

 COOLING
  YESTERDAY       37                        30      7       32
  MONTH TO DATE  710                       657     53      647
  SINCE JUN 1   1610                      1431    179     1523
  SINCE JAN 1   2617                      2317    300     2548
..................................................................


WIND (MPH)
  HIGHEST WIND SPEED    37   HIGHEST WIND DIRECTION     N (10)
  HIGHEST GUST SPEED    45   HIGHEST GUST DIRECTION     N (10)
  AVERAGE WIND SPEED     8.8


SKY COVER
  AVERAGE SKY COVER 0.6


WEATHER CONDITIONS
 THE FOLLOWING WEATHER WAS RECORDED YESTERDAY.
  HAZE


RELATIVE HUMIDITY (PERCENT)
 HIGHEST    32           600 AM
 LOWEST     14           400 PM
 AVERAGE    23

..........................................................


THE PHOENIX AZ CLIMATE NORMALS FOR TODAY
                         NORMAL    RECORD    YEAR
 MAXIMUM TEMPERATURE (F)  106       114      2014
                                             2006
 MINIMUM TEMPERATURE (F)   84        69      1913


SUNRISE AND SUNSET
JULY 23 2016..........SUNRISE   535 AM MST   SUNSET   734 PM MST
JULY 24 2016..........SUNRISE   536 AM MST   SUNSET   733 PM MST


-  INDICATES NEGATIVE NUMBERS.
R  INDICATES RECORD WAS SET OR TIED.
MM INDICATES DATA IS MISSING.
T  INDICATES TRACE AMOUNT.

&&
.....................................................................

DEW POINT
  HIGHEST DEW POINT    60
   LOWEST DEW POINT    50
  AVERAGE DEW POINT    55
.....................................................................

$$
