000
CDUS45 KPSR 270012
CLIPHX

CLIMATE REPORT
NATIONAL WEATHER SERVICE PHOENIX AZ
511 PM MST SUN MAR 26 2017


...................................

...THE PHOENIX AZ CLIMATE SUMMARY FOR MARCH 26 2017...
VALID TODAY AS OF 0500 PM LOCAL TIME.

CLIMATE NORMAL PERIOD 1981 TO 2010
CLIMATE RECORD PERIOD 1895 TO 2017


WEATHER ITEM   OBSERVED TIME   RECORD YEAR NORMAL DEPARTURE LAST
                VALUE   (LST)  VALUE       VALUE  FROM      YEAR
                                                  NORMAL
..................................................................
TEMPERATURE (F)
 TODAY
  MAXIMUM         82    329 PM 100    1988  79      3       86
  MINIMUM         56    646 AM  35    1913  55      1       57
  AVERAGE         69                        67      2       72

PRECIPITATION (IN)
  TODAY            0.00          1.19 1989   0.03  -0.03     0.00
  MONTH TO DATE    0.06                      0.89  -0.83     0.00
  SINCE OCT 1      4.23                      4.83  -0.60     2.48
  SINCE JAN 1      2.40                      2.72  -0.32     1.31

SNOWFALL (IN)
  TODAY            0.0
  MONTH TO DATE    0.0
  SINCE JAN 1      0.0
  SINCE JUL 1      0.0
  SNOW DEPTH       0

DEGREE DAYS
 HEATING
  TODAY            0                         2     -2        0
  MONTH TO DATE   21                        74    -53        7
  SINCE MAR 1     21                        74    -53        7
  SINCE JUL 1    689                       907   -218      820

 COOLING
  TODAY            4                         4      0        7
  MONTH TO DATE  181                        65    116      149
  SINCE MAR 1    181                        65    116      149
  SINCE JAN 1    201                        82    119      262
..................................................................


WIND (MPH)
  HIGHEST WIND SPEED    14   HIGHEST WIND DIRECTION    SW (230)
  HIGHEST GUST SPEED    19   HIGHEST GUST DIRECTION    SW (240)
  AVERAGE WIND SPEED     4.5


SKY COVER
  AVERAGE SKY COVER 0.6


WEATHER CONDITIONS
 THE FOLLOWING WEATHER WAS RECORDED TODAY.
  NO SIGNIFICANT WEATHER WAS OBSERVED.


RELATIVE HUMIDITY (PERCENT)
 HIGHEST    43           600 AM
 LOWEST     15           400 PM
 AVERAGE    29

..........................................................


THE PHOENIX AZ CLIMATE NORMALS FOR TOMORROW
                         NORMAL    RECORD    YEAR
 MAXIMUM TEMPERATURE (F)   80        98      1986
 MINIMUM TEMPERATURE (F)   55        33      1898


SUNRISE AND SUNSET
MARCH 26 2017.........SUNRISE   623 AM MST   SUNSET   644 PM MST
MARCH 27 2017.........SUNRISE   622 AM MST   SUNSET   645 PM MST


-  INDICATES NEGATIVE NUMBERS.
R  INDICATES RECORD WAS SET OR TIED.
MM INDICATES DATA IS MISSING.
T  INDICATES TRACE AMOUNT.

$$
