000
CDUS45 KPSR 210801
CLIPHX

CLIMATE REPORT
NATIONAL WEATHER SERVICE PHOENIX AZ
100 AM MST TUE NOV 21 2017

...................................

...THE PHOENIX AZ CLIMATE SUMMARY FOR NOVEMBER 20 2017...

CLIMATE NORMAL PERIOD 1981 TO 2010
CLIMATE RECORD PERIOD 1895 TO 2017


WEATHER ITEM   OBSERVED TIME   RECORD YEAR NORMAL DEPARTURE LAST
                VALUE   (LST)  VALUE       VALUE  FROM      YEAR
                                                  NORMAL
..................................................................
TEMPERATURE (F)
 YESTERDAY
  MAXIMUM         79    237 PM  89    2006  73      6       74
  MINIMUM         54    400 AM  31    1956  51      3       59
  AVERAGE         67                        62      5       67

PRECIPITATION (IN)
  YESTERDAY        0.00          1.16 1902   0.03  -0.03     0.02
  MONTH TO DATE    T                         0.39  -0.39     0.37
  SINCE OCT 1      T                         0.97  -0.97     0.57
  SINCE JAN 1      4.73                      6.89  -2.16     4.93

SNOWFALL (IN)
  YESTERDAY        0.0
  MONTH TO DATE    0.0
  SINCE JAN 1      0.0
  SINCE JUL 1      0.0
  SNOW DEPTH       0

DEGREE DAYS
 HEATING
  YESTERDAY        0                         4     -4        0
  MONTH TO DATE    0                        42    -42        4
  SINCE SEP 1      0                        48    -48        4
  SINCE JUL 1      0                        48    -48        4

 COOLING
  YESTERDAY        2                         1      1        2
  MONTH TO DATE  142                        64     78      133
  SINCE SEP 1   1326                      1131    195     1290
  SINCE JAN 1   5143                      4600    543     5042
..................................................................


WIND (MPH)
  HIGHEST WIND SPEED    10   HIGHEST WIND DIRECTION    NE (60)
  HIGHEST GUST SPEED    14   HIGHEST GUST DIRECTION     E (70)
  AVERAGE WIND SPEED     2.8


SKY COVER
  AVERAGE SKY COVER 0.7


WEATHER CONDITIONS
 THE FOLLOWING WEATHER WAS RECORDED YESTERDAY.
  NO SIGNIFICANT WEATHER WAS OBSERVED.


RELATIVE HUMIDITY (PERCENT)
 HIGHEST    36           200 AM
 LOWEST     13           200 PM
 AVERAGE    25

..........................................................


THE PHOENIX AZ CLIMATE NORMALS FOR TODAY
                         NORMAL    RECORD    YEAR
 MAXIMUM TEMPERATURE (F)   73        88      1924
 MINIMUM TEMPERATURE (F)   51        30      1956
                                             1953


SUNRISE AND SUNSET
NOVEMBER 21 2017......SUNRISE   705 AM MST   SUNSET   522 PM MST
NOVEMBER 22 2017......SUNRISE   706 AM MST   SUNSET   522 PM MST


-  INDICATES NEGATIVE NUMBERS.
R  INDICATES RECORD WAS SET OR TIED.
MM INDICATES DATA IS MISSING.
T  INDICATES TRACE AMOUNT.

&&
.....................................................................

DEW POINT
  HIGHEST DEW POINT    33
   LOWEST DEW POINT    21
  AVERAGE DEW POINT    26
.....................................................................

$$
