000
CDUS45 KPSR 080013
CLIPHX

CLIMATE REPORT
NATIONAL WEATHER SERVICE PHOENIX AZ
512 PM MST TUE JUL 7 2015


...................................

...THE PHOENIX AZ CLIMATE SUMMARY FOR JULY 7 2015...
VALID TODAY AS OF 0500 PM LOCAL TIME.

CLIMATE NORMAL PERIOD 1981 TO 2010
CLIMATE RECORD PERIOD 1895 TO 2015


WEATHER ITEM   OBSERVED TIME   RECORD YEAR NORMAL DEPARTURE LAST
                VALUE   (LST)  VALUE       VALUE  FROM      YEAR
                                                  NORMAL
..................................................................
TEMPERATURE (F)
 TODAY
  MAXIMUM        108    453 PM 115    1905 107      1      108
  MINIMUM         85    547 AM  66    1915  83      2       88
  AVERAGE         97                        95      2       98

PRECIPITATION (IN)
  TODAY            0.00          0.75 1950   0.02  -0.02     0.00
  MONTH TO DATE    0.08                      0.13  -0.05     0.01
  SINCE OCT 1      3.87                      5.47  -1.60     3.82
  SINCE JAN 1      2.83                      3.36  -0.53     1.00

SNOWFALL (IN)
  TODAY            0.0
  MONTH TO DATE    0.0
  SINCE JAN 1      0.0
  SINCE JUL 1      0.0
  SNOW DEPTH       0

DEGREE DAYS
 HEATING
  TODAY            0                         0      0        0
  MONTH TO DATE    0                         0      0        0
  SINCE JUN 1      0                         0      0        0
  SINCE JUL 1      0                         0      0        0

 COOLING
  TODAY           32                        30      2       33
  MONTH TO DATE  205                       207     -2      212
  SINCE JUN 1   1081                       981    100     1067
  SINCE JAN 1   2106                      1867    239     2142
..................................................................


WIND (MPH)
  HIGHEST WIND SPEED    16   HIGHEST WIND DIRECTION     W (280)
  HIGHEST GUST SPEED    19   HIGHEST GUST DIRECTION     W (280)
  AVERAGE WIND SPEED     6.2


SKY COVER
  AVERAGE SKY COVER 0.2


WEATHER CONDITIONS
 THE FOLLOWING WEATHER WAS RECORDED TODAY.
  NO SIGNIFICANT WEATHER WAS OBSERVED.


RELATIVE HUMIDITY (PERCENT)
 HIGHEST    48           500 AM
 LOWEST     14           400 PM
 AVERAGE    31

..........................................................


THE PHOENIX AZ CLIMATE NORMALS FOR TOMORROW
                         NORMAL    RECORD    YEAR
 MAXIMUM TEMPERATURE (F)  107       115      1985
 MINIMUM TEMPERATURE (F)   83        67      1955


SUNRISE AND SUNSET
JULY  7 2015..........SUNRISE   525 AM MST   SUNSET   741 PM MST
JULY  8 2015..........SUNRISE   525 AM MST   SUNSET   741 PM MST


-  INDICATES NEGATIVE NUMBERS.
R  INDICATES RECORD WAS SET OR TIED.
MM INDICATES DATA IS MISSING.
T  INDICATES TRACE AMOUNT.

$$
