000
CDUS45 KPSR 302315
CLIPHX
CLIPHX

CLIMATE REPORT
NATIONAL WEATHER SERVICE PHOENIX AZ
414 PM MST SAT MAY 30 2015


...................................

...THE PHOENIX AZ CLIMATE SUMMARY FOR MAY 30 2015...
VALID TODAY AS OF 0400 PM LOCAL TIME.

CLIMATE NORMAL PERIOD 1981 TO 2010
CLIMATE RECORD PERIOD 1895 TO 2015


WEATHER ITEM   OBSERVED TIME   RECORD YEAR NORMAL DEPARTURE LAST
                VALUE   (LST)  VALUE       VALUE  FROM      YEAR
                                                  NORMAL
..................................................................
TEMPERATURE (F)
 TODAY
  MAXIMUM        105    350 PM 114    1910  99      6      106
  MINIMUM         74    532 AM  51    1918  73      1       79
  AVERAGE         90                        86      4       93

PRECIPITATION (IN)
  TODAY            0.00          0.01 1924   0.01  -0.01     0.00
  MONTH TO DATE    1.17                      0.11   1.06     0.00
  SINCE OCT 1      3.54                      5.32  -1.78     3.81
  SINCE JAN 1      2.50                      3.21  -0.71     0.99

SNOWFALL (IN)
  TODAY            0.0
  MONTH TO DATE    0.0
  SINCE JAN 1      0.0
  SINCE JUL 1      0.0
  SNOW DEPTH       0

DEGREE DAYS
 HEATING
  TODAY            0                         0      0        0
  MONTH TO DATE    0                         0      0        0
  SINCE MAR 1     25                       101    -76       12
  SINCE JUL 1    520                       934   -414      546

 COOLING
  TODAY           25                        21      4       28
  MONTH TO DATE  407                       510   -103      541
  SINCE MAR 1    949                       848    101      984
  SINCE JAN 1    997                       865    132     1046
..................................................................


WIND (MPH)
  HIGHEST WIND SPEED    13   HIGHEST WIND DIRECTION     W (290)
  HIGHEST GUST SPEED    18   HIGHEST GUST DIRECTION     W (280)
  AVERAGE WIND SPEED     4.7


SKY COVER
  AVERAGE SKY COVER 0.2


WEATHER CONDITIONS
 THE FOLLOWING WEATHER WAS RECORDED TODAY.
  NO SIGNIFICANT WEATHER WAS OBSERVED.


RELATIVE HUMIDITY (PERCENT)
 HIGHEST    27           600 AM
 LOWEST      6           300 PM
 AVERAGE    17

..........................................................


THE PHOENIX AZ CLIMATE NORMALS FOR TOMORROW
                         NORMAL    RECORD    YEAR
 MAXIMUM TEMPERATURE (F)  100       109      2012
                                             2001
 MINIMUM TEMPERATURE (F)   73        54      1918


SUNRISE AND SUNSET
MAY 30 2015...........SUNRISE   520 AM MST   SUNSET   731 PM MST
MAY 31 2015...........SUNRISE   520 AM MST   SUNSET   732 PM MST


-  INDICATES NEGATIVE NUMBERS.
R  INDICATES RECORD WAS SET OR TIED.
MM INDICATES DATA IS MISSING.
T  INDICATES TRACE AMOUNT.

$$
