000
CDUS43 KILX 280646
CLIPIA


CLIMATE REPORT
NATIONAL WEATHER SERVICE LINCOLN IL
146 AM CDT THU MAY 28 2015


...................................

...THE PEORIA IL CLIMATE SUMMARY FOR MAY 27 2015...

CLIMATE NORMAL PERIOD 1981 TO 2010
CLIMATE RECORD PERIOD 1883 TO 2015


WEATHER ITEM   OBSERVED TIME   RECORD YEAR NORMAL DEPARTURE LAST
                VALUE   (LST)  VALUE       VALUE  FROM      YEAR
                                                  NORMAL
..................................................................
TEMPERATURE (F)
 YESTERDAY
  MAXIMUM         82    427 PM  94    1911  77      5       85
  MINIMUM         63   1159 PM  35    1992  55      8       67
  AVERAGE         73                        66      7       76

PRECIPITATION (IN)
  YESTERDAY        0.01          1.66 1996   0.13  -0.12     0.00
  MONTH TO DATE    4.44                      3.82   0.62     1.31
  SINCE MAR 1      8.47                     10.25  -1.78     6.97
  SINCE JAN 1     12.19                     13.82  -1.63    11.84

SNOWFALL (IN)
  YESTERDAY        0.0           0.0    MM   0.0    0.0      0.0
  MONTH TO DATE    0.0                       0.0    0.0      0.0
  SINCE MAR 1      2.7                       3.3   -0.6      7.4
  SINCE JUL 1     27.0                      24.6    2.4     57.6
  SNOW DEPTH       0

DEGREE DAYS
 HEATING
  YESTERDAY        0                         3     -3        0
  MONTH TO DATE   74                       139    -65      119
  SINCE MAR 1   1091                      1288   -197     1407
  SINCE JUL 1   5797                      5804     -7     6586

 COOLING
  YESTERDAY        8                         3      5       11
  MONTH TO DATE  124                        51     73      108
  SINCE MAR 1    135                        65     70      114
  SINCE JAN 1    135                        65     70      114
..................................................................


WIND (MPH)
  HIGHEST WIND SPEED    17   HIGHEST WIND DIRECTION     W (290)
  HIGHEST GUST SPEED    22   HIGHEST GUST DIRECTION     W (280)
  AVERAGE WIND SPEED     6.3


SKY COVER
  POSSIBLE SUNSHINE  MM
  AVERAGE SKY COVER 0.3


WEATHER CONDITIONS
 THE FOLLOWING WEATHER WAS RECORDED YESTERDAY.
  LIGHT RAIN


RELATIVE HUMIDITY (PERCENT)
 HIGHEST    87           400 AM
 LOWEST     42           400 PM
 AVERAGE    65

..........................................................


THE PEORIA IL CLIMATE NORMALS FOR TODAY
                         NORMAL    RECORD    YEAR
 MAXIMUM TEMPERATURE (F)   77        94      2006
 MINIMUM TEMPERATURE (F)   55        36      1907


SUNRISE AND SUNSET
MAY 28 2015...........SUNRISE   532 AM CDT   SUNSET   820 PM CDT
MAY 29 2015...........SUNRISE   532 AM CDT   SUNSET   821 PM CDT


-  INDICATES NEGATIVE NUMBERS.
R  INDICATES RECORD WAS SET OR TIED.
MM INDICATES DATA IS MISSING.
T  INDICATES TRACE AMOUNT.




$$
