000
CDUS43 KILX 290659
CLIPIA


CLIMATE REPORT
NATIONAL WEATHER SERVICE LINCOLN IL
157 AM CDT SAT APR 29 2017


...................................

...THE PEORIA IL CLIMATE SUMMARY FOR APRIL 28 2017...

CLIMATE NORMAL PERIOD 1981 TO 2010
CLIMATE RECORD PERIOD 1883 TO 2017


WEATHER ITEM   OBSERVED TIME   RECORD YEAR NORMAL DEPARTURE LAST
                VALUE   (LST)  VALUE       VALUE  FROM      YEAR
                                                  NORMAL
..................................................................
TEMPERATURE (F)
 YESTERDAY
  MAXIMUM         61    529 PM  91    1894  68     -7       63
  MINIMUM         44    518 AM  30    1928  46     -2       49
  AVERAGE         53                        57     -4       56

PRECIPITATION (IN)
  YESTERDAY        0.11          1.94 1956   0.12  -0.01     0.09
  MONTH TO DATE    4.30                      3.36   0.94     1.75
  SINCE MAR 1      8.33                      6.16   2.17     4.07
  SINCE JAN 1     10.99                      9.73   1.26     5.45

SNOWFALL (IN)
  YESTERDAY       MM             T    2008   0.0   MM        0.0
                                      1950
                                      1908
  MONTH TO DATE    0.0                       0.6   -0.6       T
  SINCE MAR 1      4.2                       3.3    0.9      0.2
  SINCE JUL 1     13.9                      24.6  -10.7     15.3
  SNOW DEPTH       0

DEGREE DAYS
 HEATING
  YESTERDAY       12                         9      3        9
  MONTH TO DATE  227                       378   -151      338
  SINCE MAR 1    919                      1134   -215      885
  SINCE JUL 1   4526                      5650  -1124     4468

 COOLING
  YESTERDAY        0                         1     -1        0
  MONTH TO DATE   18                        11      7       18
  SINCE MAR 1     18                        12      6       18
  SINCE JAN 1     18                        12      6       18
..................................................................


WIND (MPH)
  HIGHEST WIND SPEED    14   HIGHEST WIND DIRECTION    SE (130)
  HIGHEST GUST SPEED    19   HIGHEST GUST DIRECTION    SE (140)
  AVERAGE WIND SPEED     4.7


SKY COVER
  POSSIBLE SUNSHINE  MM
  AVERAGE SKY COVER 0.7


WEATHER CONDITIONS
 THE FOLLOWING WEATHER WAS RECORDED YESTERDAY.
  RAIN
  LIGHT RAIN
  FOG


RELATIVE HUMIDITY (PERCENT)
 HIGHEST   100          1200 PM
 LOWEST     77          1000 AM
 AVERAGE    89

..........................................................


THE PEORIA IL CLIMATE NORMALS FOR TODAY
                         NORMAL    RECORD    YEAR
 MAXIMUM TEMPERATURE (F)   68        92      1899
                                             1894
 MINIMUM TEMPERATURE (F)   46        30      1958


SUNRISE AND SUNSET
APRIL 29 2017.........SUNRISE   600 AM CDT   SUNSET   753 PM CDT
APRIL 30 2017.........SUNRISE   558 AM CDT   SUNSET   754 PM CDT


-  INDICATES NEGATIVE NUMBERS.
R  INDICATES RECORD WAS SET OR TIED.
MM INDICATES DATA IS MISSING.
T  INDICATES TRACE AMOUNT.




$$
