000
CDUS43 KILX 040631
CLIPIA


CLIMATE REPORT
NATIONAL WEATHER SERVICE LINCOLN IL
131 AM CDT TUE AUG 4 2015


...................................

...THE PEORIA IL CLIMATE SUMMARY FOR AUGUST 3 2015...

CLIMATE NORMAL PERIOD 1981 TO 2010
CLIMATE RECORD PERIOD 1883 TO 2015


WEATHER ITEM   OBSERVED TIME   RECORD YEAR NORMAL DEPARTURE LAST
                VALUE   (LST)  VALUE       VALUE  FROM      YEAR
                                                  NORMAL
..................................................................
TEMPERATURE (F)
 YESTERDAY
  MAXIMUM         85    342 PM 104    1887  85      0       86
  MINIMUM         67   1159 PM  48    1912  65      2       64
  AVERAGE         76                        75      1       75

PRECIPITATION (IN)
  YESTERDAY        0.00          2.53 1943   0.10  -0.10     0.00
  MONTH TO DATE    0.00                      0.33  -0.33     0.64
  SINCE JUN 1     17.44                      7.71   9.73    11.80
  SINCE JAN 1     30.21                     22.04   8.17    23.78

SNOWFALL (IN)
  YESTERDAY        0.0           0.0    MM   0.0    0.0      0.0
  MONTH TO DATE    0.0                       0.0    0.0      0.0
  SINCE JUN 1      0.0                       0.0    0.0      0.0
  SINCE JUL 1      0.0                       0.0    0.0      0.0
  SNOW DEPTH       0

DEGREE DAYS
 HEATING
  YESTERDAY        0                         0      0        0
  MONTH TO DATE    0                         0      0        0
  SINCE JUN 1     12                        19     -7        2
  SINCE JUL 1      5                         1      4        2

 COOLING
  YESTERDAY       11                        10      1       10
  MONTH TO DATE   40                        30     10       28
  SINCE JUN 1    696                       580    116      552
  SINCE JAN 1    850                       661    189      710
..................................................................


WIND (MPH)
  HIGHEST WIND SPEED    12   HIGHEST WIND DIRECTION    NW (300)
  HIGHEST GUST SPEED    17   HIGHEST GUST DIRECTION     W (290)
  AVERAGE WIND SPEED     5.1


SKY COVER
  POSSIBLE SUNSHINE  MM
  AVERAGE SKY COVER 0.1


WEATHER CONDITIONS
 THE FOLLOWING WEATHER WAS RECORDED YESTERDAY.
  NO SIGNIFICANT WEATHER WAS OBSERVED.


RELATIVE HUMIDITY (PERCENT)
 HIGHEST    74          1200 AM
 LOWEST     40           200 PM
 AVERAGE    57

..........................................................


THE PEORIA IL CLIMATE NORMALS FOR TODAY
                         NORMAL    RECORD    YEAR
 MAXIMUM TEMPERATURE (F)   85       102      1930
 MINIMUM TEMPERATURE (F)   65        44      1912


SUNRISE AND SUNSET
AUGUST  4 2015........SUNRISE   558 AM CDT   SUNSET   811 PM CDT
AUGUST  5 2015........SUNRISE   559 AM CDT   SUNSET   810 PM CDT


-  INDICATES NEGATIVE NUMBERS.
R  INDICATES RECORD WAS SET OR TIED.
MM INDICATES DATA IS MISSING.
T  INDICATES TRACE AMOUNT.




$$
