000
CDUS43 KILX 170658
CLIPIA


CLIMATE REPORT
NATIONAL WEATHER SERVICE LINCOLN IL
1245 AM CST SAT FEB 17 2018


...................................

...THE PEORIA IL CLIMATE SUMMARY FOR FEBRUARY 16 2018...

CLIMATE NORMAL PERIOD 1981 TO 2010
CLIMATE RECORD PERIOD 1883 TO 2018


WEATHER ITEM   OBSERVED TIME   RECORD YEAR NORMAL DEPARTURE LAST
                VALUE   (LST)  VALUE       VALUE  FROM      YEAR
                                                  NORMAL
..................................................................
TEMPERATURE (F)
 YESTERDAY
  MAXIMUM         38   1224 AM  60    2017  38      0       60
                                      1911
                                      1890
  MINIMUM         18   1159 PM -13    1885  21     -3       24
  AVERAGE         28                        30     -2       42

PRECIPITATION (IN)
  YESTERDAY        0.00          1.13 1976   0.06  -0.06     0.00
  MONTH TO DATE    0.64                      0.92  -0.28     0.57
  SINCE DEC 1      3.18                      5.12  -1.94     3.36
  SINCE JAN 1      2.38                      2.70  -0.32     2.14

SNOWFALL (IN)
  YESTERDAY        0.0           3.8  1934   0.2   -0.2      0.0
  MONTH TO DATE    7.6                       3.8    3.8      3.5
  SINCE DEC 1     18.5                      17.8    0.7      9.5
  SINCE JUL 1     18.5                      18.9   -0.4      9.5
  SNOW DEPTH       0

DEGREE DAYS
 HEATING
  YESTERDAY       37                        35      2       23
  MONTH TO DATE  689                       599     90      501
  SINCE DEC 1   3085                      2972    113     2692
  SINCE JUL 1   4072                      4120    -48     3430

 COOLING
  YESTERDAY        0                         0      0        0
  MONTH TO DATE    0                         0      0        0
  SINCE DEC 1      0                         0      0        0
  SINCE JAN 1      0                         0      0        0
..................................................................


WIND (MPH)
  HIGHEST WIND SPEED    16   HIGHEST WIND DIRECTION    NW (330)
  HIGHEST GUST SPEED    30   HIGHEST GUST DIRECTION    NW (320)
  AVERAGE WIND SPEED     7.5


SKY COVER
  POSSIBLE SUNSHINE  MM
  AVERAGE SKY COVER 0.4


WEATHER CONDITIONS
 THE FOLLOWING WEATHER WAS RECORDED YESTERDAY.
  NO SIGNIFICANT WEATHER WAS OBSERVED.


RELATIVE HUMIDITY (PERCENT)
 HIGHEST    82          1200 AM
 LOWEST     39           400 PM
 AVERAGE    61

..........................................................


THE PEORIA IL CLIMATE NORMALS FOR TODAY
                         NORMAL    RECORD    YEAR
 MAXIMUM TEMPERATURE (F)   38        72      2017
 MINIMUM TEMPERATURE (F)   22       -13      1903


SUNRISE AND SUNSET
FEBRUARY 17 2018......SUNRISE   650 AM CST   SUNSET   536 PM CST
FEBRUARY 18 2018......SUNRISE   649 AM CST   SUNSET   537 PM CST


-  INDICATES NEGATIVE NUMBERS.
R  INDICATES RECORD WAS SET OR TIED.
MM INDICATES DATA IS MISSING.
T  INDICATES TRACE AMOUNT.




$$
