000
CDUS43 KILX 242139
CLIPIA


CLIMATE REPORT
NATIONAL WEATHER SERVICE LINCOLN IL
439 PM CDT THU APR 24 2014


...................................

...THE PEORIA IL CLIMATE SUMMARY FOR APRIL 24 2014...
VALID TODAY AS OF 0400 PM LOCAL TIME.

CLIMATE NORMAL PERIOD 1981 TO 2010
CLIMATE RECORD PERIOD 1883 TO 2014


WEATHER ITEM   OBSERVED TIME   RECORD YEAR NORMAL DEPARTURE LAST
                VALUE   (LST)  VALUE       VALUE  FROM      YEAR
                                                  NORMAL
..................................................................
TEMPERATURE (F)
 TODAY
  MAXIMUM         73    259 PM  85    1990  66      7       51
                                      1948
                                      1925
  MINIMUM         50    411 AM  22    1910  45      5       36
  AVERAGE         62                        56      6       44

PRECIPITATION (IN)
  TODAY            T             5.06 1950   0.13  -0.13     0.01
  MONTH TO DATE    2.72                      2.85  -0.13     7.67
  SINCE MAR 1      4.66                      5.65  -0.99    10.30
  SINCE JAN 1      9.53                      9.22   0.31    17.03

SNOWFALL (IN)
  TODAY            0.0           0.4  1910   0.0    0.0      0.0
  MONTH TO DATE    0.3                       0.6   -0.3       T
  SINCE MAR 1      7.4                       3.3    4.1     10.8
  SINCE JUL 1     57.6                      24.6   33.0     22.7
  SNOW DEPTH       0

DEGREE DAYS
 HEATING
  TODAY            3                        10     -7       21
  MONTH TO DATE  316                       340    -24      398
  SINCE MAR 1   1250                      1096    154     1350
  SINCE JUL 1   6429                      5612    817     5643

 COOLING
  TODAY            0                         1     -1        0
  MONTH TO DATE    6                         7     -1        1
  SINCE MAR 1      6                         8     -2        1
  SINCE JAN 1      6                         8     -2        1
..................................................................


WIND (MPH)
  HIGHEST WIND SPEED    23   HIGHEST WIND DIRECTION     S (160)
  HIGHEST GUST SPEED    33   HIGHEST GUST DIRECTION    SE (140)
  AVERAGE WIND SPEED    13.0


SKY COVER
  POSSIBLE SUNSHINE  MM
  AVERAGE SKY COVER 0.2


WEATHER CONDITIONS
 THE FOLLOWING WEATHER WAS RECORDED TODAY.
  LIGHT RAIN


RELATIVE HUMIDITY (PERCENT)
 HIGHEST    66           300 AM
 LOWEST     31          1200 PM
 AVERAGE    49

..........................................................


THE PEORIA IL CLIMATE NORMALS FOR TOMORROW
                         NORMAL    RECORD    YEAR
 MAXIMUM TEMPERATURE (F)   67        92      1986
 MINIMUM TEMPERATURE (F)   45        28      1934
                                             1919


SUNRISE AND SUNSET
APRIL 24 2014.........SUNRISE   607 AM CDT   SUNSET   747 PM CDT
APRIL 25 2014.........SUNRISE   605 AM CDT   SUNSET   749 PM CDT


-  INDICATES NEGATIVE NUMBERS.
R  INDICATES RECORD WAS SET OR TIED.
MM INDICATES DATA IS MISSING.
T  INDICATES TRACE AMOUNT.




$$
