000
CDUS43 KILX 170642
CLIPIA


CLIMATE REPORT
NATIONAL WEATHER SERVICE LINCOLN IL
142 AM CDT WED SEP 17 2014


...................................

...THE PEORIA IL CLIMATE SUMMARY FOR SEPTEMBER 16 2014...

CLIMATE NORMAL PERIOD 1981 TO 2010
CLIMATE RECORD PERIOD 1883 TO 2014


WEATHER ITEM   OBSERVED TIME   RECORD YEAR NORMAL DEPARTURE LAST
                VALUE   (LST)  VALUE       VALUE  FROM      YEAR
                                                  NORMAL
..................................................................
TEMPERATURE (F)
 YESTERDAY
  MAXIMUM         69    441 PM  94    1939  77     -8       73
  MINIMUM         48    647 AM  35    1916  55     -7       54
  AVERAGE         59                        66     -7       64

PRECIPITATION (IN)
  YESTERDAY        0.00          2.15 1980   0.11  -0.11     0.00
  MONTH TO DATE    4.98                      1.76   3.22     0.72
  SINCE SEP 1      4.98                      1.76   3.22     0.72
  SINCE JAN 1     35.06                     26.71   8.35    32.55

SNOWFALL (IN)
  YESTERDAY        0.0           0.0    MM   0.0    0.0      0.0
  MONTH TO DATE    0.0                       0.0    0.0      0.0
  SINCE SEP 1      0.0                       0.0    0.0      0.0
  SINCE JUL 1      0.0                       0.0    0.0      0.0
  SNOW DEPTH       0

DEGREE DAYS
 HEATING
  YESTERDAY        6                         2      4        1
  MONTH TO DATE   57                        20     37        9
  SINCE SEP 1     57                        20     37        9
  SINCE JUL 1     59                        26     33       14

 COOLING
  YESTERDAY        0                         4     -4        0
  MONTH TO DATE   76                        85     -9      147
  SINCE SEP 1     76                        85     -9      147
  SINCE JAN 1   1100                       992    108     1089
..................................................................


WIND (MPH)
  HIGHEST WIND SPEED    10   HIGHEST WIND DIRECTION    NE (50)
  HIGHEST GUST SPEED    14   HIGHEST GUST DIRECTION    NE (50)
  AVERAGE WIND SPEED     1.8


SKY COVER
  POSSIBLE SUNSHINE  MM
  AVERAGE SKY COVER 0.2


WEATHER CONDITIONS
 THE FOLLOWING WEATHER WAS RECORDED YESTERDAY.
  FOG
  FOG W/VISIBILITY <= 1/4 MILE


RELATIVE HUMIDITY (PERCENT)
 HIGHEST    93           400 AM
 LOWEST     39           400 PM
 AVERAGE    66

..........................................................


THE PEORIA IL CLIMATE NORMALS FOR TODAY
                         NORMAL    RECORD    YEAR
 MAXIMUM TEMPERATURE (F)   77        95      1927
 MINIMUM TEMPERATURE (F)   55        36      1937


SUNRISE AND SUNSET
SEPTEMBER 17 2014.....SUNRISE   641 AM CDT   SUNSET   704 PM CDT
SEPTEMBER 18 2014.....SUNRISE   642 AM CDT   SUNSET   703 PM CDT


-  INDICATES NEGATIVE NUMBERS.
R  INDICATES RECORD WAS SET OR TIED.
MM INDICATES DATA IS MISSING.
T  INDICATES TRACE AMOUNT.




$$
