000
CDUS43 KILX 280700
CLIPIA


CLIMATE REPORT
NATIONAL WEATHER SERVICE LINCOLN IL
1258 AM CST TUE FEB 28 2017


...................................

...THE PEORIA IL CLIMATE SUMMARY FOR FEBRUARY 27 2017...

CLIMATE NORMAL PERIOD 1981 TO 2010
CLIMATE RECORD PERIOD 1883 TO 2017


WEATHER ITEM   OBSERVED TIME   RECORD YEAR NORMAL DEPARTURE LAST
                VALUE   (LST)  VALUE       VALUE  FROM      YEAR
                                                  NORMAL
..................................................................
TEMPERATURE (F)
 YESTERDAY
  MAXIMUM         59    343 PM  72    1976  42     17       60
  MINIMUM         27    617 AM  -9    1934  25      2       23
  AVERAGE         43                        34      9       42

PRECIPITATION (IN)
  YESTERDAY        0.01          1.18 2011   0.08  -0.07     0.00
  MONTH TO DATE    0.73                      1.71  -0.98     0.61
  SINCE DEC 1      3.52                      5.91  -2.39     7.68
  SINCE JAN 1      2.30                      3.49  -1.19     1.37

SNOWFALL (IN)
  YESTERDAY        0.0           3.0  1984   0.2   -0.2      0.0
                                      1905
  MONTH TO DATE    3.7                       6.0   -2.3      2.8
  SINCE DEC 1      9.7                      20.0  -10.3     10.5
  SINCE JUL 1      9.7                      21.1  -11.4     15.1
  SNOW DEPTH       0

DEGREE DAYS
 HEATING
  YESTERDAY       22                        31     -9       23
  MONTH TO DATE  673                       964   -291      882
  SINCE DEC 1   2864                      3337   -473     2795
  SINCE JUL 1   3602                      4485   -883     3552

 COOLING
  YESTERDAY        0                         0      0        0
  MONTH TO DATE    0                         0      0        0
  SINCE DEC 1      0                         0      0        0
  SINCE JAN 1      0                         0      0        0
..................................................................


WIND (MPH)
  HIGHEST WIND SPEED    16   HIGHEST WIND DIRECTION     S (160)
  HIGHEST GUST SPEED    22   HIGHEST GUST DIRECTION     S (170)
  AVERAGE WIND SPEED     7.4


SKY COVER
  POSSIBLE SUNSHINE  MM
  AVERAGE SKY COVER 0.2


WEATHER CONDITIONS
 THE FOLLOWING WEATHER WAS RECORDED YESTERDAY.
  RAIN
  FOG


RELATIVE HUMIDITY (PERCENT)
 HIGHEST    92           600 AM
 LOWEST     39           400 PM
 AVERAGE    66

..........................................................


THE PEORIA IL CLIMATE NORMALS FOR TODAY
                         NORMAL    RECORD    YEAR
 MAXIMUM TEMPERATURE (F)   43        68      2016
                                             1895
 MINIMUM TEMPERATURE (F)   25        -2      1962


SUNRISE AND SUNSET
FEBRUARY 28 2017......SUNRISE   634 AM CST   SUNSET   549 PM CST
MARCH  1 2017.........SUNRISE   632 AM CST   SUNSET   550 PM CST


-  INDICATES NEGATIVE NUMBERS.
R  INDICATES RECORD WAS SET OR TIED.
MM INDICATES DATA IS MISSING.
T  INDICATES TRACE AMOUNT.




$$
