000
CDUS45 KPIH 160734
CLIPIH


CLIMATE REPORT
NATIONAL WEATHER SERVICE POCATELLO ID
1233 AM MST SAT DEC 16 2017


...................................

...THE POCATELLO ID CLIMATE SUMMARY FOR DECEMBER 15 2017...

CLIMATE NORMAL PERIOD 1981 TO 2010
CLIMATE RECORD PERIOD 1939 TO 2017


WEATHER ITEM   OBSERVED TIME   RECORD YEAR NORMAL DEPARTURE LAST
                VALUE   (LST)  VALUE       VALUE  FROM      YEAR
                                                  NORMAL
..................................................................
TEMPERATURE (F)
 YESTERDAY
  MAXIMUM         26   1159 PM  55    1946  32     -6       45
  MINIMUM         17   1030 AM -16    1972  16      1       23
  AVERAGE         22                        24     -2       34

PRECIPITATION (IN)
  YESTERDAY        0.00          0.27 1981   0.05  -0.05     0.04
  MONTH TO DATE    0.31                      0.63  -0.32     1.20
  SINCE OCT 1      2.11                      2.61  -0.50     4.90
  SINCE JAN 1     16.61                     11.52   5.09    14.58

SNOWFALL (IN)
  YESTERDAY        0.0
  MONTH TO DATE    3.4
  SINCE DEC 1      3.4
  SINCE JUL 1      4.4
  SNOW DEPTH       1

DEGREE DAYS
 HEATING
  YESTERDAY       43                        41      2       31
  MONTH TO DATE  613                       594     19      599
  SINCE DEC 1    613                       594     19      599
  SINCE JUL 1   2247                      2322    -75     2034

 COOLING
  YESTERDAY        0                         0      0        0
  MONTH TO DATE    0                         0      0        0
  SINCE DEC 1      0                         0      0        0
  SINCE JAN 1    575                       392    183      416
..................................................................


WIND (MPH)
  HIGHEST WIND SPEED    14   HIGHEST WIND DIRECTION    NE (30)
  HIGHEST GUST SPEED    17   HIGHEST GUST DIRECTION    NE (40)
  AVERAGE WIND SPEED     4.9


SKY COVER
  POSSIBLE SUNSHINE  MM
  AVERAGE SKY COVER 0.7


WEATHER CONDITIONS
 THE FOLLOWING WEATHER WAS RECORDED YESTERDAY.
  FOG
  FOG W/VISIBILITY <= 1/4 MILE


RELATIVE HUMIDITY (PERCENT)
 HIGHEST    96           800 PM
 LOWEST     84           600 AM
 AVERAGE    90

..........................................................


THE POCATELLO ID CLIMATE NORMALS FOR TODAY
                         NORMAL    RECORD    YEAR
 MAXIMUM TEMPERATURE (F)   32        62      1939
 MINIMUM TEMPERATURE (F)   16        -8      1985


SUNRISE AND SUNSET
DECEMBER 16 2017......SUNRISE   755 AM MST   SUNSET   457 PM MST
DECEMBER 17 2017......SUNRISE   756 AM MST   SUNSET   457 PM MST


-  INDICATES NEGATIVE NUMBERS.
R  INDICATES RECORD WAS SET OR TIED.
MM INDICATES DATA IS MISSING.
T  INDICATES TRACE AMOUNT.




$$
