000
CDUS45 KPIH 220733
CLIPIH


CLIMATE REPORT
NATIONAL WEATHER SERVICE POCATELLO ID
1232 AM MST SAT NOV 22 2014


...................................

...THE POCATELLO ID CLIMATE SUMMARY FOR NOVEMBER 21 2014...

CLIMATE NORMAL PERIOD 1981 TO 2010
CLIMATE RECORD PERIOD 1939 TO 2014


WEATHER ITEM   OBSERVED TIME   RECORD YEAR NORMAL DEPARTURE LAST
                VALUE   (LST)  VALUE       VALUE  FROM      YEAR
                                                  NORMAL
..................................................................
TEMPERATURE (F)
 YESTERDAY
  MAXIMUM         44   1025 PM  57    2006  41      3       34
  MINIMUM         16    710 AM   5    1957  22     -6       19
                                      1941
  AVERAGE         30                        32     -2       27

PRECIPITATION (IN)
  YESTERDAY        0.00          0.25 1940   0.04  -0.04     0.00
  MONTH TO DATE    1.04                      0.74   0.30     0.42
  SINCE OCT 1      1.08                      1.61  -0.53     0.91
  SINCE JAN 1     11.34                     10.52   0.82     5.71

SNOWFALL (IN)
  YESTERDAY        0.0
  MONTH TO DATE    4.6
  SINCE SEP 1      4.6
  SINCE JUL 1      4.6
  SNOW DEPTH       1

DEGREE DAYS
 HEATING
  YESTERDAY       35                        33      2       38
  MONTH TO DATE  714                       600    114      534
  SINCE SEP 1   1281                      1361    -80     1302
  SINCE JUL 1   1316                      1407    -91     1302

 COOLING
  YESTERDAY        0                         0      0        0
  MONTH TO DATE    0                         0      0        0
  SINCE SEP 1     35                        22     13       61
  SINCE JAN 1    421                       392     29      688
..................................................................


WIND (MPH)
  HIGHEST WIND SPEED    21   HIGHEST WIND DIRECTION     S (180)
  HIGHEST GUST SPEED    28   HIGHEST GUST DIRECTION     S (180)
  AVERAGE WIND SPEED     3.6


SKY COVER
  POSSIBLE SUNSHINE  MM
  AVERAGE SKY COVER 0.3


WEATHER CONDITIONS
 THE FOLLOWING WEATHER WAS RECORDED YESTERDAY.
  FOG
  HAZE


RELATIVE HUMIDITY (PERCENT)
 HIGHEST   100          1200 AM
 LOWEST     53          1000 PM
 AVERAGE    77

..........................................................


THE POCATELLO ID CLIMATE NORMALS FOR TODAY
                         NORMAL    RECORD    YEAR
 MAXIMUM TEMPERATURE (F)   41        60      1939
 MINIMUM TEMPERATURE (F)   22         0      1982


SUNRISE AND SUNSET
NOVEMBER 22 2014......SUNRISE   731 AM MST   SUNSET   501 PM MST
NOVEMBER 23 2014......SUNRISE   733 AM MST   SUNSET   501 PM MST


-  INDICATES NEGATIVE NUMBERS.
R  INDICATES RECORD WAS SET OR TIED.
MM INDICATES DATA IS MISSING.
T  INDICATES TRACE AMOUNT.




$$
