000
CDUS45 KPIH 282329
CLIPIH


CLIMATE REPORT
NATIONAL WEATHER SERVICE POCATELLO ID
526 PM MDT MON JUL 28 2014


...................................

...THE POCATELLO ID CLIMATE SUMMARY FOR JULY 28 2014...
VALID TODAY AS OF 0500 PM LOCAL TIME.

CLIMATE NORMAL PERIOD 1981 TO 2010
CLIMATE RECORD PERIOD 1939 TO 2014


WEATHER ITEM   OBSERVED TIME   RECORD YEAR NORMAL DEPARTURE LAST
                VALUE   (LST)  VALUE       VALUE  FROM      YEAR
                                                  NORMAL
..................................................................
TEMPERATURE (F)
 TODAY
  MAXIMUM         90    318 PM 100    2006  90      0       85
  MINIMUM         54    518 AM  43    1993  53      1       52
  AVERAGE         72                        71      1       69

PRECIPITATION (IN)
  TODAY            T             0.37 1984   0.02  -0.02     0.00
  MONTH TO DATE    0.32                      0.58  -0.26     0.27
  SINCE OCT 1      7.83                     10.62  -2.79     7.98
  SINCE JAN 1      6.46                      7.40  -0.94     3.82

SNOWFALL (IN)
  TODAY            0.0
  MONTH TO DATE    0.0
  SINCE JUN 1      0.0
  SINCE JUL 1      0.0
  SNOW DEPTH       0

DEGREE DAYS
 HEATING
  TODAY            0                         0      0        0
  MONTH TO DATE    2                        17    -15        0
  SINCE JUN 1    112                       148    -36       90
  SINCE JUL 1      2                        17    -15        0

 COOLING
  TODAY            7                         7      0        4
  MONTH TO DATE  231                       151     80      268
  SINCE JUN 1    251                       197     54      361
  SINCE JAN 1    251                       202     49      370
..................................................................


WIND (MPH)
  HIGHEST WIND SPEED    18   HIGHEST WIND DIRECTION    SW (240)
  HIGHEST GUST SPEED    22   HIGHEST GUST DIRECTION     W (250)
  AVERAGE WIND SPEED     6.1


SKY COVER
  POSSIBLE SUNSHINE  MM
  AVERAGE SKY COVER 0.0


WEATHER CONDITIONS
 THE FOLLOWING WEATHER WAS RECORDED TODAY.
  NO SIGNIFICANT WEATHER WAS OBSERVED.


RELATIVE HUMIDITY (PERCENT)
 HIGHEST    59           500 AM
 LOWEST     18           100 PM
 AVERAGE    39

..........................................................


THE POCATELLO ID CLIMATE NORMALS FOR TOMORROW
                         NORMAL    RECORD    YEAR
 MAXIMUM TEMPERATURE (F)   90       101      1994
 MINIMUM TEMPERATURE (F)   53        46      1959


SUNRISE AND SUNSET
JULY 28 2014..........SUNRISE   617 AM MDT   SUNSET   856 PM MDT
JULY 29 2014..........SUNRISE   618 AM MDT   SUNSET   855 PM MDT


-  INDICATES NEGATIVE NUMBERS.
R  INDICATES RECORD WAS SET OR TIED.
MM INDICATES DATA IS MISSING.
T  INDICATES TRACE AMOUNT.




$$
