000
CDUS45 KPIH 270807
CLIPIH


CLIMATE REPORT
NATIONAL WEATHER SERVICE POCATELLO ID
106 AM MST TUE JAN 27 2015


...................................

...THE POCATELLO ID CLIMATE SUMMARY FOR JANUARY 26 2015...

CLIMATE NORMAL PERIOD 1981 TO 2010
CLIMATE RECORD PERIOD 1939 TO 2015


WEATHER ITEM   OBSERVED TIME   RECORD YEAR NORMAL DEPARTURE LAST
                VALUE   (LST)  VALUE       VALUE  FROM      YEAR
                                                  NORMAL
..................................................................
TEMPERATURE (F)
 YESTERDAY
  MAXIMUM         49    346 PM  52    2003  33     16       33
  MINIMUM         26   1103 PM -21    1949  16     10       17
  AVERAGE         38                        25     13       25

PRECIPITATION (IN)
  YESTERDAY        0.00          0.43 1956   0.03  -0.03     0.00
  MONTH TO DATE    0.37                      0.85  -0.48     0.46
  SINCE OCT 1      2.76                      4.07  -1.31     1.83
  SINCE JAN 1      0.37                      0.85  -0.48     0.46

SNOWFALL (IN)
  YESTERDAY        0.0
  MONTH TO DATE    0.9
  SINCE DEC 1      8.1
  SINCE JUL 1     12.7
  SNOW DEPTH       0

DEGREE DAYS
 HEATING
  YESTERDAY       27                        40    -13       40
  MONTH TO DATE  929                      1060   -131      934
  SINCE DEC 1   1935                      2317   -382     2322
  SINCE JUL 1   3462                      4045   -583     3934

 COOLING
  YESTERDAY        0                         0      0        0
  MONTH TO DATE    0                         0      0        0
  SINCE DEC 1      0                         0      0        0
  SINCE JAN 1      0                         0      0        0
..................................................................


WIND (MPH)
  HIGHEST WIND SPEED    15   HIGHEST WIND DIRECTION    NE (30)
  HIGHEST GUST SPEED    17   HIGHEST GUST DIRECTION    NE (30)
  AVERAGE WIND SPEED     4.8


SKY COVER
  POSSIBLE SUNSHINE  MM
  AVERAGE SKY COVER 0.5


WEATHER CONDITIONS
 THE FOLLOWING WEATHER WAS RECORDED YESTERDAY.
  FOG
  FOG W/VISIBILITY <= 1/4 MILE


RELATIVE HUMIDITY (PERCENT)
 HIGHEST   100          1200 AM
 LOWEST     66           300 PM
 AVERAGE    83

..........................................................


THE POCATELLO ID CLIMATE NORMALS FOR TODAY
                         NORMAL    RECORD    YEAR
 MAXIMUM TEMPERATURE (F)   33        53      2003
 MINIMUM TEMPERATURE (F)   17       -10      2009


SUNRISE AND SUNSET
JANUARY 27 2015.......SUNRISE   750 AM MST   SUNSET   536 PM MST
JANUARY 28 2015.......SUNRISE   749 AM MST   SUNSET   538 PM MST


-  INDICATES NEGATIVE NUMBERS.
R  INDICATES RECORD WAS SET OR TIED.
MM INDICATES DATA IS MISSING.
T  INDICATES TRACE AMOUNT.




$$
