000
CDUS45 KPIH 270732
CLIPIH


CLIMATE REPORT
NATIONAL WEATHER SERVICE POCATELLO ID
1232 AM MST MON FEB 27 2017


...................................

...THE POCATELLO ID CLIMATE SUMMARY FOR FEBRUARY 26 2017...

CLIMATE NORMAL PERIOD 1981 TO 2010
CLIMATE RECORD PERIOD 1939 TO 2017


WEATHER ITEM   OBSERVED TIME   RECORD YEAR NORMAL DEPARTURE LAST
                VALUE   (LST)  VALUE       VALUE  FROM      YEAR
                                                  NORMAL
..................................................................
TEMPERATURE (F)
 YESTERDAY
  MAXIMUM         31    847 PM  62    1950  42    -11       59
  MINIMUM          8    822 AM -11    1960  22    -14       23
  AVERAGE         20                        32    -12       41

PRECIPITATION (IN)
  YESTERDAY        0.02          0.27 1963   0.04  -0.02     0.00
  MONTH TO DATE    3.07                      0.89   2.18     0.20
  SINCE OCT 1     12.48                      5.10   7.38     5.18
  SINCE JAN 1      5.92                      1.88   4.04     1.61

SNOWFALL (IN)
  YESTERDAY        0.3
  MONTH TO DATE   19.7
  SINCE DEC 1     80.4
  SINCE JUL 1     83.0
  SNOW DEPTH       4

DEGREE DAYS
 HEATING
  YESTERDAY       45                        33     12       24
  MONTH TO DATE  835                       962   -127      876
  SINCE DEC 1   3733                      3481    252     3324
  SINCE JUL 1   5168                      5209    -41     4768

 COOLING
  YESTERDAY        0                         0      0        0
  MONTH TO DATE    0                         0      0        0
  SINCE DEC 1      0                         0      0        0
  SINCE JAN 1      0                         0      0        0
..................................................................


WIND (MPH)
  HIGHEST WIND SPEED    24   HIGHEST WIND DIRECTION     S (170)
  HIGHEST GUST SPEED    29   HIGHEST GUST DIRECTION     S (170)
  AVERAGE WIND SPEED    10.6


SKY COVER
  POSSIBLE SUNSHINE  MM
  AVERAGE SKY COVER 0.6


WEATHER CONDITIONS
 THE FOLLOWING WEATHER WAS RECORDED YESTERDAY.
  LIGHT SNOW
  FOG


RELATIVE HUMIDITY (PERCENT)
 HIGHEST    92           700 AM
 LOWEST     55          1100 AM
 AVERAGE    74

..........................................................


THE POCATELLO ID CLIMATE NORMALS FOR TODAY
                         NORMAL    RECORD    YEAR
 MAXIMUM TEMPERATURE (F)   42        62      1992
 MINIMUM TEMPERATURE (F)   22       -13      1993


SUNRISE AND SUNSET
FEBRUARY 27 2017......SUNRISE   709 AM MST   SUNSET   618 PM MST
FEBRUARY 28 2017......SUNRISE   707 AM MST   SUNSET   619 PM MST


-  INDICATES NEGATIVE NUMBERS.
R  INDICATES RECORD WAS SET OR TIED.
MM INDICATES DATA IS MISSING.
T  INDICATES TRACE AMOUNT.




$$
