000
CDUS45 KPIH 160750
CLIPIH


CLIMATE REPORT
NATIONAL WEATHER SERVICE POCATELLO ID
140 AM MDT WED APR 16 2014


...................................

...THE POCATELLO ID CLIMATE SUMMARY FOR APRIL 15 2014...

CLIMATE NORMAL PERIOD 1981 TO 2010
CLIMATE RECORD PERIOD 1939 TO 2014


WEATHER ITEM   OBSERVED TIME   RECORD YEAR NORMAL DEPARTURE LAST
                VALUE   (LST)  VALUE       VALUE  FROM      YEAR
                                                  NORMAL
..................................................................
TEMPERATURE (F)
 YESTERDAY
  MAXIMUM         63   1221 PM  78    1990  58      5       45
                                      1985
  MINIMUM         36   1159 PM  21    1995  33      3       26
  AVERAGE         50                        45      5       36

PRECIPITATION (IN)
  YESTERDAY        0.00          0.56 1991   0.04  -0.04     0.02
  MONTH TO DATE    0.38                      0.54  -0.16     0.30
  SINCE OCT 1      5.75                      6.98  -1.23     6.26
  SINCE JAN 1      4.38                      3.76   0.62     2.10

SNOWFALL (IN)
  YESTERDAY        0.0
  MONTH TO DATE    3.3
  SINCE MAR 1     10.5
  SINCE JUL 1     29.4
  SNOW DEPTH       0

DEGREE DAYS
 HEATING
  YESTERDAY       15                        20     -5       29
  MONTH TO DATE  289                       318    -29      310
  SINCE MAR 1   1020                      1157   -137     1101
  SINCE JUL 1   6000                      6430   -430     6212

 COOLING
  YESTERDAY        0                         0      0        0
  MONTH TO DATE    0                         0      0        0
  SINCE MAR 1      0                         0      0        0
  SINCE JAN 1      0                         0      0        0
..................................................................


WIND (MPH)
  HIGHEST WIND SPEED    47   HIGHEST WIND DIRECTION     W (260)
  HIGHEST GUST SPEED    54   HIGHEST GUST DIRECTION     W (260)
  AVERAGE WIND SPEED    21.1


SKY COVER
  POSSIBLE SUNSHINE  MM
  AVERAGE SKY COVER 0.3


WEATHER CONDITIONS
 THE FOLLOWING WEATHER WAS RECORDED YESTERDAY.
  HAZE
  SANDSTORM


RELATIVE HUMIDITY (PERCENT)
 HIGHEST    48          1100 PM
 LOWEST     14           900 AM
 AVERAGE    31

..........................................................


THE POCATELLO ID CLIMATE NORMALS FOR TODAY
                         NORMAL    RECORD    YEAR
 MAXIMUM TEMPERATURE (F)   58        80      1990
 MINIMUM TEMPERATURE (F)   33        19      1999


SUNRISE AND SUNSET
APRIL 16 2014.........SUNRISE   647 AM MDT   SUNSET   814 PM MDT
APRIL 17 2014.........SUNRISE   645 AM MDT   SUNSET   815 PM MDT


-  INDICATES NEGATIVE NUMBERS.
R  INDICATES RECORD WAS SET OR TIED.
MM INDICATES DATA IS MISSING.
T  INDICATES TRACE AMOUNT.




$$
