000
CDUS45 KPIH 260732
CLIPIH


CLIMATE REPORT
NATIONAL WEATHER SERVICE POCATELLO ID
131 AM MDT MON JUN 26 2017


...................................

...THE POCATELLO ID CLIMATE SUMMARY FOR JUNE 25 2017...

CLIMATE NORMAL PERIOD 1981 TO 2010
CLIMATE RECORD PERIOD 1939 TO 2017


WEATHER ITEM   OBSERVED TIME   RECORD YEAR NORMAL DEPARTURE LAST
                VALUE   (LST)  VALUE       VALUE  FROM      YEAR
                                                  NORMAL
..................................................................
TEMPERATURE (F)
 YESTERDAY
  MAXIMUM         90    343 PM 103    1988  82      8       75
  MINIMUM         45    517 AM  31    1966  49     -4       43
  AVERAGE         68                        65      3       59

PRECIPITATION (IN)
  YESTERDAY        0.00          0.61 1985   0.02  -0.02     0.00
  MONTH TO DATE    1.14                      0.89   0.25     0.02
  SINCE OCT 1     17.61                      9.94   7.67    10.73
  SINCE JAN 1     11.05                      6.72   4.33     7.16

SNOWFALL (IN)
  YESTERDAY        0.0
  MONTH TO DATE    0.0
  SINCE JUN 1      0.0
  SINCE JUL 1     87.6
  SNOW DEPTH       0

DEGREE DAYS
 HEATING
  YESTERDAY        0                         2     -2        6
  MONTH TO DATE   83                       121    -38       42
  SINCE JUN 1     83                       121    -38       42
  SINCE JUL 1   6944                      7168   -224     6391

 COOLING
  YESTERDAY        3                         2      1        0
  MONTH TO DATE   47                        32     15       61
  SINCE JUN 1     47                        32     15       61
  SINCE JAN 1     49                        37     12       61
..................................................................


WIND (MPH)
  HIGHEST WIND SPEED    13   HIGHEST WIND DIRECTION     N (10)
  HIGHEST GUST SPEED    15   HIGHEST GUST DIRECTION     N (10)
  AVERAGE WIND SPEED     5.7


SKY COVER
  POSSIBLE SUNSHINE  MM
  AVERAGE SKY COVER 0.0


WEATHER CONDITIONS
 THE FOLLOWING WEATHER WAS RECORDED YESTERDAY.
  NO SIGNIFICANT WEATHER WAS OBSERVED.


RELATIVE HUMIDITY (PERCENT)
 HIGHEST    80           300 AM
 LOWEST     18           600 PM
 AVERAGE    49

..........................................................


THE POCATELLO ID CLIMATE NORMALS FOR TODAY
                         NORMAL    RECORD    YEAR
 MAXIMUM TEMPERATURE (F)   82        99      2002
 MINIMUM TEMPERATURE (F)   49        35      1999
                                             1976


SUNRISE AND SUNSET
JUNE 26 2017..........SUNRISE   553 AM MDT   SUNSET   913 PM MDT
JUNE 27 2017..........SUNRISE   554 AM MDT   SUNSET   913 PM MDT


-  INDICATES NEGATIVE NUMBERS.
R  INDICATES RECORD WAS SET OR TIED.
MM INDICATES DATA IS MISSING.
T  INDICATES TRACE AMOUNT.




$$
