000
CDUS45 KPIH 200800
CLIPIH


CLIMATE REPORT
NATIONAL WEATHER SERVICE POCATELLO ID
158 AM MDT FRI OCT 20 2017


...................................

...THE POCATELLO ID CLIMATE SUMMARY FOR OCTOBER 19 2017...

CLIMATE NORMAL PERIOD 1981 TO 2010
CLIMATE RECORD PERIOD 1939 TO 2017


WEATHER ITEM   OBSERVED TIME   RECORD YEAR NORMAL DEPARTURE LAST
                VALUE   (LST)  VALUE       VALUE  FROM      YEAR
                                                  NORMAL
..................................................................
TEMPERATURE (F)
 YESTERDAY
  MAXIMUM         MM        MM  78    1950  60     MM       49
  MINIMUM         28    225 PM  19    1998  32     -4       29
                                      1982
                                      1976
  AVERAGE         MM                        46     MM       39

PRECIPITATION (IN)
  YESTERDAY        0.00          0.53 1943   0.02  -0.02     0.00
  MONTH TO DATE    0.49                      0.53  -0.04     1.49
  SINCE OCT 1      0.49                      0.53  -0.04     1.49
  SINCE JAN 1     14.99                      9.44   5.55    11.17

SNOWFALL (IN)
  YESTERDAY        0.0
  MONTH TO DATE    0.1
  SINCE SEP 1      0.1
  SINCE JUL 1      0.1
  SNOW DEPTH       0

DEGREE DAYS
 HEATING
  YESTERDAY       MM                        19     MM       26
  MONTH TO DATE  391                       300     91      283
  SINCE SEP 1    634                       503    131      488
  SINCE JUL 1    638                       549     89      526

 COOLING
  YESTERDAY       MM                         0     MM        0
  MONTH TO DATE    0                         0      0        0
  SINCE SEP 1     66                        22     44       17
  SINCE JAN 1    575                       392    183      416
..................................................................


WIND (MPH)
  HIGHEST WIND SPEED    31   HIGHEST WIND DIRECTION     S (170)
  HIGHEST GUST SPEED    40   HIGHEST GUST DIRECTION     S (180)
  AVERAGE WIND SPEED    11.3


SKY COVER
  POSSIBLE SUNSHINE  MM
  AVERAGE SKY COVER 0.0


WEATHER CONDITIONS
 THE FOLLOWING WEATHER WAS RECORDED YESTERDAY.
  NO SIGNIFICANT WEATHER WAS OBSERVED.


RELATIVE HUMIDITY (PERCENT)
 HIGHEST    78           700 AM
 LOWEST     13           300 PM
 AVERAGE    46

..........................................................


THE POCATELLO ID CLIMATE NORMALS FOR TODAY
                         NORMAL    RECORD    YEAR
 MAXIMUM TEMPERATURE (F)   59        80      2003
 MINIMUM TEMPERATURE (F)   32        17      1982


SUNRISE AND SUNSET
OCTOBER 20 2017.......SUNRISE   750 AM MDT   SUNSET   639 PM MDT
OCTOBER 21 2017.......SUNRISE   751 AM MDT   SUNSET   638 PM MDT


-  INDICATES NEGATIVE NUMBERS.
R  INDICATES RECORD WAS SET OR TIED.
MM INDICATES DATA IS MISSING.
T  INDICATES TRACE AMOUNT.




$$
