000
CDUS45 KPIH 300731
CLIPIH


CLIMATE REPORT
NATIONAL WEATHER SERVICE POCATELLO ID
131 AM MDT SAT AUG 30 2014


...................................

...THE POCATELLO ID CLIMATE SUMMARY FOR AUGUST 29 2014...

CLIMATE NORMAL PERIOD 1981 TO 2010
CLIMATE RECORD PERIOD 1939 TO 2014


WEATHER ITEM   OBSERVED TIME   RECORD YEAR NORMAL DEPARTURE LAST
                VALUE   (LST)  VALUE       VALUE  FROM      YEAR
                                                  NORMAL
..................................................................
TEMPERATURE (F)
 YESTERDAY
  MAXIMUM         89    353 PM  97    1990  84      5       91
  MINIMUM         53    621 AM  35    1975  48      5       54
  AVERAGE         71                        66      5       73

PRECIPITATION (IN)
  YESTERDAY        0.00          0.48 1971   0.02  -0.02     0.01
  MONTH TO DATE    2.18                      0.56   1.62     0.21
  SINCE OCT 1     10.15                     11.24  -1.09     8.19
  SINCE JAN 1      8.78                      8.02   0.76     4.03

SNOWFALL (IN)
  YESTERDAY        0.0
  MONTH TO DATE    0.0
  SINCE JUN 1      0.0
  SINCE JUL 1      0.0
  SNOW DEPTH       0

DEGREE DAYS
 HEATING
  YESTERDAY        0                         2     -2        0
  MONTH TO DATE   29                        19     10        0
  SINCE JUN 1    141                       170    -29       90
  SINCE JUL 1     31                        39     -8        0

 COOLING
  YESTERDAY        6                         3      3        8
  MONTH TO DATE  119                       140    -21      221
  SINCE JUN 1    386                       358     28      606
  SINCE JAN 1    386                       363     23      615
..................................................................


WIND (MPH)
  HIGHEST WIND SPEED    18   HIGHEST WIND DIRECTION    SW (220)
  HIGHEST GUST SPEED    24   HIGHEST GUST DIRECTION    SW (240)
  AVERAGE WIND SPEED     7.0


SKY COVER
  POSSIBLE SUNSHINE  MM
  AVERAGE SKY COVER 0.1


WEATHER CONDITIONS
 THE FOLLOWING WEATHER WAS RECORDED YESTERDAY.
  NO SIGNIFICANT WEATHER WAS OBSERVED.


RELATIVE HUMIDITY (PERCENT)
 HIGHEST    77           700 AM
 LOWEST     17           400 PM
 AVERAGE    47

..........................................................


THE POCATELLO ID CLIMATE NORMALS FOR TODAY
                         NORMAL    RECORD    YEAR
 MAXIMUM TEMPERATURE (F)   83        98      1954
 MINIMUM TEMPERATURE (F)   48        33      1965


SUNRISE AND SUNSET
AUGUST 30 2014........SUNRISE   653 AM MDT   SUNSET   808 PM MDT
AUGUST 31 2014........SUNRISE   654 AM MDT   SUNSET   807 PM MDT


-  INDICATES NEGATIVE NUMBERS.
R  INDICATES RECORD WAS SET OR TIED.
MM INDICATES DATA IS MISSING.
T  INDICATES TRACE AMOUNT.




$$
