000
CDUS45 KPIH 260735
CLIPIH


CLIMATE REPORT
NATIONAL WEATHER SERVICE POCATELLO ID
134 AM MDT TUE JUL 26 2016


...................................

...THE POCATELLO ID CLIMATE SUMMARY FOR JULY 25 2016...

CLIMATE NORMAL PERIOD 1981 TO 2010
CLIMATE RECORD PERIOD 1939 TO 2016


WEATHER ITEM   OBSERVED TIME   RECORD YEAR NORMAL DEPARTURE LAST
                VALUE   (LST)  VALUE       VALUE  FROM      YEAR
                                                  NORMAL
..................................................................
TEMPERATURE (F)
 YESTERDAY
  MAXIMUM         96    438 PM  99    1994  90      6       88
  MINIMUM         46    432 AM  44    2010  53     -7       48
                                      1964
  AVERAGE         71                        71      0       68

PRECIPITATION (IN)
  YESTERDAY        0.00          0.16 1965   0.02  -0.02     0.00
  MONTH TO DATE    0.14                      0.51  -0.37     1.19
  SINCE OCT 1     10.90                     10.55   0.35     8.49
  SINCE JAN 1      7.33                      7.33   0.00     6.10

SNOWFALL (IN)
  YESTERDAY        0.0
  MONTH TO DATE    0.0
  SINCE JUN 1      0.0
  SINCE JUL 1      0.0
  SNOW DEPTH       0

DEGREE DAYS
 HEATING
  YESTERDAY        0                         0      0        0
  MONTH TO DATE   17                        17      0        2
  SINCE JUN 1     60                       148    -88       30
  SINCE JUL 1     17                        17      0        2

 COOLING
  YESTERDAY        6                         6      0        3
  MONTH TO DATE  131                       130      1      148
  SINCE JUN 1    221                       176     45      283
  SINCE JAN 1    221                       181     40      287
..................................................................


WIND (MPH)
  HIGHEST WIND SPEED    15   HIGHEST WIND DIRECTION     W (270)
  HIGHEST GUST SPEED    18   HIGHEST GUST DIRECTION     W (270)
  AVERAGE WIND SPEED     5.9


SKY COVER
  POSSIBLE SUNSHINE  MM
  AVERAGE SKY COVER 0.0


WEATHER CONDITIONS
 THE FOLLOWING WEATHER WAS RECORDED YESTERDAY.
  NO SIGNIFICANT WEATHER WAS OBSERVED.


RELATIVE HUMIDITY (PERCENT)
 HIGHEST    61           400 AM
 LOWEST      8           300 PM
 AVERAGE    35

..........................................................


THE POCATELLO ID CLIMATE NORMALS FOR TODAY
                         NORMAL    RECORD    YEAR
 MAXIMUM TEMPERATURE (F)   90       102      1994
 MINIMUM TEMPERATURE (F)   53        42      1999


SUNRISE AND SUNSET
JULY 26 2016..........SUNRISE   616 AM MDT   SUNSET   857 PM MDT
JULY 27 2016..........SUNRISE   617 AM MDT   SUNSET   856 PM MDT


-  INDICATES NEGATIVE NUMBERS.
R  INDICATES RECORD WAS SET OR TIED.
MM INDICATES DATA IS MISSING.
T  INDICATES TRACE AMOUNT.




$$
