000
CDUS45 KPIH 300733
CLIPIH


CLIMATE REPORT
NATIONAL WEATHER SERVICE POCATELLO ID
131 AM MDT SUN APR 30 2017


...................................

...THE POCATELLO ID CLIMATE SUMMARY FOR APRIL 29 2017...

CLIMATE NORMAL PERIOD 1981 TO 2010
CLIMATE RECORD PERIOD 1939 TO 2017


WEATHER ITEM   OBSERVED TIME   RECORD YEAR NORMAL DEPARTURE LAST
                VALUE   (LST)  VALUE       VALUE  FROM      YEAR
                                                  NORMAL
..................................................................
TEMPERATURE (F)
 YESTERDAY
  MAXIMUM         57    501 PM  86    1992  63     -6       51
  MINIMUM         26    438 AM  21    1994  36    -10       39
  AVERAGE         42                        49     -7       45

PRECIPITATION (IN)
  YESTERDAY        0.00          0.50 1995   0.05  -0.05     0.23
  MONTH TO DATE    2.46                      1.11   1.35     1.25
  SINCE OCT 1     15.91                      7.55   8.36     9.43
  SINCE JAN 1      9.35                      4.33   5.02     5.86

SNOWFALL (IN)
  YESTERDAY        0.0
  MONTH TO DATE    0.8
  SINCE MAR 1      4.1
  SINCE JUL 1     87.6
  SNOW DEPTH       0

DEGREE DAYS
 HEATING
  YESTERDAY       23                        16      7       20
  MONTH TO DATE  581                       566     15      442
  SINCE MAR 1   1249                      1405   -156     1154
  SINCE JUL 1   6498                      6678   -180     5996

 COOLING
  YESTERDAY        0                         0      0        0
  MONTH TO DATE    0                         0      0        0
  SINCE MAR 1      0                         0      0        0
  SINCE JAN 1      0                         0      0        0
..................................................................


WIND (MPH)
  HIGHEST WIND SPEED    17   HIGHEST WIND DIRECTION     W (260)
  HIGHEST GUST SPEED    22   HIGHEST GUST DIRECTION     W (260)
  AVERAGE WIND SPEED     6.6


SKY COVER
  POSSIBLE SUNSHINE  MM
  AVERAGE SKY COVER 0.2


WEATHER CONDITIONS
 THE FOLLOWING WEATHER WAS RECORDED YESTERDAY.
  NO SIGNIFICANT WEATHER WAS OBSERVED.


RELATIVE HUMIDITY (PERCENT)
 HIGHEST    92           600 AM
 LOWEST     32           400 PM
 AVERAGE    62

..........................................................


THE POCATELLO ID CLIMATE NORMALS FOR TODAY
                         NORMAL    RECORD    YEAR
 MAXIMUM TEMPERATURE (F)   63        81      1968
 MINIMUM TEMPERATURE (F)   36        24      1967
                                             1950


SUNRISE AND SUNSET
APRIL 30 2017.........SUNRISE   625 AM MDT   SUNSET   830 PM MDT
MAY  1 2017...........SUNRISE   624 AM MDT   SUNSET   832 PM MDT


-  INDICATES NEGATIVE NUMBERS.
R  INDICATES RECORD WAS SET OR TIED.
MM INDICATES DATA IS MISSING.
T  INDICATES TRACE AMOUNT.




$$
