000
CDUS45 KPIH 250738
CLIPIH


CLIMATE REPORT
NATIONAL WEATHER SERVICE POCATELLO ID
1237 AM MST THU DEC 25 2014


...................................

...THE POCATELLO ID CLIMATE SUMMARY FOR DECEMBER 24 2014...

CLIMATE NORMAL PERIOD 1981 TO 2010
CLIMATE RECORD PERIOD 1939 TO 2014


WEATHER ITEM   OBSERVED TIME   RECORD YEAR NORMAL DEPARTURE LAST
                VALUE   (LST)  VALUE       VALUE  FROM      YEAR
                                                  NORMAL
..................................................................
TEMPERATURE (F)
 YESTERDAY
  MAXIMUM         43    102 PM  48    1980  32     11       43
  MINIMUM         31   1159 PM -21    1990  15     16       22
  AVERAGE         37                        23     14       33

PRECIPITATION (IN)
  YESTERDAY        0.02          0.30 2003   0.03  -0.01     0.01
                                      1955
  MONTH TO DATE    0.42                      0.97  -0.55     0.43
  SINCE OCT 1      2.04                      2.95  -0.91     1.37
  SINCE JAN 1     12.30                     11.86   0.44     6.17

SNOWFALL (IN)
  YESTERDAY        T
  MONTH TO DATE    1.2
  SINCE DEC 1      1.2
  SINCE JUL 1      5.8
  SNOW DEPTH       T

DEGREE DAYS
 HEATING
  YESTERDAY       28                        42    -14       32
  MONTH TO DATE  657                       967   -310     1112
  SINCE DEC 1    657                       967   -310     1112
  SINCE JUL 1   2184                      2695   -511     2724

 COOLING
  YESTERDAY        0                         0      0        0
  MONTH TO DATE    0                         0      0        0
  SINCE DEC 1      0                         0      0        0
  SINCE JAN 1    421                       392     29      688
..................................................................


WIND (MPH)
  HIGHEST WIND SPEED    32   HIGHEST WIND DIRECTION    SW (230)
  HIGHEST GUST SPEED    37   HIGHEST GUST DIRECTION    SW (230)
  AVERAGE WIND SPEED    11.8


SKY COVER
  POSSIBLE SUNSHINE  MM
  AVERAGE SKY COVER 0.8


WEATHER CONDITIONS
 THE FOLLOWING WEATHER WAS RECORDED YESTERDAY.
  LIGHT RAIN
  LIGHT SNOW
  FOG


RELATIVE HUMIDITY (PERCENT)
 HIGHEST    70           500 PM
 LOWEST     39           100 PM
 AVERAGE    55

..........................................................


THE POCATELLO ID CLIMATE NORMALS FOR TODAY
                         NORMAL    RECORD    YEAR
 MAXIMUM TEMPERATURE (F)   32        52      1955
 MINIMUM TEMPERATURE (F)   15       -15      1990


SUNRISE AND SUNSET
DECEMBER 25 2014......SUNRISE   800 AM MST   SUNSET   501 PM MST
DECEMBER 26 2014......SUNRISE   800 AM MST   SUNSET   502 PM MST


-  INDICATES NEGATIVE NUMBERS.
R  INDICATES RECORD WAS SET OR TIED.
MM INDICATES DATA IS MISSING.
T  INDICATES TRACE AMOUNT.




$$
