000
CDUS43 KABR 171457
CLIPIR


CLIMATE REPORT
NATIONAL WEATHER SERVICE ABERDEEN SD
857 AM CST WED DEC 17 2014


...................................

...THE PIERRE SD CLIMATE SUMMARY FOR DECEMBER 16 2014...

CLIMATE NORMAL PERIOD 1981 TO 2010
CLIMATE RECORD PERIOD 1892 TO 2014


WEATHER ITEM   OBSERVED TIME   RECORD YEAR NORMAL DEPARTURE LAST
                VALUE   (LST)  VALUE       VALUE  FROM      YEAR
                                                  NORMAL
..................................................................
TEMPERATURE (F)
 YESTERDAY
  MAXIMUM         24   1234 AM  64    1962  31     -7       37
  MINIMUM         18   1159 PM -24    1951  12      6        8
  AVERAGE         21                        21      0       23

PRECIPITATION (IN)
  YESTERDAY        0.00          0.13 1985   0.01  -0.01     0.00
  MONTH TO DATE    0.35                      0.29   0.06     0.65
  SINCE DEC 1      0.35                      0.29   0.06     0.65
  SINCE JAN 1     18.30                     19.75  -1.45    23.73

SNOWFALL (IN)
  YESTERDAY        0.0           1.3  1985   0.1   -0.1      0.0
  MONTH TO DATE    4.0                       2.7    1.3      5.8
  SINCE OCT 1     13.2                       9.0    4.2      7.8
  SINCE JUL 1     13.2                       9.0    4.2      7.8
  SNOW DEPTH       4

DEGREE DAYS
 HEATING
  YESTERDAY       44                        44      0       42
  MONTH TO DATE  564                       668   -104      839
  SINCE DEC 1    564                       668   -104      839
  SINCE JUL 1   2286                      2288     -2     2458

 COOLING
  YESTERDAY        0                         0      0        0
  MONTH TO DATE    0                         0      0        0
  SINCE DEC 1      0                         0      0        0
  SINCE JAN 1    622                       868   -246      853
..................................................................


WIND (MPH)
  RESULTANT WIND SPEED  10   RESULTANT WIND DIRECTION   N (0)
  HIGHEST WIND SPEED    22   HIGHEST WIND DIRECTION     N (350)
  HIGHEST GUST SPEED    26   HIGHEST GUST DIRECTION     N (350)
  AVERAGE WIND SPEED    10.6




RELATIVE HUMIDITY (PERCENT)
 HIGHEST    84           300 AM
 LOWEST     71           800 AM
 AVERAGE    78

..........................................................


THE PIERRE SD CLIMATE NORMALS FOR TODAY
                         NORMAL    RECORD    YEAR
 MAXIMUM TEMPERATURE (F)   31        62      1939
 MINIMUM TEMPERATURE (F)   11       -22      1951


SUNRISE AND SUNSET
DECEMBER 17 2014......SUNRISE   812 AM CST   SUNSET   503 PM CST
DECEMBER 18 2014......SUNRISE   812 AM CST   SUNSET   503 PM CST


-  INDICATES NEGATIVE NUMBERS.
R  INDICATES RECORD WAS SET OR TIED.
MM INDICATES DATA IS MISSING.
T  INDICATES TRACE AMOUNT.




$$
