000
CDUS43 KABR 291032
CLIPIR


CLIMATE REPORT
NATIONAL WEATHER SERVICE ABERDEEN SD
531 AM CDT SUN MAY 29 2016


...................................

...THE PIERRE SD CLIMATE SUMMARY FOR MAY 28 2016...

CLIMATE NORMAL PERIOD 1981 TO 2010
CLIMATE RECORD PERIOD 1892 TO 2016


WEATHER ITEM   OBSERVED TIME   RECORD YEAR NORMAL DEPARTURE LAST
                VALUE   (LST)  VALUE       VALUE  FROM      YEAR
                                                  NORMAL
..................................................................
TEMPERATURE (F)
 YESTERDAY
  MAXIMUM         75    349 PM 105    1934  73      2       81
  MINIMUM         53   1105 PM  29    1965  50      3       56
  AVERAGE         64                        62      2       69

PRECIPITATION (IN)
  YESTERDAY        T             2.43 1991   0.11  -0.11     0.32
  MONTH TO DATE    1.17                      2.80  -1.63     4.10
  SINCE MAR 1      6.41                      5.84   0.57     4.92
  SINCE JAN 1      7.41                      6.85   0.56     5.27

DEGREE DAYS
 HEATING
  YESTERDAY        1                         5     -4        0
  MONTH TO DATE  224                       234    -10      262
  SINCE MAR 1   1489                      1726   -237     1465
  SINCE JUL 1   6323                      7224   -901     6974

 COOLING
  YESTERDAY        0                         1     -1        4
  MONTH TO DATE   12                        26    -14        9
  SINCE MAR 1     18                        30    -12       14
  SINCE JAN 1     18                        30    -12       14
..................................................................


WIND (MPH)
  RESULTANT WIND SPEED   4   RESULTANT WIND DIRECTION   N (350)
  HIGHEST WIND SPEED    22   HIGHEST WIND DIRECTION     N (340)
  HIGHEST GUST SPEED    27   HIGHEST GUST DIRECTION     N (340)
  AVERAGE WIND SPEED     6.8




RELATIVE HUMIDITY (PERCENT)
 HIGHEST    93           500 AM
 LOWEST     49           300 PM
 AVERAGE    71

..........................................................


THE PIERRE SD CLIMATE NORMALS FOR TODAY
                         NORMAL    RECORD    YEAR
 MAXIMUM TEMPERATURE (F)   74       101      1934
 MINIMUM TEMPERATURE (F)   50        24      1947


SUNRISE AND SUNSET
MAY 29 2016...........SUNRISE   601 AM CDT   SUNSET   916 PM CDT
MAY 30 2016...........SUNRISE   601 AM CDT   SUNSET   917 PM CDT


-  INDICATES NEGATIVE NUMBERS.
R  INDICATES RECORD WAS SET OR TIED.
MM INDICATES DATA IS MISSING.
T  INDICATES TRACE AMOUNT.




$$
