000
CDUS43 KABR 270910
CLIPIR


CLIMATE REPORT
NATIONAL WEATHER SERVICE ABERDEEN SD
409 AM CDT THU APR 27 2017


...................................

...THE PIERRE SD CLIMATE SUMMARY FOR APRIL 26 2017...

CLIMATE NORMAL PERIOD 1981 TO 2010
CLIMATE RECORD PERIOD 1892 TO 2017


WEATHER ITEM   OBSERVED TIME   RECORD YEAR NORMAL DEPARTURE LAST
                VALUE   (LST)  VALUE       VALUE  FROM      YEAR
                                                  NORMAL
..................................................................
TEMPERATURE (F)
 YESTERDAY
  MAXIMUM         48    518 PM  86    1952  64    -16       50
  MINIMUM         24   1142 PM  18    1950  38    -14       37
  AVERAGE         36                        51    -15       44

PRECIPITATION (IN)
  YESTERDAY        0.04          2.13 1964   0.07  -0.03     0.11
  MONTH TO DATE    1.82                      1.50   0.32     2.82
  SINCE MAR 1      2.16                      2.73  -0.57     4.14
  SINCE JAN 1      3.39                      3.74  -0.35     5.14

SNOWFALL (IN)
  YESTERDAY        T             0.6  1893   0.1   -0.1      0.0
  MONTH TO DATE    T                         3.9   -3.9       T
  SINCE OCT 1     32.6                      31.7    0.9     28.7
  SINCE JUL 1     32.6                      31.7    0.9     28.7
  SNOW DEPTH       0

DEGREE DAYS
 HEATING
  YESTERDAY       29                        14     15       21
  MONTH TO DATE  432                       493    -61      422
  SINCE MAR 1   1302                      1440   -138     1178
  SINCE JUL 1   6458                      6938   -480     6012

 COOLING
  YESTERDAY        0                         0      0        0
  MONTH TO DATE    1                         0      1        6
  SINCE MAR 1      1                         0      1        6
  SINCE JAN 1      1                         0      1        6
..................................................................


WIND (MPH)
  RESULTANT WIND SPEED  13   RESULTANT WIND DIRECTION   N (350)
  HIGHEST WIND SPEED    23   HIGHEST WIND DIRECTION     N (350)
  HIGHEST GUST SPEED    30   HIGHEST GUST DIRECTION    NW (330)
  AVERAGE WIND SPEED    14.0




RELATIVE HUMIDITY (PERCENT)
 HIGHEST    85           100 AM
 LOWEST     42           400 PM
 AVERAGE    64

..........................................................


THE PIERRE SD CLIMATE NORMALS FOR TODAY
                         NORMAL    RECORD    YEAR
 MAXIMUM TEMPERATURE (F)   65        90      1952
 MINIMUM TEMPERATURE (F)   39        21      1950


SUNRISE AND SUNSET
APRIL 27 2017.........SUNRISE   637 AM CDT   SUNSET   841 PM CDT
APRIL 28 2017.........SUNRISE   636 AM CDT   SUNSET   842 PM CDT


-  INDICATES NEGATIVE NUMBERS.
R  INDICATES RECORD WAS SET OR TIED.
MM INDICATES DATA IS MISSING.
T  INDICATES TRACE AMOUNT.




$$
