000
CDUS43 KABR 311039
CLIPIR


CLIMATE REPORT
NATIONAL WEATHER SERVICE ABERDEEN SD
438 AM CST SAT JAN 31 2015


...................................

...THE PIERRE SD CLIMATE SUMMARY FOR JANUARY 30 2015...

CLIMATE NORMAL PERIOD 1981 TO 2010
CLIMATE RECORD PERIOD 1892 TO 2015


WEATHER ITEM   OBSERVED TIME   RECORD YEAR NORMAL DEPARTURE LAST
                VALUE   (LST)  VALUE       VALUE  FROM      YEAR
                                                  NORMAL
..................................................................
TEMPERATURE (F)
 YESTERDAY
  MAXIMUM         47    331 PM  63    1989  31     16       24
  MINIMUM         20    740 AM -20    1996  10     10        4
  AVERAGE         34                        21     13       14

PRECIPITATION (IN)
  YESTERDAY        0.00          0.12 2001   0.02  -0.02     0.05
                                      1922
  MONTH TO DATE    0.13                      0.41  -0.28     0.14
  SINCE DEC 1      0.95                      0.96  -0.01     1.62
  SINCE JAN 1      0.13                      0.41  -0.28     0.14

SNOWFALL (IN)
  YESTERDAY        0.0           1.2  2009   0.2   -0.2      0.5
  MONTH TO DATE    1.4                       4.6   -3.2      1.5
  SINCE OCT 1     20.8                      15.8    5.0     17.7
  SINCE JUL 1     20.8                      15.8    5.0     17.7
  SNOW DEPTH       0

DEGREE DAYS
 HEATING
  YESTERDAY       31                        44    -13       51
  MONTH TO DATE 1227                      1351   -124     1331
  SINCE DEC 1   2500                      2693   -193     2931
  SINCE JUL 1   4222                      4313    -91     4550

 COOLING
  YESTERDAY        0                         0      0        0
  MONTH TO DATE    0                         0      0        0
  SINCE DEC 1      0                         0      0        0
  SINCE JAN 1      0                         0      0        0
..................................................................


WIND (MPH)
  RESULTANT WIND SPEED   4   RESULTANT WIND DIRECTION  SE (140)
  HIGHEST WIND SPEED    14   HIGHEST WIND DIRECTION    SE (130)
  HIGHEST GUST SPEED    18   HIGHEST GUST DIRECTION    SE (150)
  AVERAGE WIND SPEED     7.2




RELATIVE HUMIDITY (PERCENT)
 HIGHEST    91           600 AM
 LOWEST     42           300 PM
 AVERAGE    67

..........................................................


THE PIERRE SD CLIMATE NORMALS FOR TODAY
                         NORMAL    RECORD    YEAR
 MAXIMUM TEMPERATURE (F)   32        62      1992
 MINIMUM TEMPERATURE (F)   11       -20      1996


SUNRISE AND SUNSET
JANUARY 31 2015.......SUNRISE   801 AM CST   SUNSET   549 PM CST
FEBRUARY  1 2015......SUNRISE   800 AM CST   SUNSET   550 PM CST


-  INDICATES NEGATIVE NUMBERS.
R  INDICATES RECORD WAS SET OR TIED.
MM INDICATES DATA IS MISSING.
T  INDICATES TRACE AMOUNT.




$$
