000
CDUS43 KABR 231038
CLIPIR


CLIMATE REPORT
NATIONAL WEATHER SERVICE ABERDEEN SD
536 AM CDT FRI JUN 23 2017


...................................

...THE PIERRE SD CLIMATE SUMMARY FOR JUNE 22 2017...

CLIMATE NORMAL PERIOD 1981 TO 2010
CLIMATE RECORD PERIOD 1892 TO 2017


WEATHER ITEM   OBSERVED TIME   RECORD YEAR NORMAL DEPARTURE LAST
                VALUE   (LST)  VALUE       VALUE  FROM      YEAR
                                                  NORMAL
..................................................................
TEMPERATURE (F)
 YESTERDAY
  MAXIMUM         78    616 PM 104    1937  83     -5       86
  MINIMUM         55    756 AM  42    1942  57     -2       56
  AVERAGE         67                        70     -3       71

PRECIPITATION (IN)
  YESTERDAY        0.62          1.65 2015   0.11   0.51     0.40
  MONTH TO DATE    2.48                      2.77  -0.29     1.70
  SINCE JUN 1      2.48                      2.77  -0.29     1.70
  SINCE JAN 1      6.93                      9.97  -3.04     9.14

DEGREE DAYS
 HEATING
  YESTERDAY        0                         1     -1        0
  MONTH TO DATE    0                        48    -48       11
  SINCE JUN 1      0                        48    -48       11
  SINCE JUL 1   6784                      7285   -501     6341

 COOLING
  YESTERDAY        2                         6     -4        6
  MONTH TO DATE  150                        77     73      168
  SINCE JUN 1    150                        77     73      168
  SINCE JAN 1    171                       109     62      191
..................................................................


WIND (MPH)
  RESULTANT WIND SPEED   9   RESULTANT WIND DIRECTION   N (20)
  HIGHEST WIND SPEED    43   HIGHEST WIND DIRECTION    NE (50)
  HIGHEST GUST SPEED    52   HIGHEST GUST DIRECTION    NE (50)
  AVERAGE WIND SPEED    11.5




RELATIVE HUMIDITY (PERCENT)
 HIGHEST    93           500 AM
 LOWEST     30           600 PM
 AVERAGE    62

..........................................................


THE PIERRE SD CLIMATE NORMALS FOR TODAY
                         NORMAL    RECORD    YEAR
 MAXIMUM TEMPERATURE (F)   83       106      1937
 MINIMUM TEMPERATURE (F)   58        41      1942


SUNRISE AND SUNSET
JUNE 23 2017..........SUNRISE   557 AM CDT   SUNSET   929 PM CDT
JUNE 24 2017..........SUNRISE   558 AM CDT   SUNSET   929 PM CDT


-  INDICATES NEGATIVE NUMBERS.
R  INDICATES RECORD WAS SET OR TIED.
MM INDICATES DATA IS MISSING.
T  INDICATES TRACE AMOUNT.




$$
