000
CDUS43 KABR 161027
CLIPIR


CLIMATE REPORT
NATIONAL WEATHER SERVICE ABERDEEN SD
527 AM CDT TUE SEP 16 2014


...................................

...THE PIERRE SD CLIMATE SUMMARY FOR SEPTEMBER 15 2014...

CLIMATE NORMAL PERIOD 1981 TO 2010
CLIMATE RECORD PERIOD 1892 TO 2014


WEATHER ITEM   OBSERVED TIME   RECORD YEAR NORMAL DEPARTURE LAST
                VALUE   (LST)  VALUE       VALUE  FROM      YEAR
                                                  NORMAL
..................................................................
TEMPERATURE (F)
 YESTERDAY
  MAXIMUM         66    449 PM 105    1948  77    -11       70
  MINIMUM         36    624 AM  32    2011  50    -14       45
  AVERAGE         51                        63    -12       58

PRECIPITATION (IN)
  YESTERDAY        0.00          1.32 2010   0.06  -0.06      T
  MONTH TO DATE    0.52                      0.91  -0.39     0.07
  SINCE SEP 1      0.52                      0.91  -0.39     0.07
  SINCE JAN 1     16.74                     16.09   0.65    16.99

DEGREE DAYS
 HEATING
  YESTERDAY       14                         5      9        7
  MONTH TO DATE  107                        44     63        8
  SINCE SEP 1    107                        44     63        8
  SINCE JUL 1    135                        64     71       17

 COOLING
  YESTERDAY        0                         3     -3        0
  MONTH TO DATE   34                        66    -32      126
  SINCE SEP 1     34                        66    -32      126
  SINCE JAN 1    570                       843   -273      812
..................................................................


WIND (MPH)
  RESULTANT WIND SPEED   1   RESULTANT WIND DIRECTION   E (70)
  HIGHEST WIND SPEED    13   HIGHEST WIND DIRECTION    SE (140)
  HIGHEST GUST SPEED    16   HIGHEST GUST DIRECTION    SE (140)
  AVERAGE WIND SPEED     5.0




RELATIVE HUMIDITY (PERCENT)
 HIGHEST   100           600 AM
 LOWEST     34           200 PM
 AVERAGE    67

..........................................................


THE PIERRE SD CLIMATE NORMALS FOR TODAY
                         NORMAL    RECORD    YEAR
 MAXIMUM TEMPERATURE (F)   76        98      2000
 MINIMUM TEMPERATURE (F)   49        35      1971


SUNRISE AND SUNSET
SEPTEMBER 16 2014.....SUNRISE   721 AM CDT   SUNSET   750 PM CDT
SEPTEMBER 17 2014.....SUNRISE   722 AM CDT   SUNSET   748 PM CDT


-  INDICATES NEGATIVE NUMBERS.
R  INDICATES RECORD WAS SET OR TIED.
MM INDICATES DATA IS MISSING.
T  INDICATES TRACE AMOUNT.




$$
