000
CDUS43 KABR 300902
CLIPIR


CLIMATE REPORT
NATIONAL WEATHER SERVICE ABERDEEN SD
401 AM CDT SAT AUG 30 2014


...................................

...THE PIERRE SD CLIMATE SUMMARY FOR AUGUST 29 2014...

CLIMATE NORMAL PERIOD 1981 TO 2010
CLIMATE RECORD PERIOD 1892 TO 2014


WEATHER ITEM   OBSERVED TIME   RECORD YEAR NORMAL DEPARTURE LAST
                VALUE   (LST)  VALUE       VALUE  FROM      YEAR
                                                  NORMAL
..................................................................
TEMPERATURE (F)
 YESTERDAY
  MAXIMUM         82    245 PM 111    2012  84     -2       97
  MINIMUM         57   1159 PM  40    1946  57      0       66
  AVERAGE         70                        70      0       82

PRECIPITATION (IN)
  YESTERDAY        0.00          2.46 1999   0.05  -0.05      T
  MONTH TO DATE    2.98                      1.70   1.28     2.52
  SINCE JUN 1      8.24                      7.88   0.36     8.06
  SINCE JAN 1     16.17                     15.08   1.09    16.92

DEGREE DAYS
 HEATING
  YESTERDAY        0                         1     -1        0
  MONTH TO DATE    9                         9      0        0
  SINCE JUN 1     95                        68     27       69
  SINCE JUL 1     28                        15     13        9

 COOLING
  YESTERDAY        5                         7     -2       17
  MONTH TO DATE  198                       271    -73      256
  SINCE JUN 1    487                       732   -245      641
  SINCE JAN 1    535                       764   -229      663
..................................................................


WIND (MPH)
  RESULTANT WIND SPEED  10   RESULTANT WIND DIRECTION   N (340)
  HIGHEST WIND SPEED    25   HIGHEST WIND DIRECTION     N (340)
  HIGHEST GUST SPEED    32   HIGHEST GUST DIRECTION     N (350)
  AVERAGE WIND SPEED    10.4




RELATIVE HUMIDITY (PERCENT)
 HIGHEST   100           100 AM
 LOWEST     42           300 PM
 AVERAGE    71

..........................................................


THE PIERRE SD CLIMATE NORMALS FOR TODAY
                         NORMAL    RECORD    YEAR
 MAXIMUM TEMPERATURE (F)   84       107      2000
 MINIMUM TEMPERATURE (F)   56        42      2003
                                             1892


SUNRISE AND SUNSET
AUGUST 30 2014........SUNRISE   702 AM CDT   SUNSET   821 PM CDT
AUGUST 31 2014........SUNRISE   703 AM CDT   SUNSET   819 PM CDT


-  INDICATES NEGATIVE NUMBERS.
R  INDICATES RECORD WAS SET OR TIED.
MM INDICATES DATA IS MISSING.
T  INDICATES TRACE AMOUNT.




$$
