635
CDUS43 KABR 250910
CLIPIR


CLIMATE REPORT
NATIONAL WEATHER SERVICE ABERDEEN SD
409 AM CDT MON JUL 25 2016


...................................

...THE PIERRE SD CLIMATE SUMMARY FOR JULY 24 2016...

CLIMATE NORMAL PERIOD 1981 TO 2010
CLIMATE RECORD PERIOD 1892 TO 2016


WEATHER ITEM   OBSERVED TIME   RECORD YEAR NORMAL DEPARTURE LAST
                VALUE   (LST)  VALUE       VALUE  FROM      YEAR
                                                  NORMAL
..................................................................
TEMPERATURE (F)
 YESTERDAY
  MAXIMUM         87    546 PM 112    1952  90     -3       92
  MINIMUM         63    419 AM  53    2004  63      0       65
  AVERAGE         75                        76     -1       79

PRECIPITATION (IN)
  YESTERDAY        0.03          1.25 2001   0.09  -0.06      T
  MONTH TO DATE    2.13                      2.02   0.11     1.79
  SINCE JUN 1      3.96                      5.59  -1.63     7.95
  SINCE JAN 1     11.40                     12.79  -1.39    15.30

DEGREE DAYS
 HEATING
  YESTERDAY        0                         0      0        0
  MONTH TO DATE    4                         0      4        2
  SINCE JUN 1     16                        53    -37        7
  SINCE JUL 1      4                         0      4        2

 COOLING
  YESTERDAY       10                        11     -1       14
  MONTH TO DATE  271                       245     26      223
  SINCE JUN 1    498                       379    119      358
  SINCE JAN 1    521                       411    110      372
..................................................................


WIND (MPH)
  RESULTANT WIND SPEED   3   RESULTANT WIND DIRECTION  NW (320)
  HIGHEST WIND SPEED    16   HIGHEST WIND DIRECTION    NW (330)
  HIGHEST GUST SPEED    19   HIGHEST GUST DIRECTION    NW (330)
  AVERAGE WIND SPEED     6.6




RELATIVE HUMIDITY (PERCENT)
 HIGHEST    84           200 AM
 LOWEST     25           600 PM
 AVERAGE    55

..........................................................


THE PIERRE SD CLIMATE NORMALS FOR TODAY
                         NORMAL    RECORD    YEAR
 MAXIMUM TEMPERATURE (F)   90       109      2007
 MINIMUM TEMPERATURE (F)   63        48      2004


SUNRISE AND SUNSET
JULY 25 2016..........SUNRISE   621 AM CDT   SUNSET   913 PM CDT
JULY 26 2016..........SUNRISE   622 AM CDT   SUNSET   912 PM CDT


-  INDICATES NEGATIVE NUMBERS.
R  INDICATES RECORD WAS SET OR TIED.
MM INDICATES DATA IS MISSING.
T  INDICATES TRACE AMOUNT.




$$
