000
CDUS43 KABR 181200
CLIPIR


CLIMATE REPORT
NATIONAL WEATHER SERVICE ABERDEEN SD
700 AM CDT FRI AUG 18 2017


...................................

...THE PIERRE SD CLIMATE SUMMARY FOR AUGUST 17 2017...

CLIMATE NORMAL PERIOD 1981 TO 2010
CLIMATE RECORD PERIOD 1892 TO 2017


WEATHER ITEM   OBSERVED TIME   RECORD YEAR NORMAL DEPARTURE LAST
                VALUE   (LST)  VALUE       VALUE  FROM      YEAR
                                                  NORMAL
..................................................................
TEMPERATURE (F)
 YESTERDAY
  MAXIMUM         88    313 PM 108    1976  88      0       90
  MINIMUM         51    542 AM  41    2012  60     -9       60
  AVERAGE         70                        74     -4       75

PRECIPITATION (IN)
  YESTERDAY        0.06          0.71 1940   0.06   0.00     0.00
  MONTH TO DATE    1.71                      1.11   0.60     1.84
  SINCE JUN 1      4.58                      7.29  -2.71     7.98
  SINCE JAN 1      9.03                     14.49  -5.46    15.42

DEGREE DAYS
 HEATING
  YESTERDAY        0                         0      0        0
  MONTH TO DATE    5                         0      5        0
  SINCE JUN 1     29                        59    -30       16
  SINCE JUL 1      5                         6     -1        4

 COOLING
  YESTERDAY        5                         9     -4       10
  MONTH TO DATE   55                       176   -121      180
  SINCE JUN 1    655                       637     18      758
  SINCE JAN 1    676                       669      7      781
..................................................................


WIND (MPH)
  RESULTANT WIND SPEED   5   RESULTANT WIND DIRECTION  SE (130)
  HIGHEST WIND SPEED    25   HIGHEST WIND DIRECTION    SE (130)
  HIGHEST GUST SPEED    31   HIGHEST GUST DIRECTION    SE (130)
  AVERAGE WIND SPEED     9.9




RELATIVE HUMIDITY (PERCENT)
 HIGHEST    93          1200 AM
 LOWEST     30           200 PM
 AVERAGE    62

..........................................................


THE PIERRE SD CLIMATE NORMALS FOR TODAY
                         NORMAL    RECORD    YEAR
 MAXIMUM TEMPERATURE (F)   87       111      1959
 MINIMUM TEMPERATURE (F)   60        44      2002


SUNRISE AND SUNSET
AUGUST 18 2017........SUNRISE   648 AM CDT   SUNSET   841 PM CDT
AUGUST 19 2017........SUNRISE   649 AM CDT   SUNSET   839 PM CDT


-  INDICATES NEGATIVE NUMBERS.
R  INDICATES RECORD WAS SET OR TIED.
MM INDICATES DATA IS MISSING.
T  INDICATES TRACE AMOUNT.




$$
