000
CDUS43 KABR 021031
CLIPIR


CLIMATE REPORT
NATIONAL WEATHER SERVICE ABERDEEN SD
531 AM CDT SUN AUG 2 2015


...................................

...THE PIERRE SD CLIMATE SUMMARY FOR AUGUST 1 2015...

CLIMATE NORMAL PERIOD 1981 TO 2010
CLIMATE RECORD PERIOD 1892 TO 2015


WEATHER ITEM   OBSERVED TIME   RECORD YEAR NORMAL DEPARTURE LAST
                VALUE   (LST)  VALUE       VALUE  FROM      YEAR
                                                  NORMAL
..................................................................
TEMPERATURE (F)
 YESTERDAY
  MAXIMUM         95    130 PM 109    1943  90      5       93
  MINIMUM         63    522 AM  49    2009  63      0       59
  AVERAGE         79                        76      3       76

PRECIPITATION (IN)
  YESTERDAY        0.00          1.60 1970   0.08  -0.08     0.02
  MONTH TO DATE    0.00                      0.08  -0.08     0.02
  SINCE JUN 1      8.31                      6.26   2.05     5.28
  SINCE JAN 1     15.66                     13.46   2.20    13.21

DEGREE DAYS
 HEATING
  YESTERDAY        0                         0      0        0
  MONTH TO DATE    0                         0      0        0
  SINCE JUN 1      7                        59    -52       86
  SINCE JUL 1      2                         6     -4       19

 COOLING
  YESTERDAY       14                        11      3       11
  MONTH TO DATE   14                        11      3       11
  SINCE JUN 1    443                       472    -29      300
  SINCE JAN 1    457                       504    -47      348
..................................................................


WIND (MPH)
  RESULTANT WIND SPEED  10   RESULTANT WIND DIRECTION  SW (220)
  HIGHEST WIND SPEED    31   HIGHEST WIND DIRECTION    SW (240)
  HIGHEST GUST SPEED    42   HIGHEST GUST DIRECTION     W (250)
  AVERAGE WIND SPEED    12.5




RELATIVE HUMIDITY (PERCENT)
 HIGHEST    81           600 AM
 LOWEST     23           700 PM
 AVERAGE    52

..........................................................


THE PIERRE SD CLIMATE NORMALS FOR TODAY
                         NORMAL    RECORD    YEAR
 MAXIMUM TEMPERATURE (F)   90       110      1938
 MINIMUM TEMPERATURE (F)   63        45      1978


SUNRISE AND SUNSET
AUGUST  2 2015........SUNRISE   629 AM CDT   SUNSET   905 PM CDT
AUGUST  3 2015........SUNRISE   630 AM CDT   SUNSET   904 PM CDT


-  INDICATES NEGATIVE NUMBERS.
R  INDICATES RECORD WAS SET OR TIED.
MM INDICATES DATA IS MISSING.
T  INDICATES TRACE AMOUNT.




$$
