000
CDUS43 KABR 021040
CLIPIR


CLIMATE REPORT
NATIONAL WEATHER SERVICE ABERDEEN SD
440 AM CST MON MAR 2 2015


...................................

...THE PIERRE SD CLIMATE SUMMARY FOR MARCH 1 2015...

CLIMATE NORMAL PERIOD 1981 TO 2010
CLIMATE RECORD PERIOD 1892 TO 2015


WEATHER ITEM   OBSERVED TIME   RECORD YEAR NORMAL DEPARTURE LAST
                VALUE   (LST)  VALUE       VALUE  FROM      YEAR
                                                  NORMAL
..................................................................
TEMPERATURE (F)
 YESTERDAY
  MAXIMUM         35    112 PM  75    1974  39     -4        4
  MINIMUM          9   1146 PM -20    2014  18     -9      -20
  AVERAGE         22                        29     -7       -8

PRECIPITATION (IN)
  YESTERDAY        0.00          0.47 2004   0.03  -0.03     0.14
  MONTH TO DATE    0.00                      0.03  -0.03     0.14
  SINCE MAR 1      0.00                      0.03  -0.03     0.14
  SINCE JAN 1      0.35                      1.04  -0.69     0.71

SNOWFALL (IN)
  YESTERDAY        0.0           4.2  1958   0.2   -0.2      2.2
  MONTH TO DATE    0.0                       0.2   -0.2      2.2
  SINCE OCT 1     22.3                      22.0    0.3     27.1
  SINCE JUL 1     22.3                      22.0    0.3     27.1
  SNOW DEPTH       0

DEGREE DAYS
 HEATING
  YESTERDAY       43                        36      7       73
  MONTH TO DATE   43                        36      7       73
  SINCE MAR 1     43                        36      7       73
  SINCE JUL 1   5552                      5534     18     6068

 COOLING
  YESTERDAY        0                         0      0        0
  MONTH TO DATE    0                         0      0        0
  SINCE MAR 1      0                         0      0        0
  SINCE JAN 1      0                         0      0        0
..................................................................


WIND (MPH)
  RESULTANT WIND SPEED  10   RESULTANT WIND DIRECTION   W (290)
  HIGHEST WIND SPEED    28   HIGHEST WIND DIRECTION    NW (320)
  HIGHEST GUST SPEED    34   HIGHEST GUST DIRECTION    NW (320)
  AVERAGE WIND SPEED    12.2




RELATIVE HUMIDITY (PERCENT)
 HIGHEST    88          1100 PM
 LOWEST     35           200 PM
 AVERAGE    62

..........................................................


THE PIERRE SD CLIMATE NORMALS FOR TODAY
                         NORMAL    RECORD    YEAR
 MAXIMUM TEMPERATURE (F)   40        80      1974
 MINIMUM TEMPERATURE (F)   19       -20      2014


SUNRISE AND SUNSET
MARCH  2 2015.........SUNRISE   717 AM CST   SUNSET   630 PM CST
MARCH  3 2015.........SUNRISE   715 AM CST   SUNSET   632 PM CST


-  INDICATES NEGATIVE NUMBERS.
R  INDICATES RECORD WAS SET OR TIED.
MM INDICATES DATA IS MISSING.
T  INDICATES TRACE AMOUNT.




$$
