000
CDUS43 KABR 280100
CLIPIR


CLIMATE REPORT
NATIONAL WEATHER SERVICE ABERDEEN SD
700 PM CST MON FEB 27 2017


...................................

...THE PIERRE SD CLIMATE SUMMARY FOR FEBRUARY 27 2017...
VALID TODAY AS OF 0500 PM LOCAL TIME.

CLIMATE NORMAL PERIOD 1981 TO 2010
CLIMATE RECORD PERIOD 1892 TO 2017


WEATHER ITEM   OBSERVED TIME   RECORD YEAR NORMAL DEPARTURE LAST
                VALUE   (LST)  VALUE       VALUE  FROM      YEAR
                                                  NORMAL
..................................................................
TEMPERATURE (F)
 TODAY
  MAXIMUM         49    301 PM  71    2016  39     10       71
  MINIMUM         18    443 AM -12    2011  18      0       29
                                      1962
  AVERAGE         34                        28      6       50

PRECIPITATION (IN)
  TODAY            0.00          1.02 1958   0.03  -0.03     0.00
  MONTH TO DATE    0.16                      0.56  -0.40     0.46
  SINCE DEC 1      2.81                      1.53   1.28     1.64
  SINCE JAN 1      1.11                      0.98   0.13     0.63

SNOWFALL (IN)
  TODAY            0.0
  MONTH TO DATE    0.2
  SINCE OCT 1     27.1
  SINCE JUL 1     27.1
  SNOW DEPTH       0

DEGREE DAYS
 HEATING
  TODAY           31                        37     -6       15
  MONTH TO DATE  931                      1102   -171      855
  SINCE DEC 1   3982                      3842    140     3480
  SINCE JUL 1   5119                      5462   -343     4777
..................................................................


WIND (MPH)
  HIGHEST GUST SPEED    20   HIGHEST GUST DIRECTION     N (360)




..........................................................


THE PIERRE SD CLIMATE NORMALS FOR TOMORROW
                         NORMAL    RECORD    YEAR
 MAXIMUM TEMPERATURE (F)   39        63      1976
 MINIMUM TEMPERATURE (F)   18       -24      1962


SUNRISE AND SUNSET
FEBRUARY 27 2017......SUNRISE   721 AM CST   SUNSET   627 PM CST
FEBRUARY 28 2017......SUNRISE   720 AM CST   SUNSET   628 PM CST


-  INDICATES NEGATIVE NUMBERS.
R  INDICATES RECORD WAS SET OR TIED.
MM INDICATES DATA IS MISSING.
T  INDICATES TRACE AMOUNT.




$$
