000
CDUS41 KPBZ 090804
CLIPIT

CLIMATE REPORT
NATIONAL WEATHER SERVICE PITTSBURGH PA
303 AM EST TUE FEB 9 2016

...................................

...THE PITTSBURGH PA CLIMATE SUMMARY FOR FEBRUARY 8 2016...

CLIMATE NORMAL PERIOD 1981 TO 2010
CLIMATE RECORD PERIOD 1871 TO 2016

WEATHER ITEM   OBSERVED TIME   RECORD YEAR NORMAL DEPARTURE LAST
                VALUE   (LST)  VALUE       VALUE  FROM      YEAR
                                                  NORMAL
..................................................................
TEMPERATURE (F)
 YESTERDAY
  MAXIMUM         44    146 PM  77    1900  38      6       53
  MINIMUM         30    713 AM  -7    1934  22      8       36
  AVERAGE         37                        30      7       45

PRECIPITATION (IN)
  YESTERDAY        0.04          0.57 1971   0.08  -0.04     0.05
  MONTH TO DATE    0.57                      0.69  -0.12     0.79
  SINCE JUN 1     28.44                     26.48   1.96    24.79
  SINCE JAN 1      2.36                      3.39  -1.03     3.04

SNOWFALL (IN)
  YESTERDAY        T             6.6  1971   0.4   -0.4      0.0
  MONTH TO DATE    0.2                       3.0   -2.8      3.8
  SINCE OCT 1     15.1                      25.5  -10.4     26.6
  SINCE JUL 1     15.1                      25.5  -10.4     26.6
  SNOW DEPTH       0

DEGREE DAYS
 HEATING
  YESTERDAY       28                        35     -7       20
  MONTH TO DATE  213                       285    -72      298
  SINCE DEC 1   2020                      2431   -411     2429
  SINCE JUL 1   2874                      3594   -720     3667

 COOLING
  YESTERDAY        0                         0      0        0
  MONTH TO DATE    0                         0      0        0
  SINCE DEC 1      0                         0      0        0
  SINCE JAN 1      0                         0      0        0
..................................................................

WIND (MPH)
  HIGHEST WIND SPEED    21   HIGHEST WIND DIRECTION    SW (210)
  HIGHEST GUST SPEED    29   HIGHEST GUST DIRECTION     S (200)
  AVERAGE WIND SPEED     6.8


SKY COVER
  POSSIBLE SUNSHINE  MM
  AVERAGE SKY COVER 0.8


WEATHER CONDITIONS
 THE FOLLOWING WEATHER WAS RECORDED YESTERDAY.
  LIGHT RAIN
  SNOW
  FOG


RELATIVE HUMIDITY (PERCENT)
 HIGHEST    89           700 PM
 LOWEST     49          1200 PM
 AVERAGE    69

..........................................................


THE PITTSBURGH PA CLIMATE NORMALS FOR TODAY
                         NORMAL    RECORD    YEAR
 MAXIMUM TEMPERATURE (F)   38        68      2001
                                             1925
 MINIMUM TEMPERATURE (F)   22       -11      1934


SUNRISE AND SUNSET
FEBRUARY  9 2016......SUNRISE   722 AM EST   SUNSET   548 PM EST
FEBRUARY 10 2016......SUNRISE   721 AM EST   SUNSET   549 PM EST


-  INDICATES NEGATIVE NUMBERS.
R  INDICATES RECORD WAS SET OR TIED.
MM INDICATES DATA IS MISSING.
T  INDICATES TRACE AMOUNT.

&&

SNOW DEPTH IS MEASURED AT 7 AM EST OR 8 AM EDT.

$$
