000
CDUS41 KPBZ 222126
CLIPIT

CLIMATE REPORT
NATIONAL WEATHER SERVICE PITTSBURGH PA
526 PM EDT MON MAY 22 2017

...................................

...THE PITTSBURGH PA CLIMATE SUMMARY FOR MAY 22 2017...
VALID TODAY AS OF 0500 PM LOCAL TIME.

CLIMATE NORMAL PERIOD 1981 TO 2010
CLIMATE RECORD PERIOD 1871 TO 2017

WEATHER ITEM   OBSERVED TIME   RECORD YEAR NORMAL DEPARTURE LAST
                VALUE   (LST)  VALUE       VALUE  FROM      YEAR
                                                  NORMAL
..................................................................
TEMPERATURE (F)
 TODAY
  MAXIMUM         67    331 PM  93    1911  72     -5       68
  MINIMUM         59   1021 AM  32    2002  51      8       50
  AVERAGE         63                        62      1       59

PRECIPITATION (IN)
  TODAY            0.10          1.56 1953   0.14  -0.04     0.26
  MONTH TO DATE    3.29                      2.68   0.61     3.60
  SINCE JUN 1     38.24                     36.92   1.32    39.69
  SINCE JAN 1     16.85                     13.83   3.02    13.61

SNOWFALL (IN)
  TODAY            0.0           0.0  2002   0.0    0.0      0.0
                                      2001
  MONTH TO DATE    0.0                       0.0    0.0       T
  SINCE OCT 1     32.0                      41.9   -9.9     29.6
  SINCE JUL 1     32.0                      41.9   -9.9     29.6
  SNOW DEPTH       0

DEGREE DAYS
 HEATING
  TODAY            2                         5     -3        6
  MONTH TO DATE  156                       160     -4      177
  SINCE MAR 1   1177                      1379   -202     1103
  SINCE JUL 1   4603                      5636  -1033     4669

 COOLING
  TODAY            0                         2     -2        0
  MONTH TO DATE   35                        24     11        3
  SINCE MAR 1     61                        34     27        6
  SINCE JAN 1     62                        34     28        6
..................................................................

WIND (MPH)
  HIGHEST WIND SPEED    17   HIGHEST WIND DIRECTION    NW (300)
  HIGHEST GUST SPEED    24   HIGHEST GUST DIRECTION     W (290)
  AVERAGE WIND SPEED     9.6


SKY COVER
  POSSIBLE SUNSHINE  MM
  AVERAGE SKY COVER 0.9


WEATHER CONDITIONS
 THE FOLLOWING WEATHER WAS RECORDED TODAY.
  RAIN
  LIGHT RAIN
  FOG


RELATIVE HUMIDITY (PERCENT)
 HIGHEST    93          1200 AM
 LOWEST     45           400 PM
 AVERAGE    69

..........................................................


THE PITTSBURGH PA CLIMATE NORMALS FOR TOMORROW
                         NORMAL    RECORD    YEAR
 MAXIMUM TEMPERATURE (F)   73        92      1884
 MINIMUM TEMPERATURE (F)   51        32      1963


SUNRISE AND SUNSET
MAY 22 2017...........SUNRISE   558 AM EDT   SUNSET   837 PM EDT
MAY 23 2017...........SUNRISE   558 AM EDT   SUNSET   838 PM EDT


-  INDICATES NEGATIVE NUMBERS.
R  INDICATES RECORD WAS SET OR TIED.
MM INDICATES DATA IS MISSING.
T  INDICATES TRACE AMOUNT.

&&

SNOW DEPTH IS MEASURED AT 7 AM EST OR 8 AM EDT.

$$
