000
CDUS41 KPBZ 240801
CLIPIT

CLIMATE REPORT
NATIONAL WEATHER SERVICE PITTSBURGH PA
301 AM EST WED JAN 24 2018

...................................

...THE PITTSBURGH PA CLIMATE SUMMARY FOR JANUARY 23 2018...

CLIMATE NORMAL PERIOD 1981 TO 2010
CLIMATE RECORD PERIOD 1871 TO 2018

WEATHER ITEM   OBSERVED TIME   RECORD YEAR NORMAL DEPARTURE LAST
                VALUE   (LST)  VALUE       VALUE  FROM      YEAR
                                                  NORMAL
..................................................................
TEMPERATURE (F)
 YESTERDAY
  MAXIMUM         55   1223 AM  66    1906  36     19       50
  MINIMUM         35   1159 PM -16    1936  21     14       33
  AVERAGE         45                        28     17       42

PRECIPITATION (IN)
  YESTERDAY        0.15          1.19 1982   0.09   0.06     0.77
  MONTH TO DATE    3.64                      2.02   1.62     2.98
  SINCE JUN 1     27.08                     25.11   1.97    24.37
  SINCE JAN 1      3.64                      2.02   1.62     2.98

SNOWFALL (IN)
  YESTERDAY        T             3.9  1963   0.4   -0.4      0.3
  MONTH TO DATE   13.3                       8.4    4.9      2.7
  SINCE OCT 1     26.6                      19.1    7.5     10.8
  SINCE JUL 1     26.6                      19.1    7.5     10.8
  SNOW DEPTH       0

DEGREE DAYS
 HEATING
  YESTERDAY       20                        37    -17       23
  MONTH TO DATE  958                       847    111      686
  SINCE DEC 1   2015                      1859    156     1655
  SINCE JUL 1   3018                      3022     -4     2502

 COOLING
  YESTERDAY        0                         0      0        0
  MONTH TO DATE    0                         0      0        0
  SINCE DEC 1      0                         0      0        0
  SINCE JAN 1      0                         0      0        0
..................................................................

WIND (MPH)
  HIGHEST WIND SPEED    25   HIGHEST WIND DIRECTION     W (260)
  HIGHEST GUST SPEED    38   HIGHEST GUST DIRECTION     W (250)
  AVERAGE WIND SPEED    11.8


SKY COVER
  POSSIBLE SUNSHINE  MM
  AVERAGE SKY COVER 0.8


WEATHER CONDITIONS
 THE FOLLOWING WEATHER WAS RECORDED YESTERDAY.
  LIGHT RAIN
  FOG


RELATIVE HUMIDITY (PERCENT)
 HIGHEST    85           700 PM
 LOWEST     58          1000 AM
 AVERAGE    72

..........................................................


THE PITTSBURGH PA CLIMATE NORMALS FOR TODAY
                         NORMAL    RECORD    YEAR
 MAXIMUM TEMPERATURE (F)   36        66      1909
 MINIMUM TEMPERATURE (F)   21       -18      1963


SUNRISE AND SUNSET
JANUARY 24 2018.......SUNRISE   737 AM EST   SUNSET   529 PM EST
JANUARY 25 2018.......SUNRISE   736 AM EST   SUNSET   531 PM EST


-  INDICATES NEGATIVE NUMBERS.
R  INDICATES RECORD WAS SET OR TIED.
MM INDICATES DATA IS MISSING.
T  INDICATES TRACE AMOUNT.

&&

SNOW DEPTH IS MEASURED AT 7 AM EST OR 8 AM EDT.

$$
