000
CDUS41 KPBZ 210703
CLIPIT


CLIMATE REPORT
NATIONAL WEATHER SERVICE PITTSBURGH PA
301 AM EDT THU AUG 21 2014


...................................

...THE PITTSBURGH PA CLIMATE SUMMARY FOR AUGUST 20 2014...

CLIMATE NORMAL PERIOD 1981 TO 2010
CLIMATE RECORD PERIOD 1871 TO 2014


WEATHER ITEM   OBSERVED TIME   RECORD YEAR NORMAL DEPARTURE LAST
                VALUE   (LST)  VALUE       VALUE  FROM      YEAR
                                                  NORMAL
..................................................................
TEMPERATURE (F)
 YESTERDAY
  MAXIMUM         81    345 PM  98    1884  81      0       82
  MINIMUM         64    743 AM  45    1977  61      3       58
  AVERAGE         73                        71      2       70

PRECIPITATION (IN)
  YESTERDAY        1.80R         1.70 2004   0.11   1.69     0.00
  MONTH TO DATE    3.88                      2.31   1.57     0.95
  SINCE JUN 1     13.12                     10.44   2.68    12.59
  SINCE JAN 1     28.21                     25.54   2.67    24.93

SNOWFALL (IN)
  YESTERDAY        0.0           0.0  2002   0.0    0.0      0.0
                                      2001
  MONTH TO DATE    0.0                       0.0    0.0      0.0
  SINCE OCT 1     63.4                      41.4   22.0     57.4
  SINCE JUL 1      0.0                       0.0    0.0      0.0
  SNOW DEPTH       0

DEGREE DAYS
 HEATING
  YESTERDAY        0                         0      0        0
  MONTH TO DATE   10                         0     10       10
  SINCE JUN 1     30                        42    -12       27
  SINCE JUL 1     21                         4     17       11

 COOLING
  YESTERDAY        8                         7      1        5
  MONTH TO DATE  100                       144    -44       89
  SINCE JUN 1    473                       535    -62      510
  SINCE JAN 1    547                       587    -40      614
..................................................................


WIND (MPH)
  HIGHEST WIND SPEED    24   HIGHEST WIND DIRECTION     N (340)
  HIGHEST GUST SPEED    30   HIGHEST GUST DIRECTION     N (340)
  AVERAGE WIND SPEED     6.0


SKY COVER
  POSSIBLE SUNSHINE  MM
  AVERAGE SKY COVER 0.8


WEATHER CONDITIONS
 THE FOLLOWING WEATHER WAS RECORDED YESTERDAY.
  THUNDERSTORM
  HEAVY RAIN
  RAIN
  LIGHT RAIN
  FOG


RELATIVE HUMIDITY (PERCENT)
 HIGHEST   100           600 AM
 LOWEST     58           400 PM
 AVERAGE    79

..........................................................


THE PITTSBURGH PA CLIMATE NORMALS FOR TODAY
                         NORMAL    RECORD    YEAR
 MAXIMUM TEMPERATURE (F)   81        98      1936
 MINIMUM TEMPERATURE (F)   61        46      1969


SUNRISE AND SUNSET
AUGUST 21 2014........SUNRISE   637 AM EDT   SUNSET   810 PM EDT
AUGUST 22 2014........SUNRISE   638 AM EDT   SUNSET   808 PM EDT


-  INDICATES NEGATIVE NUMBERS.
R  INDICATES RECORD WAS SET OR TIED.
MM INDICATES DATA IS MISSING.
T  INDICATES TRACE AMOUNT.





&&
SNOW DEPTH IS MEASURED AT 7 AM EST OR 8 AM EDT.
$$
