000
CDUS41 KPBZ 290702
CLIPIT

CLIMATE REPORT
NATIONAL WEATHER SERVICE PITTSBURGH PA
302 AM EDT WED JUL 29 2015

...................................

...THE PITTSBURGH PA CLIMATE SUMMARY FOR JULY 28 2015...

CLIMATE NORMAL PERIOD 1981 TO 2010
CLIMATE RECORD PERIOD 1871 TO 2015

WEATHER ITEM   OBSERVED TIME   RECORD YEAR NORMAL DEPARTURE LAST
                VALUE   (LST)  VALUE       VALUE  FROM      YEAR
                                                  NORMAL
..................................................................
TEMPERATURE (F)
 YESTERDAY
  MAXIMUM         92    313 PM  96    1993  82     10       72
                                      1941
                                      1930
  MINIMUM         69    553 AM  47    1962  63      6       55
  AVERAGE         81                        73      8       64

PRECIPITATION (IN)
  YESTERDAY        0.00          3.48 1999   0.12  -0.12     0.16
  MONTH TO DATE    3.61                      3.48   0.13     5.05
  SINCE JUN 1     10.95                      7.78   3.17     9.10
  SINCE JAN 1     25.43                     22.88   2.55    24.19

SNOWFALL (IN)
  YESTERDAY        0.0           0.0  2002   0.0    0.0      0.0
                                      2001
  MONTH TO DATE    0.0                       0.0    0.0      0.0
  SINCE OCT 1     47.5                      41.9    5.6     63.4
  SINCE JUL 1      0.0                       0.0    0.0      0.0
  SNOW DEPTH       0

DEGREE DAYS
 HEATING
  YESTERDAY        0                         0      0        1
  MONTH TO DATE    0                         0      0        4
  SINCE JUN 1     25                        38    -13       13
  SINCE JUL 1      0                         0      0        4

 COOLING
  YESTERDAY       16                         8      8        0
  MONTH TO DATE  226                       221      5      185
  SINCE JUN 1    419                       371     48      370
  SINCE JAN 1    553                       423    130      444
..................................................................

WIND (MPH)
  HIGHEST WIND SPEED    12   HIGHEST WIND DIRECTION     E (80)
  HIGHEST GUST SPEED    15   HIGHEST GUST DIRECTION     E (110)
  AVERAGE WIND SPEED     4.2


SKY COVER
  POSSIBLE SUNSHINE  MM
  AVERAGE SKY COVER 0.3


WEATHER CONDITIONS
 THE FOLLOWING WEATHER WAS RECORDED YESTERDAY.
  FOG
  HAZE


RELATIVE HUMIDITY (PERCENT)
 HIGHEST    90           400 AM
 LOWEST     38           300 PM
 AVERAGE    64

..........................................................


THE PITTSBURGH PA CLIMATE NORMALS FOR TODAY
                         NORMAL    RECORD    YEAR
 MAXIMUM TEMPERATURE (F)   82        96      1901
 MINIMUM TEMPERATURE (F)   63        51      2014


SUNRISE AND SUNSET
JULY 29 2015..........SUNRISE   615 AM EDT   SUNSET   839 PM EDT
JULY 30 2015..........SUNRISE   616 AM EDT   SUNSET   838 PM EDT


-  INDICATES NEGATIVE NUMBERS.
R  INDICATES RECORD WAS SET OR TIED.
MM INDICATES DATA IS MISSING.
T  INDICATES TRACE AMOUNT.

&&

SNOW DEPTH IS MEASURED AT 7 AM EST OR 8 AM EDT.

$$
