291
CDUS41 KPBZ 232121
CLIPIT

CLIMATE REPORT
NATIONAL WEATHER SERVICE PITTSBURGH PA
519 PM EDT MON OCT 23 2017

...................................

...THE PITTSBURGH PA CLIMATE SUMMARY FOR OCTOBER 23 2017...
VALID TODAY AS OF 0500 PM LOCAL TIME.

CLIMATE NORMAL PERIOD 1981 TO 2010
CLIMATE RECORD PERIOD 1871 TO 2017

WEATHER ITEM   OBSERVED TIME   RECORD YEAR NORMAL DEPARTURE LAST
                VALUE   (LST)  VALUE       VALUE  FROM      YEAR
                                                  NORMAL
..................................................................
TEMPERATURE (F)
 TODAY
  MAXIMUM         67   1215 PM  82    1947  60      7       64
  MINIMUM         59    837 AM  25    1997  41     18       41
                                      1976
  AVERAGE         63                        50     13       53

PRECIPITATION (IN)
  TODAY            0.33          1.45 1878   0.08   0.25     0.00
  MONTH TO DATE    2.86                      1.65   1.21     3.49
  SINCE JUN 1     16.27                     16.37  -0.10    16.08
  SINCE JAN 1     34.98                     31.47   3.51    29.70

SNOWFALL (IN)
  TODAY            0.0           0.4  1969   0.0    0.0      0.0
  MONTH TO DATE    0.0                       0.1   -0.1      0.0
  SINCE OCT 1      0.0                       0.1   -0.1      0.0
  SINCE JUL 1      0.0                       0.1   -0.1      0.0
  SNOW DEPTH       0

DEGREE DAYS
 HEATING
  TODAY            2                        15    -13       12
  MONTH TO DATE   87                       262   -175      161
  SINCE SEP 1    155                       363   -208      176
  SINCE JUL 1    160                       376   -216      177

 COOLING
  TODAY            0                         0      0        0
  MONTH TO DATE   39                         6     33       23
  SINCE SEP 1    160                        82     78      179
  SINCE JAN 1    864                       734    130     1154
..................................................................

WIND (MPH)
  HIGHEST WIND SPEED    23   HIGHEST WIND DIRECTION    SE (120)
  HIGHEST GUST SPEED    29   HIGHEST GUST DIRECTION    SE (120)
  AVERAGE WIND SPEED    11.1


SKY COVER
  POSSIBLE SUNSHINE  MM
  AVERAGE SKY COVER 0.9


WEATHER CONDITIONS
 THE FOLLOWING WEATHER WAS RECORDED TODAY.
  LIGHT RAIN
  FOG


RELATIVE HUMIDITY (PERCENT)
 HIGHEST    93           200 PM
 LOWEST     67          1200 AM
 AVERAGE    80

..........................................................


THE PITTSBURGH PA CLIMATE NORMALS FOR TOMORROW
                         NORMAL    RECORD    YEAR
 MAXIMUM TEMPERATURE (F)   60        81      1963
 MINIMUM TEMPERATURE (F)   41        21      1969


SUNRISE AND SUNSET
OCTOBER 23 2017.......SUNRISE   741 AM EDT   SUNSET   629 PM EDT
OCTOBER 24 2017.......SUNRISE   742 AM EDT   SUNSET   627 PM EDT


-  INDICATES NEGATIVE NUMBERS.
R  INDICATES RECORD WAS SET OR TIED.
MM INDICATES DATA IS MISSING.
T  INDICATES TRACE AMOUNT.

&&

SNOW DEPTH IS MEASURED AT 7 AM EST OR 8 AM EDT.

$$
