000
CDUS41 KRLX 042129
CLIPKB


CLIMATE REPORT
NATIONAL WEATHER SERVICE CHARLESTON WV
528 PM EDT SAT JUL 4 2015


...................................

...THE PARKERSBURG WV CLIMATE SUMMARY FOR JULY 4 2015...
VALID TODAY AS OF 0500 PM LOCAL TIME.

CLIMATE NORMAL PERIOD 1981 TO 2010
CLIMATE RECORD PERIOD 1889 TO 2015


WEATHER ITEM   OBSERVED TIME   RECORD YEAR NORMAL DEPARTURE LAST
                VALUE   (LST)  VALUE       VALUE  FROM      YEAR
                                                  NORMAL
..................................................................
TEMPERATURE (F)
 TODAY
  MAXIMUM         81    256 PM 100    1911  85     -4       MM
  MINIMUM         65    646 AM  49    1892  63      2       MM
  AVERAGE         73                        74     -1       MM

PRECIPITATION (IN)
  TODAY            0.00          1.03 2008   0.12  -0.12    MM
  MONTH TO DATE    0.32                      0.49  -0.17    MM
  SINCE JUN 1      6.21                      4.51   1.70    MM
  SINCE JAN 1     24.40                     21.46   2.94    MM

DEGREE DAYS
 HEATING
  TODAY            0                         0      0       MM
  MONTH TO DATE    0                         0      0       MM
  SINCE JUN 1     15                        19     -4       MM
  SINCE JUL 1      0                         0      0       MM

 COOLING
  TODAY            8                         9     -1       MM
  MONTH TO DATE   19                        36    -17       MM
  SINCE JUN 1    242                       227     15       MM
  SINCE JAN 1    403                       311     92       MM
..................................................................


WIND (MPH)
  HIGHEST WIND SPEED     9   HIGHEST WIND DIRECTION    NW (300)
  HIGHEST GUST SPEED    13   HIGHEST GUST DIRECTION     W (290)
  AVERAGE WIND SPEED     3.9


SKY COVER
  POSSIBLE SUNSHINE  MM
  AVERAGE SKY COVER 0.7


WEATHER CONDITIONS
 THE FOLLOWING WEATHER WAS RECORDED TODAY.
  FOG
  HAZE


RELATIVE HUMIDITY (PERCENT)
 HIGHEST   100           400 AM
 LOWEST     54           100 PM
 AVERAGE    77

..........................................................


THE PARKERSBURG WV CLIMATE NORMALS FOR TOMORROW
                         NORMAL    RECORD    YEAR
 MAXIMUM TEMPERATURE (F)   85        99      1988
 MINIMUM TEMPERATURE (F)   64        48      1968


SUNRISE AND SUNSET
JULY  4 2015..........SUNRISE   604 AM EDT   SUNSET   856 PM EDT
JULY  5 2015..........SUNRISE   605 AM EDT   SUNSET   856 PM EDT


-  INDICATES NEGATIVE NUMBERS.
R  INDICATES RECORD WAS SET OR TIED.
MM INDICATES DATA IS MISSING.
T  INDICATES TRACE AMOUNT.




$$
