000
CDUS41 KRLX 270716
CLIPKB


CLIMATE REPORT
NATIONAL WEATHER SERVICE CHARLESTON WV
315 AM EDT THU APR 27 2017


...................................

...THE PARKERSBURG WV CLIMATE SUMMARY FOR APRIL 26 2017...

CLIMATE NORMAL PERIOD 1981 TO 2010
CLIMATE RECORD PERIOD 1889 TO 2017


WEATHER ITEM   OBSERVED TIME   RECORD YEAR NORMAL DEPARTURE LAST
                VALUE   (LST)  VALUE       VALUE  FROM      YEAR
                                                  NORMAL
..................................................................
TEMPERATURE (F)
 YESTERDAY
  MAXIMUM         83    512 PM  91    1990  70     13       78
  MINIMUM         48    545 AM  31    1983  45      3       58
  AVERAGE         66                        57      9       68

PRECIPITATION (IN)
  YESTERDAY        0.00          1.71 2016   0.11  -0.11     1.71
  MONTH TO DATE    3.48                      2.83   0.65     3.84
  SINCE JAN 1     16.58                     12.21   4.37    12.16

SNOWFALL (IN)
  YESTERDAY       MM
  MONTH TO DATE   MM
  SINCE SEP 1     MM
  SNOW DEPTH      MM

DEGREE DAYS
 HEATING
  YESTERDAY        0                         9     -9        0
  MONTH TO DATE  181                       314   -133      312
  SINCE MAR 1    817                       985   -168      749
  SINCE JUL 1   3848                      4775   -927     3962

 COOLING
  YESTERDAY        1                         1      0        3
  MONTH TO DATE   19                        16      3        9
  SINCE MAR 1     21                        19      2       17
  SINCE JAN 1     25                        19      6       17
..................................................................


WIND (MPH)
  HIGHEST WIND SPEED    14   HIGHEST WIND DIRECTION     S (170)
  HIGHEST GUST SPEED    19   HIGHEST GUST DIRECTION    SW (220)
  AVERAGE WIND SPEED     3.4


SKY COVER
  POSSIBLE SUNSHINE  MM
  AVERAGE SKY COVER 0.1


WEATHER CONDITIONS
 THE FOLLOWING WEATHER WAS RECORDED YESTERDAY.
  FOG
  FOG W/VISIBILITY <= 1/4 MILE


RELATIVE HUMIDITY (PERCENT)
 HIGHEST   100           600 AM
 LOWEST     36           600 PM
 AVERAGE    68

..........................................................


THE PARKERSBURG WV CLIMATE NORMALS FOR TODAY
                         NORMAL    RECORD    YEAR
 MAXIMUM TEMPERATURE (F)   70        94      1986
 MINIMUM TEMPERATURE (F)   45        32      2006
                                             2003
                                             1971


SUNRISE AND SUNSET
APRIL 27 2017.........SUNRISE   632 AM EDT   SUNSET   815 PM EDT
APRIL 28 2017.........SUNRISE   630 AM EDT   SUNSET   816 PM EDT


-  INDICATES NEGATIVE NUMBERS.
R  INDICATES RECORD WAS SET OR TIED.
MM INDICATES DATA IS MISSING.
T  INDICATES TRACE AMOUNT.




$$
