000
CDUS46 KLOX 200916
CLIPMD


CLIMATE REPORT
NATIONAL WEATHER SERVICE LOS ANGELES/OXNARD CA
108 AM PST FRI JAN 20 2017


...................................

...THE PALMDALE AIRPORT CA CLIMATE SUMMARY FOR JANUARY 19 2017...

CLIMATE NORMAL PERIOD 1981 TO 2010
CLIMATE RECORD PERIOD 1931 TO 2017


WEATHER ITEM   OBSERVED TIME   RECORD YEAR NORMAL DEPARTURE LAST
                VALUE   (LST)  VALUE       VALUE  FROM      YEAR
                                                  NORMAL
..................................................................
TEMPERATURE (F)
 YESTERDAY
  MAXIMUM         55   1223 PM  74    2012  59     -4       58
  MINIMUM         45    539 AM  18    2007  32     13       38
                                      1943
  AVERAGE         50                        45      5       48

PRECIPITATION (IN)
  YESTERDAY        0.07          1.34 1954   0.05   0.02     0.05
  MONTH TO DATE    1.02                      1.09  -0.07     1.20
  SINCE OCT 1      2.81                      3.54  -0.73     3.01
  SINCE JAN 1      1.02                      1.09  -0.07     1.20

SNOWFALL (IN)
  YESTERDAY       MM             T    1949  MM              MM
  MONTH TO DATE    0.0                      MM               0.0
  SINCE DEC 1      0.0                      MM               0.0
  SINCE JUL 1      0.0                      MM               0.0
  SNOW DEPTH       0

DEGREE DAYS
 HEATING
  YESTERDAY       15                        20     -5       17
  MONTH TO DATE  357                       389    -32      399
  SINCE DEC 1    929                      1026    -97     1077
  SINCE JUL 1   1312                      1553   -241     1600

 COOLING
  YESTERDAY        0                         0      0        0
  MONTH TO DATE    0                         0      0        0
  SINCE DEC 1      0                         0      0        0
  SINCE JAN 1      0                         0      0        0
..................................................................


WIND (MPH)
  HIGHEST WIND SPEED    28   HIGHEST WIND DIRECTION    SW (220)
  HIGHEST GUST SPEED    34   HIGHEST GUST DIRECTION    SW (240)
  AVERAGE WIND SPEED    13.8


SKY COVER
  POSSIBLE SUNSHINE  MM
  AVERAGE SKY COVER 0.6


WEATHER CONDITIONS
 THE FOLLOWING WEATHER WAS RECORDED YESTERDAY.
  RAIN
  LIGHT RAIN
  FOG


RELATIVE HUMIDITY (PERCENT)
 HIGHEST    93           500 AM
 LOWEST     66          1200 AM
 AVERAGE    80

..........................................................


THE PALMDALE AIRPORT CA CLIMATE NORMALS FOR TODAY
                         NORMAL    RECORD    YEAR
 MAXIMUM TEMPERATURE (F)   59        81      1971
 MINIMUM TEMPERATURE (F)   32        12      1963


SUNRISE AND SUNSET
JANUARY 20 2017.......SUNRISE   657 AM PST   SUNSET   510 PM PST
JANUARY 21 2017.......SUNRISE   657 AM PST   SUNSET   511 PM PST


-  INDICATES NEGATIVE NUMBERS.
R  INDICATES RECORD WAS SET OR TIED.
MM INDICATES DATA IS MISSING.
T  INDICATES TRACE AMOUNT.




$$
