000
CDUS46 KLOX 020900
CLIPMD


CLIMATE REPORT
NATIONAL WEATHER SERVICE LOS ANGELES/OXNARD CA
200 AM PDT THU JUL 2 2015


...................................

...THE PALMDALE AIRPORT CA CLIMATE SUMMARY FOR JULY 1 2015...

CLIMATE NORMAL PERIOD 1981 TO 2010
CLIMATE RECORD PERIOD 1931 TO 2015


WEATHER ITEM   OBSERVED TIME   RECORD YEAR NORMAL DEPARTURE LAST
                VALUE   (LST)  VALUE       VALUE  FROM      YEAR
                                                  NORMAL
..................................................................
TEMPERATURE (F)
 YESTERDAY
  MAXIMUM         89    548 PM 109    1994  95     -6      102
  MINIMUM         71    617 AM  47    1952  62      9       74
  AVERAGE         80                        79      1       88

PRECIPITATION (IN)
  YESTERDAY        0.03R         T    2013   0.00   0.03     0.00
  MONTH TO DATE    0.03                      0.00   0.03     0.00
  SINCE OCT 1      4.28                      7.77  -3.49     4.99
  SINCE JAN 1      1.71                      5.32  -3.61     3.05

SNOWFALL (IN)
  YESTERDAY        0.0          MM      MM  MM               0.0
  MONTH TO DATE    0.0                      MM               0.0
  SINCE JUN 1      0.0                      MM               0.0
  SINCE JUL 1      0.0                      MM               0.0
  SNOW DEPTH       0

DEGREE DAYS
 HEATING
  YESTERDAY        0                         0      0        0
  MONTH TO DATE    0                         0      0        0
  SINCE JUN 1      0                         7     -7        0
  SINCE JUL 1      0                         0      0        0

 COOLING
  YESTERDAY       15                        14      1       23
  MONTH TO DATE   15                        14      1       23
  SINCE JUN 1    463                       320    143      427
  SINCE JAN 1    588                       490     98      646
..................................................................


WIND (MPH)
  HIGHEST WIND SPEED    22   HIGHEST WIND DIRECTION     S (190)
  HIGHEST GUST SPEED    25   HIGHEST GUST DIRECTION     S (190)
  AVERAGE WIND SPEED     8.4


SKY COVER
  POSSIBLE SUNSHINE  MM
  AVERAGE SKY COVER 0.1


WEATHER CONDITIONS
 THE FOLLOWING WEATHER WAS RECORDED YESTERDAY.
  THUNDERSTORM
  LIGHT RAIN


RELATIVE HUMIDITY (PERCENT)
 HIGHEST    64           800 AM
 LOWEST     18           300 AM
 AVERAGE    41

..........................................................


THE PALMDALE AIRPORT CA CLIMATE NORMALS FOR TODAY
                         NORMAL    RECORD    YEAR
 MAXIMUM TEMPERATURE (F)   95       109      1967
 MINIMUM TEMPERATURE (F)   63        49      1953


SUNRISE AND SUNSET
JULY  2 2015..........SUNRISE   543 AM PDT   SUNSET   809 PM PDT
JULY  3 2015..........SUNRISE   544 AM PDT   SUNSET   809 PM PDT


-  INDICATES NEGATIVE NUMBERS.
R  INDICATES RECORD WAS SET OR TIED.
MM INDICATES DATA IS MISSING.
T  INDICATES TRACE AMOUNT.




$$
