000
CDUS46 KLOX 190857
CLIPMD


CLIMATE REPORT
NATIONAL WEATHER SERVICE LOS ANGELES/OXNARD CA
157 AM PDT THU OCT 19 2017


...................................

...THE PALMDALE AIRPORT CA CLIMATE SUMMARY FOR OCTOBER 18 2017...

CLIMATE NORMAL PERIOD 1981 TO 2010
CLIMATE RECORD PERIOD 1931 TO 2017


WEATHER ITEM   OBSERVED TIME   RECORD YEAR NORMAL DEPARTURE LAST
                VALUE   (LST)  VALUE       VALUE  FROM      YEAR
                                                  NORMAL
..................................................................
TEMPERATURE (F)
 YESTERDAY
  MAXIMUM         89    310 PM  93    1995  78     11       71
  MINIMUM         57    630 AM  31    1966  47     10       49
  AVERAGE         73                        62     11       60

PRECIPITATION (IN)
  YESTERDAY        0.00          1.63 1934   0.02  -0.02     0.00
  MONTH TO DATE    0.00                      0.29  -0.29      T
  SINCE OCT 1      0.00                      0.29  -0.29      T
  SINCE JAN 1      4.56                      6.14  -1.58     2.47

SNOWFALL (IN)
  YESTERDAY        0.0           T    1949  MM               0.0
  MONTH TO DATE    0.0                      MM               0.0
  SINCE SEP 1      0.0                      MM               0.0
  SINCE JUL 1      0.0                      MM               0.0
  SNOW DEPTH       0

DEGREE DAYS
 HEATING
  YESTERDAY        0                         4     -4        5
  MONTH TO DATE   34                        42     -8       23
  SINCE SEP 1     53                        54     -1       28
  SINCE JUL 1     53                        54     -1       28

 COOLING
  YESTERDAY        8                         1      7        0
  MONTH TO DATE   33                        50    -17       36
  SINCE SEP 1    320                       325     -5      312
  SINCE JAN 1   2233                      1807    426     2076
..................................................................


WIND (MPH)
  HIGHEST WIND SPEED    18   HIGHEST WIND DIRECTION    SW (240)
  HIGHEST GUST SPEED    24   HIGHEST GUST DIRECTION    SW (240)
  AVERAGE WIND SPEED     4.9


SKY COVER
  POSSIBLE SUNSHINE  MM
  AVERAGE SKY COVER 0.1


WEATHER CONDITIONS
 THE FOLLOWING WEATHER WAS RECORDED YESTERDAY.
  NO SIGNIFICANT WEATHER WAS OBSERVED.


RELATIVE HUMIDITY (PERCENT)
 HIGHEST    42          1100 PM
 LOWEST     10          1100 AM
 AVERAGE    26

..........................................................


THE PALMDALE AIRPORT CA CLIMATE NORMALS FOR TODAY
                         NORMAL    RECORD    YEAR
 MAXIMUM TEMPERATURE (F)   77        92      1995
 MINIMUM TEMPERATURE (F)   47        30      1971


SUNRISE AND SUNSET
OCTOBER 19 2017.......SUNRISE   702 AM PDT   SUNSET   612 PM PDT
OCTOBER 20 2017.......SUNRISE   702 AM PDT   SUNSET   611 PM PDT


-  INDICATES NEGATIVE NUMBERS.
R  INDICATES RECORD WAS SET OR TIED.
MM INDICATES DATA IS MISSING.
T  INDICATES TRACE AMOUNT.




$$
