000
CDUS46 KLOX 230902
CLIPMD


CLIMATE REPORT
NATIONAL WEATHER SERVICE LOS ANGELES/OXNARD CA
202 AM PDT WED JUL 23 2014


...................................

...THE PALMDALE AIRPORT CA CLIMATE SUMMARY FOR JULY 22 2014...

CLIMATE NORMAL PERIOD 1981 TO 2010
CLIMATE RECORD PERIOD 1931 TO 2014


WEATHER ITEM   OBSERVED TIME   RECORD YEAR NORMAL DEPARTURE LAST
                VALUE   (LST)  VALUE       VALUE  FROM      YEAR
                                                  NORMAL
..................................................................
TEMPERATURE (F)
 YESTERDAY
  MAXIMUM         96    216 PM 108    1953  99     -3       93
                                      1980
  MINIMUM         68    520 AM  50    1957  66      2       69
  AVERAGE         82                        82      0       81

PRECIPITATION (IN)
  YESTERDAY        0.00          T    2013   0.01  -0.01      T
  MONTH TO DATE    T                         0.07  -0.07     0.09
  SINCE JUL 1      T                         0.07  -0.07     0.09
  SINCE JAN 1      3.05                      5.39  -2.34     0.95

SNOWFALL (IN)
  YESTERDAY        0.0          MM      MM  MM               0.0
  MONTH TO DATE    0.0                      MM               0.0
  SINCE JUN 1      0.0                      MM               0.0
  SINCE JUL 1      0.0                      MM               0.0
  SNOW DEPTH       0

DEGREE DAYS
 HEATING
  YESTERDAY        0                         0      0        0
  MONTH TO DATE    0                         0      0        0
  SINCE JUN 1      0                         7     -7        0
  SINCE JUL 1      0                         0      0        0

 COOLING
  YESTERDAY       17                        17      0       16
  MONTH TO DATE  410                       346     64      443
  SINCE JUN 1    814                       652    162      866
  SINCE JAN 1   1033                       822    211     1097
..................................................................


WIND (MPH)
  HIGHEST WIND SPEED    24   HIGHEST WIND DIRECTION     W (250)
  HIGHEST GUST SPEED    28   HIGHEST GUST DIRECTION     W (280)
  AVERAGE WIND SPEED    11.3


SKY COVER
  POSSIBLE SUNSHINE  MM
  AVERAGE SKY COVER 0.0


WEATHER CONDITIONS
 THE FOLLOWING WEATHER WAS RECORDED YESTERDAY.
  NO SIGNIFICANT WEATHER WAS OBSERVED.


RELATIVE HUMIDITY (PERCENT)
 HIGHEST    46           100 AM
 LOWEST     12           200 PM
 AVERAGE    29

..........................................................


THE PALMDALE AIRPORT CA CLIMATE NORMALS FOR TODAY
                         NORMAL    RECORD    YEAR
 MAXIMUM TEMPERATURE (F)   99       108      2006
                                             1959
 MINIMUM TEMPERATURE (F)   66        54      1972


SUNRISE AND SUNSET
JULY 23 2014..........SUNRISE   556 AM PDT   SUNSET   801 PM PDT
JULY 24 2014..........SUNRISE   557 AM PDT   SUNSET   801 PM PDT


-  INDICATES NEGATIVE NUMBERS.
R  INDICATES RECORD WAS SET OR TIED.
MM INDICATES DATA IS MISSING.
T  INDICATES TRACE AMOUNT.




$$
