000
CDUS44 KMOB 220626
CLIPNS


CLIMATE REPORT
NATIONAL WEATHER SERVICE MOBILE AL
125 AM CDT WED OCT 22 2014


...................................

...THE PENSACOLA CLIMATE SUMMARY FOR OCTOBER 21 2014...

CLIMATE NORMAL PERIOD 1981 TO 2010
CLIMATE RECORD PERIOD 1879 TO 2014


WEATHER ITEM   OBSERVED TIME   RECORD YEAR NORMAL DEPARTURE LAST
                VALUE   (LST)  VALUE       VALUE  FROM      YEAR
                                                  NORMAL
..................................................................
TEMPERATURE (F)
 YESTERDAY
  MAXIMUM         81    318 PM  88    2005  78      3       73
                                      1963
  MINIMUM         55    623 AM  34    1989  59     -4       62
  AVERAGE         68                        68      0       68

PRECIPITATION (IN)
  YESTERDAY        0.00          3.20 1900   0.16  -0.16     0.03
  MONTH TO DATE    3.68                      3.57   0.11     1.78
  SINCE MAR 1     66.38                     44.63  21.75    51.17
  SINCE JAN 1     77.71                     54.32  23.39    65.44

DEGREE DAYS
 HEATING
  YESTERDAY        0                         2     -2        0
  MONTH TO DATE    6                        12     -6        0
  SINCE SEP 1      6                        13     -7        0
  SINCE JUL 1      6                        13     -7        0

 COOLING
  YESTERDAY        3                         5     -2        3
  MONTH TO DATE  143                       143      0      200
  SINCE SEP 1    544                       546     -2      676
  SINCE JAN 1   2500                      2513    -13     2658
..................................................................


WIND (MPH)
  HIGHEST WIND SPEED    12   HIGHEST WIND DIRECTION     N (360)
  HIGHEST GUST SPEED    16   HIGHEST GUST DIRECTION     N (10)
  AVERAGE WIND SPEED     5.4


SKY COVER
  POSSIBLE SUNSHINE  MM
  AVERAGE SKY COVER 0.0


WEATHER CONDITIONS
 THE FOLLOWING WEATHER WAS RECORDED YESTERDAY.
  NO SIGNIFICANT WEATHER WAS OBSERVED.


RELATIVE HUMIDITY (PERCENT)
 HIGHEST    84          1100 PM
 LOWEST     33           300 PM
 AVERAGE    59

..........................................................


THE PENSACOLA CLIMATE NORMALS FOR TODAY
                         NORMAL    RECORD    YEAR
 MAXIMUM TEMPERATURE (F)   77        90      1963
 MINIMUM TEMPERATURE (F)   58        42      1989
                                             1976


SUNRISE AND SUNSET
OCTOBER 22 2014.......SUNRISE   656 AM CDT   SUNSET   610 PM CDT
OCTOBER 23 2014.......SUNRISE   657 AM CDT   SUNSET   609 PM CDT


-  INDICATES NEGATIVE NUMBERS.
R  INDICATES RECORD WAS SET OR TIED.
MM INDICATES DATA IS MISSING.
T  INDICATES TRACE AMOUNT.




$$
