000
CDUS44 KMOB 260645
CLIPNS


CLIMATE REPORT
NATIONAL WEATHER SERVICE MOBILE AL
145 AM CDT THU MAY 26 2016


...................................

...THE PENSACOLA CLIMATE SUMMARY FOR MAY 25 2016...

CLIMATE NORMAL PERIOD 1981 TO 2010
CLIMATE RECORD PERIOD 1879 TO 2016


WEATHER ITEM   OBSERVED TIME   RECORD YEAR NORMAL DEPARTURE LAST
                VALUE   (LST)  VALUE       VALUE  FROM      YEAR
                                                  NORMAL
..................................................................
TEMPERATURE (F)
 YESTERDAY
  MAXIMUM         86    103 PM  94    2012  85      1       82
                                      1996
                                      1953
  MINIMUM         65    526 AM  53    1979  68     -3       71
  AVERAGE         76                        77     -1       77

PRECIPITATION (IN)
  YESTERDAY        0.00          1.95 1997   0.14  -0.14     0.14
  MONTH TO DATE    1.88                      3.32  -1.44     2.77
  SINCE MAR 1     15.53                     13.45   2.08    15.13
  SINCE JAN 1     24.18                     23.14   1.04    25.54

DEGREE DAYS
 COOLING
  YESTERDAY       11                        12     -1       12
  MONTH TO DATE  258                       222     36      274
  SINCE MAR 1    485                       356    129      575
  SINCE JAN 1    503                       370    133      582
..................................................................


WIND (MPH)
  HIGHEST WIND SPEED    13   HIGHEST WIND DIRECTION     S (160)
  HIGHEST GUST SPEED    18   HIGHEST GUST DIRECTION    SE (140)
  AVERAGE WIND SPEED     5.8


SKY COVER
  POSSIBLE SUNSHINE  MM
  AVERAGE SKY COVER 0.0


WEATHER CONDITIONS
 THE FOLLOWING WEATHER WAS RECORDED YESTERDAY.
  NO SIGNIFICANT WEATHER WAS OBSERVED.


RELATIVE HUMIDITY (PERCENT)
 HIGHEST    93           200 AM
 LOWEST     44          1200 PM
 AVERAGE    69

..........................................................


THE PENSACOLA CLIMATE NORMALS FOR TODAY
                         NORMAL    RECORD    YEAR
 MAXIMUM TEMPERATURE (F)   86        98      2012
                                             1953
 MINIMUM TEMPERATURE (F)   69        48      1979


SUNRISE AND SUNSET
MAY 26 2016...........SUNRISE   549 AM CDT   SUNSET   743 PM CDT
MAY 27 2016...........SUNRISE   548 AM CDT   SUNSET   744 PM CDT


-  INDICATES NEGATIVE NUMBERS.
R  INDICATES RECORD WAS SET OR TIED.
MM INDICATES DATA IS MISSING.
T  INDICATES TRACE AMOUNT.




$$
