000
CDUS44 KMOB 200645
CLIPNS


CLIMATE REPORT
NATIONAL WEATHER SERVICE MOBILE AL
145 AM CDT WED SEP 20 2017


...................................

...THE PENSACOLA CLIMATE SUMMARY FOR SEPTEMBER 19 2017...

CLIMATE NORMAL PERIOD 1981 TO 2010
CLIMATE RECORD PERIOD 1879 TO 2017


WEATHER ITEM   OBSERVED TIME   RECORD YEAR NORMAL DEPARTURE LAST
                VALUE   (LST)  VALUE       VALUE  FROM      YEAR
                                                  NORMAL
..................................................................
TEMPERATURE (F)
 YESTERDAY
  MAXIMUM         91    316 PM  97    2005  86      5       91
  MINIMUM         78   1159 PM  49    1981  70      8       76
  AVERAGE         85                        78      7       84

PRECIPITATION (IN)
  YESTERDAY        0.38          5.60 1947   0.19   0.19     0.00
  MONTH TO DATE    1.72                      3.79  -2.07     3.31
  SINCE MAR 1     61.22                     38.87  22.35    45.44
  SINCE JAN 1     76.57                     48.56  28.01    54.09

DEGREE DAYS
 COOLING
  YESTERDAY       20                        13      7       19
  MONTH TO DATE  275                       279     -4      331
  SINCE SEP 1    275                       279     -4      331
  SINCE JAN 1   2754                      2246    508     2634
..................................................................


WIND (MPH)
  HIGHEST WIND SPEED    20   HIGHEST WIND DIRECTION     S (200)
  HIGHEST GUST SPEED    24   HIGHEST GUST DIRECTION     S (200)
  AVERAGE WIND SPEED     6.0


SKY COVER
  POSSIBLE SUNSHINE  MM
  AVERAGE SKY COVER 0.2


WEATHER CONDITIONS
 THE FOLLOWING WEATHER WAS RECORDED YESTERDAY.
  HEAVY RAIN


RELATIVE HUMIDITY (PERCENT)
 HIGHEST    85          1200 AM
 LOWEST     56          1000 AM
 AVERAGE    71

..........................................................


THE PENSACOLA CLIMATE NORMALS FOR TODAY
                         NORMAL    RECORD    YEAR
 MAXIMUM TEMPERATURE (F)   86        98      1925
 MINIMUM TEMPERATURE (F)   69        51      1981


SUNRISE AND SUNSET
SEPTEMBER 20 2017.....SUNRISE   636 AM CDT   SUNSET   648 PM CDT
SEPTEMBER 21 2017.....SUNRISE   637 AM CDT   SUNSET   646 PM CDT


-  INDICATES NEGATIVE NUMBERS.
R  INDICATES RECORD WAS SET OR TIED.
MM INDICATES DATA IS MISSING.
T  INDICATES TRACE AMOUNT.




$$
