000
CDUS44 KMOB 222237
CLIPNS


CLIMATE REPORT
NATIONAL WEATHER SERVICE MOBILE AL
535 PM CDT WED MAR 22 2017


...................................

...THE PENSACOLA CLIMATE SUMMARY FOR MARCH 22 2017...
VALID TODAY AS OF 0500 PM LOCAL TIME.

CLIMATE NORMAL PERIOD 1981 TO 2010
CLIMATE RECORD PERIOD 1879 TO 2017


WEATHER ITEM   OBSERVED TIME   RECORD YEAR NORMAL DEPARTURE LAST
                VALUE   (LST)  VALUE       VALUE  FROM      YEAR
                                                  NORMAL
..................................................................
TEMPERATURE (F)
 TODAY
  MAXIMUM         90R   126 PM  85    1997  71     19       67
  MINIMUM         67    629 AM  31    1986  52     15       42
  AVERAGE         79                        62     17       55

PRECIPITATION (IN)
  TODAY            0.00          2.47 1944   0.17  -0.17     0.00
  MONTH TO DATE    1.28                      4.18  -2.90     3.96
  SINCE MAR 1      1.28                      4.18  -2.90     3.96
  SINCE JAN 1     16.63                     13.87   2.76    12.61

DEGREE DAYS
 HEATING
  TODAY            0                         5     -5       10
  MONTH TO DATE   92                       141    -49       70
  SINCE MAR 1     92                       141    -49       70
  SINCE JUL 1    625                      1449   -824      952

 COOLING
  TODAY           14                         1     13        0
  MONTH TO DATE   60                        21     39       56
  SINCE MAR 1     60                        21     39       56
  SINCE JAN 1    170                        35    135       74
..................................................................


WIND (MPH)
  HIGHEST WIND SPEED    14   HIGHEST WIND DIRECTION     S (180)
  HIGHEST GUST SPEED    24   HIGHEST GUST DIRECTION     N (20)
  AVERAGE WIND SPEED     9.3


SKY COVER
  POSSIBLE SUNSHINE  MM
  AVERAGE SKY COVER 0.1


WEATHER CONDITIONS
 THE FOLLOWING WEATHER WAS RECORDED TODAY.
  FOG


RELATIVE HUMIDITY (PERCENT)
 HIGHEST    87           300 AM
 LOWEST     24           100 PM
 AVERAGE    56

..........................................................


THE PENSACOLA CLIMATE NORMALS FOR TOMORROW
                         NORMAL    RECORD    YEAR
 MAXIMUM TEMPERATURE (F)   71        82      1995
                                             1991
                                             1939
 MINIMUM TEMPERATURE (F)   53        31      1885


SUNRISE AND SUNSET
MARCH 22 2017.........SUNRISE   650 AM CDT   SUNSET   702 PM CDT
MARCH 23 2017.........SUNRISE   649 AM CDT   SUNSET   702 PM CDT


-  INDICATES NEGATIVE NUMBERS.
R  INDICATES RECORD WAS SET OR TIED.
MM INDICATES DATA IS MISSING.
T  INDICATES TRACE AMOUNT.




$$
