000
CDUS44 KMOB 270645
CLIPNS


CLIMATE REPORT
NATIONAL WEATHER SERVICE MOBILE AL
1245 AM CST THU NOV 27 2014


...................................

...THE PENSACOLA CLIMATE SUMMARY FOR NOVEMBER 26 2014...

CLIMATE NORMAL PERIOD 1981 TO 2010
CLIMATE RECORD PERIOD 1879 TO 2014


WEATHER ITEM   OBSERVED TIME   RECORD YEAR NORMAL DEPARTURE LAST
                VALUE   (LST)  VALUE       VALUE  FROM      YEAR
                                                  NORMAL
..................................................................
TEMPERATURE (F)
 YESTERDAY
  MAXIMUM         64    259 PM  85    1973  67     -3       69
  MINIMUM         39    643 AM  30    1950  48     -9       46
  AVERAGE         52                        58     -6       58

PRECIPITATION (IN)
  YESTERDAY        0.00          3.70 2007   0.15  -0.15     2.47
  MONTH TO DATE    1.20                      4.09  -2.89     5.27
  SINCE MAR 1     68.34                     50.39  17.95    56.55
  SINCE JAN 1     79.67                     60.08  19.59    70.82

SNOWFALL (IN)
  YESTERDAY        0.0           0.0  2002   0.0    0.0      0.0
                                      2001
                                      2000
  MONTH TO DATE    0.0                       0.0    0.0      0.0
  SINCE MAR 1      0.0                       0.0    0.0      0.0
  SINCE JUL 1      0.0                       0.0    0.0      0.0
  SNOW DEPTH       0

DEGREE DAYS
 HEATING
  YESTERDAY       13                         8      5        7
  MONTH TO DATE  273                       138    135      112
  SINCE SEP 1    285                       176    109      127
  SINCE JUL 1    285                       176    109      127

 COOLING
  YESTERDAY        0                         1     -1        0
  MONTH TO DATE   14                        42    -28       29
  SINCE SEP 1    588                       625    -37      736
  SINCE JAN 1   2544                      2592    -48     2718
..................................................................


WIND (MPH)
  HIGHEST WIND SPEED    17   HIGHEST WIND DIRECTION    NW (320)
  HIGHEST GUST SPEED    23   HIGHEST GUST DIRECTION    NW (320)
  AVERAGE WIND SPEED     9.2


SKY COVER
  POSSIBLE SUNSHINE  MM
  AVERAGE SKY COVER 0.1


WEATHER CONDITIONS
 THE FOLLOWING WEATHER WAS RECORDED YESTERDAY.
  NO SIGNIFICANT WEATHER WAS OBSERVED.


RELATIVE HUMIDITY (PERCENT)
 HIGHEST    71           900 PM
 LOWEST     24           200 PM
 AVERAGE    48

..........................................................


THE PENSACOLA CLIMATE NORMALS FOR TODAY
                         NORMAL    RECORD    YEAR
 MAXIMUM TEMPERATURE (F)   67        84      1973
 MINIMUM TEMPERATURE (F)   48        28      1903


SUNRISE AND SUNSET
NOVEMBER 27 2014......SUNRISE   625 AM CST   SUNSET   448 PM CST
NOVEMBER 28 2014......SUNRISE   626 AM CST   SUNSET   448 PM CST


-  INDICATES NEGATIVE NUMBERS.
R  INDICATES RECORD WAS SET OR TIED.
MM INDICATES DATA IS MISSING.
T  INDICATES TRACE AMOUNT.




$$
