000
CDUS44 KMOB 230645
CLIPNS


CLIMATE REPORT
NATIONAL WEATHER SERVICE MOBILE AL
145 AM CDT SUN APR 23 2017


...................................

...THE PENSACOLA CLIMATE SUMMARY FOR APRIL 22 2017...

CLIMATE NORMAL PERIOD 1981 TO 2010
CLIMATE RECORD PERIOD 1879 TO 2017


WEATHER ITEM   OBSERVED TIME   RECORD YEAR NORMAL DEPARTURE LAST
                VALUE   (LST)  VALUE       VALUE  FROM      YEAR
                                                  NORMAL
..................................................................
TEMPERATURE (F)
 YESTERDAY
  MAXIMUM         82    109 PM  96    1987  77      5       78
  MINIMUM         68    500 AM  46    1993  59      9       66
  AVERAGE         75                        68      7       72

PRECIPITATION (IN)
  YESTERDAY        0.00          2.95 1945   0.13  -0.13     0.80
  MONTH TO DATE    2.99                      3.28  -0.29     5.94
  SINCE MAR 1      5.35                      9.09  -3.74    13.59
  SINCE JAN 1     20.70                     18.78   1.92    22.24

DEGREE DAYS
 HEATING
  YESTERDAY        0                         1     -1        0
  MONTH TO DATE    8                        46    -38       11
  SINCE MAR 1    100                       222   -122       83
  SINCE JUL 1    633                      1530   -897      965

 COOLING
  YESTERDAY       10                         4      6        7
  MONTH TO DATE  139                        61     78       63
  SINCE MAR 1    267                        94    173      149
  SINCE JAN 1    377                       108    269      167
..................................................................


WIND (MPH)
  HIGHEST WIND SPEED    18   HIGHEST WIND DIRECTION     S (170)
  HIGHEST GUST SPEED    22   HIGHEST GUST DIRECTION     S (160)
  AVERAGE WIND SPEED     8.7


SKY COVER
  POSSIBLE SUNSHINE  MM
  AVERAGE SKY COVER 0.4


WEATHER CONDITIONS
 THE FOLLOWING WEATHER WAS RECORDED YESTERDAY.
  NO SIGNIFICANT WEATHER WAS OBSERVED.


RELATIVE HUMIDITY (PERCENT)
 HIGHEST    87           400 AM
 LOWEST     62           900 AM
 AVERAGE    75

..........................................................


THE PENSACOLA CLIMATE NORMALS FOR TODAY
                         NORMAL    RECORD    YEAR
 MAXIMUM TEMPERATURE (F)   77        87      1987
                                             1963
 MINIMUM TEMPERATURE (F)   60        45      1993


SUNRISE AND SUNSET
APRIL 23 2017.........SUNRISE   613 AM CDT   SUNSET   722 PM CDT
APRIL 24 2017.........SUNRISE   612 AM CDT   SUNSET   722 PM CDT


-  INDICATES NEGATIVE NUMBERS.
R  INDICATES RECORD WAS SET OR TIED.
MM INDICATES DATA IS MISSING.
T  INDICATES TRACE AMOUNT.




$$
