000
CDUS44 KMOB 090638
CLIPNS


CLIMATE REPORT
NATIONAL WEATHER SERVICE MOBILE AL
1227 AM CST TUE FEB 9 2016


...................................

...THE PENSACOLA CLIMATE SUMMARY FOR FEBRUARY 8 2016...

CLIMATE NORMAL PERIOD 1981 TO 2010
CLIMATE RECORD PERIOD 1879 TO 2016


WEATHER ITEM   OBSERVED TIME   RECORD YEAR NORMAL DEPARTURE LAST
                VALUE   (LST)  VALUE       VALUE  FROM      YEAR
                                                  NORMAL
..................................................................
TEMPERATURE (F)
 YESTERDAY
  MAXIMUM         63    102 PM  79    1957  63      0       72
  MINIMUM         42   1159 PM  11    1895  44     -2       46
  AVERAGE         53                        53      0       59

PRECIPITATION (IN)
  YESTERDAY        0.00          2.10 1881   0.17  -0.17     0.00
  MONTH TO DATE    1.59                      1.41   0.18     1.45
  SINCE MAR 1     70.80                     61.62   9.18    79.76
  SINCE JAN 1      5.53                      6.04  -0.51     7.92

SNOWFALL (IN)
  YESTERDAY       MM            MM      MM   0.0   MM        0.0
  MONTH TO DATE    0.0                       0.0    0.0      0.0
  SINCE MAR 1      0.0                       0.0    0.0      0.0
  SINCE JUL 1      0.0                       0.0    0.0      0.0
  SNOW DEPTH       0

DEGREE DAYS
 HEATING
  YESTERDAY       12                        12      0        6
  MONTH TO DATE   82                        99    -17      118
  SINCE DEC 1    634                       898   -264      816
  SINCE JUL 1    711                      1110   -399     1143

 COOLING
  YESTERDAY        0                         0      0        0
  MONTH TO DATE    8                         0      8        0
  SINCE DEC 1     83                        19     64       16
  SINCE JAN 1      8                         6      2        3
..................................................................


WIND (MPH)
  HIGHEST WIND SPEED    31   HIGHEST WIND DIRECTION     W (290)
  HIGHEST GUST SPEED    38   HIGHEST GUST DIRECTION    NW (310)
  AVERAGE WIND SPEED    14.5


SKY COVER
  POSSIBLE SUNSHINE  MM
  AVERAGE SKY COVER 0.0


WEATHER CONDITIONS
 THE FOLLOWING WEATHER WAS RECORDED YESTERDAY.
  NO SIGNIFICANT WEATHER WAS OBSERVED.


RELATIVE HUMIDITY (PERCENT)
 HIGHEST    76           200 AM
 LOWEST     21           400 PM
 AVERAGE    49

..........................................................


THE PENSACOLA CLIMATE NORMALS FOR TODAY
                         NORMAL    RECORD    YEAR
 MAXIMUM TEMPERATURE (F)   63        78      1957
                                             1950
 MINIMUM TEMPERATURE (F)   44        17      1933


SUNRISE AND SUNSET
FEBRUARY  9 2016......SUNRISE   635 AM CST   SUNSET   532 PM CST
FEBRUARY 10 2016......SUNRISE   634 AM CST   SUNSET   533 PM CST


-  INDICATES NEGATIVE NUMBERS.
R  INDICATES RECORD WAS SET OR TIED.
MM INDICATES DATA IS MISSING.
T  INDICATES TRACE AMOUNT.




$$
