000
CDUS44 KMOB 282225
CLIPNS


CLIMATE REPORT
NATIONAL WEATHER SERVICE MOBILE AL
525 PM CDT SUN MAY 28 2017


...................................

...THE PENSACOLA CLIMATE SUMMARY FOR MAY 28 2017...
VALID TODAY AS OF 0500 PM LOCAL TIME.

CLIMATE NORMAL PERIOD 1981 TO 2010
CLIMATE RECORD PERIOD 1879 TO 2017


WEATHER ITEM   OBSERVED TIME   RECORD YEAR NORMAL DEPARTURE LAST
                VALUE   (LST)  VALUE       VALUE  FROM      YEAR
                                                  NORMAL
..................................................................
TEMPERATURE (F)
 TODAY
  MAXIMUM         87   1103 AM  98    2012  86      1       85
  MINIMUM         79    540 AM  55    1961  69     10       73
  AVERAGE         83                        78      5       79

PRECIPITATION (IN)
  TODAY            0.34          2.66 1948   0.14   0.20     0.00
  MONTH TO DATE    6.26                      3.73   2.53     1.88
  SINCE MAR 1     12.33                     13.86  -1.53    15.53
  SINCE JAN 1     27.68                     23.55   4.13    24.18

DEGREE DAYS
 COOLING
  TODAY           18                        13      5       14
  MONTH TO DATE  304                       259     45      301
  SINCE MAR 1    642                       393    249      528
  SINCE JAN 1    752                       407    345      546
..................................................................


WIND (MPH)
  HIGHEST WIND SPEED    16   HIGHEST WIND DIRECTION    SW (220)
  HIGHEST GUST SPEED    21   HIGHEST GUST DIRECTION     S (180)
  AVERAGE WIND SPEED     9.6


SKY COVER
  POSSIBLE SUNSHINE  MM
  AVERAGE SKY COVER 0.7


WEATHER CONDITIONS
 THE FOLLOWING WEATHER WAS RECORDED TODAY.
  THUNDERSTORM
  HEAVY RAIN
  RAIN
  LIGHT RAIN
  HAZE


RELATIVE HUMIDITY (PERCENT)
 HIGHEST    85           300 AM
 LOWEST     57           300 PM
 AVERAGE    71

..........................................................


THE PENSACOLA CLIMATE NORMALS FOR TOMORROW
                         NORMAL    RECORD    YEAR
 MAXIMUM TEMPERATURE (F)   86        98      2012
 MINIMUM TEMPERATURE (F)   69        58      1988
                                             1984


SUNRISE AND SUNSET
MAY 28 2017...........SUNRISE   548 AM CDT   SUNSET   744 PM CDT
MAY 29 2017...........SUNRISE   548 AM CDT   SUNSET   745 PM CDT


-  INDICATES NEGATIVE NUMBERS.
R  INDICATES RECORD WAS SET OR TIED.
MM INDICATES DATA IS MISSING.
T  INDICATES TRACE AMOUNT.




$$
