000
CDUS44 KMOB 090625
CLIPNS


CLIMATE REPORT
NATIONAL WEATHER SERVICE MOBILE AL
1225 AM CST FRI DEC 9 2016


...................................

...THE PENSACOLA CLIMATE SUMMARY FOR DECEMBER 8 2016...

CLIMATE NORMAL PERIOD 1981 TO 2010
CLIMATE RECORD PERIOD 1879 TO 2016


WEATHER ITEM   OBSERVED TIME   RECORD YEAR NORMAL DEPARTURE LAST
                VALUE   (LST)  VALUE       VALUE  FROM      YEAR
                                                  NORMAL
..................................................................
TEMPERATURE (F)
 YESTERDAY
  MAXIMUM         57    104 PM  80    1998  64     -7       69
                                      1978
  MINIMUM         44   1159 PM  26    2006  46     -2       47
                                      1882
  AVERAGE         51                        55     -4       58

PRECIPITATION (IN)
  YESTERDAY        0.00          2.38 1935   0.16  -0.16     0.00
  MONTH TO DATE    6.09                      1.27   4.82     0.59
  SINCE MAR 1     52.44                     52.30   0.14    57.53
  SINCE JAN 1     61.09                     61.99  -0.90    67.94

SNOWFALL (IN)
  YESTERDAY        0.0           0.0  2002   0.0    0.0      0.0
                                      2001
                                      2000
  MONTH TO DATE    0.0                       0.0    0.0      0.0
  SINCE MAR 1      0.0                       0.0    0.0      0.0
  SINCE JUL 1      0.0                       0.0    0.0      0.0
  SNOW DEPTH       0

DEGREE DAYS
 HEATING
  YESTERDAY       14                        11      3        7
  MONTH TO DATE   37                        79    -42       51
  SINCE DEC 1     37                        79    -42       51
  SINCE JUL 1    106                       291   -185      128

 COOLING
  YESTERDAY        0                         0      0        0
  MONTH TO DATE    7                         7      0        6
  SINCE DEC 1      7                         7      0        6
  SINCE JAN 1   3215                      2603    612     3039
..................................................................


WIND (MPH)
  HIGHEST WIND SPEED    18   HIGHEST WIND DIRECTION     N (10)
  HIGHEST GUST SPEED    25   HIGHEST GUST DIRECTION     N (10)
  AVERAGE WIND SPEED    10.4


SKY COVER
  POSSIBLE SUNSHINE  MM
  AVERAGE SKY COVER 0.2


WEATHER CONDITIONS
 THE FOLLOWING WEATHER WAS RECORDED YESTERDAY.
  NO SIGNIFICANT WEATHER WAS OBSERVED.


RELATIVE HUMIDITY (PERCENT)
 HIGHEST    93           500 AM
 LOWEST     46           500 PM
 AVERAGE    70

..........................................................


THE PENSACOLA CLIMATE NORMALS FOR TODAY
                         NORMAL    RECORD    YEAR
 MAXIMUM TEMPERATURE (F)   64        79      2009
 MINIMUM TEMPERATURE (F)   45        22      1917


SUNRISE AND SUNSET
DECEMBER  9 2016......SUNRISE   634 AM CST   SUNSET   448 PM CST
DECEMBER 10 2016......SUNRISE   635 AM CST   SUNSET   448 PM CST


-  INDICATES NEGATIVE NUMBERS.
R  INDICATES RECORD WAS SET OR TIED.
MM INDICATES DATA IS MISSING.
T  INDICATES TRACE AMOUNT.




$$
