000
CDUS44 KMOB 192236
CLIPNS


CLIMATE REPORT
NATIONAL WEATHER SERVICE MOBILE AL
533 PM CDT SAT APR 19 2014


...................................

...THE PENSACOLA CLIMATE SUMMARY FOR APRIL 19 2014...
VALID TODAY AS OF 0500 PM LOCAL TIME.

CLIMATE NORMAL PERIOD 1981 TO 2010
CLIMATE RECORD PERIOD 1879 TO 2014


WEATHER ITEM   OBSERVED TIME   RECORD YEAR NORMAL DEPARTURE LAST
                VALUE   (LST)  VALUE       VALUE  FROM      YEAR
                                                  NORMAL
..................................................................
TEMPERATURE (F)
 TODAY
  MAXIMUM         79    407 PM  87    1976  76      3       75
                                      1908
  MINIMUM         56    544 AM  41    1983  58     -2       50
  AVERAGE         68                        67      1       63

PRECIPITATION (IN)
  TODAY            T             3.46 1907   0.14  -0.14     0.16
  MONTH TO DATE    9.06                      2.87   6.19     4.29
  SINCE MAR 1     18.84                      8.68  10.16     5.84
  SINCE JAN 1     30.17                     18.37  11.80    20.11

DEGREE DAYS
 HEATING
  TODAY            0                         1     -1        2
  MONTH TO DATE   37                        43     -6       20
  SINCE MAR 1    242                       219     23      277
  SINCE JUL 1   1579                      1527     52     1158

 COOLING
  TODAY            3                         4     -1        0
  MONTH TO DATE   49                        49      0       64
  SINCE MAR 1     55                        82    -27       79
  SINCE JAN 1     70                        96    -26      119
..................................................................


WIND (MPH)
  HIGHEST WIND SPEED    23   HIGHEST WIND DIRECTION    NW (330)
  HIGHEST GUST SPEED    30   HIGHEST GUST DIRECTION    NW (330)
  AVERAGE WIND SPEED    15.1


SKY COVER
  POSSIBLE SUNSHINE  MM
  AVERAGE SKY COVER 0.6


WEATHER CONDITIONS
 THE FOLLOWING WEATHER WAS RECORDED TODAY.
  LIGHT RAIN


RELATIVE HUMIDITY (PERCENT)
 HIGHEST    80          1200 AM
 LOWEST     35           200 PM
 AVERAGE    58

..........................................................


THE PENSACOLA CLIMATE NORMALS FOR TOMORROW
                         NORMAL    RECORD    YEAR
 MAXIMUM TEMPERATURE (F)   77        86      1987
 MINIMUM TEMPERATURE (F)   59        43      1953


SUNRISE AND SUNSET
APRIL 19 2014.........SUNRISE   617 AM CDT   SUNSET   719 PM CDT
APRIL 20 2014.........SUNRISE   616 AM CDT   SUNSET   720 PM CDT


-  INDICATES NEGATIVE NUMBERS.
R  INDICATES RECORD WAS SET OR TIED.
MM INDICATES DATA IS MISSING.
T  INDICATES TRACE AMOUNT.




$$
