000
CDUS44 KMOB 221026
CLIPNS


CLIMATE REPORT
NATIONAL WEATHER SERVICE MOBILE AL
426 AM CST WED NOV 22 2017


...................................

...THE PENSACOLA CLIMATE SUMMARY FOR NOVEMBER 21 2017...

CLIMATE NORMAL PERIOD 1981 TO 2010
CLIMATE RECORD PERIOD 1879 TO 2017


WEATHER ITEM   OBSERVED TIME   RECORD YEAR NORMAL DEPARTURE LAST
                VALUE   (LST)  VALUE       VALUE  FROM      YEAR
                                                  NORMAL
..................................................................
TEMPERATURE (F)
 YESTERDAY
  MAXIMUM         71    215 PM  84    1994  69      2       71
  MINIMUM         46   1202 AM  27    1937  50     -4       38
  AVERAGE         59                        59      0       55

PRECIPITATION (IN)
  YESTERDAY        0.00          2.79 1947   0.15  -0.15     0.00
  MONTH TO DATE    0.09                      3.34  -3.25     0.36
  SINCE MAR 1     72.90                     49.64  23.26    45.85
  SINCE JAN 1     88.25                     59.33  28.92    54.50

SNOWFALL (IN)
  YESTERDAY        0.0           0.0  2002   0.0    0.0      0.0
                                      2001
                                      2000
  MONTH TO DATE    0.0                       0.0    0.0      0.0
  SINCE MAR 1      0.0                       0.0    0.0      0.0
  SINCE JUL 1      0.0                       0.0    0.0      0.0
  SNOW DEPTH       0

DEGREE DAYS
 HEATING
  YESTERDAY        6                         7     -1       10
  MONTH TO DATE   56                       100    -44       38
  SINCE SEP 1     89                       138    -49       39
  SINCE JUL 1     89                       138    -49       39

 COOLING
  YESTERDAY        0                         1     -1        0
  MONTH TO DATE   73                        37     36       63
  SINCE SEP 1    851                       620    231      881
  SINCE JAN 1   3330                      2587    743     3184
..................................................................


WIND (MPH)
  HIGHEST WIND SPEED    14   HIGHEST WIND DIRECTION     N (360)
  HIGHEST GUST SPEED    21   HIGHEST GUST DIRECTION    NW (330)
  AVERAGE WIND SPEED     6.2


SKY COVER
  POSSIBLE SUNSHINE  MM
  AVERAGE SKY COVER 0.1


WEATHER CONDITIONS
 THE FOLLOWING WEATHER WAS RECORDED YESTERDAY.
  HAZE


RELATIVE HUMIDITY (PERCENT)
 HIGHEST    86           900 PM
 LOWEST     47           200 PM
 AVERAGE    67

..........................................................


THE PENSACOLA CLIMATE NORMALS FOR TODAY
                         NORMAL    RECORD    YEAR
 MAXIMUM TEMPERATURE (F)   68        81      2011
 MINIMUM TEMPERATURE (F)   49        27      2000


SUNRISE AND SUNSET
NOVEMBER 22 2017......SUNRISE   621 AM CST   SUNSET   449 PM CST
NOVEMBER 23 2017......SUNRISE   622 AM CST   SUNSET   449 PM CST


-  INDICATES NEGATIVE NUMBERS.
R  INDICATES RECORD WAS SET OR TIED.
MM INDICATES DATA IS MISSING.
T  INDICATES TRACE AMOUNT.




$$
