000
CDUS41 KALY 270628
CLIPOU


CLIMATE REPORT
NATIONAL WEATHER SERVICE ALBANY NY
225 AM EDT TUE SEP 27 2016


...................................

...THE POUGHKEEPSIE NY CLIMATE SUMMARY FOR SEPTEMBER 26 2016...

CLIMATE NORMAL PERIOD 1981 TO 2010
CLIMATE RECORD PERIOD 1949 TO 2016


WEATHER ITEM   OBSERVED TIME   RECORD YEAR NORMAL DEPARTURE LAST
                VALUE   (LST)  VALUE       VALUE  FROM      YEAR
                                                  NORMAL
..................................................................
TEMPERATURE (F)
 YESTERDAY
  MAXIMUM         72    236 PM  90    2007  71      1       72
  MINIMUM         34R   609 AM  34    1966  47    -13       49
  AVERAGE         53                        59     -6       61

PRECIPITATION (IN)
  YESTERDAY        0.00          1.19 1977   0.15  -0.15     0.00
  MONTH TO DATE    0.46                      3.66  -3.20     1.69
  SINCE SEP 1      0.46                      3.66  -3.20     1.69
  SINCE JAN 1     22.78                     34.44 -11.66    20.65

DEGREE DAYS
 HEATING
  YESTERDAY       12                         7      5        4
  MONTH TO DATE   49                        93    -44       26
  SINCE SEP 1     49                        93    -44       26
  SINCE JUL 1     51                       110    -59       26

 COOLING
  YESTERDAY        0                         1     -1        0
  MONTH TO DATE  107                        62     45      145
  SINCE SEP 1    107                        62     45      145
  SINCE JAN 1   1049                       666    383      950
..................................................................


WIND (MPH)
  HIGHEST WIND SPEED    15   HIGHEST WIND DIRECTION     S (160)
  HIGHEST GUST SPEED    21   HIGHEST GUST DIRECTION    SE (150)
  AVERAGE WIND SPEED     4.3


SKY COVER
  AVERAGE SKY COVER 0.4



RELATIVE HUMIDITY (PERCENT)
 HIGHEST   100           400 AM
 LOWEST     42          1200 PM
 AVERAGE    71

..........................................................


THE POUGHKEEPSIE NY CLIMATE NORMALS FOR TODAY
                         NORMAL    RECORD    YEAR
 MAXIMUM TEMPERATURE (F)   71        85      2014
 MINIMUM TEMPERATURE (F)   46        28      1957


SUNRISE AND SUNSET
SEPTEMBER 27 2016.....SUNRISE   649 AM EDT   SUNSET   643 PM EDT
SEPTEMBER 28 2016.....SUNRISE   650 AM EDT   SUNSET   642 PM EDT


-  INDICATES NEGATIVE NUMBERS.
R  INDICATES RECORD WAS SET OR TIED.
MM INDICATES DATA IS MISSING.
T  INDICATES TRACE AMOUNT.




RECORDS FOR KPOU DATE BACK TO 1949...
HOWEVER...DATA IS MISSING FROM JANUARY 1993 - JULY 2000.
$$
