000
CDUS41 KALY 260625
CLIPOU


CLIMATE REPORT
NATIONAL WEATHER SERVICE ALBANY NY
125 AM EST FRI DEC 26 2014


...................................

...THE POUGHKEEPSIE NY CLIMATE SUMMARY FOR DECEMBER 25 2014...

CLIMATE NORMAL PERIOD 1981 TO 2010
CLIMATE RECORD PERIOD 1949 TO 2014


WEATHER ITEM   OBSERVED TIME   RECORD YEAR NORMAL DEPARTURE LAST
                VALUE   (LST)  VALUE       VALUE  FROM      YEAR
                                                  NORMAL
..................................................................
TEMPERATURE (F)
 YESTERDAY
  MAXIMUM         62    423 AM  63    1964  37     25       25
  MINIMUM         41   1159 PM -13    1980  19     22        9
  AVERAGE         52                        28     24       17

PRECIPITATION (IN)
  YESTERDAY        0.01          1.07 1965   0.11  -0.10     0.00
  MONTH TO DATE    2.95                      2.91   0.04     2.49
  SINCE DEC 1      2.95                      2.91   0.04     2.49
  SINCE JAN 1     34.09                     45.91 -11.82    39.07

DEGREE DAYS
 HEATING
  YESTERDAY       13                        37    -24       48
  MONTH TO DATE  721                       823   -102      825
  SINCE DEC 1    721                       823   -102      825
  SINCE JUL 1   1872                      2101   -229     2068

 COOLING
  YESTERDAY        0                         0      0        0
  MONTH TO DATE    0                         0      0        0
  SINCE DEC 1      0                         0      0        0
  SINCE JAN 1    696                       672     24      829
..................................................................


WIND (MPH)
  HIGHEST WIND SPEED    25   HIGHEST WIND DIRECTION     W (250)
  HIGHEST GUST SPEED    34   HIGHEST GUST DIRECTION     W (280)
  AVERAGE WIND SPEED    12.5


SKY COVER
  AVERAGE SKY COVER 0.7



RELATIVE HUMIDITY (PERCENT)
 HIGHEST    90           200 AM
 LOWEST     42           100 PM
 AVERAGE    66

..........................................................


THE POUGHKEEPSIE NY CLIMATE NORMALS FOR TODAY
                         NORMAL    RECORD    YEAR
 MAXIMUM TEMPERATURE (F)   37        60      1964
 MINIMUM TEMPERATURE (F)   19       -13      1980


SUNRISE AND SUNSET
DECEMBER 26 2014......SUNRISE   721 AM EST   SUNSET   431 PM EST
DECEMBER 27 2014......SUNRISE   721 AM EST   SUNSET   432 PM EST


-  INDICATES NEGATIVE NUMBERS.
R  INDICATES RECORD WAS SET OR TIED.
MM INDICATES DATA IS MISSING.
T  INDICATES TRACE AMOUNT.





RECORDS FOR KPOU DATE BACK TO 1949...
HOWEVER...DATA IS MISSING FROM JANUARY 1993 - JULY 2000.
$$
