000
CDUS41 KALY 302045
CLIPOU


CLIMATE REPORT
NATIONAL WEATHER SERVICE ALBANY NY
445 PM EDT SAT MAY 30 2015


...................................

...THE POUGHKEEPSIE NY CLIMATE SUMMARY FOR MAY 30 2015...
VALID TODAY AS OF 0400 PM LOCAL TIME.

CLIMATE NORMAL PERIOD 1981 TO 2010
CLIMATE RECORD PERIOD 1949 TO 2015


WEATHER ITEM   OBSERVED TIME   RECORD YEAR NORMAL DEPARTURE LAST
                VALUE   (LST)  VALUE       VALUE  FROM      YEAR
                                                  NORMAL
..................................................................
TEMPERATURE (F)
 TODAY
  MAXIMUM         87    151 PM  92    1987  75     12       77
  MINIMUM         61    323 AM  36    1965  51     10       50
  AVERAGE         74                        63     11       64

PRECIPITATION (IN)
  TODAY            0.00          1.60 1984   0.16  -0.16     0.02
  MONTH TO DATE    1.41                      4.26  -2.85     2.57
  SINCE MAR 1      5.81                     11.61  -5.80     9.75
  SINCE JAN 1     10.11                     17.35  -7.24    14.03

DEGREE DAYS
 HEATING
  TODAY            0                         4     -4        1
  MONTH TO DATE   94                       219   -125      134
  SINCE MAR 1   1560                      1587    -27     1635
  SINCE JUL 1   6245                      6158     87     6338

 COOLING
  TODAY            9                         2      7        0
  MONTH TO DATE  113                        30     83       27
  SINCE MAR 1    113                        35     78       33
  SINCE JAN 1    113                        35     78       33
..................................................................


WIND (MPH)
  HIGHEST WIND SPEED    15   HIGHEST WIND DIRECTION    SW (210)
  HIGHEST GUST SPEED    24   HIGHEST GUST DIRECTION    SW (220)
  AVERAGE WIND SPEED     5.1


SKY COVER
  AVERAGE SKY COVER 0.5



RELATIVE HUMIDITY (PERCENT)
 HIGHEST    84           100 AM
 LOWEST     48           200 PM
 AVERAGE    66

..........................................................


THE POUGHKEEPSIE NY CLIMATE NORMALS FOR TOMORROW
                         NORMAL    RECORD    YEAR
 MAXIMUM TEMPERATURE (F)   75        93      2013
 MINIMUM TEMPERATURE (F)   51        35      1961


SUNRISE AND SUNSET
MAY 30 2015...........SUNRISE   525 AM EDT   SUNSET   822 PM EDT
MAY 31 2015...........SUNRISE   524 AM EDT   SUNSET   822 PM EDT


-  INDICATES NEGATIVE NUMBERS.
R  INDICATES RECORD WAS SET OR TIED.
MM INDICATES DATA IS MISSING.
T  INDICATES TRACE AMOUNT.




RECORDS FOR KPOU DATE BACK TO 1949...
HOWEVER...DATA IS MISSING FROM JANUARY 1993 - JULY 2000.
$$
