000
CDUS41 KALY 160623
CLIPOU


CLIMATE REPORT
NATIONAL WEATHER SERVICE ALBANY NY
122 AM EST SAT DEC 16 2017


...................................

...THE POUGHKEEPSIE NY CLIMATE SUMMARY FOR DECEMBER 15 2017...

CLIMATE NORMAL PERIOD 1981 TO 2010
CLIMATE RECORD PERIOD 1949 TO 2017


WEATHER ITEM   OBSERVED TIME   RECORD YEAR NORMAL DEPARTURE LAST
                VALUE   (LST)  VALUE       VALUE  FROM      YEAR
                                                  NORMAL
..................................................................
TEMPERATURE (F)
 YESTERDAY
  MAXIMUM         24    341 PM  64    2015  40    -16       30
  MINIMUM          8    727 AM  -4    2005  22    -14       18
  AVERAGE         16                        31    -15       24

PRECIPITATION (IN)
  YESTERDAY        T             0.61 1972   0.11  -0.11      T
  MONTH TO DATE    0.70                      1.78  -1.08     1.16
  SINCE DEC 1      0.70                      1.78  -1.08     1.16
  SINCE JAN 1     36.24                     44.78  -8.54    31.68

DEGREE DAYS
 HEATING
  YESTERDAY       49                        34     15       41
  MONTH TO DATE  493                       468     25      472
  SINCE DEC 1    493                       468     25      472
  SINCE JUL 1   1576                      1746   -170     1618

 COOLING
  YESTERDAY        0                         0      0        0
  MONTH TO DATE    0                         0      0        0
  SINCE DEC 1      0                         0      0        0
  SINCE JAN 1    718                       672     46     1053
..................................................................


WIND (MPH)
  HIGHEST WIND SPEED    10   HIGHEST WIND DIRECTION    SW (240)
  HIGHEST GUST SPEED    13   HIGHEST GUST DIRECTION    SW (240)
  AVERAGE WIND SPEED     1.0


SKY COVER
  AVERAGE SKY COVER 0.5



RELATIVE HUMIDITY (PERCENT)
 HIGHEST    84           600 PM
 LOWEST     55           300 PM
 AVERAGE    70

..........................................................


THE POUGHKEEPSIE NY CLIMATE NORMALS FOR TODAY
                         NORMAL    RECORD    YEAR
 MAXIMUM TEMPERATURE (F)   40        59      1971
 MINIMUM TEMPERATURE (F)   22         3      1962


SUNRISE AND SUNSET
DECEMBER 16 2017......SUNRISE   716 AM EST   SUNSET   426 PM EST
DECEMBER 17 2017......SUNRISE   717 AM EST   SUNSET   427 PM EST


-  INDICATES NEGATIVE NUMBERS.
R  INDICATES RECORD WAS SET OR TIED.
MM INDICATES DATA IS MISSING.
T  INDICATES TRACE AMOUNT.




RECORDS FOR KPOU DATE BACK TO 1949...
HOWEVER...DATA IS MISSING FROM JANUARY 1993 - JULY 2000.
$$
