000
CDUS41 KALY 010623
CLIPOU


CLIMATE REPORT
NATIONAL WEATHER SERVICE ALBANY NY
122 AM EST SUN FEB 1 2015


...................................

...THE POUGHKEEPSIE NY CLIMATE SUMMARY FOR JANUARY 31 2015...

CLIMATE NORMAL PERIOD 1981 TO 2010
CLIMATE RECORD PERIOD 1949 TO 2015


WEATHER ITEM   OBSERVED TIME   RECORD YEAR NORMAL DEPARTURE LAST
                VALUE   (LST)  VALUE       VALUE  FROM      YEAR
                                                  NORMAL
..................................................................
TEMPERATURE (F)
 YESTERDAY
  MAXIMUM         26    332 PM  62    2013  37    -11       40
  MINIMUM          5   1150 PM -15    1965  16    -11       22
  AVERAGE         16                        26    -10       31

PRECIPITATION (IN)
  YESTERDAY        0.00          0.94 2013   0.10  -0.10     0.00
  MONTH TO DATE    2.94                      3.08  -0.14     1.50
  SINCE DEC 1      5.94                      6.61  -0.67     4.83
  SINCE JAN 1      2.94                      3.08  -0.14     1.50

DEGREE DAYS
 HEATING
  YESTERDAY       49                        39     10       34
  MONTH TO DATE 1260                      1225     35     1256
  SINCE DEC 1   2160                      2274   -114     2291
  SINCE JUL 1   3311                      3552   -241     3534

 COOLING
  YESTERDAY        0                         0      0        0
  MONTH TO DATE    0                         0      0        0
  SINCE DEC 1      0                         0      0        0
  SINCE JAN 1      0                         0      0        0
..................................................................


WIND (MPH)
  HIGHEST WIND SPEED    22   HIGHEST WIND DIRECTION     N (340)
  HIGHEST GUST SPEED    32   HIGHEST GUST DIRECTION    NW (300)
  AVERAGE WIND SPEED    10.4


SKY COVER
  AVERAGE SKY COVER 0.0



RELATIVE HUMIDITY (PERCENT)
 HIGHEST    76          1100 PM
 LOWEST     27           300 PM
 AVERAGE    52

..........................................................


THE POUGHKEEPSIE NY CLIMATE NORMALS FOR TODAY
                         NORMAL    RECORD    YEAR
 MAXIMUM TEMPERATURE (F)   37        66      1989
 MINIMUM TEMPERATURE (F)   16        -8      1961


SUNRISE AND SUNSET
FEBRUARY  1 2015......SUNRISE   708 AM EST   SUNSET   511 PM EST
FEBRUARY  2 2015......SUNRISE   707 AM EST   SUNSET   512 PM EST


-  INDICATES NEGATIVE NUMBERS.
R  INDICATES RECORD WAS SET OR TIED.
MM INDICATES DATA IS MISSING.
T  INDICATES TRACE AMOUNT.






RECORDS FOR KPOU DATE BACK TO 1949...
HOWEVER...DATA IS MISSING FROM JANUARY 1993 - JULY 2000.
$$
