000
CDUS41 KALY 170623
CLIPOU


CLIMATE REPORT
NATIONAL WEATHER SERVICE ALBANY NY
222 AM EDT TUE OCT 17 2017


...................................

...THE POUGHKEEPSIE NY CLIMATE SUMMARY FOR OCTOBER 16 2017...

CLIMATE NORMAL PERIOD 1981 TO 2010
CLIMATE RECORD PERIOD 1949 TO 2017


WEATHER ITEM   OBSERVED TIME   RECORD YEAR NORMAL DEPARTURE LAST
                VALUE   (LST)  VALUE       VALUE  FROM      YEAR
                                                  NORMAL
..................................................................
TEMPERATURE (F)
 YESTERDAY
  MAXIMUM         65   1205 AM  83    1956  63      2       71
  MINIMUM         37   1159 PM  27    1950  39     -2       35
  AVERAGE         51                        51      0       53

PRECIPITATION (IN)
  YESTERDAY        0.01          1.79 1974   0.15  -0.14      T
  MONTH TO DATE    1.23                      2.40  -1.17     0.03
  SINCE SEP 1      2.98                      6.68  -3.70     0.96
  SINCE JAN 1     32.08                     37.46  -5.38    23.28

DEGREE DAYS
 HEATING
  YESTERDAY       14                        14      0       12
  MONTH TO DATE   78                       186   -108      182
  SINCE SEP 1    171                       309   -138      253
  SINCE JUL 1    191                       326   -135      255

 COOLING
  YESTERDAY        0                         0      0        0
  MONTH TO DATE   27                         0     27        0
  SINCE SEP 1    141                        64     77      107
  SINCE JAN 1    715                       668     47     1049
..................................................................


WIND (MPH)
  HIGHEST WIND SPEED    17   HIGHEST WIND DIRECTION    NW (330)
  HIGHEST GUST SPEED    24   HIGHEST GUST DIRECTION     N (340)
  AVERAGE WIND SPEED     7.5


SKY COVER
  AVERAGE SKY COVER 0.6



RELATIVE HUMIDITY (PERCENT)
 HIGHEST    84           100 AM
 LOWEST     51           300 PM
 AVERAGE    68

..........................................................


THE POUGHKEEPSIE NY CLIMATE NORMALS FOR TODAY
                         NORMAL    RECORD    YEAR
 MAXIMUM TEMPERATURE (F)   63        82      1956
 MINIMUM TEMPERATURE (F)   38        25      1978


SUNRISE AND SUNSET
OCTOBER 17 2017.......SUNRISE   710 AM EDT   SUNSET   611 PM EDT
OCTOBER 18 2017.......SUNRISE   711 AM EDT   SUNSET   609 PM EDT


-  INDICATES NEGATIVE NUMBERS.
R  INDICATES RECORD WAS SET OR TIED.
MM INDICATES DATA IS MISSING.
T  INDICATES TRACE AMOUNT.




RECORDS FOR KPOU DATE BACK TO 1949...
HOWEVER...DATA IS MISSING FROM JANUARY 1993 - JULY 2000.
$$
