000
CDUS46 KLOX 260902
CLIPRB


CLIMATE REPORT
NATIONAL WEATHER SERVICE LOS ANGELES/OXNARD CA
201 AM PDT TUE SEP 26 2017


...................................

...THE PASO ROBLES AIRPORT CA CLIMATE SUMMARY FOR SEPTEMBER 25 2017...

CLIMATE NORMAL PERIOD 1981 TO 2010
CLIMATE RECORD PERIOD 1948 TO 2017


WEATHER ITEM   OBSERVED TIME   RECORD YEAR NORMAL DEPARTURE LAST
                VALUE   (LST)  VALUE       VALUE  FROM      YEAR
                                                  NORMAL
..................................................................
TEMPERATURE (F)
 YESTERDAY
  MAXIMUM         88    343 PM 105    2009  86      2       98
  MINIMUM         42    514 AM  34    1948  49     -7       51
  AVERAGE         65                        68     -3       75

PRECIPITATION (IN)
  YESTERDAY        T             0.69 1982   0.01  -0.01     0.00
  MONTH TO DATE    0.03                      0.15  -0.12     0.00
  SINCE OCT 1     16.17                     12.71   3.46     8.06
  SINCE JAN 1     12.49                      9.05   3.44     6.00

SNOWFALL (IN)
  YESTERDAY       MM
  MONTH TO DATE    0.0
  SINCE SEP 1      0.0
  SINCE JUL 1      0.0

DEGREE DAYS
 HEATING
  YESTERDAY        0                         1     -1        0
  MONTH TO DATE   16                        13      3       18
  SINCE SEP 1     16                        13      3       18
  SINCE JUL 1     17                        21     -4       18

 COOLING
  YESTERDAY        0                         4     -4       10
  MONTH TO DATE  197                       141     56      126
  SINCE SEP 1    197                       141     56      126
  SINCE JAN 1   1297                       874    423     1015
..................................................................


WIND (MPH)
  HIGHEST WIND SPEED    12   HIGHEST WIND DIRECTION     E (100)
  HIGHEST GUST SPEED    19   HIGHEST GUST DIRECTION     S (160)
  AVERAGE WIND SPEED     3.5


SKY COVER
  POSSIBLE SUNSHINE  MM
  AVERAGE SKY COVER 0.0


WEATHER CONDITIONS
 THE FOLLOWING WEATHER WAS RECORDED YESTERDAY.
  NO SIGNIFICANT WEATHER WAS OBSERVED.


RELATIVE HUMIDITY (PERCENT)
 HIGHEST    67           600 AM
 LOWEST     11           200 PM
 AVERAGE    39

..........................................................


THE PASO ROBLES AIRPORT CA CLIMATE NORMALS FOR TODAY
                         NORMAL    RECORD    YEAR
 MAXIMUM TEMPERATURE (F)   86       107      2009
 MINIMUM TEMPERATURE (F)   49        34      1948


SUNRISE AND SUNSET
SEPTEMBER 26 2017.....SUNRISE   654 AM PDT   SUNSET   653 PM PDT
SEPTEMBER 27 2017.....SUNRISE   655 AM PDT   SUNSET   651 PM PDT


-  INDICATES NEGATIVE NUMBERS.
R  INDICATES RECORD WAS SET OR TIED.
MM INDICATES DATA IS MISSING.
T  INDICATES TRACE AMOUNT.




$$
