000
CDUS46 KLOX 200857
CLIPRB


CLIMATE REPORT
NATIONAL WEATHER SERVICE LOS ANGELES/OXNARD CA
1257 AM PST MON NOV 20 2017


...................................

...THE PASO ROBLES AIRPORT CA CLIMATE SUMMARY FOR NOVEMBER 19 2017...

CLIMATE NORMAL PERIOD 1981 TO 2010
CLIMATE RECORD PERIOD 1948 TO 2017


WEATHER ITEM   OBSERVED TIME   RECORD YEAR NORMAL DEPARTURE LAST
                VALUE   (LST)  VALUE       VALUE  FROM      YEAR
                                                  NORMAL
..................................................................
TEMPERATURE (F)
 YESTERDAY
  MAXIMUM         72    355 PM  82    1989  65      7       66
  MINIMUM         30    703 AM  22    1961  37     -7       40
  AVERAGE         51                        51      0       53

PRECIPITATION (IN)
  YESTERDAY        0.00          1.86 1963   0.03  -0.03     0.00
  MONTH TO DATE    0.14                      0.63  -0.49     0.00
  SINCE OCT 1      0.23                      1.25  -1.02     1.39
  SINCE JAN 1     12.72                     10.37   2.35     7.39

SNOWFALL (IN)
  YESTERDAY        0.0
  MONTH TO DATE    0.0
  SINCE SEP 1      0.0
  SINCE JUL 1      0.0

DEGREE DAYS
 HEATING
  YESTERDAY       14                        14      0       12
  MONTH TO DATE  174                       208    -34       86
  SINCE SEP 1    295                       370    -75      208
  SINCE JUL 1    296                       378    -82      208

 COOLING
  YESTERDAY        0                         0      0        0
  MONTH TO DATE    0                         0      0        8
  SINCE SEP 1    270                       193     77      184
  SINCE JAN 1   1370                       926    444     1073
..................................................................


WIND (MPH)
  HIGHEST WIND SPEED    10   HIGHEST WIND DIRECTION     E (100)
  HIGHEST GUST SPEED    13   HIGHEST GUST DIRECTION     E (100)
  AVERAGE WIND SPEED     2.6


SKY COVER
  POSSIBLE SUNSHINE  MM
  AVERAGE SKY COVER 0.0


WEATHER CONDITIONS
 THE FOLLOWING WEATHER WAS RECORDED YESTERDAY.
  NO SIGNIFICANT WEATHER WAS OBSERVED.


RELATIVE HUMIDITY (PERCENT)
 HIGHEST    96           600 AM
 LOWEST     25           400 PM
 AVERAGE    61

..........................................................


THE PASO ROBLES AIRPORT CA CLIMATE NORMALS FOR TODAY
                         NORMAL    RECORD    YEAR
 MAXIMUM TEMPERATURE (F)   65        82      2002
 MINIMUM TEMPERATURE (F)   37        20      1977


SUNRISE AND SUNSET
NOVEMBER 20 2017......SUNRISE   644 AM PST   SUNSET   453 PM PST
NOVEMBER 21 2017......SUNRISE   645 AM PST   SUNSET   452 PM PST


-  INDICATES NEGATIVE NUMBERS.
R  INDICATES RECORD WAS SET OR TIED.
MM INDICATES DATA IS MISSING.
T  INDICATES TRACE AMOUNT.




$$
