585
CDUS46 KLOX 010128
CLIPRB


CLIMATE REPORT
NATIONAL WEATHER SERVICE LOS ANGELES/OXNARD CA
628 PM PDT WED AUG 31 2016


...................................

...THE PASO ROBLES AIRPORT CA CLIMATE SUMMARY FOR AUGUST 31 2016...
VALID TODAY AS OF 0600 PM LOCAL TIME.

CLIMATE NORMAL PERIOD 1981 TO 2010
CLIMATE RECORD PERIOD 1948 TO 2016


WEATHER ITEM   OBSERVED TIME   RECORD YEAR NORMAL DEPARTURE LAST
                VALUE   (LST)  VALUE       VALUE  FROM      YEAR
                                                  NORMAL
..................................................................
TEMPERATURE (F)
 TODAY
  MAXIMUM         95    322 PM 107    1976  92      3       94
  MINIMUM         56    612 AM  45    1989  53      3       53
  AVERAGE         76                        72      4       74

PRECIPITATION (IN)
  TODAY            0.00          0.04 1964   0.00   0.00     0.00
  MONTH TO DATE    0.00                      0.11  -0.11     0.00
  SINCE OCT 1      8.06                     12.56  -4.50    10.98
  SINCE JAN 1      6.00                      8.90  -2.90     5.26

SNOWFALL (IN)
  TODAY            0.0
  MONTH TO DATE    0.0
  SINCE JUN 1      0.0
  SINCE JUL 1      0.0

DEGREE DAYS
 HEATING
  TODAY            0                         0      0        0
  MONTH TO DATE    0                         0      0        0
  SINCE JUN 1      8                        35    -27        8
  SINCE JUL 1      0                         8     -8        0

 COOLING
  TODAY           11                         7      4        9
  MONTH TO DATE  243                       256    -13      322
  SINCE JUN 1    828                       665    163      868
  SINCE JAN 1    889                       733    156      939
..................................................................


WIND (MPH)
  HIGHEST WIND SPEED    15   HIGHEST WIND DIRECTION    NW (310)
  HIGHEST GUST SPEED    19   HIGHEST GUST DIRECTION    NW (310)
  AVERAGE WIND SPEED     7.2


SKY COVER
  POSSIBLE SUNSHINE  MM
  AVERAGE SKY COVER 0.0


WEATHER CONDITIONS
 THE FOLLOWING WEATHER WAS RECORDED TODAY.
  NO SIGNIFICANT WEATHER WAS OBSERVED.


RELATIVE HUMIDITY (PERCENT)
 HIGHEST    72           400 AM
 LOWEST     19           300 PM
 AVERAGE    46

..........................................................


THE PASO ROBLES AIRPORT CA CLIMATE NORMALS FOR TOMORROW
                         NORMAL    RECORD    YEAR
 MAXIMUM TEMPERATURE (F)   92       112      1955
 MINIMUM TEMPERATURE (F)   52        42      1960


SUNRISE AND SUNSET
AUGUST 31 2016........SUNRISE   634 AM PDT   SUNSET   730 PM PDT
SEPTEMBER  1 2016.....SUNRISE   635 AM PDT   SUNSET   729 PM PDT


-  INDICATES NEGATIVE NUMBERS.
R  INDICATES RECORD WAS SET OR TIED.
MM INDICATES DATA IS MISSING.
T  INDICATES TRACE AMOUNT.




$$
