000
CDUS46 KLOX 230911
CLIPRB


CLIMATE REPORT
NATIONAL WEATHER SERVICE LOS ANGELES/OXNARD CA
211 AM PDT SUN JUL 23 2017


...................................

...THE PASO ROBLES AIRPORT CA CLIMATE SUMMARY FOR JULY 22 2017...

CLIMATE NORMAL PERIOD 1981 TO 2010
CLIMATE RECORD PERIOD 1948 TO 2017


WEATHER ITEM   OBSERVED TIME   RECORD YEAR NORMAL DEPARTURE LAST
                VALUE   (LST)  VALUE       VALUE  FROM      YEAR
                                                  NORMAL
..................................................................
TEMPERATURE (F)
 YESTERDAY
  MAXIMUM        102    216 PM 114    2006  93      9      102
  MINIMUM         53    538 AM  46    1987  55     -2       57
  AVERAGE         78                        74      4       80

PRECIPITATION (IN)
  YESTERDAY        0.00          T    2013   0.00   0.00     0.00
  MONTH TO DATE    0.00                      0.00   0.00     0.00
  SINCE OCT 1     16.14                     12.45   3.69     8.06
  SINCE JAN 1     12.46                      8.79   3.67     6.00

SNOWFALL (IN)
  YESTERDAY        0.0
  MONTH TO DATE    0.0
  SINCE JUN 1      0.0
  SINCE JUL 1      0.0

DEGREE DAYS
 HEATING
  YESTERDAY        0                         0      0        0
  MONTH TO DATE    0                         0      0        0
  SINCE JUN 1     12                        27    -15        8
  SINCE JUL 1      0                         0      0        0

 COOLING
  YESTERDAY       13                         9      4       15
  MONTH TO DATE  276                       184     92      163
  SINCE JUN 1    531                       327    204      453
  SINCE JAN 1    623                       395    228      514
..................................................................


WIND (MPH)
  HIGHEST WIND SPEED    16   HIGHEST WIND DIRECTION     S (190)
  HIGHEST GUST SPEED    20   HIGHEST GUST DIRECTION     S (170)
  AVERAGE WIND SPEED     4.5


SKY COVER
  POSSIBLE SUNSHINE  MM
  AVERAGE SKY COVER 0.0


WEATHER CONDITIONS
 THE FOLLOWING WEATHER WAS RECORDED YESTERDAY.
  NO SIGNIFICANT WEATHER WAS OBSERVED.


RELATIVE HUMIDITY (PERCENT)
 HIGHEST    89           400 AM
 LOWEST     14           200 PM
 AVERAGE    52

..........................................................


THE PASO ROBLES AIRPORT CA CLIMATE NORMALS FOR TODAY
                         NORMAL    RECORD    YEAR
 MAXIMUM TEMPERATURE (F)   94       114      2006
 MINIMUM TEMPERATURE (F)   55        42      1965


SUNRISE AND SUNSET
JULY 23 2017..........SUNRISE   604 AM PDT   SUNSET   814 PM PDT
JULY 24 2017..........SUNRISE   605 AM PDT   SUNSET   813 PM PDT


-  INDICATES NEGATIVE NUMBERS.
R  INDICATES RECORD WAS SET OR TIED.
MM INDICATES DATA IS MISSING.
T  INDICATES TRACE AMOUNT.




$$
