825
CDUS46 KLOX 140926
CLIPRB


CLIMATE REPORT
NATIONAL WEATHER SERVICE LOS ANGELES/OXNARD CA
126 AM PST SUN FEB 14 2016


...................................

...THE PASO ROBLES AIRPORT CA CLIMATE SUMMARY FOR FEBRUARY 13 2016...

CLIMATE NORMAL PERIOD 1981 TO 2010
CLIMATE RECORD PERIOD 1948 TO 2016


WEATHER ITEM   OBSERVED TIME   RECORD YEAR NORMAL DEPARTURE LAST
                VALUE   (LST)  VALUE       VALUE  FROM      YEAR
                                                  NORMAL
..................................................................
TEMPERATURE (F)
 YESTERDAY
  MAXIMUM         73    319 PM  78    2015  62     11       78
                                      1991
  MINIMUM         41    710 AM  22    1949  38      3       41
  AVERAGE         57                        50      7       60

PRECIPITATION (IN)
  YESTERDAY        0.00          1.11 1986   0.09  -0.09     0.00
  MONTH TO DATE    0.00                      1.15  -1.15     1.71
  SINCE OCT 1      5.55                      7.56  -2.01     7.67
  SINCE JAN 1      3.49                      3.90  -0.41     1.95

SNOWFALL (IN)
  YESTERDAY        0.0
  MONTH TO DATE    0.0
  SINCE DEC 1      0.0
  SINCE JUL 1      0.0

DEGREE DAYS
 HEATING
  YESTERDAY        8                        15     -7        5
  MONTH TO DATE  172                       206    -34      103
  SINCE DEC 1   1201                      1333   -132      930
  SINCE JUL 1   1637                      1882   -245     1209

 COOLING
  YESTERDAY        0                         0      0        0
  MONTH TO DATE    0                         0      0        0
  SINCE DEC 1      0                         0      0        0
  SINCE JAN 1      0                         0      0        0
..................................................................


WIND (MPH)
  HIGHEST WIND SPEED    14   HIGHEST WIND DIRECTION     E (100)
  HIGHEST GUST SPEED    16   HIGHEST GUST DIRECTION     E (100)
  AVERAGE WIND SPEED     4.3


SKY COVER
  POSSIBLE SUNSHINE  MM
  AVERAGE SKY COVER 0.0


WEATHER CONDITIONS
 THE FOLLOWING WEATHER WAS RECORDED YESTERDAY.
  FOG
  HAZE


RELATIVE HUMIDITY (PERCENT)
 HIGHEST   100           600 AM
 LOWEST     49           300 PM
 AVERAGE    75

..........................................................


THE PASO ROBLES AIRPORT CA CLIMATE NORMALS FOR TODAY
                         NORMAL    RECORD    YEAR
 MAXIMUM TEMPERATURE (F)   62        82      2014
 MINIMUM TEMPERATURE (F)   38        22      1949


SUNRISE AND SUNSET
FEBRUARY 14 2016......SUNRISE   651 AM PST   SUNSET   543 PM PST
FEBRUARY 15 2016......SUNRISE   650 AM PST   SUNSET   544 PM PST


-  INDICATES NEGATIVE NUMBERS.
R  INDICATES RECORD WAS SET OR TIED.
MM INDICATES DATA IS MISSING.
T  INDICATES TRACE AMOUNT.




$$
