000
CDUS45 KFGZ 250820
CLIPRC
CLIMATE REPORT
NATIONAL WEATHER SERVICE FLAGSTAFF, AZ
119 AM MST SUN JAN 25 2015


...................................

...THE PRESCOTT AZ AIRPORT CLIMATE SUMMARY FOR JANUARY 24 2015...

CLIMATE NORMAL PERIOD 1981 TO 2010
CLIMATE RECORD PERIOD 1948 TO 2015


WEATHER ITEM   OBSERVED TIME   RECORD YEAR NORMAL DEPARTURE LAST
                VALUE   (LST)  VALUE       VALUE  FROM      YEAR
                                                  NORMAL
..................................................................
TEMPERATURE (F)
 YESTERDAY
  MAXIMUM         62    324 PM  67    1999  53      9       57
  MINIMUM         22    716 AM  13    2002  26     -4       29
  AVERAGE         42                        39      3

PRECIPITATION (IN)
  YESTERDAY        0.00          0.45 1949   0.03  -0.03     0.00
  MONTH TO DATE    0.70                      0.88  -0.18     0.00
  SINCE SEP 1      5.38                      5.19   0.19     4.72
  SINCE JAN 1      0.70                      0.88  -0.18     0.00

DEGREE DAYS
 HEATING
  YESTERDAY       23                               -3
  MONTH TO DATE  583                              -53
  SINCE JUL 1   1968                             -371

 COOLING
  YESTERDAY        0                                0
  MONTH TO DATE    0                                0
  SINCE JAN 1      0                                0
..................................................................


WIND (MPH)
  HIGHEST WIND SPEED    14   HIGHEST WIND DIRECTION     N (20)
  HIGHEST GUST SPEED    16   HIGHEST GUST DIRECTION     N (20)
  AVERAGE WIND SPEED     4.2


SKY COVER
  AVERAGE SKY COVER 0.0


WEATHER CONDITIONS
 THE FOLLOWING WEATHER WAS RECORDED YESTERDAY.
  NO SIGNIFICANT WEATHER WAS OBSERVED.


RELATIVE HUMIDITY (PERCENT)
 HIGHEST    60
 LOWEST     12

..........................................................


THE PRESCOTT AZ AIRPORT CLIMATE NORMALS FOR TODAY
                         NORMAL    RECORD    YEAR
 MAXIMUM TEMPERATURE (F)   53        68      1975
 MINIMUM TEMPERATURE (F)   26        12      1949


SUNRISE AND SUNSET
JANUARY 25 2015.......SUNRISE   732 AM MST   SUNSET   552 PM MST
JANUARY 26 2015.......SUNRISE   732 AM MST   SUNSET   553 PM MST


-  INDICATES NEGATIVE NUMBERS.
R  INDICATES RECORD WAS SET OR TIED.
MM INDICATES DATA IS MISSING.
T  INDICATES TRACE AMOUNT.




$$
