468
CDUS45 KFGZ 310838
CLIPRC
CLIMATE REPORT
NATIONAL WEATHER SERVICE FLAGSTAFF, AZ
137 AM MST TUE MAY 31 2016


...................................

...THE PRESCOTT AZ AIRPORT CLIMATE SUMMARY FOR MAY 30 2016...

CLIMATE NORMAL PERIOD 1981 TO 2010
CLIMATE RECORD PERIOD 1948 TO 2016


WEATHER ITEM   OBSERVED TIME   RECORD YEAR NORMAL DEPARTURE LAST
                VALUE   (LST)  VALUE       VALUE  FROM      YEAR
                                                  NORMAL
..................................................................
TEMPERATURE (F)
 YESTERDAY
  MAXIMUM         79    509 PM  94    2002  81     -2       88
  MINIMUM         45    600 AM  34    1953  50     -5       51
  AVERAGE         62                        66     -4

PRECIPITATION (IN)
  YESTERDAY        0.00          0.29 1992   0.02  -0.02     0.00
  MONTH TO DATE    0.48                      0.45   0.03     1.03
  SINCE SEP 1      7.27                      8.84  -1.57     9.80
  SINCE JAN 1      3.78                      4.53  -0.75     5.12

DEGREE DAYS
 HEATING
  YESTERDAY        3                                1
  MONTH TO DATE  167                               25
  SINCE JUL 1   3810                             -451

 COOLING
  YESTERDAY        0                               -3
  MONTH TO DATE   11                              -27
  SINCE JAN 1     11                              -29
..................................................................


WIND (MPH)
  HIGHEST WIND SPEED    20   HIGHEST WIND DIRECTION    SE (140)
  HIGHEST GUST SPEED    26   HIGHEST GUST DIRECTION    SE (140)
  AVERAGE WIND SPEED     5.7


SKY COVER
  AVERAGE SKY COVER 0.1


WEATHER CONDITIONS
 THE FOLLOWING WEATHER WAS RECORDED YESTERDAY.
  NO SIGNIFICANT WEATHER WAS OBSERVED.


RELATIVE HUMIDITY (PERCENT)
 HIGHEST    37
 LOWEST      9

..........................................................


THE PRESCOTT AZ AIRPORT CLIMATE NORMALS FOR TODAY
                         NORMAL    RECORD    YEAR
 MAXIMUM TEMPERATURE (F)   82        94      2012
                                             2002
 MINIMUM TEMPERATURE (F)   50        34      1988


SUNRISE AND SUNSET
MAY 31 2016...........SUNRISE   518 AM MST   SUNSET   737 PM MST
JUNE  1 2016..........SUNRISE   518 AM MST   SUNSET   738 PM MST


-  INDICATES NEGATIVE NUMBERS.
R  INDICATES RECORD WAS SET OR TIED.
MM INDICATES DATA IS MISSING.
T  INDICATES TRACE AMOUNT.




$$
