000
CDUS45 KFGZ 240804
CLIPRC
CLIMATE REPORT
NATIONAL WEATHER SERVICE FLAGSTAFF, AZ
103 AM MST THU APR 24 2014


...................................

...THE PRESCOTT AZ AIRPORT CLIMATE SUMMARY FOR APRIL 23 2014...

CLIMATE NORMAL PERIOD 1981 TO 2010
CLIMATE RECORD PERIOD 1948 TO 2014


WEATHER ITEM   OBSERVED TIME   RECORD YEAR NORMAL DEPARTURE LAST
                VALUE   (LST)  VALUE       VALUE  FROM      YEAR
                                                  NORMAL
..................................................................
TEMPERATURE (F)
 YESTERDAY
  MAXIMUM         71    431 PM  87    1949  69      2       72
  MINIMUM         40    519 AM  25    1982  40      0       42
  AVERAGE         56                        55      1

PRECIPITATION (IN)
  YESTERDAY        0.00          0.36 2005   0.01  -0.01     0.00
  MONTH TO DATE    0.01                      0.41  -0.40     0.08
  SINCE SEP 1      5.41                      8.30  -2.89     4.43
  SINCE JAN 1      0.69                      3.99  -3.30     2.47

DEGREE DAYS
 HEATING
  YESTERDAY        9                               -1
  MONTH TO DATE  219                              -87
  SINCE JUL 1   3593                             -460

 COOLING
  YESTERDAY        0                                0
  MONTH TO DATE    0                                0
  SINCE JAN 1      0                                0
..................................................................


WIND (MPH)
  HIGHEST WIND SPEED    21   HIGHEST WIND DIRECTION    NW (330)
  HIGHEST GUST SPEED    28   HIGHEST GUST DIRECTION    NW (330)
  AVERAGE WIND SPEED     8.4


SKY COVER
  AVERAGE SKY COVER 0.0


WEATHER CONDITIONS
 THE FOLLOWING WEATHER WAS RECORDED YESTERDAY.
  NO SIGNIFICANT WEATHER WAS OBSERVED.


RELATIVE HUMIDITY (PERCENT)
 HIGHEST    40
 LOWEST      8

..........................................................


THE PRESCOTT AZ AIRPORT CLIMATE NORMALS FOR TODAY
                         NORMAL    RECORD    YEAR
 MAXIMUM TEMPERATURE (F)   70        85      1949
 MINIMUM TEMPERATURE (F)   40        27      1960


SUNRISE AND SUNSET
APRIL 24 2014.........SUNRISE   547 AM MST   SUNSET   709 PM MST
APRIL 25 2014.........SUNRISE   546 AM MST   SUNSET   710 PM MST


-  INDICATES NEGATIVE NUMBERS.
R  INDICATES RECORD WAS SET OR TIED.
MM INDICATES DATA IS MISSING.
T  INDICATES TRACE AMOUNT.




$$
