080
CDUS45 KFGZ 261120
CLIPRC
CLIMATE REPORT
NATIONAL WEATHER SERVICE FLAGSTAFF, AZ
102 AM MST FRI AUG 26 2016


...................................

...THE PRESCOTT AZ AIRPORT CLIMATE SUMMARY FOR AUGUST 25 2016...

CLIMATE NORMAL PERIOD 1981 TO 2010
CLIMATE RECORD PERIOD 1948 TO 2016


WEATHER ITEM   OBSERVED TIME   RECORD YEAR NORMAL DEPARTURE LAST
                VALUE   (LST)  VALUE       VALUE  FROM      YEAR
                                                  NORMAL
..................................................................
TEMPERATURE (F)
 YESTERDAY
  MAXIMUM         81   1148 AM  95    2011  86     -5       82
                                      1962
  MINIMUM         55    628 AM  49    2002  59     -4       66
  AVERAGE         68                        73     -5

PRECIPITATION (IN)
  YESTERDAY        0.45          1.23 1971   0.08   0.37     0.03
  MONTH TO DATE    4.86                      2.17   2.69     1.14
  SINCE SEP 1     13.25                     13.52  -0.27    16.55
  SINCE JAN 1      9.76                      9.21   0.55    11.87

DEGREE DAYS
 HEATING
  YESTERDAY        0                                0
  MONTH TO DATE    0                                0
  SINCE JUL 1      0                                0

 COOLING
  YESTERDAY        3                               -5
  MONTH TO DATE  206                              -17
  SINCE JAN 1    986                              208
..................................................................


WIND (MPH)
  HIGHEST WIND SPEED    21   HIGHEST WIND DIRECTION     S (170)
  HIGHEST GUST SPEED    37   HIGHEST GUST DIRECTION    SW (220)
  AVERAGE WIND SPEED     5.7


SKY COVER
  AVERAGE SKY COVER 0.3


WEATHER CONDITIONS
 THE FOLLOWING WEATHER WAS RECORDED YESTERDAY.
  THUNDERSTORM
  HEAVY RAIN
  RAIN
  LIGHT RAIN
  FOG
  HAZE


RELATIVE HUMIDITY (PERCENT)
 HIGHEST    86
 LOWEST     33

..........................................................


THE PRESCOTT AZ AIRPORT CLIMATE NORMALS FOR TODAY
                         NORMAL    RECORD    YEAR
 MAXIMUM TEMPERATURE (F)   86        95      2001
 MINIMUM TEMPERATURE (F)   59        50      1990


SUNRISE AND SUNSET
AUGUST 26 2016........SUNRISE   559 AM MST   SUNSET   703 PM MST
AUGUST 27 2016........SUNRISE   600 AM MST   SUNSET   702 PM MST


-  INDICATES NEGATIVE NUMBERS.
R  INDICATES RECORD WAS SET OR TIED.
MM INDICATES DATA IS MISSING.
T  INDICATES TRACE AMOUNT.




$$
