000
CDUS45 KFGZ 280756
CLIPRC
CLIMATE REPORT
NATIONAL WEATHER SERVICE FLAGSTAFF, AZ
1255 AM MST THU AUG 28 2014


...................................

...THE PRESCOTT AZ AIRPORT CLIMATE SUMMARY FOR AUGUST 27 2014...

CLIMATE NORMAL PERIOD 1981 TO 2010
CLIMATE RECORD PERIOD 1948 TO 2014


WEATHER ITEM   OBSERVED TIME   RECORD YEAR NORMAL DEPARTURE LAST
                VALUE   (LST)  VALUE       VALUE  FROM      YEAR
                                                  NORMAL
..................................................................
TEMPERATURE (F)
 YESTERDAY
  MAXIMUM         82    406 PM  95    2001  86     -4       86
  MINIMUM         57    718 AM  48    1987  59     -2       63
  AVERAGE         70                        72     -2

PRECIPITATION (IN)
  YESTERDAY        0.13          1.24 1953   0.07   0.06     0.14
  MONTH TO DATE    4.67                      2.32   2.35     2.17
  SINCE SEP 1     12.19                     13.67  -1.48     9.96
  SINCE JAN 1      7.47                      9.36  -1.89     8.00

DEGREE DAYS
 HEATING
  YESTERDAY        0                                0
  MONTH TO DATE    3                                3
  SINCE JUL 1      3                                3

 COOLING
  YESTERDAY        5                               -3
  MONTH TO DATE  186                              -53
  SINCE JAN 1    866                               72
..................................................................


WIND (MPH)
  HIGHEST WIND SPEED    20   HIGHEST WIND DIRECTION    SW (240)
  HIGHEST GUST SPEED    26   HIGHEST GUST DIRECTION    SW (230)
  AVERAGE WIND SPEED     6.0


SKY COVER
  AVERAGE SKY COVER 0.5


WEATHER CONDITIONS
 THE FOLLOWING WEATHER WAS RECORDED YESTERDAY.
  THUNDERSTORM
  RAIN
  LIGHT RAIN
  FOG
  FOG W/VISIBILITY <= 1/4 MILE


RELATIVE HUMIDITY (PERCENT)
 HIGHEST    93
 LOWEST     32

..........................................................


THE PRESCOTT AZ AIRPORT CLIMATE NORMALS FOR TODAY
                         NORMAL    RECORD    YEAR
 MAXIMUM TEMPERATURE (F)   86        95      1990
 MINIMUM TEMPERATURE (F)   59        49      1989


SUNRISE AND SUNSET
AUGUST 28 2014........SUNRISE   600 AM MST   SUNSET   701 PM MST
AUGUST 29 2014........SUNRISE   601 AM MST   SUNSET   700 PM MST


-  INDICATES NEGATIVE NUMBERS.
R  INDICATES RECORD WAS SET OR TIED.
MM INDICATES DATA IS MISSING.
T  INDICATES TRACE AMOUNT.




$$
