000
CDUS45 KFGZ 230752
CLIPRC
CLIMATE REPORT
NATIONAL WEATHER SERVICE FLAGSTAFF, AZ
1250 AM MST THU NOV 23 2017


...................................

...THE PRESCOTT AZ AIRPORT CLIMATE SUMMARY FOR NOVEMBER 22 2017...

CLIMATE NORMAL PERIOD 1981 TO 2010
CLIMATE RECORD PERIOD 1948 TO 2017


WEATHER ITEM   OBSERVED TIME   RECORD YEAR NORMAL DEPARTURE LAST
                VALUE   (LST)  VALUE       VALUE  FROM      YEAR
                                                  NORMAL
..................................................................
TEMPERATURE (F)
 YESTERDAY
  MAXIMUM         76R   323 PM  73    1995  58     18       56
  MINIMUM         38    652 AM  17    1975  30      8       32
  AVERAGE         57                        44     13

PRECIPITATION (IN)
  YESTERDAY        0.00          1.23 2013   0.04  -0.04     0.00
  MONTH TO DATE    T                         0.66  -0.66     0.95
  SINCE SEP 1      0.53                      3.09  -2.56     3.98
  SINCE JAN 1     12.38                     12.75  -0.37    14.74

DEGREE DAYS
 HEATING
  YESTERDAY        8                              -13
  MONTH TO DATE  256                             -130
  SINCE JUL 1    466                             -226

 COOLING
  YESTERDAY        0                                0
  MONTH TO DATE    0                                0
  SINCE JAN 1   1145                              204
..................................................................


WIND (MPH)
  HIGHEST WIND SPEED    10   HIGHEST WIND DIRECTION     S (200)
  HIGHEST GUST SPEED    12   HIGHEST GUST DIRECTION     S (200)
  AVERAGE WIND SPEED     4.1


SKY COVER
  AVERAGE SKY COVER 0.0


WEATHER CONDITIONS
 THE FOLLOWING WEATHER WAS RECORDED YESTERDAY.
  HAZE


RELATIVE HUMIDITY (PERCENT)
 HIGHEST    64
 LOWEST     16

..........................................................


THE PRESCOTT AZ AIRPORT CLIMATE NORMALS FOR TODAY
                         NORMAL    RECORD    YEAR
 MAXIMUM TEMPERATURE (F)   57        75      1954
 MINIMUM TEMPERATURE (F)   29        16      2003


SUNRISE AND SUNSET
NOVEMBER 23 2017......SUNRISE   711 AM MST   SUNSET   521 PM MST
NOVEMBER 24 2017......SUNRISE   712 AM MST   SUNSET   520 PM MST


-  INDICATES NEGATIVE NUMBERS.
R  INDICATES RECORD WAS SET OR TIED.
MM INDICATES DATA IS MISSING.
T  INDICATES TRACE AMOUNT.




$$
