000
CDUS45 KFGZ 280103
CLIPRC
CLIMATE REPORT
NATIONAL WEATHER SERVICE FLAGSTAFF, AZ
601 PM MST FRI FEB 27 2015


...................................

...THE PRESCOTT AZ AIRPORT CLIMATE SUMMARY FOR FEBRUARY 27 2015...
VALID TODAY AS OF 0500 PM LOCAL TIME.

CLIMATE NORMAL PERIOD 1981 TO 2010
CLIMATE RECORD PERIOD 1948 TO 2015


WEATHER ITEM   OBSERVED TIME   RECORD YEAR NORMAL DEPARTURE LAST
                VALUE   (LST)  VALUE       VALUE  FROM      YEAR
                                                  NORMAL
..................................................................
TEMPERATURE (F)
 TODAY
  MAXIMUM         56    252 PM  76    1986  57     -1       61
  MINIMUM         33    333 AM   3    1996  30      3       39
  AVERAGE         45                        44      1

PRECIPITATION (IN)
  TODAY            0.00          0.95 1997   0.05  -0.05
  MONTH TO DATE    0.62                      1.34  -0.72
  SINCE SEP 1      6.80                      6.77   0.03
  SINCE JAN 1      2.12                      2.46  -0.34

DEGREE DAYS
 HEATING
  TODAY           20                        21     -1
  SINCE JUL 1   2519                      3151   -632

 COOLING
  TODAY            0                         0      0
  SINCE JAN 1      0                         0      0
..................................................................


WIND (MPH)
  HIGHEST WIND SPEED    23   HIGHEST WIND DIRECTION    SW (220)
  HIGHEST GUST SPEED    29   HIGHEST GUST DIRECTION    SW (220)
  AVERAGE WIND SPEED     7.2


SKY COVER
  POSSIBLE SUNSHINE  MM
  AVERAGE SKY COVER 0.5


WEATHER CONDITIONS
 THE FOLLOWING WEATHER WAS RECORDED TODAY.
  NO SIGNIFICANT WEATHER WAS OBSERVED.


RELATIVE HUMIDITY (PERCENT)
 HIGHEST    61           300 AM
 LOWEST     26           300 PM

..........................................................


THE PRESCOTT AZ AIRPORT CLIMATE NORMALS FOR TOMORROW
                         NORMAL    RECORD    YEAR
 MAXIMUM TEMPERATURE (F)   57        74      1986
 MINIMUM TEMPERATURE (F)   30         2      1962


SUNRISE AND SUNSET
FEBRUARY 27 2015......SUNRISE   702 AM MST   SUNSET   624 PM MST
FEBRUARY 28 2015......SUNRISE   700 AM MST   SUNSET   625 PM MST


-  INDICATES NEGATIVE NUMBERS.
R  INDICATES RECORD WAS SET OR TIED.
MM INDICATES DATA IS MISSING.
T  INDICATES TRACE AMOUNT.




$$
