000
CDUS45 KFGZ 190747
CLIPRC
CLIMATE REPORT
NATIONAL WEATHER SERVICE FLAGSTAFF, AZ
1246 AM MST MON FEB 19 2018


...................................

...THE PRESCOTT AZ AIRPORT CLIMATE SUMMARY FOR FEBRUARY 18 2018...

CLIMATE NORMAL PERIOD 1981 TO 2010
CLIMATE RECORD PERIOD 1948 TO 2018


WEATHER ITEM   OBSERVED TIME   RECORD YEAR NORMAL DEPARTURE LAST
                VALUE   (LST)  VALUE       VALUE  FROM      YEAR
                                                  NORMAL
..................................................................
TEMPERATURE (F)
 YESTERDAY
  MAXIMUM         56    255 PM  71    2015  55      1       50
                                      1981
  MINIMUM         30    732 AM  16    1955  29      1       36
  AVERAGE         43                        42      1

PRECIPITATION (IN)
  YESTERDAY        0.00          0.45 2005   0.05  -0.05     0.26
  MONTH TO DATE    0.19                      0.85  -0.66     0.46
  SINCE SEP 1      1.43                      6.28  -4.85     9.14
  SINCE JAN 1      0.90                      1.97  -1.07     2.39

DEGREE DAYS
 HEATING
  YESTERDAY       22                               -1
  MONTH TO DATE  320                             -114
  SINCE JUL 1   2169                             -782

 COOLING
  YESTERDAY        0                                0
  MONTH TO DATE    0                                0
  SINCE JAN 1      0                                0
..................................................................


WIND (MPH)
  HIGHEST WIND SPEED    25   HIGHEST WIND DIRECTION     S (190)
  HIGHEST GUST SPEED    33   HIGHEST GUST DIRECTION     S (200)
  AVERAGE WIND SPEED    11.8


SKY COVER
  AVERAGE SKY COVER 0.1


WEATHER CONDITIONS
 THE FOLLOWING WEATHER WAS RECORDED YESTERDAY.
  NO SIGNIFICANT WEATHER WAS OBSERVED.


RELATIVE HUMIDITY (PERCENT)
 HIGHEST    89
 LOWEST     35

..........................................................


THE PRESCOTT AZ AIRPORT CLIMATE NORMALS FOR TODAY
                         NORMAL    RECORD    YEAR
 MAXIMUM TEMPERATURE (F)   56        72      2015
                                             1981
 MINIMUM TEMPERATURE (F)   29        12      1955


SUNRISE AND SUNSET
FEBRUARY 19 2018......SUNRISE   711 AM MST   SUNSET   617 PM MST
FEBRUARY 20 2018......SUNRISE   710 AM MST   SUNSET   618 PM MST


-  INDICATES NEGATIVE NUMBERS.
R  INDICATES RECORD WAS SET OR TIED.
MM INDICATES DATA IS MISSING.
T  INDICATES TRACE AMOUNT.




$$
