000
CDUS45 KFGZ 270733
CLIPRC
CLIMATE REPORT
NATIONAL WEATHER SERVICE FLAGSTAFF, AZ
1232 AM MST MON MAR 27 2017


...................................

...THE PRESCOTT AZ AIRPORT CLIMATE SUMMARY FOR MARCH 26 2017...

CLIMATE NORMAL PERIOD 1981 TO 2010
CLIMATE RECORD PERIOD 1948 TO 2017


WEATHER ITEM   OBSERVED TIME   RECORD YEAR NORMAL DEPARTURE LAST
                VALUE   (LST)  VALUE       VALUE  FROM      YEAR
                                                  NORMAL
..................................................................
TEMPERATURE (F)
 YESTERDAY
  MAXIMUM         65    441 PM  81    1988  62      3       67
  MINIMUM         34    633 AM  19    1976  34      0       37
  AVERAGE         50                        48      2

PRECIPITATION (IN)
  YESTERDAY        0.00          0.99 1991   0.03  -0.03     0.00
  MONTH TO DATE    0.54                      0.94  -0.40     0.16
  SINCE SEP 1     10.75                      7.76   2.99     5.13
  SINCE JAN 1      4.00                      3.45   0.55     1.64

DEGREE DAYS
 HEATING
  YESTERDAY       15                               -2
  MONTH TO DATE  314                             -180
  SINCE JUL 1   3023                             -643

 COOLING
  YESTERDAY        0                                0
  MONTH TO DATE    0                                0
  SINCE JAN 1      0                                0
..................................................................


WIND (MPH)
  HIGHEST WIND SPEED    14   HIGHEST WIND DIRECTION     N (340)
  HIGHEST GUST SPEED    19   HIGHEST GUST DIRECTION     W (270)
  AVERAGE WIND SPEED     6.1


SKY COVER
  AVERAGE SKY COVER 0.0


WEATHER CONDITIONS
 THE FOLLOWING WEATHER WAS RECORDED YESTERDAY.
  NO SIGNIFICANT WEATHER WAS OBSERVED.


RELATIVE HUMIDITY (PERCENT)
 HIGHEST    82
 LOWEST     20

..........................................................


THE PRESCOTT AZ AIRPORT CLIMATE NORMALS FOR TODAY
                         NORMAL    RECORD    YEAR
 MAXIMUM TEMPERATURE (F)   62        80      2015
 MINIMUM TEMPERATURE (F)   34        20      1995


SUNRISE AND SUNSET
MARCH 27 2017.........SUNRISE   623 AM MST   SUNSET   647 PM MST
MARCH 28 2017.........SUNRISE   622 AM MST   SUNSET   648 PM MST


-  INDICATES NEGATIVE NUMBERS.
R  INDICATES RECORD WAS SET OR TIED.
MM INDICATES DATA IS MISSING.
T  INDICATES TRACE AMOUNT.




$$
