145
CDUS45 KFGZ 250802
CLIPRC
CLIMATE REPORT
NATIONAL WEATHER SERVICE FLAGSTAFF, AZ
1258 AM MST TUE APR 25 2017


...................................

...THE PRESCOTT AZ AIRPORT CLIMATE SUMMARY FOR APRIL 24 2017...

CLIMATE NORMAL PERIOD 1981 TO 2010
CLIMATE RECORD PERIOD 1948 TO 2017


WEATHER ITEM   OBSERVED TIME   RECORD YEAR NORMAL DEPARTURE LAST
                VALUE   (LST)  VALUE       VALUE  FROM      YEAR
                                                  NORMAL
..................................................................
TEMPERATURE (F)
 YESTERDAY
  MAXIMUM         72    425 PM  85    1949  70      2       74
  MINIMUM         46    539 AM  27    1960  40      6       38
  AVERAGE         59                        55      4

PRECIPITATION (IN)
  YESTERDAY        0.00          0.26 1990   0.01  -0.01     0.00
  MONTH TO DATE    0.11                      0.42  -0.31     0.99
  SINCE SEP 1     11.00                      8.31   2.69     6.12
  SINCE JAN 1      4.25                      4.00   0.25     2.63

DEGREE DAYS
 HEATING
  YESTERDAY        6                               -4
  MONTH TO DATE  227                              -89
  SINCE JUL 1   3329                             -734

 COOLING
  YESTERDAY        0                                0
  MONTH TO DATE    0                                0
  SINCE JAN 1      0                                0
..................................................................


WIND (MPH)
  HIGHEST WIND SPEED    25   HIGHEST WIND DIRECTION    SW (230)
  HIGHEST GUST SPEED    32   HIGHEST GUST DIRECTION    SW (210)
  AVERAGE WIND SPEED     9.2


SKY COVER
  AVERAGE SKY COVER 0.0


WEATHER CONDITIONS
 THE FOLLOWING WEATHER WAS RECORDED YESTERDAY.
  NO SIGNIFICANT WEATHER WAS OBSERVED.


RELATIVE HUMIDITY (PERCENT)
 HIGHEST    42
 LOWEST     11

..........................................................


THE PRESCOTT AZ AIRPORT CLIMATE NORMALS FOR TODAY
                         NORMAL    RECORD    YEAR
 MAXIMUM TEMPERATURE (F)   70        86      1996
 MINIMUM TEMPERATURE (F)   41        24      1960


SUNRISE AND SUNSET
APRIL 25 2017.........SUNRISE   546 AM MST   SUNSET   710 PM MST
APRIL 26 2017.........SUNRISE   545 AM MST   SUNSET   711 PM MST


-  INDICATES NEGATIVE NUMBERS.
R  INDICATES RECORD WAS SET OR TIED.
MM INDICATES DATA IS MISSING.
T  INDICATES TRACE AMOUNT.




$$
