000
CDUS46 KPDT 070109
CLIPSC

CLIMATE REPORT
NATIONAL WEATHER SERVICE PENDLETON OR
509 PM PST TUE DEC 6 2016


...................................

...THE PASCO WA CLIMATE SUMMARY FOR DECEMBER 6 2016...
VALID TODAY AS OF 0500 PM LOCAL TIME.

CLIMATE NORMAL PERIOD 1981 TO 2010
CLIMATE RECORD PERIOD 1948 TO 2016


WEATHER ITEM   OBSERVED TIME   RECORD YEAR NORMAL DEPARTURE LAST
                VALUE   (LST)  VALUE       VALUE  FROM      YEAR
                                                  NORMAL
..................................................................
TEMPERATURE (F)
 TODAY
  MAXIMUM         36    207 PM  58    1999  41     -5       56
  MINIMUM         31    359 PM   7    2013  28      3       35
  AVERAGE         34                        34      0       46

PRECIPITATION (IN)
  TODAY            T             0.65 1963   0.03  -0.03     0.10
  MONTH TO DATE    0.05                      0.18  -0.13     0.27
  SINCE OCT 1      3.17                      1.92   1.25     1.30
  SINCE JAN 1      8.79                      7.80   0.99     4.65

SNOWFALL (IN)
  TODAY           MM
  SNOW DEPTH      MM

DEGREE DAYS
 HEATING
  TODAY           31                        31      0       19
  MONTH TO DATE  157                       179    -22      176
  SINCE DEC 1    157                       179    -22      176
  SINCE JUL 1   1103                      1408   -305     1278

 COOLING
  TODAY            0                         0      0        0
  MONTH TO DATE    0                         0      0        0
  SINCE DEC 1      0                         0      0        0
  SINCE JAN 1    778                       710     68     1122
..................................................................


WIND (MPH)
  RESULTANT WIND SPEED   9   RESULTANT WIND DIRECTION  NW (330)
  HIGHEST WIND SPEED    21   HIGHEST WIND DIRECTION     N (360)
  HIGHEST GUST SPEED    24   HIGHEST GUST DIRECTION     N (10)


SKY COVER
  POSSIBLE SUNSHINE  MM
  AVERAGE SKY COVER 0.8


WEATHER CONDITIONS
 THE FOLLOWING WEATHER WAS RECORDED TODAY.
  LIGHT SNOW


RELATIVE HUMIDITY (PERCENT)
 HIGHEST   100
 LOWEST     64
 AVERAGE    82

..........................................................


THE PASCO WA CLIMATE NORMALS FOR TOMORROW
                         NORMAL    RECORD    YEAR
 MAXIMUM TEMPERATURE (F)   41        52      2012
                                             1991
 MINIMUM TEMPERATURE (F)   28         2      2009


SUNRISE AND SUNSET
DECEMBER  6 2016......SUNRISE   725 AM PST   SUNSET   410 PM PST
DECEMBER  7 2016......SUNRISE   726 AM PST   SUNSET   410 PM PST


-  INDICATES NEGATIVE NUMBERS.
R  INDICATES RECORD WAS SET OR TIED.
MM INDICATES DATA IS MISSING.
T  INDICATES TRACE AMOUNT.


$$
