981
CDUS46 KPDT 230903
CLIPSC

CLIMATE REPORT
NATIONAL WEATHER SERVICE PENDLETON OR
126 AM PDT THU MAR 23 2017


...................................

...THE PASCO WA CLIMATE SUMMARY FOR MARCH 22 2017...

CLIMATE NORMAL PERIOD 1981 TO 2010
CLIMATE RECORD PERIOD 1948 TO 2017


WEATHER ITEM   OBSERVED TIME   RECORD YEAR NORMAL DEPARTURE LAST
                VALUE   (LST)  VALUE       VALUE  FROM      YEAR
                                                  NORMAL
..................................................................
TEMPERATURE (F)
 YESTERDAY
  MAXIMUM         57    526 PM  71    2001  61     -4       60
  MINIMUM         36    241 AM  21    2014  35      1       44
  AVERAGE         47                        48     -1       52

PRECIPITATION (IN)
  YESTERDAY        0.00          0.32 2009   0.03  -0.03     0.09
  MONTH TO DATE    0.92                      0.56   0.36     1.17
  SINCE OCT 1      7.26                      5.59   1.67     5.50
  SINCE JAN 1      3.49                      2.64   0.85     2.74

SNOWFALL (IN)
  YESTERDAY        0.0
  SNOW DEPTH       0

DEGREE DAYS
 HEATING
  YESTERDAY       18                        17      1       13
  MONTH TO DATE  406                       438    -32      384
  SINCE MAR 1    406                       438    -32      384
  SINCE JUL 1   4728                      4321    407     3902

 COOLING
  YESTERDAY        0                         0      0        0
  MONTH TO DATE    0                         0      0        0
  SINCE MAR 1      0                         0      0        0
  SINCE JAN 1      0                         0      0        0
..................................................................


WIND (MPH)
  RESULTANT WIND SPEED   4   RESULTANT WIND DIRECTION   S (200)
  HIGHEST WIND SPEED    16   HIGHEST WIND DIRECTION    SW (240)
  HIGHEST GUST SPEED    20   HIGHEST GUST DIRECTION     S (200)


SKY COVER
  POSSIBLE SUNSHINE  MM
  AVERAGE SKY COVER 0.5


WEATHER CONDITIONS
 THE FOLLOWING WEATHER WAS RECORDED YESTERDAY.
  FOG
  FOG W/VISIBILITY <= 1/4 MILE
  HAZE


RELATIVE HUMIDITY (PERCENT)
 HIGHEST   100
 LOWEST     54
 AVERAGE    77

..........................................................


THE PASCO WA CLIMATE NORMALS FOR TODAY
                         NORMAL    RECORD    YEAR
 MAXIMUM TEMPERATURE (F)   61        70      2001
 MINIMUM TEMPERATURE (F)   36        20      2013


SUNRISE AND SUNSET
MARCH 23 2017.........SUNRISE   653 AM PDT   SUNSET   714 PM PDT
MARCH 24 2017.........SUNRISE   651 AM PDT   SUNSET   715 PM PDT


-  INDICATES NEGATIVE NUMBERS.
R  INDICATES RECORD WAS SET OR TIED.
MM INDICATES DATA IS MISSING.
T  INDICATES TRACE AMOUNT.




$$
