000
CDUS46 KPDT 270850 RRA
CLIPSC

CLIMATE REPORT
NATIONAL WEATHER SERVICE PENDLETON OR
148 AM PDT FRI MAY 27 2016


...................................

...THE PASCO WA CLIMATE SUMMARY FOR MAY 26 2016...

CLIMATE NORMAL PERIOD 1981 TO 2010
CLIMATE RECORD PERIOD 1948 TO 2016


WEATHER ITEM   OBSERVED TIME   RECORD YEAR NORMAL DEPARTURE LAST
                VALUE   (LST)  VALUE       VALUE  FROM      YEAR
                                                  NORMAL
..................................................................
TEMPERATURE (F)
 YESTERDAY
  MAXIMUM         75    355 PM  96    2001  78     -3       80
  MINIMUM         53   1005 PM  40    1999  49      4       53
  AVERAGE         64                        64      0       67

PRECIPITATION (IN)
  YESTERDAY        0.00          0.42 1980   0.03  -0.03     0.02
  MONTH TO DATE    1.52                      0.57   0.95     1.27
  SINCE OCT 1      7.31                      7.04   0.27     5.56
  SINCE JAN 1      4.55                      4.09   0.46     3.19

SNOWFALL (IN)
  YESTERDAY        0.0
  SNOW DEPTH       0

DEGREE DAYS
 HEATING
  YESTERDAY        1                         3     -2        0
  MONTH TO DATE   61                       151    -90      107
  SINCE MAR 1    782                      1092   -310      935
  SINCE JUL 1   4300                      4975   -675     4391

 COOLING
  YESTERDAY        0                         2     -2        2
  MONTH TO DATE   28                        22      6       41
  SINCE MAR 1     32                        23      9       41
  SINCE JAN 1     32                        23      9       41
..................................................................


WIND (MPH)
  RESULTANT WIND SPEED  11   RESULTANT WIND DIRECTION  SW (210)
  HIGHEST WIND SPEED    25   HIGHEST WIND DIRECTION    SW (220)
  HIGHEST GUST SPEED    31   HIGHEST GUST DIRECTION    SW (220)


SKY COVER
  POSSIBLE SUNSHINE  MM
  AVERAGE SKY COVER 0.0


WEATHER CONDITIONS
 THE FOLLOWING WEATHER WAS RECORDED YESTERDAY.
  NO SIGNIFICANT WEATHER WAS OBSERVED.


RELATIVE HUMIDITY (PERCENT)
 HIGHEST    67
 LOWEST     25
 AVERAGE    46

..........................................................


THE PASCO WA CLIMATE NORMALS FOR TODAY
                         NORMAL    RECORD    YEAR
 MAXIMUM TEMPERATURE (F)   78        99      2000
 MINIMUM TEMPERATURE (F)   50        41      2014


SUNRISE AND SUNSET
MAY 27 2016...........SUNRISE   511 AM PDT   SUNSET   837 PM PDT
MAY 28 2016...........SUNRISE   510 AM PDT   SUNSET   838 PM PDT


-  INDICATES NEGATIVE NUMBERS.
R  INDICATES RECORD WAS SET OR TIED.
MM INDICATES DATA IS MISSING.
T  INDICATES TRACE AMOUNT.




$$
