000
CDUS46 KPDT 270040 RRA
CLIPSC

CLIMATE REPORT
NATIONAL WEATHER SERVICE PENDLETON OR
539 PM PDT WED JUL 26 2017


...................................

...THE PASCO WA CLIMATE SUMMARY FOR JULY 26 2017...
VALID TODAY AS OF 0500 PM LOCAL TIME.

CLIMATE NORMAL PERIOD 1981 TO 2010
CLIMATE RECORD PERIOD 1948 TO 2017


WEATHER ITEM   OBSERVED TIME   RECORD YEAR NORMAL DEPARTURE LAST
                VALUE   (LST)  VALUE       VALUE  FROM      YEAR
                                                  NORMAL
..................................................................
TEMPERATURE (F)
 TODAY
  MAXIMUM         99    355 PM 112    1939  93      6      100
  MINIMUM         56    452 AM  47    1999  57     -1       67
  AVERAGE         78                        75      3       84

PRECIPITATION (IN)
  TODAY            0.00          0.24 1955   0.00   0.00     0.00
  MONTH TO DATE    T                         0.26  -0.26     0.33
  SINCE OCT 1      9.94                      8.14   1.80     8.10
  SINCE JAN 1      6.17                      5.19   0.98     5.34

SNOWFALL (IN)
  TODAY            0.0
  SNOW DEPTH       0

DEGREE DAYS
 HEATING
  TODAY            0                         0      0        0
  MONTH TO DATE    0                         1     -1        0
  SINCE JUN 1     26                        33     -7       30
  SINCE JUL 1      0                         1     -1        0

 COOLING
  TODAY           13                        10      3       19
  MONTH TO DATE  298                       217     81      199
  SINCE JUN 1    444                       326    118      375
  SINCE JAN 1    493                       359    134      408
..................................................................


WIND (MPH)
  RESULTANT WIND SPEED   1   RESULTANT WIND DIRECTION  SE (120)
  HIGHEST WIND SPEED    13   HIGHEST WIND DIRECTION    SW (220)
  HIGHEST GUST SPEED    15   HIGHEST GUST DIRECTION    SW (230)


SKY COVER
  POSSIBLE SUNSHINE  MM
  AVERAGE SKY COVER 0.0


WEATHER CONDITIONS
 THE FOLLOWING WEATHER WAS RECORDED TODAY.
  NO SIGNIFICANT WEATHER WAS OBSERVED.


RELATIVE HUMIDITY (PERCENT)
 HIGHEST    87
 LOWEST     15
 AVERAGE    51

..........................................................


THE PASCO WA CLIMATE NORMALS FOR TOMORROW
                         NORMAL    RECORD    YEAR
 MAXIMUM TEMPERATURE (F)   93       115      1939
 MINIMUM TEMPERATURE (F)   57        48      1929
                                             1919
                                             1915


SUNRISE AND SUNSET
JULY 26 2017..........SUNRISE   531 AM PDT   SUNSET   834 PM PDT
JULY 27 2017..........SUNRISE   533 AM PDT   SUNSET   833 PM PDT


-  INDICATES NEGATIVE NUMBERS.
R  INDICATES RECORD WAS SET OR TIED.
MM INDICATES DATA IS MISSING.
T  INDICATES TRACE AMOUNT.




$$
