000
CDUS46 KPDT 290828 RRA
CLIPSC

CLIMATE REPORT
NATIONAL WEATHER SERVICE PENDLETON OR
126 AM PDT FRI MAY 29 2015


...................................

...THE PASCO WA CLIMATE SUMMARY FOR MAY 28 2015...

CLIMATE NORMAL PERIOD 1981 TO 2010
CLIMATE RECORD PERIOD 1948 TO 2015


WEATHER ITEM   OBSERVED TIME   RECORD YEAR NORMAL DEPARTURE LAST
                VALUE   (LST)  VALUE       VALUE  FROM      YEAR
                                                  NORMAL
..................................................................
TEMPERATURE (F)
 YESTERDAY
  MAXIMUM         89    439 PM  96    2005  78     11       73
  MINIMUM         52    256 AM  40    1998  50      2       50
  AVERAGE         71                        64      7       62

PRECIPITATION (IN)
  YESTERDAY        0.00          0.31 2010   0.04  -0.04      T
  MONTH TO DATE    1.28                      0.64   0.64     0.29
  SINCE OCT 1      5.57                      7.11  -1.54     2.96
  SINCE JAN 1      3.20                      4.16  -0.96     2.38

SNOWFALL (IN)
  YESTERDAY        0.0
  SNOW DEPTH       0

DEGREE DAYS
 HEATING
  YESTERDAY        0                         3     -3        3
  MONTH TO DATE  107                       157    -50       89
  SINCE MAR 1    935                      1098   -163      973
  SINCE JUL 1   4391                      4981   -590     5202

 COOLING
  YESTERDAY        6                         2      4        0
  MONTH TO DATE   51                        26     25       28
  SINCE MAR 1     51                        27     24       28
  SINCE JAN 1     51                        27     24       28
..................................................................


WIND (MPH)
  RESULTANT WIND SPEED   2   RESULTANT WIND DIRECTION   E (90)
  HIGHEST WIND SPEED    12   HIGHEST WIND DIRECTION     E (90)
  HIGHEST GUST SPEED    16   HIGHEST GUST DIRECTION    NE (60)


SKY COVER
  POSSIBLE SUNSHINE  MM
  AVERAGE SKY COVER 0.0


WEATHER CONDITIONS
 THE FOLLOWING WEATHER WAS RECORDED YESTERDAY.
  NO SIGNIFICANT WEATHER WAS OBSERVED.


RELATIVE HUMIDITY (PERCENT)
 HIGHEST    89
 LOWEST     22
 AVERAGE    56

..........................................................


THE PASCO WA CLIMATE NORMALS FOR TODAY
                         NORMAL    RECORD    YEAR
 MAXIMUM TEMPERATURE (F)   79        96      2009
 MINIMUM TEMPERATURE (F)   50        39      2007
                                             2001


SUNRISE AND SUNSET
MAY 29 2015...........SUNRISE   510 AM PDT   SUNSET   838 PM PDT
MAY 30 2015...........SUNRISE   510 AM PDT   SUNSET   839 PM PDT


-  INDICATES NEGATIVE NUMBERS.
R  INDICATES RECORD WAS SET OR TIED.
MM INDICATES DATA IS MISSING.
T  INDICATES TRACE AMOUNT.




$$
