000
CDUS46 KPDT 020035
CLIPSC

CLIMATE REPORT
NATIONAL WEATHER SERVICE PENDLETON OR
532 PM PDT SAT AUG 1 2015


...................................

...THE PASCO WA CLIMATE SUMMARY FOR AUGUST 1 2015...
VALID TODAY AS OF 0500 PM LOCAL TIME.

CLIMATE NORMAL PERIOD 1981 TO 2010
CLIMATE RECORD PERIOD 1948 TO 2015


WEATHER ITEM   OBSERVED TIME   RECORD YEAR NORMAL DEPARTURE LAST
                VALUE   (LST)  VALUE       VALUE  FROM      YEAR
                                                  NORMAL
..................................................................
TEMPERATURE (F)
 TODAY
  MAXIMUM        104    331 PM 109    2009  93     11      101
  MINIMUM         56    455 AM  45    2002  58     -2       64
  AVERAGE         80                        75      5       83

PRECIPITATION (IN)
  TODAY            0.00          0.30 1998   0.00   0.00     0.00
  MONTH TO DATE    0.00                      0.00   0.00     0.00
  SINCE OCT 1      5.57                      8.16  -2.59     3.17
  SINCE JAN 1      3.20                      5.21  -2.01     2.59

SNOWFALL (IN)
  TODAY            0.0
  SNOW DEPTH       0

DEGREE DAYS
 HEATING
  TODAY            0                         0      0        0
  MONTH TO DATE    0                         0      0        0
  SINCE JUN 1      1                        37    -36       18
  SINCE JUL 1      0                         5     -5        0

 COOLING
  TODAY           15                        10      5       18
  MONTH TO DATE   15                        10      5       18
  SINCE JUN 1    726                       387    339      565
  SINCE JAN 1    808                       420    388      599
..................................................................


WIND (MPH)
  RESULTANT WIND SPEED   2   RESULTANT WIND DIRECTION   E (70)
  HIGHEST WIND SPEED    10   HIGHEST WIND DIRECTION    NE (60)
  HIGHEST GUST SPEED    13   HIGHEST GUST DIRECTION     E (90)


SKY COVER
  POSSIBLE SUNSHINE  MM
  AVERAGE SKY COVER 0.0


WEATHER CONDITIONS
 THE FOLLOWING WEATHER WAS RECORDED TODAY.
  NO SIGNIFICANT WEATHER WAS OBSERVED.


RELATIVE HUMIDITY (PERCENT)
 HIGHEST    86
 LOWEST     12
 AVERAGE    49

..........................................................


THE PASCO WA CLIMATE NORMALS FOR TOMORROW
                         NORMAL    RECORD    YEAR
 MAXIMUM TEMPERATURE (F)   93       104      2009
                                             1999
 MINIMUM TEMPERATURE (F)   58        49      2006


SUNRISE AND SUNSET
AUGUST  1 2015........SUNRISE   538 AM PDT   SUNSET   827 PM PDT
AUGUST  2 2015........SUNRISE   539 AM PDT   SUNSET   826 PM PDT


-  INDICATES NEGATIVE NUMBERS.
R  INDICATES RECORD WAS SET OR TIED.
MM INDICATES DATA IS MISSING.
T  INDICATES TRACE AMOUNT.




$$
