000
CDUS46 KPDT 240838 RRA
CLIPSC

CLIMATE REPORT
NATIONAL WEATHER SERVICE PENDLETON OR
135 AM PDT SUN JUL 24 2016


...................................

...THE PASCO WA CLIMATE SUMMARY FOR JULY 23 2016...

CLIMATE NORMAL PERIOD 1981 TO 2010
CLIMATE RECORD PERIOD 1948 TO 2016


WEATHER ITEM   OBSERVED TIME   RECORD YEAR NORMAL DEPARTURE LAST
                VALUE   (LST)  VALUE       VALUE  FROM      YEAR
                                                  NORMAL
..................................................................
TEMPERATURE (F)
 YESTERDAY
  MAXIMUM         87    440 PM 112    2006  93     -6       90
  MINIMUM         56    433 AM  48    2011  57     -1       61
  AVERAGE         72                        75     -3       76

PRECIPITATION (IN)
  YESTERDAY        0.00          0.85 1992   0.01  -0.01     0.00
  MONTH TO DATE    0.33                      0.25   0.08      T
  SINCE OCT 1      8.10                      8.13  -0.03     5.57
  SINCE JAN 1      5.34                      5.18   0.16     3.20

SNOWFALL (IN)
  YESTERDAY        0.0
  SNOW DEPTH       0

DEGREE DAYS
 HEATING
  YESTERDAY        0                         0      0        0
  MONTH TO DATE    0                         1     -1        0
  SINCE JUN 1     30                        33     -3        1
  SINCE JUL 1      0                         1     -1        0

 COOLING
  YESTERDAY        7                        10     -3       11
  MONTH TO DATE  161                       187    -26      329
  SINCE JUN 1    337                       296     41      645
  SINCE JAN 1    370                       329     41      727
..................................................................


WIND (MPH)
  RESULTANT WIND SPEED   1   RESULTANT WIND DIRECTION   E (110)
  HIGHEST WIND SPEED    10   HIGHEST WIND DIRECTION    NW (320)
  HIGHEST GUST SPEED    14   HIGHEST GUST DIRECTION    NE (30)


SKY COVER
  POSSIBLE SUNSHINE  MM
  AVERAGE SKY COVER 0.0


WEATHER CONDITIONS
 THE FOLLOWING WEATHER WAS RECORDED YESTERDAY.
  NO SIGNIFICANT WEATHER WAS OBSERVED.


RELATIVE HUMIDITY (PERCENT)
 HIGHEST    78
 LOWEST     24
 AVERAGE    51

..........................................................


THE PASCO WA CLIMATE NORMALS FOR TODAY
                         NORMAL    RECORD    YEAR
 MAXIMUM TEMPERATURE (F)   93       108      2006
 MINIMUM TEMPERATURE (F)   57        50      2012
                                             2011


SUNRISE AND SUNSET
JULY 24 2016..........SUNRISE   529 AM PDT   SUNSET   836 PM PDT
JULY 25 2016..........SUNRISE   531 AM PDT   SUNSET   835 PM PDT


-  INDICATES NEGATIVE NUMBERS.
R  INDICATES RECORD WAS SET OR TIED.
MM INDICATES DATA IS MISSING.
T  INDICATES TRACE AMOUNT.




$$
