000
CDUS46 KPDT 260920 RRA
CLIPSC

CLIMATE REPORT
NATIONAL WEATHER SERVICE PENDLETON OR
220 AM PDT FRI MAY 26 2017


...................................

...THE PASCO WA CLIMATE SUMMARY FOR MAY 25 2017...

CLIMATE NORMAL PERIOD 1981 TO 2010
CLIMATE RECORD PERIOD 1948 TO 2017


WEATHER ITEM   OBSERVED TIME   RECORD YEAR NORMAL DEPARTURE LAST
                VALUE   (LST)  VALUE       VALUE  FROM      YEAR
                                                  NORMAL
..................................................................
TEMPERATURE (F)
 YESTERDAY
  MAXIMUM         70    434 PM  98    1938  78     -8       81
  MINIMUM         45    504 AM  32    1904  49     -4       50
  AVERAGE         58                        63     -5       66

PRECIPITATION (IN)
  YESTERDAY        T             0.55 1981   0.03  -0.03     0.00
  MONTH TO DATE    0.48                      0.54  -0.06     1.52
  SINCE OCT 1      9.44                      7.01   2.43     7.31
  SINCE JAN 1      5.67                      4.06   1.61     4.55

SNOWFALL (IN)
  YESTERDAY        0.0
  SNOW DEPTH       0

DEGREE DAYS
 HEATING
  YESTERDAY        7                         3      4        0
  MONTH TO DATE  152                       148      4       60
  SINCE MAR 1   1057                      1089    -32      781
  SINCE JUL 1   5379                      4972    407     4299

 COOLING
  YESTERDAY        0                         2     -2        1
  MONTH TO DATE   19                        20     -1       28
  SINCE MAR 1     19                        21     -2       32
  SINCE JAN 1     19                        21     -2       32
..................................................................


WIND (MPH)
  RESULTANT WIND SPEED   1   RESULTANT WIND DIRECTION   N (340)
  HIGHEST WIND SPEED    12   HIGHEST WIND DIRECTION    NW (310)
  HIGHEST GUST SPEED    14   HIGHEST GUST DIRECTION    NW (310)


SKY COVER
  POSSIBLE SUNSHINE  MM
  AVERAGE SKY COVER 0.4


WEATHER CONDITIONS
 THE FOLLOWING WEATHER WAS RECORDED YESTERDAY.
  LIGHT RAIN


RELATIVE HUMIDITY (PERCENT)
 HIGHEST    93
 LOWEST     37
 AVERAGE    65

..........................................................


THE PASCO WA CLIMATE NORMALS FOR TODAY
                         NORMAL    RECORD    YEAR
 MAXIMUM TEMPERATURE (F)   78       100      1947
                                             1936
 MINIMUM TEMPERATURE (F)   49        35      1999


SUNRISE AND SUNSET
MAY 26 2017...........SUNRISE   512 AM PDT   SUNSET   836 PM PDT
MAY 27 2017...........SUNRISE   511 AM PDT   SUNSET   837 PM PDT


-  INDICATES NEGATIVE NUMBERS.
R  INDICATES RECORD WAS SET OR TIED.
MM INDICATES DATA IS MISSING.
T  INDICATES TRACE AMOUNT.

$$
