000
CDUS46 KPDT 220830 RRA
CLIPSC

CLIMATE REPORT
NATIONAL WEATHER SERVICE PENDLETON OR
1228 AM PST WED NOV 22 2017


...................................

...THE PASCO WA CLIMATE SUMMARY FOR NOVEMBER 21 2017...

CLIMATE NORMAL PERIOD 1981 TO 2010
CLIMATE RECORD PERIOD 1948 TO 2017


WEATHER ITEM   OBSERVED TIME   RECORD YEAR NORMAL DEPARTURE LAST
                VALUE   (LST)  VALUE       VALUE  FROM      YEAR
                                                  NORMAL
..................................................................
TEMPERATURE (F)
 YESTERDAY
  MAXIMUM         44   1149 PM  70    1974  47     -3       56
  MINIMUM         32    355 AM   5    1929  31      1       30
  AVERAGE         38                        39     -1       43

PRECIPITATION (IN)
  YESTERDAY        0.15          0.37 1924   0.04   0.11      T
  MONTH TO DATE    1.06                      0.72   0.34     0.42
  SINCE OCT 1      1.73                      1.37   0.36     3.00
  SINCE JAN 1      8.08                      7.25   0.83     8.62

SNOWFALL (IN)
  YESTERDAY       MM
  SNOW DEPTH       0

DEGREE DAYS
 HEATING
  YESTERDAY       27                        26      1       22
  MONTH TO DATE  466                       464      2      349
  SINCE SEP 1    967                       970     -3      757
  SINCE JUL 1    967                       982    -15      757

 COOLING
  YESTERDAY        0                         0      0        0
  MONTH TO DATE    0                         0      0        0
  SINCE SEP 1    103                        53     50       27
  SINCE JAN 1    981                       710    271      778
..................................................................


WIND (MPH)
  RESULTANT WIND SPEED   3   RESULTANT WIND DIRECTION  NW (330)
  HIGHEST WIND SPEED    12   HIGHEST WIND DIRECTION    NW (330)
  HIGHEST GUST SPEED    13   HIGHEST GUST DIRECTION    NW (330)


SKY COVER
  POSSIBLE SUNSHINE  MM
  AVERAGE SKY COVER 0.7


WEATHER CONDITIONS
 THE FOLLOWING WEATHER WAS RECORDED YESTERDAY.
  LIGHT RAIN
  FOG


RELATIVE HUMIDITY (PERCENT)
 HIGHEST   100
 LOWEST     86
 AVERAGE    93

..........................................................


THE PASCO WA CLIMATE NORMALS FOR TODAY
                         NORMAL    RECORD    YEAR
 MAXIMUM TEMPERATURE (F)   47        68      1933
 MINIMUM TEMPERATURE (F)   31         9      2013


SUNRISE AND SUNSET
NOVEMBER 22 2017......SUNRISE   708 AM PST   SUNSET   417 PM PST
NOVEMBER 23 2017......SUNRISE   709 AM PST   SUNSET   416 PM PST


-  INDICATES NEGATIVE NUMBERS.
R  INDICATES RECORD WAS SET OR TIED.
MM INDICATES DATA IS MISSING.
T  INDICATES TRACE AMOUNT.




$$
