000
CDUS41 KALY 262148
CLIPSF


CLIMATE REPORT
NATIONAL WEATHER SERVICE ALBANY NY
448 PM EST THU FEB 26 2015


...................................

...THE PITTSFIELD MA CLIMATE SUMMARY FOR FEBRUARY 26 2015...
VALID TODAY AS OF 0400 PM LOCAL TIME.

CLIMATE NORMAL PERIOD 1981 TO 2010
CLIMATE RECORD PERIOD 9999 TO 9999


WEATHER ITEM   OBSERVED TIME   NORMAL DEPARTURE LAST
                VALUE   (LST)  VALUE  FROM      YEAR
                                      NORMAL
......................................................
TEMPERATURE (F)
 TODAY
  MAXIMUM         19    316 PM  36    -17       21
  MINIMUM          9    222 AM  17     -8        3
  AVERAGE         14            26    -12       12

PRECIPITATION (IN)
  TODAY            T             0.10  -0.10     0.00
  MONTH TO DATE    1.73          2.49  -0.76     2.97
  SINCE DEC 1      8.84          8.41   0.43     9.11
  SINCE JAN 1      5.09          5.41  -0.32     6.32

DEGREE DAYS
 HEATING
  TODAY           51            39     12       53
  MONTH TO DATE 1392          1080    312     1157
  SINCE DEC 1   3934          3654    280     3756
  SINCE JUL 1   5556          5305    251     5436

 COOLING
  TODAY            0             0      0        0
  MONTH TO DATE    0             0      0        0
  SINCE DEC 1      0             0      0        0
  SINCE JAN 1      0             0      0        0
......................................................


WIND (MPH)
  HIGHEST WIND SPEED    15   HIGHEST WIND DIRECTION    NW (300)
  HIGHEST GUST SPEED    17   HIGHEST GUST DIRECTION    NW (300)
  AVERAGE WIND SPEED     3.7


SKY COVER
  AVERAGE SKY COVER 0.7



RELATIVE HUMIDITY (PERCENT)
 HIGHEST    73
 LOWEST     56
 AVERAGE    65

..........................................................


THE PITTSFIELD MA CLIMATE NORMALS FOR TOMORROW
                         NORMAL
 MAXIMUM TEMPERATURE (F)   36
 MINIMUM TEMPERATURE (F)   18


SUNRISE AND SUNSET
FEBRUARY 26 2015......SUNRISE   634 AM EST   SUNSET   539 PM EST
FEBRUARY 27 2015......SUNRISE   632 AM EST   SUNSET   540 PM EST


-  INDICATES NEGATIVE NUMBERS.
R  INDICATES RECORD WAS SET OR TIED.
MM INDICATES DATA IS MISSING.
T  INDICATES TRACE AMOUNT.




$$
