000
CDUS41 KALY 220628
CLIPSF


CLIMATE REPORT
NATIONAL WEATHER SERVICE ALBANY NY
127 AM EST WED NOV 22 2017


...................................

...THE PITTSFIELD MA CLIMATE SUMMARY FOR NOVEMBER 21 2017...

CLIMATE NORMAL PERIOD 1981 TO 2010
CLIMATE RECORD PERIOD 9999 TO 9999


WEATHER ITEM   OBSERVED TIME   NORMAL DEPARTURE LAST
                VALUE   (LST)  VALUE  FROM      YEAR
                                      NORMAL
......................................................
TEMPERATURE (F)
 YESTERDAY
  MAXIMUM         53    206 PM  44      9       28
  MINIMUM         24    659 AM  28     -4       24
  AVERAGE         39            36      3       26

PRECIPITATION (IN)
  YESTERDAY        0.00          0.13  -0.13     0.01
  MONTH TO DATE    1.17          2.69  -1.52     1.48
  SINCE SEP 1      8.46         11.36  -2.90     7.20
  SINCE JAN 1     39.25         41.14  -1.89    30.57

DEGREE DAYS
 HEATING
  YESTERDAY       26            29     -3       39
  MONTH TO DATE  523           539    -16      491
  SINCE SEP 1    982          1297   -315     1109
  SINCE JUL 1   1068          1375   -307     1133

 COOLING
  YESTERDAY        0             0      0        0
  MONTH TO DATE    0             0      0        0
  SINCE SEP 1     81            20     61       51
  SINCE JAN 1    351           290     61      432
......................................................


WIND (MPH)
  HIGHEST WIND SPEED    22   HIGHEST WIND DIRECTION     S (190)
  HIGHEST GUST SPEED    31   HIGHEST GUST DIRECTION    SW (210)
  AVERAGE WIND SPEED     8.4


SKY COVER
  AVERAGE SKY COVER 0.0



RELATIVE HUMIDITY (PERCENT)
 HIGHEST    88
 LOWEST     28
 AVERAGE    58

..........................................................


THE PITTSFIELD MA CLIMATE NORMALS FOR TODAY
                         NORMAL
 MAXIMUM TEMPERATURE (F)   44
 MINIMUM TEMPERATURE (F)   27


SUNRISE AND SUNSET
NOVEMBER 22 2017......SUNRISE   653 AM EST   SUNSET   426 PM EST
NOVEMBER 23 2017......SUNRISE   654 AM EST   SUNSET   425 PM EST


-  INDICATES NEGATIVE NUMBERS.
R  INDICATES RECORD WAS SET OR TIED.
MM INDICATES DATA IS MISSING.
T  INDICATES TRACE AMOUNT.




$$
