261
CDUS41 KALY 250102
CLIPSF


CLIMATE REPORT
NATIONAL WEATHER SERVICE ALBANY NY
751 PM EST TUE JAN 24 2017


...................................

...THE PITTSFIELD MA CLIMATE SUMMARY FOR JANUARY 24 2017...
VALID TODAY AS OF 0400 PM LOCAL TIME.

CLIMATE NORMAL PERIOD 1981 TO 2010
CLIMATE RECORD PERIOD 9999 TO 9999


WEATHER ITEM   OBSERVED TIME   NORMAL DEPARTURE LAST
                VALUE   (LST)  VALUE  FROM      YEAR
                                      NORMAL
......................................................
TEMPERATURE (F)
 TODAY
  MAXIMUM         34    339 PM  29      5       27
  MINIMUM         30    803 AM  11     19        7
  AVERAGE         32            20     12       17

PRECIPITATION (IN)
  TODAY            0.26          0.08   0.18     0.00
  MONTH TO DATE    2.45          2.31   0.14     1.09
  SINCE DEC 1      5.47          5.31   0.16     4.77
  SINCE JAN 1      2.45          2.31   0.14     1.09

DEGREE DAYS
 HEATING
  TODAY           33            45    -12       48
  MONTH TO DATE  889          1073   -184      953
  SINCE DEC 1   2067          2260   -193     1730
  SINCE JUL 1   3474          3911   -437     3103

 COOLING
  TODAY            0             0      0        0
  MONTH TO DATE    0             0      0        0
  SINCE DEC 1      0             0      0        0
  SINCE JAN 1      0             0      0        0
......................................................


WIND (MPH)
  HIGHEST WIND SPEED    26   HIGHEST WIND DIRECTION    NE (50)
  HIGHEST GUST SPEED    41   HIGHEST GUST DIRECTION    NE (30)
  AVERAGE WIND SPEED    15.1


SKY COVER
  AVERAGE SKY COVER 1.0



RELATIVE HUMIDITY (PERCENT)
 HIGHEST    89
 LOWEST     78
 AVERAGE    84

..........................................................


THE PITTSFIELD MA CLIMATE NORMALS FOR TOMORROW
                         NORMAL
 MAXIMUM TEMPERATURE (F)   29
 MINIMUM TEMPERATURE (F)   11


SUNRISE AND SUNSET
JANUARY 24 2017.......SUNRISE   714 AM EST   SUNSET   457 PM EST
JANUARY 25 2017.......SUNRISE   713 AM EST   SUNSET   458 PM EST


-  INDICATES NEGATIVE NUMBERS.
R  INDICATES RECORD WAS SET OR TIED.
MM INDICATES DATA IS MISSING.
T  INDICATES TRACE AMOUNT.




$$
