000
CDUS46 KSGX 291424
CLIPSP


CLIMATE REPORT
NATIONAL WEATHER SERVICE SAN DIEGO, CA
723 AM PDT WED JUL 29 2015


...................................

...THE PALM SPRINGS INTL AIRPORT CA CLIMATE SUMMARY FOR JULY 28 2015...

CLIMATE NORMAL PERIOD 1981 TO 2010
CLIMATE RECORD PERIOD 1893 TO 2015


WEATHER ITEM   OBSERVED TIME   RECORD YEAR NORMAL DEPARTURE LAST
                VALUE   (LST)  VALUE       VALUE  FROM      YEAR
                                                  NORMAL
..................................................................
TEMPERATURE (F)
 YESTERDAY
  MAXIMUM        107    330 PM 123    1995 108     -1      107
  MINIMUM         74    454 AM  59    1941  78     -4       86
  AVERAGE         91                        93     -2       97

PRECIPITATION (IN)
  YESTERDAY        0.00          0.83 1968   0.02  -0.02     0.00
  MONTH TO DATE    0.42                      0.20   0.22     0.27
  SINCE OCT 1      2.63                      4.99  -2.36     1.20
  SINCE JAN 1      1.76                      3.14  -1.38     1.02

DEGREE DAYS
 HEATING
  YESTERDAY        0                         0      0        0
  MONTH TO DATE    0                         0      0        0
  SINCE JUN 1      0                         0      0        0
  SINCE JUL 1      0                         0      0        0

 COOLING
  YESTERDAY       26                        28     -2       32
  MONTH TO DATE  709                       764    -55      819
  SINCE JUN 1   1495                      1411     84     1562
  SINCE JAN 1   2560                      2170    390     2672
..................................................................


WIND (MPH)
  RESULTANT WIND SPEED   2   RESULTANT WIND DIRECTION   E (80)
  HIGHEST WIND SPEED    13   HIGHEST WIND DIRECTION    NW (320)
  HIGHEST GUST SPEED    17   HIGHEST GUST DIRECTION    NW (330)
  AVERAGE WIND SPEED     4.6


SKY COVER
  POSSIBLE SUNSHINE  MM
  AVERAGE SKY COVER 0.0


WEATHER CONDITIONS
 THE FOLLOWING WEATHER WAS RECORDED YESTERDAY.
  NO SIGNIFICANT WEATHER WAS OBSERVED.


RELATIVE HUMIDITY (PERCENT)
 HIGHEST    57           500 AM
 LOWEST      8           200 PM
 AVERAGE    33

..........................................................


THE PALM SPRINGS INTL AIRPORT CA CLIMATE NORMALS FOR TODAY
                         NORMAL    RECORD    YEAR
 MAXIMUM TEMPERATURE (F)  107       123      1995
 MINIMUM TEMPERATURE (F)   78        63      1941


SUNRISE AND SUNSET
JULY 29 2015..........SUNRISE   556 AM PDT   SUNSET   749 PM PDT
JULY 30 2015..........SUNRISE   556 AM PDT   SUNSET   748 PM PDT


-  INDICATES NEGATIVE NUMBERS.
R  INDICATES RECORD WAS SET OR TIED.
MM INDICATES DATA IS MISSING.
T  INDICATES TRACE AMOUNT.




$$
