000
CDUS46 KSGX 291417
CLIPSP


CLIMATE REPORT
NATIONAL WEATHER SERVICE SAN DIEGO, CA
717 AM PDT FRI APR 29 2016


...................................

...THE PALM SPRINGS INTL AIRPORT CA CLIMATE SUMMARY FOR APRIL 28 2016...

CLIMATE NORMAL PERIOD 1981 TO 2010
CLIMATE RECORD PERIOD 1893 TO 2016


WEATHER ITEM   OBSERVED TIME   RECORD YEAR NORMAL DEPARTURE LAST
                VALUE   (LST)  VALUE       VALUE  FROM      YEAR
                                                  NORMAL
..................................................................
TEMPERATURE (F)
 YESTERDAY
  MAXIMUM         80    405 PM 106    2013  88     -8       97
                                      2007
                                      1992
  MINIMUM         57    551 AM  40    1970  60     -3       67
  AVERAGE         69                        74     -5       82

PRECIPITATION (IN)
  YESTERDAY        0.00          0.08 2005   0.00   0.00     0.00
  MONTH TO DATE    0.14                      0.10   0.04      T
  SINCE OCT 1      2.61                      4.59  -1.98     2.09
  SINCE JAN 1      2.42                      2.74  -0.32     1.22

DEGREE DAYS
 HEATING
  YESTERDAY        0                         0      0        0
  MONTH TO DATE    0                        17    -17        1
  SINCE MAR 1     28                        90    -62       30
  SINCE JUL 1    738                       868   -130      401

 COOLING
  YESTERDAY        4                         9     -5       17
  MONTH TO DATE  268                       180     88      238
  SINCE MAR 1    455                       273    182      549
  SINCE JAN 1    605                       300    305      669
..................................................................


WIND (MPH)
  RESULTANT WIND SPEED  11   RESULTANT WIND DIRECTION  NW (310)
  HIGHEST WIND SPEED    30   HIGHEST WIND DIRECTION    NW (330)
  HIGHEST GUST SPEED    39   HIGHEST GUST DIRECTION     W (290)
  AVERAGE WIND SPEED    13.4


SKY COVER
  POSSIBLE SUNSHINE  MM
  AVERAGE SKY COVER 0.3


WEATHER CONDITIONS
 THE FOLLOWING WEATHER WAS RECORDED YESTERDAY.
  NO SIGNIFICANT WEATHER WAS OBSERVED.


RELATIVE HUMIDITY (PERCENT)
 HIGHEST    51           500 AM
 LOWEST     19           400 PM
 AVERAGE    35

..........................................................


THE PALM SPRINGS INTL AIRPORT CA CLIMATE NORMALS FOR TODAY
                         NORMAL    RECORD    YEAR
 MAXIMUM TEMPERATURE (F)   88       106      2013
                                             1959
 MINIMUM TEMPERATURE (F)   61        39      1970


SUNRISE AND SUNSET
APRIL 29 2016.........SUNRISE   559 AM PDT   SUNSET   728 PM PDT
APRIL 30 2016.........SUNRISE   558 AM PDT   SUNSET   729 PM PDT


-  INDICATES NEGATIVE NUMBERS.
R  INDICATES RECORD WAS SET OR TIED.
MM INDICATES DATA IS MISSING.
T  INDICATES TRACE AMOUNT.




$$
