000
CDUS46 KSGX 181140
CLIPSP


CLIMATE REPORT
NATIONAL WEATHER SERVICE SAN DIEGO, CA
430 AM PDT WED OCT 18 2017


...................................

...THE PALM SPRINGS INTL AIRPORT CA CLIMATE SUMMARY FOR OCTOBER 17 2017...

CLIMATE NORMAL PERIOD 1981 TO 2010
CLIMATE RECORD PERIOD 1893 TO 2017


WEATHER ITEM   OBSERVED TIME   RECORD YEAR NORMAL DEPARTURE LAST
                VALUE   (LST)  VALUE       VALUE  FROM      YEAR
                                                  NORMAL
..................................................................
TEMPERATURE (F)
 YESTERDAY
  MAXIMUM        101    202 PM 105    1958  89     12       87
  MINIMUM         68    454 AM  39    1946  62      6       63
  AVERAGE         85                        75     10       75

PRECIPITATION (IN)
  YESTERDAY        0.00          1.34 2005   0.02  -0.02     0.00
  MONTH TO DATE    0.00                      0.20  -0.20     0.00
  SINCE OCT 1      0.00                      0.20  -0.20     0.00
  SINCE JAN 1      7.17                      4.09   3.08     3.36

DEGREE DAYS
 HEATING
  YESTERDAY        0                         0      0        0
  MONTH TO DATE    0                         0      0        0
  SINCE SEP 1      0                         0      0        0
  SINCE JUL 1      0                         0      0        0

 COOLING
  YESTERDAY       20                        10     10       10
  MONTH TO DATE  260                       222     38      244
  SINCE SEP 1    890                       864     26      827
  SINCE JAN 1   4773                      3948    825     4482
..................................................................


WIND (MPH)
  RESULTANT WIND SPEED   2   RESULTANT WIND DIRECTION   N (10)
  HIGHEST WIND SPEED    10   HIGHEST WIND DIRECTION    NW (330)
  HIGHEST GUST SPEED    13   HIGHEST GUST DIRECTION    NW (330)
  AVERAGE WIND SPEED     3.6


SKY COVER
  POSSIBLE SUNSHINE  MM
  AVERAGE SKY COVER 0.0


WEATHER CONDITIONS
 THE FOLLOWING WEATHER WAS RECORDED YESTERDAY.
  NO SIGNIFICANT WEATHER WAS OBSERVED.


RELATIVE HUMIDITY (PERCENT)
 HIGHEST    19          1100 PM
 LOWEST      4           100 PM
 AVERAGE    12

..........................................................


THE PALM SPRINGS INTL AIRPORT CA CLIMATE NORMALS FOR TODAY
                         NORMAL    RECORD    YEAR
 MAXIMUM TEMPERATURE (F)   88       110      1991
 MINIMUM TEMPERATURE (F)   62        42      1971


SUNRISE AND SUNSET
OCTOBER 18 2017.......SUNRISE   654 AM PDT   SUNSET   608 PM PDT
OCTOBER 19 2017.......SUNRISE   654 AM PDT   SUNSET   607 PM PDT


-  INDICATES NEGATIVE NUMBERS.
R  INDICATES RECORD WAS SET OR TIED.
MM INDICATES DATA IS MISSING.
T  INDICATES TRACE AMOUNT.




$$
