000
CDUS46 KSGX 262318
CLIPSP


CLIMATE REPORT
NATIONAL WEATHER SERVICE SAN DIEGO, CA
418 PM PDT THU MAR 26 2015


...................................

...THE PALM SPRINGS INTL AIRPORT CA CLIMATE SUMMARY FOR MARCH 26 2015...
VALID TODAY AS OF 0400 PM LOCAL TIME.

CLIMATE NORMAL PERIOD 1981 TO 2010
CLIMATE RECORD PERIOD 1893 TO 2015


WEATHER ITEM   OBSERVED TIME   RECORD YEAR NORMAL DEPARTURE LAST
                VALUE   (LST)  VALUE       VALUE  FROM      YEAR
                                                  NORMAL
..................................................................
TEMPERATURE (F)
 TODAY
  MAXIMUM         94    239 PM 100    1988  81     13       76
  MINIMUM         66    448 AM  39    1936  54     12       60
  AVERAGE         80                        67     13       68

PRECIPITATION (IN)
  TODAY            0.00          0.30 1980   0.00   0.00     0.00
  MONTH TO DATE    0.83                      0.58   0.25     0.28
  SINCE OCT 1      2.09                      4.46  -2.37     0.88
  SINCE JAN 1      1.22                      2.61  -1.39     0.70

SNOWFALL (IN)
  TODAY            0.0
  MONTH TO DATE    0.0
  SINCE MAR 1      0.0
  SINCE JUL 1      0.0
  SNOW DEPTH      MM

DEGREE DAYS
 HEATING
  TODAY            0                         1     -1        0
  MONTH TO DATE   29                        67    -38       12
  SINCE MAR 1     29                        67    -38       12
  SINCE JUL 1    400                       845   -445      423

 COOLING
  TODAY           15                         4     11        3
  MONTH TO DATE  227                        71    156      147
  SINCE MAR 1    227                        71    156      147
  SINCE JAN 1    347                        98    249      255
..................................................................


WIND (MPH)
  RESULTANT WIND SPEED   3   RESULTANT WIND DIRECTION  NW (310)
  HIGHEST WIND SPEED    13   HIGHEST WIND DIRECTION    NW (320)
  HIGHEST GUST SPEED    17   HIGHEST GUST DIRECTION     N (350)
  AVERAGE WIND SPEED     5.6


SKY COVER
  POSSIBLE SUNSHINE  MM
  AVERAGE SKY COVER 0.0


WEATHER CONDITIONS
 THE FOLLOWING WEATHER WAS RECORDED TODAY.
  NO SIGNIFICANT WEATHER WAS OBSERVED.


RELATIVE HUMIDITY (PERCENT)
 HIGHEST    22           700 AM
 LOWEST      7           200 PM
 AVERAGE    15

..........................................................


THE PALM SPRINGS INTL AIRPORT CA CLIMATE NORMALS FOR TOMORROW
                         NORMAL    RECORD    YEAR
 MAXIMUM TEMPERATURE (F)   81       103      1988
 MINIMUM TEMPERATURE (F)   54        36      1945


SUNRISE AND SUNSET
MARCH 26 2015.........SUNRISE   642 AM PDT   SUNSET   702 PM PDT
MARCH 27 2015.........SUNRISE   640 AM PDT   SUNSET   703 PM PDT


-  INDICATES NEGATIVE NUMBERS.
R  INDICATES RECORD WAS SET OR TIED.
MM INDICATES DATA IS MISSING.
T  INDICATES TRACE AMOUNT.




$$
