000
CDUS45 KPUB 211025
CLIPUB


CLIMATE REPORT
NATIONAL WEATHER SERVICE PUEBLO
425 AM MDT MON APR 21 2014


...................................

...THE PUEBLO CO CLIMATE SUMMARY FOR APRIL 20 2014...

CLIMATE NORMAL PERIOD 1981 TO 2010
CLIMATE RECORD PERIOD 1888 TO 2014


WEATHER ITEM   OBSERVED TIME   RECORD YEAR NORMAL DEPARTURE LAST
                VALUE   (LST)  VALUE       VALUE  FROM      YEAR
                                                  NORMAL
..................................................................
TEMPERATURE (F)
 YESTERDAY
  MAXIMUM         76    328 PM  90    1989  69      7       64
  MINIMUM         53    531 AM  20    1966  35     18       27
  AVERAGE         65                        52     13       46

PRECIPITATION (IN)
  YESTERDAY        T             1.06 1952   0.05  -0.05     0.00
  MONTH TO DATE    1.09                      0.85   0.24     0.17
  SINCE MAR 1      1.85                      1.78   0.07     0.38
  SINCE JAN 1      2.58                      2.43   0.15     1.07

SNOWFALL (IN)
  YESTERDAY        0.0           8.5  1984   0.1   -0.1      0.0
  MONTH TO DATE    8.3                       2.8    5.5      1.6
  SINCE MAR 1     10.7                       8.5    2.2      7.3
  SINCE JUL 1     29.3                      30.3   -1.0     22.0
  SNOW DEPTH       0

DEGREE DAYS
 HEATING
  YESTERDAY        0                        13    -13       19
  MONTH TO DATE  282                       321    -39      407
  SINCE MAR 1    954                      1023    -69     1142
  SINCE JUL 1   5159                      5326   -167     5379

 COOLING
  YESTERDAY        0                         0      0        0
  MONTH TO DATE    2                         0      2        0
  SINCE MAR 1      2                         0      2        0
  SINCE JAN 1      2                         0      2        0
..................................................................


WIND (MPH)
  HIGHEST WIND SPEED    26   HIGHEST WIND DIRECTION     N (350)
  HIGHEST GUST SPEED    30   HIGHEST GUST DIRECTION     N (350)
  AVERAGE WIND SPEED     7.2


SKY COVER
  POSSIBLE SUNSHINE  MM
  AVERAGE SKY COVER 0.7


WEATHER CONDITIONS
 THE FOLLOWING WEATHER WAS RECORDED YESTERDAY.
  LIGHT RAIN


RELATIVE HUMIDITY (PERCENT)
 HIGHEST    71           400 AM
 LOWEST     20           400 PM
 AVERAGE    46

..........................................................


THE PUEBLO CO CLIMATE NORMALS FOR TODAY
                         NORMAL    RECORD    YEAR
 MAXIMUM TEMPERATURE (F)   69        93      1989
 MINIMUM TEMPERATURE (F)   36        12      1907


SUNRISE AND SUNSET
APRIL 21 2014.........SUNRISE   614 AM MDT   SUNSET   740 PM MDT
APRIL 22 2014.........SUNRISE   613 AM MDT   SUNSET   741 PM MDT


-  INDICATES NEGATIVE NUMBERS.
R  INDICATES RECORD WAS SET OR TIED.
MM INDICATES DATA IS MISSING.
T  INDICATES TRACE AMOUNT.




$$
