000
CDUS45 KPUB 190023
CLIPUB


CLIMATE REPORT
NATIONAL WEATHER SERVICE PUEBLO
523 PM MST SUN FEB 18 2018


...................................

...THE PUEBLO CO CLIMATE SUMMARY FOR FEBRUARY 18 2018...
VALID TODAY AS OF 0500 PM LOCAL TIME.

CLIMATE NORMAL PERIOD 1981 TO 2010
CLIMATE RECORD PERIOD 1888 TO 2018


WEATHER ITEM   OBSERVED TIME   RECORD YEAR NORMAL DEPARTURE LAST
                VALUE   (LST)  VALUE       VALUE  FROM      YEAR
                                                  NORMAL
..................................................................
TEMPERATURE (F)
 TODAY
  MAXIMUM         71    231 PM  81    2016  51     20       65
  MINIMUM         24    250 AM -12    1942  18      6       28
  AVERAGE         48                        34     14       47

PRECIPITATION (IN)
  TODAY            0.00          0.35 1947   0.01  -0.01     0.00
                                      1911
  MONTH TO DATE    0.49                      0.16   0.33     0.17
  SINCE DEC 1      0.73                      0.89  -0.16     1.68
  SINCE JAN 1      0.72                      0.51   0.21     0.92

SNOWFALL (IN)
  TODAY            0.0           5.0  1911   0.2   -0.2      0.0
  MONTH TO DATE    9.4                       2.6    6.8      0.0
  SINCE DEC 1     11.2                      14.6   -3.4     14.2
  SINCE JUL 1     12.6                      20.6   -8.0     14.2
  SNOW DEPTH       0

DEGREE DAYS
 HEATING
  TODAY           17                        30    -13       18
  MONTH TO DATE  520                       583    -63      384
  SINCE DEC 1   2454                      2734   -280     2468
  SINCE JUL 1   3475                      4015   -540     3250

 COOLING
  TODAY            0                         0      0        0
  MONTH TO DATE    0                         0      0        0
  SINCE DEC 1      0                         0      0        0
  SINCE JAN 1      0                         0      0        0
..................................................................


WIND (MPH)
  HIGHEST WIND SPEED    14   HIGHEST WIND DIRECTION     W (260)
  HIGHEST GUST SPEED    22   HIGHEST GUST DIRECTION    SW (230)
  AVERAGE WIND SPEED     4.3


SKY COVER
  POSSIBLE SUNSHINE  MM
  AVERAGE SKY COVER 0.0


WEATHER CONDITIONS
 THE FOLLOWING WEATHER WAS RECORDED TODAY.
  NO SIGNIFICANT WEATHER WAS OBSERVED.


RELATIVE HUMIDITY (PERCENT)
 HIGHEST    88           300 AM
 LOWEST      9           400 PM
 AVERAGE    49

..........................................................


THE PUEBLO CO CLIMATE NORMALS FOR TOMORROW
                         NORMAL    RECORD    YEAR
 MAXIMUM TEMPERATURE (F)   51        78      1981
 MINIMUM TEMPERATURE (F)   18        -5      1942


SUNRISE AND SUNSET
FEBRUARY 18 2018......SUNRISE   645 AM MST   SUNSET   540 PM MST
FEBRUARY 19 2018......SUNRISE   643 AM MST   SUNSET   541 PM MST


-  INDICATES NEGATIVE NUMBERS.
R  INDICATES RECORD WAS SET OR TIED.
MM INDICATES DATA IS MISSING.
T  INDICATES TRACE AMOUNT.




$$
