000
CDUS45 KPUB 031106
CLIPUB


CLIMATE REPORT
NATIONAL WEATHER SERVICE PUEBLO
505 AM MDT WED JUN 3 2015


...................................

...THE PUEBLO CO CLIMATE SUMMARY FOR JUNE 2 2015...

CLIMATE NORMAL PERIOD 1981 TO 2010
CLIMATE RECORD PERIOD 1888 TO 2015


WEATHER ITEM   OBSERVED TIME   RECORD YEAR NORMAL DEPARTURE LAST
                VALUE   (LST)  VALUE       VALUE  FROM      YEAR
                                                  NORMAL
..................................................................
TEMPERATURE (F)
 YESTERDAY
  MAXIMUM         88    440 PM 100    2002  82      6       87
  MINIMUM         51    355 AM  32    1919  49      2       61
  AVERAGE         70                        66      4       74

PRECIPITATION (IN)
  YESTERDAY        0.00          1.94 1921   0.04  -0.04      T
  MONTH TO DATE    0.01                      0.09  -0.08      T
  SINCE JUN 1      0.01                      0.09  -0.08      T
  SINCE JAN 1      8.93                      4.58   4.35     4.20

SNOWFALL (IN)
  YESTERDAY        0.0           0.0  2002   0.0    0.0      0.0
                                      2001
  MONTH TO DATE    0.0                       0.0    0.0      0.0
  SINCE JUN 1      0.0                       0.0    0.0      0.0
  SINCE JUL 1     42.8                      31.8   11.0     29.3
  SNOW DEPTH       0

DEGREE DAYS
 HEATING
  YESTERDAY        0                         2     -2        0
  MONTH TO DATE    0                         4     -4        0
  SINCE JUN 1      0                         4     -4        0
  SINCE JUL 1   5254                      5617   -363     5413

 COOLING
  YESTERDAY        5                         3      2        9
  MONTH TO DATE   10                         6      4       19
  SINCE JUN 1     10                         6      4       19
  SINCE JAN 1     14                        40    -26       71
..................................................................


WIND (MPH)
  HIGHEST WIND SPEED    16   HIGHEST WIND DIRECTION    SE (120)
  HIGHEST GUST SPEED    20   HIGHEST GUST DIRECTION     E (110)
  AVERAGE WIND SPEED     5.5


SKY COVER
  POSSIBLE SUNSHINE  MM
  AVERAGE SKY COVER 0.0


WEATHER CONDITIONS
 THE FOLLOWING WEATHER WAS RECORDED YESTERDAY.
  NO SIGNIFICANT WEATHER WAS OBSERVED.


RELATIVE HUMIDITY (PERCENT)
 HIGHEST    96           300 AM
 LOWEST     15           100 PM
 AVERAGE    56

..........................................................


THE PUEBLO CO CLIMATE NORMALS FOR TODAY
                         NORMAL    RECORD    YEAR
 MAXIMUM TEMPERATURE (F)   83       100      2006
 MINIMUM TEMPERATURE (F)   49        37      1919


SUNRISE AND SUNSET
JUNE  3 2015..........SUNRISE   536 AM MDT   SUNSET   817 PM MDT
JUNE  4 2015..........SUNRISE   535 AM MDT   SUNSET   818 PM MDT


-  INDICATES NEGATIVE NUMBERS.
R  INDICATES RECORD WAS SET OR TIED.
MM INDICATES DATA IS MISSING.
T  INDICATES TRACE AMOUNT.




$$
