000
CDUS45 KPUB 291047
CLIPUB


CLIMATE REPORT
NATIONAL WEATHER SERVICE PUEBLO
447 AM MDT SAT APR 29 2017


...................................

...THE PUEBLO CO CLIMATE SUMMARY FOR APRIL 28 2017...

CLIMATE NORMAL PERIOD 1981 TO 2010
CLIMATE RECORD PERIOD 1888 TO 2017


WEATHER ITEM   OBSERVED TIME   RECORD YEAR NORMAL DEPARTURE LAST
                VALUE   (LST)  VALUE       VALUE  FROM      YEAR
                                                  NORMAL
..................................................................
TEMPERATURE (F)
 YESTERDAY
  MAXIMUM         58    244 PM  88    1910  71    -13       50
  MINIMUM         33   1159 PM  20    1932  38     -5       39
  AVERAGE         46                        55     -9       45

PRECIPITATION (IN)
  YESTERDAY        1.08R         1.00 1946   0.06   1.02     0.17
  MONTH TO DATE    3.80                      1.29   2.51     1.88
  SINCE MAR 1      4.75                      2.22   2.53     2.46
  SINCE JAN 1      5.67                      2.87   2.80     3.32

SNOWFALL (IN)
  YESTERDAY        2.5 R         0.6  1917   0.1    2.4      0.0
  MONTH TO DATE    8.1                       3.6    4.5      0.2
  SINCE MAR 1      8.1                       9.3   -1.2      4.1
  SINCE JUL 1     22.3                      31.1   -8.8     28.3
  SNOW DEPTH       0

DEGREE DAYS
 HEATING
  YESTERDAY       19                        11      8       20
  MONTH TO DATE  318                       416    -98      316
  SINCE MAR 1    794                      1118   -324      914
  SINCE JUL 1   4294                      5421  -1127     4423

 COOLING
  YESTERDAY        0                         0      0        0
  MONTH TO DATE    0                         0      0        0
  SINCE MAR 1      0                         0      0        0
  SINCE JAN 1      0                         0      0        0
..................................................................


WIND (MPH)
  HIGHEST WIND SPEED    32   HIGHEST WIND DIRECTION     N (360)
  HIGHEST GUST SPEED    42   HIGHEST GUST DIRECTION     N (360)
  AVERAGE WIND SPEED    11.6


SKY COVER
  POSSIBLE SUNSHINE  MM
  AVERAGE SKY COVER 0.4


WEATHER CONDITIONS
 THE FOLLOWING WEATHER WAS RECORDED YESTERDAY.
  THUNDERSTORM
  HEAVY RAIN
  RAIN
  LIGHT RAIN
  SNOW
  LIGHT SNOW
  FOG


RELATIVE HUMIDITY (PERCENT)
 HIGHEST    96           900 PM
 LOWEST     21           100 PM
 AVERAGE    59

..........................................................


THE PUEBLO CO CLIMATE NORMALS FOR TODAY
                         NORMAL    RECORD    YEAR
 MAXIMUM TEMPERATURE (F)   72        89      1986
 MINIMUM TEMPERATURE (F)   38        22      1996


SUNRISE AND SUNSET
APRIL 29 2017.........SUNRISE   603 AM MDT   SUNSET   748 PM MDT
APRIL 30 2017.........SUNRISE   602 AM MDT   SUNSET   749 PM MDT


-  INDICATES NEGATIVE NUMBERS.
R  INDICATES RECORD WAS SET OR TIED.
MM INDICATES DATA IS MISSING.
T  INDICATES TRACE AMOUNT.




$$
