000
CDUS46 KOTX 291245
CLIPUW


CLIMATE REPORT
NATIONAL WEATHER SERVICE SPOKANE, WA
545 AM PDT MON AUG 29 2016


...................................

...THE PULLMAN-MOSCOW  AIRPORT CLIMATE SUMMARY FOR AUGUST 28 2016...

CLIMATE NORMAL PERIOD 1981 TO 2010
CLIMATE RECORD PERIOD 9999 TO 9999


WEATHER ITEM   OBSERVED TIME   RECORD YEAR NORMAL DEPARTURE LAST
                VALUE   (LST)  VALUE       VALUE  FROM      YEAR
                                                  NORMAL
..................................................................
TEMPERATURE (F)
 YESTERDAY
  MAXIMUM         82    324 PM 100    2009  80      2       80
  MINIMUM         55   1148 PM  36    2007  47      8       59
  AVERAGE         69                        64      5       70

PRECIPITATION (IN)
  YESTERDAY        0.00                      0.02  -0.02     0.00
  MONTH TO DATE    0.24                      0.57  -0.33      T
  SINCE OCT 1     19.95                     16.05   3.90    16.63
  SINCE JAN 1     11.96                     10.85   1.11     9.78

SNOWFALL (IN)
  YESTERDAY       MM

DEGREE DAYS
 HEATING
  YESTERDAY        0                         4     -4        0
  MONTH TO DATE   34                        55    -21       26
  SINCE JUN 1    267                       325    -58      124
  SINCE JUL 1     99                       119    -20       45

 COOLING
  YESTERDAY        4                         2      2        5
  MONTH TO DATE   84                        85     -1      131
  SINCE JUN 1    185                       180      5      393
  SINCE JAN 1    186                       185      1      405
..................................................................


WIND (MPH)
  HIGHEST WIND SPEED    14   HIGHEST WIND DIRECTION    SW (210)
  HIGHEST GUST SPEED    19   HIGHEST GUST DIRECTION    SW (230)
  AVERAGE WIND SPEED     3.5


SKY COVER
  POSSIBLE SUNSHINE  MM
  AVERAGE SKY COVER 0.0


WEATHER CONDITIONS
 THE FOLLOWING WEATHER WAS RECORDED YESTERDAY.
  HAZE


RELATIVE HUMIDITY (PERCENT)
 HIGHEST    72           500 AM
 LOWEST     20           400 PM
 AVERAGE    46

..........................................................


THE PULLMAN-MOSCOW  AIRPORT CLIMATE NORMALS FOR TODAY
                         NORMAL    RECORD    YEAR
 MAXIMUM TEMPERATURE (F)   79        98      1998
 MINIMUM TEMPERATURE (F)   47        30      1942


SUNRISE AND SUNSET
AUGUST 29 2016........SUNRISE   605 AM PDT   SUNSET   732 PM PDT
AUGUST 30 2016........SUNRISE   606 AM PDT   SUNSET   730 PM PDT


-  INDICATES NEGATIVE NUMBERS.
R  INDICATES RECORD WAS SET OR TIED.
MM INDICATES DATA IS MISSING.
T  INDICATES TRACE AMOUNT.




$$
