000
CDUS46 KOTX 210840
CLIPUW


CLIMATE REPORT
NATIONAL WEATHER SERVICE SPOKANE, WA
136 AM PDT TUE OCT 21 2014


...................................

...THE PULLMAN-MOSCOW  AIRPORT CLIMATE SUMMARY FOR OCTOBER 20 2014...

CLIMATE NORMAL PERIOD 1981 TO 2010
CLIMATE RECORD PERIOD 9999 TO 9999


WEATHER ITEM   OBSERVED TIME   RECORD YEAR NORMAL DEPARTURE LAST
                VALUE   (LST)  VALUE       VALUE  FROM      YEAR
                                                  NORMAL
..................................................................
TEMPERATURE (F)
 YESTERDAY
  MAXIMUM         73   1209 PM  76    1974  57     16       60
  MINIMUM         48   1159 PM  19    1949  35     13       28
  AVERAGE         61                        46     15       44

PRECIPITATION (IN)
  YESTERDAY        0.00        1.13   1946  0.04  -0.04     0.00
  MONTH TO DATE    0.34                     0.77  -0.43     0.13
  SINCE OCT 1      0.34                     0.77  -0.43     0.13
  SINCE JAN 1     12.22                    12.46  -0.24    11.67

SNOWFALL (IN)
  YESTERDAY       MM

DEGREE DAYS
 HEATING
  YESTERDAY        4                        19    -15       21
  MONTH TO DATE  179                       314   -135      409
  SINCE SEP 1    307                       542   -235      588
  SINCE JUL 1    332                       675   -343      628

 COOLING
  YESTERDAY        0                         0      0        0
  MONTH TO DATE    0                         0      0        0
  SINCE SEP 1     19                        22     -3       72
  SINCE JAN 1    346                       212    134      334
..................................................................


WIND (MPH)
  HIGHEST WIND SPEED    25   HIGHEST WIND DIRECTION     W (280)
  HIGHEST GUST SPEED    31   HIGHEST GUST DIRECTION     W (270)
  AVERAGE WIND SPEED    10.2


SKY COVER
  POSSIBLE SUNSHINE  MM
  AVERAGE SKY COVER 0.2


WEATHER CONDITIONS
 THE FOLLOWING WEATHER WAS RECORDED YESTERDAY.
  HAZE


RELATIVE HUMIDITY (PERCENT)
 HIGHEST    86          1000 PM
 LOWEST     26          1100 AM
 AVERAGE    56

..........................................................


THE PULLMAN-MOSCOW  AIRPORT CLIMATE NORMALS FOR TODAY
                         NORMAL    RECORD    YEAR
 MAXIMUM TEMPERATURE (F)   56        79      2003
 MINIMUM TEMPERATURE (F)   35        19      1984


SUNRISE AND SUNSET
OCTOBER 21 2014.......SUNRISE   715 AM PDT   SUNSET   551 PM PDT
OCTOBER 22 2014.......SUNRISE   716 AM PDT   SUNSET   549 PM PDT


-  INDICATES NEGATIVE NUMBERS.
R  INDICATES RECORD WAS SET OR TIED.
MM INDICATES DATA IS MISSING.
T  INDICATES TRACE AMOUNT.

$$
