000
CDUS46 KOTX 250825
CLIPUW


CLIMATE REPORT
NATIONAL WEATHER SERVICE SPOKANE, WA
124 AM PDT TUE JUL 25 2017


...................................

...THE PULLMAN-MOSCOW  AIRPORT CLIMATE SUMMARY FOR JULY 24 2017...

CLIMATE NORMAL PERIOD 1981 TO 2010
CLIMATE RECORD PERIOD 9999 TO 9999


WEATHER ITEM   OBSERVED TIME   RECORD YEAR NORMAL DEPARTURE LAST
                VALUE   (LST)  VALUE       VALUE  FROM      YEAR
                                                  NORMAL
..................................................................
TEMPERATURE (F)
 YESTERDAY
  MAXIMUM         86    248 PM 101    1900  84      2       85
  MINIMUM         56   1159 PM  35    1953  51      5       45
  AVERAGE         71                        67      4       65

PRECIPITATION (IN)
  YESTERDAY        0.00                      0.02  -0.02     0.00
  MONTH TO DATE    0.02                      0.55  -0.53     0.75
  SINCE OCT 1     23.27                     15.34   7.93    19.71
  SINCE JAN 1     14.86                     10.14   4.72    11.72

SNOWFALL (IN)
  YESTERDAY       MM

DEGREE DAYS
 HEATING
  YESTERDAY        0                         1     -1        0
  MONTH TO DATE    6                        55    -49       65
  SINCE JUN 1    140                       261   -121      233
  SINCE JUL 1      6                        55    -49       65

 COOLING
  YESTERDAY        6                         3      3        0
  MONTH TO DATE  127                        55     72       10
  SINCE JUN 1    181                        68    113       53
  SINCE JAN 1    201                        73    128       54
..................................................................


WIND (MPH)
  HIGHEST WIND SPEED    16   HIGHEST WIND DIRECTION     W (270)
  HIGHEST GUST SPEED    20   HIGHEST GUST DIRECTION     W (270)
  AVERAGE WIND SPEED     4.4


SKY COVER
  POSSIBLE SUNSHINE  MM
  AVERAGE SKY COVER 0.0


WEATHER CONDITIONS
 THE FOLLOWING WEATHER WAS RECORDED YESTERDAY.
  HAZE


RELATIVE HUMIDITY (PERCENT)
 HIGHEST    65          1200 AM
 LOWEST     13           300 PM
 AVERAGE    39

..........................................................


THE PULLMAN-MOSCOW  AIRPORT CLIMATE NORMALS FOR TODAY
                         NORMAL    RECORD    YEAR
 MAXIMUM TEMPERATURE (F)   84       100      1994
                                             1933
                                             1928
 MINIMUM TEMPERATURE (F)   51        38      1954
                                             1915


SUNRISE AND SUNSET
JULY 25 2017..........SUNRISE   521 AM PDT   SUNSET   829 PM PDT
JULY 26 2017..........SUNRISE   522 AM PDT   SUNSET   827 PM PDT


-  INDICATES NEGATIVE NUMBERS.
R  INDICATES RECORD WAS SET OR TIED.
MM INDICATES DATA IS MISSING.
T  INDICATES TRACE AMOUNT.




$$
