000
CDUS46 KOTX 250822
CLIPUW


CLIMATE REPORT
NATIONAL WEATHER SERVICE SPOKANE, WA
1221 AM PST THU DEC 25 2014


...................................

...THE PULLMAN-MOSCOW  AIRPORT CLIMATE SUMMARY FOR DECEMBER 24 2014...

CLIMATE NORMAL PERIOD 1981 TO 2010
CLIMATE RECORD PERIOD 9999 TO 9999


WEATHER ITEM   OBSERVED TIME   RECORD YEAR NORMAL DEPARTURE LAST
                VALUE   (LST)  VALUE       VALUE  FROM      YEAR
                                                  NORMAL
..................................................................
TEMPERATURE (F)
 YESTERDAY
  MAXIMUM         41    501 AM  52    2005  35      6       38
  MINIMUM         32   1159 PM  -9    1983  24      8       26
  AVERAGE         37                        30      7       32

PRECIPITATION (IN)
  YESTERDAY        0.50          0.51 1973   0.04   0.46     0.00
  MONTH TO DATE    2.90                      1.26   1.64     1.38
  SINCE OCT 1      6.70                      4.89   1.81     3.31
  SINCE JAN 1     18.58                     16.58   2.00    14.85

SNOWFALL (IN)
  YESTERDAY       MM

DEGREE DAYS
 HEATING
  YESTERDAY       28                        35     -7       33
  MONTH TO DATE  643                       832   -189      937
  SINCE DEC 1    643                       832   -189      937
  SINCE JUL 1   1980                      2576   -596     2626

 COOLING
  YESTERDAY        0                         0      0        0
  MONTH TO DATE    0                         0      0        0
  SINCE DEC 1      0                         0      0        0
  SINCE JAN 1    346                       213    133      334
..................................................................


WIND (MPH)
  HIGHEST WIND SPEED    20   HIGHEST WIND DIRECTION     W (280)
  HIGHEST GUST SPEED    25   HIGHEST GUST DIRECTION     W (280)
  AVERAGE WIND SPEED    11.5


SKY COVER
  POSSIBLE SUNSHINE  MM
  AVERAGE SKY COVER 0.8


WEATHER CONDITIONS
 THE FOLLOWING WEATHER WAS RECORDED YESTERDAY.
  RAIN
  LIGHT RAIN
  LIGHT SNOW
  FOG
  FOG W/VISIBILITY <= 1/4 MILE


RELATIVE HUMIDITY (PERCENT)
 HIGHEST   100           500 AM
 LOWEST     92           400 AM
 AVERAGE    96

..........................................................


THE PULLMAN-MOSCOW  AIRPORT CLIMATE NORMALS FOR TODAY
                         NORMAL    RECORD    YEAR
 MAXIMUM TEMPERATURE (F)   35        50      2005
 MINIMUM TEMPERATURE (F)   24         0      1983


SUNRISE AND SUNSET
DECEMBER 25 2014......SUNRISE   732 AM PST   SUNSET   405 PM PST
DECEMBER 26 2014......SUNRISE   732 AM PST   SUNSET   406 PM PST


-  INDICATES NEGATIVE NUMBERS.
R  INDICATES RECORD WAS SET OR TIED.
MM INDICATES DATA IS MISSING.
T  INDICATES TRACE AMOUNT.




$$
