707
CDUS46 KOTX 260825
CLIPUW


CLIMATE REPORT
NATIONAL WEATHER SERVICE SPOKANE, WA
125 AM PDT MON SEP 26 2016


...................................

...THE PULLMAN-MOSCOW  AIRPORT CLIMATE SUMMARY FOR SEPTEMBER 25 2016...

CLIMATE NORMAL PERIOD 1981 TO 2010
CLIMATE RECORD PERIOD 9999 TO 9999


WEATHER ITEM   OBSERVED TIME   RECORD YEAR NORMAL DEPARTURE LAST
                VALUE   (LST)  VALUE       VALUE  FROM      YEAR
                                                  NORMAL
..................................................................
TEMPERATURE (F)
 YESTERDAY
  MAXIMUM         74    344 PM  92    1994  70      4       79
  MINIMUM         43   1207 AM  29    1996  41      2       41
  AVERAGE         59                        55      4       60

PRECIPITATION (IN)
  YESTERDAY        0.00                      0.02  -0.02     0.00
  MONTH TO DATE    0.33                      0.61  -0.28     0.69
  SINCE OCT 1     20.28                     16.72   3.56    17.47
  SINCE JAN 1     12.29                     11.52   0.77    10.62

SNOWFALL (IN)
  YESTERDAY       MM

DEGREE DAYS
 HEATING
  YESTERDAY        6                        10     -4        5
  MONTH TO DATE  211                       171     40      175
  SINCE SEP 1    211                       171     40      175
  SINCE JUL 1    313                       304      9      232

 COOLING
  YESTERDAY        0                         0      0        0
  MONTH TO DATE    0                        21    -21        8
  SINCE SEP 1      0                        21    -21        8
  SINCE JAN 1    197                       211    -14      416
..................................................................


WIND (MPH)
  HIGHEST WIND SPEED    13   HIGHEST WIND DIRECTION     E (90)
  HIGHEST GUST SPEED    16   HIGHEST GUST DIRECTION    SW (210)
  AVERAGE WIND SPEED     4.7


SKY COVER
  POSSIBLE SUNSHINE  MM
  AVERAGE SKY COVER 0.3


WEATHER CONDITIONS
 THE FOLLOWING WEATHER WAS RECORDED YESTERDAY.
  HAZE


RELATIVE HUMIDITY (PERCENT)
 HIGHEST    70          1200 AM
 LOWEST     25           100 PM
 AVERAGE    48

..........................................................


THE PULLMAN-MOSCOW  AIRPORT CLIMATE NORMALS FOR TODAY
                         NORMAL    RECORD    YEAR
 MAXIMUM TEMPERATURE (F)   69        90      1963
 MINIMUM TEMPERATURE (F)   40        30      1996


SUNRISE AND SUNSET
SEPTEMBER 26 2016.....SUNRISE   641 AM PDT   SUNSET   637 PM PDT
SEPTEMBER 27 2016.....SUNRISE   643 AM PDT   SUNSET   635 PM PDT


-  INDICATES NEGATIVE NUMBERS.
R  INDICATES RECORD WAS SET OR TIED.
MM INDICATES DATA IS MISSING.
T  INDICATES TRACE AMOUNT.




$$
