000
CDUS46 KOTX 190831
CLIPUW


CLIMATE REPORT
NATIONAL WEATHER SERVICE SPOKANE, WA
131 AM PDT FRI SEP 19 2014


...................................

...THE PULLMAN-MOSCOW  AIRPORT CLIMATE SUMMARY FOR SEPTEMBER 18 2014...

CLIMATE NORMAL PERIOD 1981 TO 2010
CLIMATE RECORD PERIOD 9999 TO 9999


WEATHER ITEM   OBSERVED TIME   RECORD YEAR NORMAL DEPARTURE LAST
                VALUE   (LST)  VALUE       VALUE  FROM      YEAR
                                                  NORMAL
..................................................................
TEMPERATURE (F)
 YESTERDAY
  MAXIMUM         80    234 PM  98    1981  73      7       63
  MINIMUM         49    607 AM  30    1971  42      7       45
  AVERAGE         65                        58      7       54

PRECIPITATION (IN)
  YESTERDAY        0.00          1.04 1968   0.03  -0.03     0.03
  MONTH TO DATE    0.03                      0.42  -0.39     0.79
  SINCE OCT 1     14.81                     16.53  -1.72    17.21
  SINCE JAN 1     11.47                     11.33   0.14     9.67

SNOWFALL (IN)
  YESTERDAY       MM            MM      MM  MM     MM       MM
  MONTH TO DATE   MM                        MM     MM       MM
  SINCE SEP 1     MM                        MM     MM       MM
  SINCE JUL 1     MM                        MM     MM       MM
  SNOW DEPTH      MM

DEGREE DAYS
 HEATING
  YESTERDAY        0                         8     -8       11
  MONTH TO DATE   79                       106    -27       36
  SINCE SEP 1     79                       106    -27       36
  SINCE JUL 1    104                       239   -135       76

 COOLING
  YESTERDAY        0                         0      0        0
  MONTH TO DATE    7                        21    -14       69
  SINCE SEP 1      7                        21    -14       69
  SINCE JAN 1    334                       211    123      331
..................................................................


WIND (MPH)
  HIGHEST WIND SPEED    23   HIGHEST WIND DIRECTION    SW (240)
  HIGHEST GUST SPEED    32   HIGHEST GUST DIRECTION    SW (230)
  AVERAGE WIND SPEED     8.9


SKY COVER
  POSSIBLE SUNSHINE  MM
  AVERAGE SKY COVER 0.3


WEATHER CONDITIONS
 THE FOLLOWING WEATHER WAS RECORDED YESTERDAY.
  HAZE


RELATIVE HUMIDITY (PERCENT)
 HIGHEST    64          1100 PM
 LOWEST     23           200 PM
 AVERAGE    44

..........................................................


THE PULLMAN-MOSCOW  AIRPORT CLIMATE NORMALS FOR TODAY
                         NORMAL    RECORD    YEAR
 MAXIMUM TEMPERATURE (F)   72        92      2008
                                             1981
 MINIMUM TEMPERATURE (F)   42        24      1957


SUNRISE AND SUNSET
SEPTEMBER 19 2014.....SUNRISE   631 AM PDT   SUNSET   652 PM PDT
SEPTEMBER 20 2014.....SUNRISE   633 AM PDT   SUNSET   650 PM PDT


-  INDICATES NEGATIVE NUMBERS.
R  INDICATES RECORD WAS SET OR TIED.
MM INDICATES DATA IS MISSING.
T  INDICATES TRACE AMOUNT.




$$
