000
CDUS46 KOTX 230825
CLIPUW


CLIMATE REPORT
NATIONAL WEATHER SERVICE SPOKANE, WA
125 AM PDT SUN APR 23 2017


...................................

...THE PULLMAN-MOSCOW  AIRPORT CLIMATE SUMMARY FOR APRIL 22 2017...

CLIMATE NORMAL PERIOD 1981 TO 2010
CLIMATE RECORD PERIOD 9999 TO 9999


WEATHER ITEM   OBSERVED TIME   RECORD YEAR NORMAL DEPARTURE LAST
                VALUE   (LST)  VALUE       VALUE  FROM      YEAR
                                                  NORMAL
..................................................................
TEMPERATURE (F)
 YESTERDAY
  MAXIMUM         66    236 PM  81    2012  58      8       73
  MINIMUM         41    428 AM  27    1985  36      5       52
  AVERAGE         54                        47      7       63

PRECIPITATION (IN)
  YESTERDAY        T                         0.05  -0.05     0.28
  MONTH TO DATE    1.12                      1.17  -0.05     1.12
  SINCE OCT 1     19.46                     11.76   7.70    16.59
  SINCE JAN 1     11.05                      6.56   4.49     8.60

SNOWFALL (IN)
  YESTERDAY       MM

DEGREE DAYS
 HEATING
  YESTERDAY       11                        18     -7        2
  MONTH TO DATE  414                       437    -23      252
  SINCE MAR 1   1119                      1193    -74      941
  SINCE JUL 1   5896                      5896      0     5039

 COOLING
  YESTERDAY        0                         0      0        0
  MONTH TO DATE    0                         0      0        0
  SINCE MAR 1      0                         0      0        0
  SINCE JAN 1      0                         0      0        0
..................................................................


WIND (MPH)
  HIGHEST WIND SPEED    29   HIGHEST WIND DIRECTION     W (270)
  HIGHEST GUST SPEED    36   HIGHEST GUST DIRECTION     W (270)
  AVERAGE WIND SPEED    11.6


SKY COVER
  POSSIBLE SUNSHINE  MM
  AVERAGE SKY COVER 0.4


WEATHER CONDITIONS
 THE FOLLOWING WEATHER WAS RECORDED YESTERDAY.
  LIGHT RAIN


RELATIVE HUMIDITY (PERCENT)
 HIGHEST    86          1100 PM
 LOWEST     28           200 PM
 AVERAGE    57

..........................................................


THE PULLMAN-MOSCOW  AIRPORT CLIMATE NORMALS FOR TODAY
                         NORMAL    RECORD    YEAR
 MAXIMUM TEMPERATURE (F)   59        78      1977
 MINIMUM TEMPERATURE (F)   37        26      2002


SUNRISE AND SUNSET
APRIL 23 2017.........SUNRISE   546 AM PDT   SUNSET   748 PM PDT
APRIL 24 2017.........SUNRISE   544 AM PDT   SUNSET   749 PM PDT


-  INDICATES NEGATIVE NUMBERS.
R  INDICATES RECORD WAS SET OR TIED.
MM INDICATES DATA IS MISSING.
T  INDICATES TRACE AMOUNT.




$$
