000
CDUS41 KBOX 260547
CLIPVD


CLIMATE REPORT
NATIONAL WEATHER SERVICE TAUNTON MA
1241 AM EST FRI DEC 26 2014


...................................

...THE PROVIDENCE RI CLIMATE SUMMARY FOR DECEMBER 25 2014...

CLIMATE NORMAL PERIOD 1981 TO 2010
CLIMATE RECORD PERIOD 1904 TO 2014


WEATHER ITEM   OBSERVED TIME   RECORD YEAR NORMAL DEPARTURE LAST
                VALUE   (LST)  VALUE       VALUE  FROM      YEAR
                                                  NORMAL
..................................................................
TEMPERATURE (F)
 YESTERDAY
  MAXIMUM         63R  1215 AM  63    1964  40     23       28
  MINIMUM         37   1159 PM -10    1980  23     14       18
  AVERAGE         50                        32     18       23

PRECIPITATION (IN)
  YESTERDAY        0.23          1.68 1978   0.14   0.09     0.00
  MONTH TO DATE    6.22                      3.53   2.69     3.55
  SINCE DEC 1      6.22                      3.53   2.69     3.55
  SINCE JAN 1     47.16                     46.49   0.67    44.19

SNOWFALL (IN)
  YESTERDAY        0.0           2.8  1919   0.3   -0.3      0.0
  MONTH TO DATE    0.9                       6.7   -5.8      7.0
  SINCE DEC 1      0.9                       6.7   -5.8      7.0
  SINCE JUL 1      2.5                       8.2   -5.7      7.1
  SNOW DEPTH       0

DEGREE DAYS
 HEATING
  YESTERDAY       15                        34    -19       42
  MONTH TO DATE  656                       746    -90      774
  SINCE DEC 1    656                       746    -90      774
  SINCE JUL 1   1692                      1821   -129     1877

 COOLING
  YESTERDAY        0                         0      0        0
  MONTH TO DATE    0                         0      0        0
  SINCE DEC 1      0                         0      0        0
  SINCE JAN 1    709                       744    -35      892
..................................................................


WIND (MPH)
  RESULTANT WIND SPEED   9   RESULTANT WIND DIRECTION   W (260)
  HIGHEST WIND SPEED    24   HIGHEST WIND DIRECTION     W (290)
  HIGHEST GUST SPEED    35   HIGHEST GUST DIRECTION     W (280)
  AVERAGE WIND SPEED    11.4


SKY COVER
  POSSIBLE SUNSHINE  MM
  AVERAGE SKY COVER 0.6


WEATHER CONDITIONS
 THE FOLLOWING WEATHER WAS RECORDED YESTERDAY.
  LIGHT RAIN
  FOG
  HAZE


RELATIVE HUMIDITY (PERCENT)
 HIGHEST    97           100 AM
 LOWEST     39           400 PM
 AVERAGE    68

..........................................................


THE PROVIDENCE RI CLIMATE NORMALS FOR TODAY
                         NORMAL    RECORD    YEAR
 MAXIMUM TEMPERATURE (F)   39        63      1982
 MINIMUM TEMPERATURE (F)   23        -3      1980


SUNRISE AND SUNSET
DECEMBER 26 2014......SUNRISE   712 AM EST   SUNSET   421 PM EST
DECEMBER 27 2014......SUNRISE   712 AM EST   SUNSET   422 PM EST


-  INDICATES NEGATIVE NUMBERS.
R  INDICATES RECORD WAS SET OR TIED.
MM INDICATES DATA IS MISSING.
T  INDICATES TRACE AMOUNT.




$$
