000
CDUS41 KBOX 230536
CLIPVD


CLIMATE REPORT
NATIONAL WEATHER SERVICE TAUNTON MA
136 AM EDT THU OCT 23 2014


...................................

...THE PROVIDENCE RI CLIMATE SUMMARY FOR OCTOBER 22 2014...

CLIMATE NORMAL PERIOD 1981 TO 2010
CLIMATE RECORD PERIOD 1904 TO 2014


WEATHER ITEM   OBSERVED TIME   RECORD YEAR NORMAL DEPARTURE LAST
                VALUE   (LST)  VALUE       VALUE  FROM      YEAR
                                                  NORMAL
..................................................................
TEMPERATURE (F)
 YESTERDAY
  MAXIMUM         57    931 AM  86    1979  61     -4       71
  MINIMUM         51    539 PM  27    1974  42      9       43
                                      1940
  AVERAGE         54                        52      2       57

PRECIPITATION (IN)
  YESTERDAY        0.86          0.90 2005   0.13   0.73      T
  MONTH TO DATE    2.98                      2.75   0.23     0.51
  SINCE SEP 1      3.72                      6.67  -2.95     5.10
  SINCE JAN 1     35.17                     37.27  -2.10    35.91

SNOWFALL (IN)
  YESTERDAY        0.0           0.0  2009   0.0    0.0      0.0
  MONTH TO DATE    0.0                       0.0    0.0      0.0
  SINCE SEP 1      0.0                       0.0    0.0      0.0
  SINCE JUL 1      0.0                       0.0    0.0      0.0
  SNOW DEPTH       0

DEGREE DAYS
 HEATING
  YESTERDAY       11                        14     -3        8
  MONTH TO DATE  179                       228    -49      139
  SINCE SEP 1    253                       316    -63      242
  SINCE JUL 1    253                       325    -72      242

 COOLING
  YESTERDAY        0                         0      0        0
  MONTH TO DATE   12                         6      6        7
  SINCE SEP 1    127                        86     41       70
  SINCE JAN 1    709                       742    -33      892
..................................................................


WIND (MPH)
  RESULTANT WIND SPEED  19   RESULTANT WIND DIRECTION   N (20)
  HIGHEST WIND SPEED    32   HIGHEST WIND DIRECTION     N (10)
  HIGHEST GUST SPEED    43   HIGHEST GUST DIRECTION     N (10)
  AVERAGE WIND SPEED    18.8


SKY COVER
  POSSIBLE SUNSHINE  MM
  AVERAGE SKY COVER 1.0


WEATHER CONDITIONS
 THE FOLLOWING WEATHER WAS RECORDED YESTERDAY.
  THUNDERSTORM
  HEAVY RAIN
  RAIN
  LIGHT RAIN
  FOG


RELATIVE HUMIDITY (PERCENT)
 HIGHEST    96           400 AM
 LOWEST     83           100 PM
 AVERAGE    90

..........................................................


THE PROVIDENCE RI CLIMATE NORMALS FOR TODAY
                         NORMAL    RECORD    YEAR
 MAXIMUM TEMPERATURE (F)   61        85      1947
 MINIMUM TEMPERATURE (F)   42        24      1969


SUNRISE AND SUNSET
OCTOBER 23 2014.......SUNRISE   707 AM EDT   SUNSET   552 PM EDT
OCTOBER 24 2014.......SUNRISE   708 AM EDT   SUNSET   551 PM EDT


-  INDICATES NEGATIVE NUMBERS.
R  INDICATES RECORD WAS SET OR TIED.
MM INDICATES DATA IS MISSING.
T  INDICATES TRACE AMOUNT.




$$
