000
CDUS41 KBOX 220544
CLIPVD


CLIMATE REPORT
NATIONAL WEATHER SERVICE TAUNTON MA
139 AM EDT MON MAY 22 2017


...................................

...THE PROVIDENCE RI CLIMATE SUMMARY FOR MAY 21 2017...

CLIMATE NORMAL PERIOD 1981 TO 2010
CLIMATE RECORD PERIOD 1904 TO 2017


WEATHER ITEM   OBSERVED TIME   RECORD YEAR NORMAL DEPARTURE LAST
                VALUE   (LST)  VALUE       VALUE  FROM      YEAR
                                                  NORMAL
..................................................................
TEMPERATURE (F)
 YESTERDAY
  MAXIMUM         69    221 PM  93    1996  70     -1       72
  MINIMUM         45    425 AM  36    2002  50     -5       50
  AVERAGE         57                        60     -3       61

PRECIPITATION (IN)
  YESTERDAY        0.00          1.10 1986   0.11  -0.11     0.00
  MONTH TO DATE    4.99                      2.30   2.69     1.49
  SINCE MAR 1     15.94                     11.67   4.27     8.08
  SINCE JAN 1     23.12                     18.82   4.30    16.43

SNOWFALL (IN)
  YESTERDAY        0.0           T    1907   0.0    0.0      0.0
  MONTH TO DATE    0.0                       0.0    0.0      0.0
  SINCE MAR 1      7.7                       6.1    1.6      9.3
  SINCE JUL 1     45.9                      33.8   12.1     28.7
  SNOW DEPTH       0

DEGREE DAYS
 HEATING
  YESTERDAY        8                         6      2        4
  MONTH TO DATE  181                       178      3      207
  SINCE MAR 1   1484                      1466     18     1363
  SINCE JUL 1   5042                      5528   -486     4734

 COOLING
  YESTERDAY        0                         1     -1        0
  MONTH TO DATE   41                         8     33        1
  SINCE MAR 1     58                        10     48        1
  SINCE JAN 1     58                        10     48        1
..................................................................


WIND (MPH)
  RESULTANT WIND SPEED   5   RESULTANT WIND DIRECTION   S (180)
  HIGHEST WIND SPEED    17   HIGHEST WIND DIRECTION    SE (150)
  HIGHEST GUST SPEED    22   HIGHEST GUST DIRECTION    SE (150)
  AVERAGE WIND SPEED     7.5


SKY COVER
  POSSIBLE SUNSHINE  MM
  AVERAGE SKY COVER 0.6


WEATHER CONDITIONS
 THE FOLLOWING WEATHER WAS RECORDED YESTERDAY.
  NO SIGNIFICANT WEATHER WAS OBSERVED.


RELATIVE HUMIDITY (PERCENT)
 HIGHEST    93           400 AM
 LOWEST     32           300 PM
 AVERAGE    63

..........................................................


THE PROVIDENCE RI CLIMATE NORMALS FOR TODAY
                         NORMAL    RECORD    YEAR
 MAXIMUM TEMPERATURE (F)   70        94      1992
                                             1941
 MINIMUM TEMPERATURE (F)   50        37      1907


SUNRISE AND SUNSET
MAY 22 2017...........SUNRISE   520 AM EDT   SUNSET   806 PM EDT
MAY 23 2017...........SUNRISE   519 AM EDT   SUNSET   807 PM EDT


-  INDICATES NEGATIVE NUMBERS.
R  INDICATES RECORD WAS SET OR TIED.
MM INDICATES DATA IS MISSING.
T  INDICATES TRACE AMOUNT.




$$
