000
CDUS41 KBOX 260540
CLIPVD


CLIMATE REPORT
NATIONAL WEATHER SERVICE TAUNTON MA
138 AM EDT MON JUN 26 2017


...................................

...THE PROVIDENCE RI CLIMATE SUMMARY FOR JUNE 25 2017...

CLIMATE NORMAL PERIOD 1981 TO 2010
CLIMATE RECORD PERIOD 1904 TO 2017


WEATHER ITEM   OBSERVED TIME   RECORD YEAR NORMAL DEPARTURE LAST
                VALUE   (LST)  VALUE       VALUE  FROM      YEAR
                                                  NORMAL
..................................................................
TEMPERATURE (F)
 YESTERDAY
  MAXIMUM         85    211 PM  98    1943  80      5       83
  MINIMUM         64    503 AM  50    1979  61      3       58
  AVERAGE         75                        71      4       71

PRECIPITATION (IN)
  YESTERDAY        0.00          1.34 2012   0.10  -0.10     0.00
  MONTH TO DATE    4.00                      3.18   0.82     0.84
  SINCE JUN 1      4.00                      3.18   0.82     0.84
  SINCE JAN 1     29.02                     23.25   5.77    18.96

SNOWFALL (IN)
  YESTERDAY        0.0           0.0  2002   0.0    0.0      0.0
                                      2001
                                      2000
  MONTH TO DATE    0.0                       0.0    0.0      0.0
  SINCE JUN 1      0.0                       0.0    0.0      0.0
  SINCE JUL 1     45.9                      33.8   12.1     28.7
  SNOW DEPTH       0

DEGREE DAYS
 HEATING
  YESTERDAY        0                         0      0        0
  MONTH TO DATE   49                        41      8       12
  SINCE JUN 1     49                        41      8       12
  SINCE JUL 1   5157                      5616   -459     4757

 COOLING
  YESTERDAY       10                         6      4        6
  MONTH TO DATE  143                        99     44       98
  SINCE JUN 1    143                        99     44       98
  SINCE JAN 1    201                       125     76      149
..................................................................


WIND (MPH)
  RESULTANT WIND SPEED   6   RESULTANT WIND DIRECTION  SW (240)
  HIGHEST WIND SPEED    23   HIGHEST WIND DIRECTION    SW (220)
  HIGHEST GUST SPEED    29   HIGHEST GUST DIRECTION     W (290)
  AVERAGE WIND SPEED     8.2


SKY COVER
  POSSIBLE SUNSHINE  MM
  AVERAGE SKY COVER 0.3


WEATHER CONDITIONS
 THE FOLLOWING WEATHER WAS RECORDED YESTERDAY.
  NO SIGNIFICANT WEATHER WAS OBSERVED.


RELATIVE HUMIDITY (PERCENT)
 HIGHEST    78           100 AM
 LOWEST     37           200 PM
 AVERAGE    58

..........................................................


THE PROVIDENCE RI CLIMATE NORMALS FOR TODAY
                         NORMAL    RECORD    YEAR
 MAXIMUM TEMPERATURE (F)   80        97      1952
 MINIMUM TEMPERATURE (F)   62        47      1986
                                             1979


SUNRISE AND SUNSET
JUNE 26 2017..........SUNRISE   513 AM EDT   SUNSET   824 PM EDT
JUNE 27 2017..........SUNRISE   513 AM EDT   SUNSET   824 PM EDT


-  INDICATES NEGATIVE NUMBERS.
R  INDICATES RECORD WAS SET OR TIED.
MM INDICATES DATA IS MISSING.
T  INDICATES TRACE AMOUNT.




$$
