000
CDUS41 KBOX 180537
CLIPVD


CLIMATE REPORT
NATIONAL WEATHER SERVICE TAUNTON MA
135 AM EDT FRI APR 18 2014


...................................

...THE PROVIDENCE RI CLIMATE SUMMARY FOR APRIL 17 2014...

CLIMATE NORMAL PERIOD 1981 TO 2010
CLIMATE RECORD PERIOD 1904 TO 2014


WEATHER ITEM   OBSERVED TIME   RECORD YEAR NORMAL DEPARTURE LAST
                VALUE   (LST)  VALUE       VALUE  FROM      YEAR
                                                  NORMAL
..................................................................
TEMPERATURE (F)
 YESTERDAY
  MAXIMUM         46    235 PM  93    2002  59    -13       69
                                      1976
  MINIMUM         31   1159 PM  23    1908  40     -9       43
  AVERAGE         39                        50    -11       56

PRECIPITATION (IN)
  YESTERDAY        0.00          2.33 1954   0.14  -0.14     0.02
  MONTH TO DATE    3.38                      2.65   0.73     1.12
  SINCE MAR 1     10.36                      7.66   2.70     4.06
  SINCE JAN 1     18.76                     14.81   3.95    11.02

SNOWFALL (IN)
  YESTERDAY        0.0           0.5  1935   0.0    0.0      0.0
  MONTH TO DATE    0.3                       0.5   -0.2      0.0
  SINCE MAR 1      1.5                       6.0   -4.5      4.9
  SINCE JUL 1     43.6                      33.7    9.9     46.3
  SNOW DEPTH       0

DEGREE DAYS
 HEATING
  YESTERDAY       26                        15     11        9
  MONTH TO DATE  272                       308    -36      299
  SINCE MAR 1   1226                      1117    109     1111
  SINCE JUL 1   5498                      5179    319     4932

 COOLING
  YESTERDAY        0                         0      0        0
  MONTH TO DATE    0                         0      0        0
  SINCE MAR 1      0                         0      0        0
  SINCE JAN 1      0                         0      0        0
..................................................................


WIND (MPH)
  RESULTANT WIND SPEED  12   RESULTANT WIND DIRECTION  NE (50)
  HIGHEST WIND SPEED    22   HIGHEST WIND DIRECTION    NE (40)
  HIGHEST GUST SPEED    30   HIGHEST GUST DIRECTION    NE (40)
  AVERAGE WIND SPEED    12.8


SKY COVER
  POSSIBLE SUNSHINE  MM
  AVERAGE SKY COVER 0.4


WEATHER CONDITIONS
 THE FOLLOWING WEATHER WAS RECORDED YESTERDAY.
  NO SIGNIFICANT WEATHER WAS OBSERVED.


RELATIVE HUMIDITY (PERCENT)
 HIGHEST    72          1100 PM
 LOWEST     40          1100 AM
 AVERAGE    56

..........................................................


THE PROVIDENCE RI CLIMATE NORMALS FOR TODAY
                         NORMAL    RECORD    YEAR
 MAXIMUM TEMPERATURE (F)   60        86      1976
 MINIMUM TEMPERATURE (F)   41        27      1948


SUNRISE AND SUNSET
APRIL 18 2014.........SUNRISE   601 AM EDT   SUNSET   730 PM EDT
APRIL 19 2014.........SUNRISE   600 AM EDT   SUNSET   731 PM EDT


-  INDICATES NEGATIVE NUMBERS.
R  INDICATES RECORD WAS SET OR TIED.
MM INDICATES DATA IS MISSING.
T  INDICATES TRACE AMOUNT.




$$
