419
CDUS41 KBOX 232138
CLIPVD


CLIMATE REPORT
NATIONAL WEATHER SERVICE TAUNTON MA
427 PM EST THU FEB 23 2017


...................................

...THE PROVIDENCE RI CLIMATE SUMMARY FOR FEBRUARY 23 2017...
VALID AS OF 0400 PM LOCAL TIME.

CLIMATE NORMAL PERIOD 1981 TO 2010
CLIMATE RECORD PERIOD 1904 TO 2017


WEATHER ITEM   OBSERVED TIME   RECORD YEAR NORMAL DEPARTURE LAST
                VALUE   (LST)  VALUE       VALUE  FROM      YEAR
                                                  NORMAL
..................................................................
TEMPERATURE (F)
 TODAY
  MAXIMUM         66R   200 PM  60    1990  42     24       39
                                      1943
  MINIMUM         35    246 AM  -4    1907  25     10       27
  AVERAGE         51                        33     18       33

PRECIPITATION (IN)
  TODAY            0.00          0.96 1919   0.13  -0.13     0.02
  MONTH TO DATE    2.07                      2.63  -0.56     3.66
  SINCE DEC 1     10.17                     10.71  -0.54    11.49
  SINCE JAN 1      7.03                      6.49   0.54     6.69

SNOWFALL (IN)
  TODAY            0.0           3.8  1967   0.3   -0.3       T
  MONTH TO DATE   16.8                       7.2    9.6     11.5
  SINCE DEC 1     38.2                      24.9   13.3     19.4
  SINCE JUL 1     38.2                      26.4   11.8     19.4
  SNOW DEPTH       0

DEGREE DAYS
 HEATING
  TODAY           14                        32    -18       32
  MONTH TO DATE  721                       771    -50      764
  SINCE DEC 1   2578                      2833   -255     2357
  SINCE JUL 1   3465                      3908   -443     3238

 COOLING
  TODAY            0                         0      0        0
  MONTH TO DATE    0                         0      0        0
  SINCE DEC 1      0                         0      0        0
  SINCE JAN 1      0                         0      0        0
..................................................................


WIND (MPH)
  HIGHEST WIND SPEED    25   HIGHEST WIND DIRECTION    SW (220)
  HIGHEST GUST SPEED    34   HIGHEST GUST DIRECTION    SW (220)
  AVERAGE WIND SPEED     6.4


SKY COVER
  POSSIBLE SUNSHINE  MM
  AVERAGE SKY COVER 0.3


WEATHER CONDITIONS
 THE FOLLOWING WEATHER WAS RECORDED TODAY.
  FOG


RELATIVE HUMIDITY (PERCENT)
 HIGHEST   100           600 AM
 LOWEST     52          1200 PM
 AVERAGE    76

..........................................................


THE PROVIDENCE RI CLIMATE NORMALS FOR TOMORROW
                         NORMAL    RECORD    YEAR
 MAXIMUM TEMPERATURE (F)   42        72      1985
 MINIMUM TEMPERATURE (F)   25        -3      2015
                                             1907


SUNRISE AND SUNSET
FEBRUARY 23 2017......SUNRISE   629 AM EST   SUNSET   529 PM EST
FEBRUARY 24 2017......SUNRISE   628 AM EST   SUNSET   530 PM EST


-  INDICATES NEGATIVE NUMBERS.
R  INDICATES RECORD WAS SET OR TIED.
MM INDICATES DATA IS MISSING.
T  INDICATES TRACE AMOUNT.




$$
