553
CDUS41 KBOX 110533
CLIPVD


CLIMATE REPORT
NATIONAL WEATHER SERVICE TAUNTON MA
1233 AM EST SUN DEC 11 2016


...................................

...THE PROVIDENCE RI CLIMATE SUMMARY FOR DECEMBER 10 2016...

CLIMATE NORMAL PERIOD 1981 TO 2010
CLIMATE RECORD PERIOD 1904 TO 2016


WEATHER ITEM   OBSERVED TIME   RECORD YEAR NORMAL DEPARTURE LAST
                VALUE   (LST)  VALUE       VALUE  FROM      YEAR
                                                  NORMAL
..................................................................
TEMPERATURE (F)
 YESTERDAY
  MAXIMUM         32    205 PM  67    1946  44    -12       63
  MINIMUM         18   1144 PM   5    1968  28    -10       41
  AVERAGE         25                        36    -11       52

PRECIPITATION (IN)
  YESTERDAY        0.00          2.78 1936   0.15  -0.15      T
  MONTH TO DATE    0.46                      1.52  -1.06     0.40
  SINCE DEC 1      0.46                      1.52  -1.06     0.40
  SINCE JAN 1     37.32                     44.48  -7.16    36.43

SNOWFALL (IN)
  YESTERDAY        0.0           3.6  1905   0.2   -0.2      0.0
  MONTH TO DATE    0.4                       2.2   -1.8      0.0
  SINCE DEC 1      0.4                       2.2   -1.8      0.0
  SINCE JUL 1      0.4                       3.7   -3.3      0.0
  SNOW DEPTH       0

DEGREE DAYS
 HEATING
  YESTERDAY       40                        29     11       13
  MONTH TO DATE  270                       273     -3      210
  SINCE DEC 1    270                       273     -3      210
  SINCE JUL 1   1157                      1348   -191     1091

 COOLING
  YESTERDAY        0                         0      0        0
  MONTH TO DATE    0                         0      0        0
  SINCE DEC 1      0                         0      0        0
  SINCE JAN 1   1049                       744    305      955
..................................................................


WIND (MPH)
  RESULTANT WIND SPEED   7   RESULTANT WIND DIRECTION  NW (300)
  HIGHEST WIND SPEED    20   HIGHEST WIND DIRECTION    NW (300)
  HIGHEST GUST SPEED    26   HIGHEST GUST DIRECTION     W (270)
  AVERAGE WIND SPEED     6.9


SKY COVER
  POSSIBLE SUNSHINE  MM
  AVERAGE SKY COVER 0.3


WEATHER CONDITIONS
 THE FOLLOWING WEATHER WAS RECORDED YESTERDAY.
  NO SIGNIFICANT WEATHER WAS OBSERVED.


RELATIVE HUMIDITY (PERCENT)
 HIGHEST    67          1000 PM
 LOWEST     31           100 PM
 AVERAGE    49

..........................................................


THE PROVIDENCE RI CLIMATE NORMALS FOR TODAY
                         NORMAL    RECORD    YEAR
 MAXIMUM TEMPERATURE (F)   44        68      1971
 MINIMUM TEMPERATURE (F)   28         4      1988
                                             1958


SUNRISE AND SUNSET
DECEMBER 11 2016......SUNRISE   703 AM EST   SUNSET   415 PM EST
DECEMBER 12 2016......SUNRISE   704 AM EST   SUNSET   415 PM EST


-  INDICATES NEGATIVE NUMBERS.
R  INDICATES RECORD WAS SET OR TIED.
MM INDICATES DATA IS MISSING.
T  INDICATES TRACE AMOUNT.




$$
