000
CDUS41 KBOX 180549
CLIPVD


CLIMATE REPORT
NATIONAL WEATHER SERVICE TAUNTON MA
1241 AM EST WED JAN 18 2017


...................................

...THE PROVIDENCE RI CLIMATE SUMMARY FOR JANUARY 17 2017...

CLIMATE NORMAL PERIOD 1981 TO 2010
CLIMATE RECORD PERIOD 1904 TO 2017


WEATHER ITEM   OBSERVED TIME   RECORD YEAR NORMAL DEPARTURE LAST
                VALUE   (LST)  VALUE       VALUE  FROM      YEAR
                                                  NORMAL
..................................................................
TEMPERATURE (F)
 YESTERDAY
  MAXIMUM         43    136 PM  59    1995  37      6       41
  MINIMUM         29    659 AM  -8    1982  21      8       28
  AVERAGE         36                        29      7       35

PRECIPITATION (IN)
  YESTERDAY        0.11          1.04 1956   0.13  -0.02     0.12
  MONTH TO DATE    2.51                      2.14   0.37     2.58
  SINCE DEC 1      5.65                      6.36  -0.71     7.38
  SINCE JAN 1      2.51                      2.14   0.37     2.58

SNOWFALL (IN)
  YESTERDAY        0.0           9.6  1956   0.3   -0.3      1.3
  MONTH TO DATE   14.1                       5.0    9.1      1.6
  SINCE DEC 1     18.5                      13.7    4.8      2.2
  SINCE JUL 1     18.5                      15.2    3.3      2.2
  SNOW DEPTH       0

DEGREE DAYS
 HEATING
  YESTERDAY       29                        36     -7       30
  MONTH TO DATE  551                       608    -57      542
  SINCE DEC 1   1479                      1560    -81     1125
  SINCE JUL 1   2366                      2635   -269     2006

 COOLING
  YESTERDAY        0                         0      0        0
  MONTH TO DATE    0                         0      0        0
  SINCE DEC 1      0                         0      0        0
  SINCE JAN 1      0                         0      0        0
..................................................................


WIND (MPH)
  RESULTANT WIND SPEED   2   RESULTANT WIND DIRECTION   E (80)
  HIGHEST WIND SPEED    13   HIGHEST WIND DIRECTION     E (100)
  HIGHEST GUST SPEED    14   HIGHEST GUST DIRECTION     E (100)
  AVERAGE WIND SPEED     4.8


SKY COVER
  POSSIBLE SUNSHINE  MM
  AVERAGE SKY COVER 0.8


WEATHER CONDITIONS
 THE FOLLOWING WEATHER WAS RECORDED YESTERDAY.
  LIGHT RAIN
  FOG


RELATIVE HUMIDITY (PERCENT)
 HIGHEST    92           800 PM
 LOWEST     36           100 PM
 AVERAGE    64

..........................................................


THE PROVIDENCE RI CLIMATE NORMALS FOR TODAY
                         NORMAL    RECORD    YEAR
 MAXIMUM TEMPERATURE (F)   37        62      1973
 MINIMUM TEMPERATURE (F)   21        -9      1982


SUNRISE AND SUNSET
JANUARY 18 2017.......SUNRISE   709 AM EST   SUNSET   444 PM EST
JANUARY 19 2017.......SUNRISE   708 AM EST   SUNSET   445 PM EST


-  INDICATES NEGATIVE NUMBERS.
R  INDICATES RECORD WAS SET OR TIED.
MM INDICATES DATA IS MISSING.
T  INDICATES TRACE AMOUNT.




$$
