000
CDUS43 KLOT 210644
CLIPWK


CLIMATE REPORT
NATIONAL WEATHER SERVICE CHICAGO IL
1243 AM CST WED FEB 21 2018


...................................

...THE CHICAGO EXECUTIVE CLIMATE SUMMARY FOR FEBRUARY 20 2018...

CLIMATE NORMAL PERIOD 1981 TO 2010
CLIMATE RECORD PERIOD 1996 TO 2018


WEATHER ITEM   OBSERVED TIME   RECORD YEAR NORMAL DEPARTURE LAST
                VALUE   (LST)  VALUE       VALUE  FROM      YEAR
                                                  NORMAL
..................................................................
TEMPERATURE (F)
 YESTERDAY
  MAXIMUM         66    115 PM  68    2017  37     29       68
  MINIMUM         34   1159 PM  -9    2015  22     12       37
  AVERAGE         50                        29     21       53

PRECIPITATION (IN)
  YESTERDAY        1.55R         0.96 2011   0.03   1.52     0.00
  MONTH TO DATE    1.99                      0.67   1.32     0.19
  SINCE DEC 1      3.21                      4.13  -0.92     3.63
  SINCE JAN 1      2.94                      2.30   0.64     2.41

DEGREE DAYS
 HEATING
  YESTERDAY       15                        36    -21       12
  MONTH TO DATE  802                       768     34      610
  SINCE DEC 1   3195                      3195      0     2961
  SINCE JUL 1   4271                      4465   -194     3815

 COOLING
  YESTERDAY        0                         0      0        0
  MONTH TO DATE    0                         0      0        0
  SINCE DEC 1      0                         0      0        0
  SINCE JAN 1      0                         0      0        0
..................................................................


WIND (MPH)
  RESULTANT WIND SPEED   9   RESULTANT WIND DIRECTION  SW (220)
  HIGHEST WIND SPEED    25   HIGHEST WIND DIRECTION     W (290)
  HIGHEST GUST SPEED    35   HIGHEST GUST DIRECTION     W (280)
  AVERAGE WIND SPEED    11.5



WEATHER CONDITIONS
 THE FOLLOWING WEATHER WAS RECORDED YESTERDAY.
  HEAVY RAIN
  RAIN
  LIGHT RAIN
  FOG


..........................................................


THE CHICAGO EXECUTIVE CLIMATE NORMALS FOR TODAY
                         NORMAL    RECORD    YEAR
 MAXIMUM TEMPERATURE (F)   37        66      2017
 MINIMUM TEMPERATURE (F)   22         5      2008


SUNRISE AND SUNSET
FEBRUARY 21 2018......SUNRISE   639 AM CST   SUNSET   532 PM CST
FEBRUARY 22 2018......SUNRISE   638 AM CST   SUNSET   533 PM CST


-  INDICATES NEGATIVE NUMBERS.
R  INDICATES RECORD WAS SET OR TIED.
MM INDICATES DATA IS MISSING.
T  INDICATES TRACE AMOUNT.




$$
