000
CDUS43 KLOT 300655
CLIPWK


CLIMATE REPORT
NATIONAL WEATHER SERVICE CHICAGO IL
155 AM CDT TUE AUG 30 2016


...................................

...THE CHICAGO EXECUTIVE CLIMATE SUMMARY FOR AUGUST 29 2016...

CLIMATE NORMAL PERIOD 1981 TO 2010
CLIMATE RECORD PERIOD 1996 TO 2016


WEATHER ITEM   OBSERVED TIME   RECORD YEAR NORMAL DEPARTURE LAST
                VALUE   (LST)  VALUE       VALUE  FROM      YEAR
                                                  NORMAL
..................................................................
TEMPERATURE (F)
 YESTERDAY
  MAXIMUM         86   1219 PM  94    2010  80      6       70
  MINIMUM         68    437 AM  55    2004  61      7       63
  AVERAGE         77                        71      6       67

PRECIPITATION (IN)
  YESTERDAY        0.09          0.71 2015   0.11  -0.02     0.71
  MONTH TO DATE    4.03                      3.45   0.58     2.84
  SINCE JUN 1     12.86                     10.78   2.08    12.17
  SINCE JAN 1     25.22                     22.27   2.95    20.30

DEGREE DAYS
 HEATING
  YESTERDAY        0                         0      0        0
  MONTH TO DATE    0                         0      0        9
  SINCE JUN 1     20                        56    -36       85
  SINCE JUL 1      2                         4     -2       29

 COOLING
  YESTERDAY       12                         6      6        2
  MONTH TO DATE  321                       220    101      208
  SINCE JUN 1    827                       643    184      556
  SINCE JAN 1    896                       685    211      607
..................................................................


WIND (MPH)
  RESULTANT WIND SPEED   2   RESULTANT WIND DIRECTION   E (70)
  HIGHEST WIND SPEED    10   HIGHEST WIND DIRECTION    SE (140)
  HIGHEST GUST SPEED    13   HIGHEST GUST DIRECTION     E (80)
  AVERAGE WIND SPEED     2.6



WEATHER CONDITIONS
 THE FOLLOWING WEATHER WAS RECORDED YESTERDAY.
  THUNDERSTORM
  LIGHT RAIN
  FOG


..........................................................


THE CHICAGO EXECUTIVE CLIMATE NORMALS FOR TODAY
                         NORMAL    RECORD    YEAR
 MAXIMUM TEMPERATURE (F)   80        96      2013
 MINIMUM TEMPERATURE (F)   61        49      2009


SUNRISE AND SUNSET
AUGUST 30 2016........SUNRISE   615 AM CDT   SUNSET   728 PM CDT
AUGUST 31 2016........SUNRISE   617 AM CDT   SUNSET   726 PM CDT


-  INDICATES NEGATIVE NUMBERS.
R  INDICATES RECORD WAS SET OR TIED.
MM INDICATES DATA IS MISSING.
T  INDICATES TRACE AMOUNT.




$$
