000
CDUS43 KLOT 180632
CLIPWK


CLIMATE REPORT
NATIONAL WEATHER SERVICE CHICAGO IL
131 AM CDT FRI APR 18 2014


...................................

...THE CHICAGO EXECUTIVE CLIMATE SUMMARY FOR APRIL 17 2014...

CLIMATE NORMAL PERIOD 1981 TO 2010
CLIMATE RECORD PERIOD 1996 TO 2014


WEATHER ITEM   OBSERVED TIME   RECORD YEAR NORMAL DEPARTURE LAST
                VALUE   (LST)  VALUE       VALUE  FROM      YEAR
                                                  NORMAL
..................................................................
TEMPERATURE (F)
 YESTERDAY
  MAXIMUM         62    313 PM  85    2002  58      4       47
  MINIMUM         42    158 AM  28    2001  38      4       41
  AVERAGE         52                        48      4       44

PRECIPITATION (IN)
  YESTERDAY        0.00          0.13 2004   0.11  -0.11    MM
  MONTH TO DATE    1.37                      1.38  -0.01     0.67
  SINCE MAR 1      1.92                      3.63  -1.71     1.49
  SINCE JAN 1      4.05                      6.21  -2.16     6.45

DEGREE DAYS
 HEATING
  YESTERDAY       13                        17     -4       21
  MONTH TO DATE  326                       334     -8      365
  SINCE MAR 1   1373                      1187    186     1390
  SINCE JUL 1   6732                      5925    807     5897

 COOLING
  YESTERDAY        0                         0      0        0
  MONTH TO DATE    0                         0      0        0
  SINCE MAR 1      0                         0      0        0
  SINCE JAN 1      0                         0      0        0
..................................................................


WIND (MPH)
  RESULTANT WIND SPEED   8   RESULTANT WIND DIRECTION   S (200)
  HIGHEST WIND SPEED    20   HIGHEST WIND DIRECTION     S (200)
  HIGHEST GUST SPEED    27   HIGHEST GUST DIRECTION     S (190)
  AVERAGE WIND SPEED    10.7



WEATHER CONDITIONS
 THE FOLLOWING WEATHER WAS RECORDED YESTERDAY.
  NO SIGNIFICANT WEATHER WAS OBSERVED.


..........................................................


THE CHICAGO EXECUTIVE CLIMATE NORMALS FOR TODAY
                         NORMAL    RECORD    YEAR
 MAXIMUM TEMPERATURE (F)   59        88      2002
 MINIMUM TEMPERATURE (F)   38        26      2001
                                             1997


SUNRISE AND SUNSET
APRIL 18 2014.........SUNRISE   606 AM CDT   SUNSET   736 PM CDT
APRIL 19 2014.........SUNRISE   605 AM CDT   SUNSET   737 PM CDT


-  INDICATES NEGATIVE NUMBERS.
R  INDICATES RECORD WAS SET OR TIED.
MM INDICATES DATA IS MISSING.
T  INDICATES TRACE AMOUNT.




$$
