000
CDUS41 KGYX 190801
CLIPWM


CLIMATE REPORT
NATIONAL WEATHER SERVICE GRAY ME
400 AM EDT SAT APR 19 2014


...................................

...THE PORTLAND ME CLIMATE SUMMARY FOR APRIL 18 2014...

CLIMATE NORMAL PERIOD 1981 TO 2010
CLIMATE RECORD PERIOD 1941 TO 2014


WEATHER ITEM   OBSERVED TIME   RECORD YEAR NORMAL DEPARTURE LAST
                VALUE   (LST)  VALUE       VALUE  FROM      YEAR
                                                  NORMAL
..................................................................
TEMPERATURE (F)
 YESTERDAY
  MAXIMUM         42    159 PM  76    1964  54    -12       49
  MINIMUM         24    442 AM  21    1962  36    -12       32
                                      2003
  AVERAGE         33                        45    -12       41

PRECIPITATION (IN)
  YESTERDAY        0.00          2.69 1997   0.14  -0.14     0.00
  MONTH TO DATE    2.32                      2.63  -0.31     1.85
  SINCE MAR 1      6.63                      6.87  -0.24     3.54
  SINCE JAN 1     14.95                     13.50   1.45    10.97

SNOWFALL (IN)
  YESTERDAY        0.0           5.8  1967   0.1   -0.1      0.0
  MONTH TO DATE    1.2                       2.4   -1.2      0.2
  SINCE MAR 1      4.9                      15.1  -10.2     13.4
  SINCE JUL 1     83.4                      61.5   21.9     98.0
  SNOW DEPTH       0

DEGREE DAYS
 HEATING
  YESTERDAY       32                        20     12       24
  MONTH TO DATE  416                       415      1      404
  SINCE MAR 1   1586                      1391    195     1332
  SINCE JUL 1   6825                      6433    392     5931

 COOLING
  YESTERDAY        0                         0      0        0
  MONTH TO DATE    0                         0      0        0
  SINCE MAR 1      0                         0      0        0
  SINCE JAN 1      0                         0      0        0
..................................................................


WIND (MPH)
  RESULTANT WIND SPEED   3   RESULTANT WIND DIRECTION   E (110)
  HIGHEST WIND SPEED    14   HIGHEST WIND DIRECTION     E (80)
  HIGHEST GUST SPEED    19   HIGHEST GUST DIRECTION     E (80)
  AVERAGE WIND SPEED     6.3


SKY COVER
  AVERAGE SKY COVER 0.6


WEATHER CONDITIONS
 THE FOLLOWING WEATHER WAS RECORDED YESTERDAY.
  NO SIGNIFICANT WEATHER WAS OBSERVED.


RELATIVE HUMIDITY (PERCENT)
 HIGHEST    88           500 AM
 LOWEST     60          1100 AM
 AVERAGE    74

..........................................................


THE PORTLAND ME CLIMATE NORMALS FOR TODAY
                         NORMAL    RECORD    YEAR
 MAXIMUM TEMPERATURE (F)   55        75      1973
 MINIMUM TEMPERATURE (F)   36        24      1962


SUNRISE AND SUNSET
APRIL 19 2014.........SUNRISE   552 AM EDT   SUNSET   729 PM EDT
APRIL 20 2014.........SUNRISE   550 AM EDT   SUNSET   731 PM EDT


-  INDICATES NEGATIVE NUMBERS.
R  INDICATES RECORD WAS SET OR TIED.
MM INDICATES DATA IS MISSING.
T  INDICATES TRACE AMOUNT.




$$
