000
CDUS41 KGYX 200909
CLIPWM


CLIMATE REPORT
NATIONAL WEATHER SERVICE GRAY ME
408 AM EST TUE FEB 20 2018


...................................

...THE PORTLAND ME CLIMATE SUMMARY FOR FEBRUARY 19 2018...

CLIMATE NORMAL PERIOD 1981 TO 2010
CLIMATE RECORD PERIOD 1941 TO 2018


WEATHER ITEM   OBSERVED TIME   RECORD YEAR NORMAL DEPARTURE LAST
                VALUE   (LST)  VALUE       VALUE  FROM      YEAR
                                                  NORMAL
..................................................................
TEMPERATURE (F)
 YESTERDAY
  MAXIMUM         42    828 PM  57    1954  36      6       55
  MINIMUM         16    639 AM -10    1979  17     -1       28
  AVERAGE         29                        26      3       42

PRECIPITATION (IN)
  YESTERDAY        0.01          2.75 1960   0.12  -0.11     0.00
  MONTH TO DATE    3.62                      2.14   1.48     4.13
  SINCE DEC 1     10.37                      9.54   0.83    13.09
  SINCE JAN 1      6.91                      5.52   1.39     7.78

SNOWFALL (IN)
  YESTERDAY        0.0          15.3  1960   0.4   -0.4      0.0
  MONTH TO DATE   16.2                       8.3    7.9     39.7
  SINCE DEC 1     56.4                      40.7   15.7     65.7
  SINCE JUL 1     56.5                      42.6   13.9     66.2
  SNOW DEPTH       4

DEGREE DAYS
 HEATING
  YESTERDAY       36                        39     -3       23
  MONTH TO DATE  703                       771    -68      763
  SINCE DEC 1   3313                      3216     97     2981
  SINCE JUL 1   4478                      4707   -229     4233

 COOLING
  YESTERDAY        0                         0      0        0
  MONTH TO DATE    0                         0      0        0
  SINCE DEC 1      0                         0      0        0
  SINCE JAN 1      0                         0      0        0
..................................................................


WIND (MPH)
  RESULTANT WIND SPEED   7   RESULTANT WIND DIRECTION   S (190)
  HIGHEST WIND SPEED    25   HIGHEST WIND DIRECTION     S (170)
  HIGHEST GUST SPEED    32   HIGHEST GUST DIRECTION     S (170)
  AVERAGE WIND SPEED     7.1


SKY COVER
  AVERAGE SKY COVER 0.6


WEATHER CONDITIONS
 THE FOLLOWING WEATHER WAS RECORDED YESTERDAY.
  LIGHT RAIN


RELATIVE HUMIDITY (PERCENT)
 HIGHEST   100           300 AM
 LOWEST     54          1100 AM
 AVERAGE    77

..........................................................


THE PORTLAND ME CLIMATE NORMALS FOR TODAY
                         NORMAL    RECORD    YEAR
 MAXIMUM TEMPERATURE (F)   36        61      1994
 MINIMUM TEMPERATURE (F)   18       -12      1966


SUNRISE AND SUNSET
FEBRUARY 20 2018......SUNRISE   632 AM EST   SUNSET   518 PM EST
FEBRUARY 21 2018......SUNRISE   631 AM EST   SUNSET   520 PM EST


-  INDICATES NEGATIVE NUMBERS.
R  INDICATES RECORD WAS SET OR TIED.
MM INDICATES DATA IS MISSING.
T  INDICATES TRACE AMOUNT.




$$
