525
CDUS46 KSGX 221149
CLIRAL


CLIMATE REPORT
NATIONAL WEATHER SERVICE SAN DIEGO, CA
449 AM PDT SUN OCT 22 2017


...................................

...THE RIVERSIDE MUNI AIRPORT CA CLIMATE SUMMARY FOR OCTOBER 21 2017...

CLIMATE NORMAL PERIOD 1981 TO 2010
CLIMATE RECORD PERIOD 1893 TO 2017


WEATHER ITEM   OBSERVED TIME   RECORD YEAR NORMAL DEPARTURE LAST
                VALUE   (LST)  VALUE       VALUE  FROM      YEAR
                                                  NORMAL
..................................................................
TEMPERATURE (F)
 YESTERDAY
  MAXIMUM         85    239 PM 103    2003  81      4       96
  MINIMUM         53    625 AM  32    1949  54     -1       58
  AVERAGE         69                        67      2       77

PRECIPITATION (IN)
  YESTERDAY        0.00          0.25 1957   0.01  -0.01     0.00
  MONTH TO DATE    T                         0.14  -0.14     0.03
  SINCE OCT 1      T                         0.14  -0.14     0.03
  SINCE JAN 1      8.46                      9.73  -1.27     4.31

DEGREE DAYS
 HEATING
  YESTERDAY        0                         1     -1        0
  MONTH TO DATE    0                        11    -11        0
  SINCE SEP 1      1                        13    -12        0
  SINCE JUL 1      1                        13    -12        0

 COOLING
  YESTERDAY        4                         3      1       12
  MONTH TO DATE  157                       111     46      145
  SINCE SEP 1    504                       445     59      495
  SINCE JAN 1   2152                      1703    449     2164
..................................................................


WIND (MPH)
  RESULTANT WIND SPEED   2   RESULTANT WIND DIRECTION  NE (30)
  HIGHEST WIND SPEED    15   HIGHEST WIND DIRECTION     N (360)
  HIGHEST GUST SPEED    23   HIGHEST GUST DIRECTION     N (360)
  AVERAGE WIND SPEED     4.0


SKY COVER
  POSSIBLE SUNSHINE  MM
  AVERAGE SKY COVER 0.0


WEATHER CONDITIONS
 THE FOLLOWING WEATHER WAS RECORDED YESTERDAY.
  NO SIGNIFICANT WEATHER WAS OBSERVED.


RELATIVE HUMIDITY (PERCENT)
 HIGHEST    93           700 AM
 LOWEST     12           300 PM
 AVERAGE    53

..........................................................


THE RIVERSIDE MUNI AIRPORT CA CLIMATE NORMALS FOR TODAY
                         NORMAL    RECORD    YEAR
 MAXIMUM TEMPERATURE (F)   80       103      1917
 MINIMUM TEMPERATURE (F)   53        34      1949


SUNRISE AND SUNSET
OCTOBER 22 2017.......SUNRISE   701 AM PDT   SUNSET   607 PM PDT
OCTOBER 23 2017.......SUNRISE   702 AM PDT   SUNSET   606 PM PDT


-  INDICATES NEGATIVE NUMBERS.
R  INDICATES RECORD WAS SET OR TIED.
MM INDICATES DATA IS MISSING.
T  INDICATES TRACE AMOUNT.




$$
