000
CDUS46 KSGX 251421
CLIRAL


CLIMATE REPORT
NATIONAL WEATHER SERVICE SAN DIEGO, CA
721 AM PDT SAT MAR 25 2017


...................................

...THE RIVERSIDE MUNI AIRPORT CA CLIMATE SUMMARY FOR MARCH 24 2017...

CLIMATE NORMAL PERIOD 1981 TO 2010
CLIMATE RECORD PERIOD 1893 TO 2017


WEATHER ITEM   OBSERVED TIME   RECORD YEAR NORMAL DEPARTURE LAST
                VALUE   (LST)  VALUE       VALUE  FROM      YEAR
                                                  NORMAL
..................................................................
TEMPERATURE (F)
 YESTERDAY
  MAXIMUM         73    228 PM  94    1988  72      1       84
  MINIMUM         44    427 AM  30    1916  47     -3       48
  AVERAGE         59                        60     -1       66

PRECIPITATION (IN)
  YESTERDAY        0.00          1.13 1903   0.03  -0.03     0.00
  MONTH TO DATE    0.16                      1.82  -1.66     0.69
  SINCE OCT 1     13.09                     10.61   2.48     4.69
  SINCE JAN 1      7.83                      7.80   0.03     3.52

DEGREE DAYS
 HEATING
  YESTERDAY        6                         6      0        0
  MONTH TO DATE   79                       168    -89       72
  SINCE MAR 1     79                       168    -89       72
  SINCE JUL 1   1043                      1276   -233      949

 COOLING
  YESTERDAY        0                         0      0        1
  MONTH TO DATE   55                         4     51       24
  SINCE MAR 1     55                         4     51       24
  SINCE JAN 1     55                        13     42      100
..................................................................


WIND (MPH)
  RESULTANT WIND SPEED   2   RESULTANT WIND DIRECTION   W (290)
  HIGHEST WIND SPEED    17   HIGHEST WIND DIRECTION     W (260)
  HIGHEST GUST SPEED    23   HIGHEST GUST DIRECTION     W (270)
  AVERAGE WIND SPEED     4.7


SKY COVER
  POSSIBLE SUNSHINE  MM
  AVERAGE SKY COVER 0.1


WEATHER CONDITIONS
 THE FOLLOWING WEATHER WAS RECORDED YESTERDAY.
  NO SIGNIFICANT WEATHER WAS OBSERVED.


RELATIVE HUMIDITY (PERCENT)
 HIGHEST    92           500 AM
 LOWEST     31           200 PM
 AVERAGE    62

..........................................................


THE RIVERSIDE MUNI AIRPORT CA CLIMATE NORMALS FOR TODAY
                         NORMAL    RECORD    YEAR
 MAXIMUM TEMPERATURE (F)   72        96      1988
 MINIMUM TEMPERATURE (F)   47        29      1913


SUNRISE AND SUNSET
MARCH 25 2017.........SUNRISE   646 AM PDT   SUNSET   706 PM PDT
MARCH 26 2017.........SUNRISE   645 AM PDT   SUNSET   706 PM PDT


-  INDICATES NEGATIVE NUMBERS.
R  INDICATES RECORD WAS SET OR TIED.
MM INDICATES DATA IS MISSING.
T  INDICATES TRACE AMOUNT.




$$
