000
CDUS46 KSGX 311426
CLIRAL


CLIMATE REPORT
NATIONAL WEATHER SERVICE SAN DIEGO, CA
726 AM PDT FRI OCT 31 2014


...................................

...THE RIVERSIDE MUNI AIRPORT CA CLIMATE SUMMARY FOR OCTOBER 30 2014...

CLIMATE NORMAL PERIOD 1981 TO 2010
CLIMATE RECORD PERIOD 1893 TO 2014


WEATHER ITEM   OBSERVED TIME   RECORD YEAR NORMAL DEPARTURE LAST
                VALUE   (LST)  VALUE       VALUE  FROM      YEAR
                                                  NORMAL
..................................................................
TEMPERATURE (F)
 YESTERDAY
  MAXIMUM         85    202 PM  97    1966  79      6       72
  MINIMUM         55    604 AM  30    1971  51      4       48
  AVERAGE         70                        65      5       60

PRECIPITATION (IN)
  YESTERDAY        0.00          1.25 1936   0.01  -0.01     0.00
  MONTH TO DATE    0.00                      0.26  -0.26     0.31
  SINCE JUL 1      0.37                      0.66  -0.29     0.47
  SINCE JAN 1      2.09                      9.85  -7.76     2.68

SNOWFALL (IN)
  YESTERDAY        0.0
  MONTH TO DATE    0.0
  SINCE JAN 1      0.0
  SINCE JUL 1      0.0
  SNOW DEPTH       0

DEGREE DAYS
 HEATING
  YESTERDAY        0                         3     -3        5
  MONTH TO DATE    0                        29    -29       39
  SINCE SEP 1      0                        31    -31       39
  SINCE JUL 1      0                        31    -31       39

 COOLING
  YESTERDAY        5                         2      3        0
  MONTH TO DATE  252                       136    116       94
  SINCE SEP 1    704                       470    234      487
  SINCE JAN 1   2295                      1728    567     1956
..................................................................


WIND (MPH)
  RESULTANT WIND SPEED   1   RESULTANT WIND DIRECTION   W (290)
  HIGHEST WIND SPEED    16   HIGHEST WIND DIRECTION     W (260)
  HIGHEST GUST SPEED    21   HIGHEST GUST DIRECTION     W (250)
  AVERAGE WIND SPEED     4.1


SKY COVER
  POSSIBLE SUNSHINE  MM
  AVERAGE SKY COVER 0.3


WEATHER CONDITIONS
 THE FOLLOWING WEATHER WAS RECORDED YESTERDAY.
  NO SIGNIFICANT WEATHER WAS OBSERVED.


RELATIVE HUMIDITY (PERCENT)
 HIGHEST    84          1000 PM
 LOWEST     20           200 PM
 AVERAGE    52

..........................................................


THE RIVERSIDE MUNI AIRPORT CA CLIMATE NORMALS FOR TODAY
                         NORMAL    RECORD    YEAR
 MAXIMUM TEMPERATURE (F)   78       100      1918
 MINIMUM TEMPERATURE (F)   51        31      1971
                                             1935


SUNRISE AND SUNSET
OCTOBER 31 2014.......SUNRISE   708 AM PDT   SUNSET   558 PM PDT
NOVEMBER  1 2014......SUNRISE   709 AM PDT   SUNSET   557 PM PDT


-  INDICATES NEGATIVE NUMBERS.
R  INDICATES RECORD WAS SET OR TIED.
MM INDICATES DATA IS MISSING.
T  INDICATES TRACE AMOUNT.




$$
