000
CDUS43 KUNR 200833
CLIRAP


CLIMATE REPORT
NATIONAL WEATHER SERVICE RAPID CITY SD
232 AM MDT MON OCT 20 2014


...................................

...THE RAPID CITY AIRPORT SD CLIMATE SUMMARY FOR OCTOBER 19 2014...

CLIMATE NORMAL PERIOD 1981 TO 2010
CLIMATE RECORD PERIOD 1942 TO 2014


WEATHER ITEM   OBSERVED TIME   RECORD YEAR NORMAL DEPARTURE LAST
                VALUE   (LST)  VALUE       VALUE  FROM      YEAR
                                                  NORMAL
..................................................................
TEMPERATURE (F)
 YESTERDAY
  MAXIMUM         74    128 PM  89    1947  60     14       63
  MINIMUM         39   1130 PM  15    1976  33      6       33
  AVERAGE         57                        47     10       48

PRECIPITATION (IN)
  YESTERDAY        0.00          0.50 1996   0.05  -0.05     0.00
  MONTH TO DATE    0.54                      0.98  -0.44     5.32
  SINCE SEP 1      3.71                      2.27   1.44     6.50
  SINCE JAN 1     20.31                     14.90   5.41    20.56

SNOWFALL (IN)
  YESTERDAY        0.0                       0.0    0.0      0.0
  MONTH TO DATE    0.0                       0.5   -0.5     19.6
  SINCE SEP 1      T                         0.7   -0.7     19.6
  SINCE JUL 1      T                         0.7   -0.7     19.6
  SNOW DEPTH       0

DEGREE DAYS
 HEATING
  YESTERDAY        8                        18    -10       17
  MONTH TO DATE  254                       286    -32      401
  SINCE SEP 1    459                       473    -14      503
  SINCE JUL 1    495                       510    -15      508

 COOLING
  YESTERDAY        0                         0      0        0
  MONTH TO DATE    0                         0      0        0
  SINCE SEP 1     61                        61      0      133
  SINCE JAN 1    424                       633   -209      724
..................................................................


WIND (MPH)
  HIGHEST WIND SPEED    14   HIGHEST WIND DIRECTION     N (10)
  HIGHEST GUST SPEED    17   HIGHEST GUST DIRECTION     N (10)
  AVERAGE WIND SPEED     6.9


SKY COVER
  AVERAGE SKY COVER 0.0


WEATHER CONDITIONS
 THE FOLLOWING WEATHER WAS RECORDED YESTERDAY.
  NO SIGNIFICANT WEATHER WAS OBSERVED.


RELATIVE HUMIDITY (PERCENT)
 HIGHEST    82          1000 PM
 LOWEST     29           100 PM
 AVERAGE    56

..........................................................


THE RAPID CITY AIRPORT SD CLIMATE NORMALS FOR TODAY
                         NORMAL    RECORD    YEAR
 MAXIMUM TEMPERATURE (F)   60        88      1947
 MINIMUM TEMPERATURE (F)   33        19      1987
                                             1984


SUNRISE AND SUNSET
OCTOBER 20 2014.......SUNRISE   713 AM MDT   SUNSET   600 PM MDT
OCTOBER 21 2014.......SUNRISE   715 AM MDT   SUNSET   559 PM MDT


-  INDICATES NEGATIVE NUMBERS.
R  INDICATES RECORD WAS SET OR TIED.
MM INDICATES DATA IS MISSING.
T  INDICATES TRACE AMOUNT.




$$
