370
CDUS43 KUNR 170035
CLIRAP


CLIMATE REPORT
NATIONAL WEATHER SERVICE RAPID CITY SD
635 PM MDT WED AUG 16 2017


...................................

...THE RAPID CITY AIRPORT SD CLIMATE SUMMARY FOR AUGUST 16 2017...
VALID TODAY AS OF 0500 PM LOCAL TIME.

CLIMATE NORMAL PERIOD 1981 TO 2010
CLIMATE RECORD PERIOD 1942 TO 2017


WEATHER ITEM   OBSERVED TIME   RECORD YEAR NORMAL DEPARTURE LAST
                VALUE   (LST)  VALUE       VALUE  FROM      YEAR
                                                  NORMAL
..................................................................
TEMPERATURE (F)
 TODAY
  MAXIMUM         81    245 PM 101    2002  87     -6       85
                                      1995
                                      1973
  MINIMUM         58    258 AM  45    1968  57      1       58
  AVERAGE         70                        72     -2       72

PRECIPITATION (IN)
  TODAY            0.00          0.37 1994   0.05  -0.05     0.00
  MONTH TO DATE    2.00                      0.92   1.08     1.08
  SINCE JUN 1      4.82                      5.30  -0.48     5.13
  SINCE JAN 1      9.09                     11.99  -2.90     9.77

SNOWFALL (IN)
  TODAY            0.0           0.0    MM   0.0    0.0      0.0
  MONTH TO DATE    0.0                       0.0    0.0      0.0
  SINCE JUN 1      0.0                       0.0    0.0      0.0
  SINCE JUL 1      0.0                       0.0    0.0      0.0
  SNOW DEPTH       0

DEGREE DAYS
 HEATING
  TODAY            0                         0      0        0
  MONTH TO DATE    7                         0      7        0
  SINCE JUN 1     40                       114    -74       13
  SINCE JUL 1      7                        15     -8        3

 COOLING
  TODAY            5                         7     -2        7
  MONTH TO DATE   38                       135    -97      119
  SINCE JUN 1    523                       469     54      560
  SINCE JAN 1    535                       484     51      560
..................................................................


WIND (MPH)
  HIGHEST WIND SPEED    22   HIGHEST WIND DIRECTION     N (350)
  HIGHEST GUST SPEED    26   HIGHEST GUST DIRECTION     N (360)
  AVERAGE WIND SPEED    11.8


SKY COVER
  AVERAGE SKY COVER 0.4


WEATHER CONDITIONS
 THE FOLLOWING WEATHER WAS RECORDED TODAY.
  NO SIGNIFICANT WEATHER WAS OBSERVED.


RELATIVE HUMIDITY (PERCENT)
 HIGHEST    93           300 AM
 LOWEST     28           400 PM
 AVERAGE    61

..........................................................


THE RAPID CITY AIRPORT SD CLIMATE NORMALS FOR TOMORROW
                         NORMAL    RECORD    YEAR
 MAXIMUM TEMPERATURE (F)   87       102      1995
                                             1970
 MINIMUM TEMPERATURE (F)   57        39      2002


SUNRISE AND SUNSET
AUGUST 16 2017........SUNRISE   557 AM MDT   SUNSET   755 PM MDT
AUGUST 17 2017........SUNRISE   559 AM MDT   SUNSET   753 PM MDT


-  INDICATES NEGATIVE NUMBERS.
R  INDICATES RECORD WAS SET OR TIED.
MM INDICATES DATA IS MISSING.
T  INDICATES TRACE AMOUNT.




$$
