000
CDUS43 KUNR 281832
CLIRAP


CLIMATE REPORT
NATIONAL WEATHER SERVICE RAPID CITY SD
1232 PM MDT SAT MAR 28 2015


...................................

...THE RAPID CITY AIRPORT SD CLIMATE SUMMARY FOR MARCH 28 2015...
VALID AS OF 1100 AM LOCAL TIME.

CLIMATE NORMAL PERIOD 1981 TO 2010
CLIMATE RECORD PERIOD 1942 TO 2015


WEATHER ITEM   OBSERVED TIME   RECORD YEAR NORMAL DEPARTURE LAST
                VALUE   (LST)  VALUE       VALUE  FROM      YEAR
                                                  NORMAL
..................................................................
TEMPERATURE (F)
 TODAY
  MAXIMUM         74   1059 AM  80    1963  52     22       33
  MINIMUM         32    444 AM   4    1944  26      6       22
  AVERAGE         53                        39     14       28

PRECIPITATION (IN)
  TODAY            0.00          0.55 1993   0.04  -0.04     0.05
  MONTH TO DATE    0.10                      0.82  -0.72     0.93
  SINCE MAR 1      0.10                      0.82  -0.72     0.93
  SINCE JAN 1      0.53                      1.56  -1.03     1.42

SNOWFALL (IN)
  TODAY            0.0           4.1  1977   0.2   -0.2      1.0
  MONTH TO DATE    1.2                       7.8   -6.6     12.5
  SINCE MAR 1      1.2                       7.8   -6.6     12.5
  SINCE JUL 1     36.2                      31.2    5.0     55.5
  SNOW DEPTH       0

DEGREE DAYS
 HEATING
  TODAY           12                        26    -14       37
  MONTH TO DATE  673                       841   -168      942
  SINCE MAR 1    673                       841   -168      942
  SINCE JUL 1   5781                      6051   -270     6575

 COOLING
  TODAY            0                         0      0        0
  MONTH TO DATE    0                         0      0        0
  SINCE MAR 1      0                         0      0        0
  SINCE JAN 1      0                         0      0        0
..................................................................


WIND (MPH)
  HIGHEST WIND SPEED    20   HIGHEST WIND DIRECTION     S (170)
  HIGHEST GUST SPEED    23   HIGHEST GUST DIRECTION     S (160)
  AVERAGE WIND SPEED     5.8


SKY COVER
  AVERAGE SKY COVER 0.0


WEATHER CONDITIONS
 THE FOLLOWING WEATHER WAS RECORDED TODAY.
  NO SIGNIFICANT WEATHER WAS OBSERVED.


RELATIVE HUMIDITY (PERCENT)
 HIGHEST    82           200 AM
 LOWEST     25          1100 AM
 AVERAGE    54

..........................................................


THE RAPID CITY AIRPORT SD CLIMATE NORMALS FOR TOMORROW
                         NORMAL    RECORD    YEAR
 MAXIMUM TEMPERATURE (F)   52        82      1943
 MINIMUM TEMPERATURE (F)   27         4      1975


SUNRISE AND SUNSET
MARCH 28 2015.........SUNRISE   641 AM MDT   SUNSET   714 PM MDT
MARCH 29 2015.........SUNRISE   639 AM MDT   SUNSET   715 PM MDT


-  INDICATES NEGATIVE NUMBERS.
R  INDICATES RECORD WAS SET OR TIED.
MM INDICATES DATA IS MISSING.
T  INDICATES TRACE AMOUNT.




$$
