000
CDUS43 KUNR 310839
CLIRAP


CLIMATE REPORT
NATIONAL WEATHER SERVICE RAPID CITY SD
238 AM MDT MON AUG 31 2015


...................................

...THE RAPID CITY AIRPORT SD CLIMATE SUMMARY FOR AUGUST 30 2015...

CLIMATE NORMAL PERIOD 1981 TO 2010
CLIMATE RECORD PERIOD 1942 TO 2015


WEATHER ITEM   OBSERVED TIME   RECORD YEAR NORMAL DEPARTURE LAST
                VALUE   (LST)  VALUE       VALUE  FROM      YEAR
                                                  NORMAL
..................................................................
TEMPERATURE (F)
 YESTERDAY
  MAXIMUM         99    202 PM 102    1948  83     16       89
  MINIMUM         60    548 AM  38    1992  53      7       50
  AVERAGE         80                        68     12       70

PRECIPITATION (IN)
  YESTERDAY        T             0.50 1963   0.05  -0.05     0.02
  MONTH TO DATE    3.41                      1.52   1.89     3.14
  SINCE JUN 1     14.54                      5.90   8.64    10.33
  SINCE JAN 1     22.59                     12.59  10.00    15.72

SNOWFALL (IN)
  YESTERDAY        0.0           0.0    MM   0.0    0.0      0.0
  MONTH TO DATE    0.0                       0.0    0.0      0.0
  SINCE JUN 1      0.0                       0.0    0.0      0.0
  SINCE JUL 1      0.0                       0.0    0.0      0.0
  SNOW DEPTH       0

DEGREE DAYS
 HEATING
  YESTERDAY        0                         2     -2        0
  MONTH TO DATE   44                        16     28       11
  SINCE JUN 1     72                       130    -58      161
  SINCE JUL 1     45                        31     14       33

 COOLING
  YESTERDAY       15                         5     10        5
  MONTH TO DATE  198                       220    -22      154
  SINCE JUN 1    487                       554    -67      343
  SINCE JAN 1    487                       569    -82      363
..................................................................


WIND (MPH)
  HIGHEST WIND SPEED    43   HIGHEST WIND DIRECTION     S (200)
  HIGHEST GUST SPEED    52   HIGHEST GUST DIRECTION     S (190)
  AVERAGE WIND SPEED     9.7


SKY COVER
  AVERAGE SKY COVER 0.0


WEATHER CONDITIONS
 THE FOLLOWING WEATHER WAS RECORDED YESTERDAY.
  THUNDERSTORM
  LIGHT RAIN
  HAZE


RELATIVE HUMIDITY (PERCENT)
 HIGHEST    70           900 PM
 LOWEST     21           200 PM
 AVERAGE    46

..........................................................


THE RAPID CITY AIRPORT SD CLIMATE NORMALS FOR TODAY
                         NORMAL    RECORD    YEAR
 MAXIMUM TEMPERATURE (F)   83       103      1954
 MINIMUM TEMPERATURE (F)   53        41      1993


SUNRISE AND SUNSET
AUGUST 31 2015........SUNRISE   614 AM MDT   SUNSET   730 PM MDT
SEPTEMBER  1 2015.....SUNRISE   615 AM MDT   SUNSET   729 PM MDT


-  INDICATES NEGATIVE NUMBERS.
R  INDICATES RECORD WAS SET OR TIED.
MM INDICATES DATA IS MISSING.
T  INDICATES TRACE AMOUNT.




$$
