000
CDUS43 KUNR 250836
CLIRAP


CLIMATE REPORT
NATIONAL WEATHER SERVICE RAPID CITY SD
232 AM MDT FRI JUL 25 2014


...................................

...THE RAPID CITY AIRPORT SD CLIMATE SUMMARY FOR JULY 24 2014...

CLIMATE NORMAL PERIOD 1981 TO 2010
CLIMATE RECORD PERIOD 1942 TO 2014


WEATHER ITEM   OBSERVED TIME   RECORD YEAR NORMAL DEPARTURE LAST
                VALUE   (LST)  VALUE       VALUE  FROM      YEAR
                                                  NORMAL
..................................................................
TEMPERATURE (F)
 YESTERDAY
  MAXIMUM         93    414 PM 109    2003  88      5       89
  MINIMUM         64    319 AM  51    2010  59      5       57
                                      1996
  AVERAGE         79                        74      5       73

PRECIPITATION (IN)
  YESTERDAY        0.00          0.80 1977   0.06  -0.06     0.00
  MONTH TO DATE    1.93                      1.38   0.55     1.61
  SINCE JUN 1      7.18                      3.91   3.27     3.77
  SINCE JAN 1     12.57                     10.60   1.97    11.39

SNOWFALL (IN)
  YESTERDAY        0.0                       0.0    0.0      0.0
  MONTH TO DATE    0.0                       0.0    0.0      0.0
  SINCE JUN 1      0.0                       0.0    0.0      0.0
  SINCE JUL 1      0.0                       0.0    0.0      0.0
  SNOW DEPTH       0

DEGREE DAYS
 HEATING
  YESTERDAY        0                         0      0        0
  MONTH TO DATE   19                        10      9        0
  SINCE JUN 1    147                       109     38       80
  SINCE JUL 1     19                        10      9        0

 COOLING
  YESTERDAY       14                         9      5        8
  MONTH TO DATE  144                       187    -43      240
  SINCE JUN 1    166                       271   -105      310
  SINCE JAN 1    186                       286   -100      318
..................................................................


WIND (MPH)
  HIGHEST WIND SPEED    23   HIGHEST WIND DIRECTION    NW (330)
  HIGHEST GUST SPEED    33   HIGHEST GUST DIRECTION     W (290)
  AVERAGE WIND SPEED     7.4


SKY COVER
  AVERAGE SKY COVER 0.0


WEATHER CONDITIONS
 THE FOLLOWING WEATHER WAS RECORDED YESTERDAY.
  NO SIGNIFICANT WEATHER WAS OBSERVED.


RELATIVE HUMIDITY (PERCENT)
 HIGHEST    93           300 AM
 LOWEST     40           900 PM
 AVERAGE    67

..........................................................


THE RAPID CITY AIRPORT SD CLIMATE NORMALS FOR TODAY
                         NORMAL    RECORD    YEAR
 MAXIMUM TEMPERATURE (F)   89       105      1987
 MINIMUM TEMPERATURE (F)   59        47      1996
                                             1971


SUNRISE AND SUNSET
JULY 25 2014..........SUNRISE   533 AM MDT   SUNSET   824 PM MDT
JULY 26 2014..........SUNRISE   534 AM MDT   SUNSET   823 PM MDT


-  INDICATES NEGATIVE NUMBERS.
R  INDICATES RECORD WAS SET OR TIED.
MM INDICATES DATA IS MISSING.
T  INDICATES TRACE AMOUNT.




$$
