000
CDUS43 KUNR 240037
CLIRAP


CLIMATE REPORT
NATIONAL WEATHER SERVICE RAPID CITY SD
537 PM MST SUN NOV 23 2014


...................................

...THE RAPID CITY AIRPORT SD CLIMATE SUMMARY FOR NOVEMBER 23 2014...
VALID TODAY AS OF 0500 PM LOCAL TIME.

CLIMATE NORMAL PERIOD 1981 TO 2010
CLIMATE RECORD PERIOD 1942 TO 2014


WEATHER ITEM   OBSERVED TIME   RECORD YEAR NORMAL DEPARTURE LAST
                VALUE   (LST)  VALUE       VALUE  FROM      YEAR
                                                  NORMAL
..................................................................
TEMPERATURE (F)
 TODAY
  MAXIMUM         43   1225 PM  69    2005  43      0       32
                                      1984
  MINIMUM         30    439 AM -14    1985  19     11        7
  AVERAGE         37                        31      6       20

PRECIPITATION (IN)
  TODAY            0.00          0.28 1959   0.02  -0.02     0.00
  MONTH TO DATE    0.62                      0.45   0.17     0.38
  SINCE SEP 1      4.33                      3.16   1.17     7.08
  SINCE JAN 1     20.93                     15.79   5.14    21.14

SNOWFALL (IN)
  TODAY            0.0           5.3  1993   0.2   -0.2      0.0
  MONTH TO DATE   12.5                       4.8    7.7      4.0
  SINCE SEP 1     12.5                       6.6    5.9     24.8
  SINCE JUL 1     12.5                       6.6    5.9     24.8
  SNOW DEPTH       0

DEGREE DAYS
 HEATING
  TODAY           28                        34     -6       45
  MONTH TO DATE  875                       662    213      706
  SINCE SEP 1   1511                      1387    124     1496
  SINCE JUL 1   1547                      1424    123     1501

 COOLING
  TODAY            0                         0      0        0
  MONTH TO DATE    0                         0      0        0
  SINCE SEP 1     61                        64     -3      133
  SINCE JAN 1    424                       636   -212      724
..................................................................


WIND (MPH)
  HIGHEST WIND SPEED    48   HIGHEST WIND DIRECTION    NW (320)
  HIGHEST GUST SPEED    60   HIGHEST GUST DIRECTION    NW (330)
  AVERAGE WIND SPEED    26.5


SKY COVER
  AVERAGE SKY COVER 0.2


WEATHER CONDITIONS
 THE FOLLOWING WEATHER WAS RECORDED TODAY.
  NO SIGNIFICANT WEATHER WAS OBSERVED.


RELATIVE HUMIDITY (PERCENT)
 HIGHEST    61           400 AM
 LOWEST     39          1000 AM
 AVERAGE    50

..........................................................


THE RAPID CITY AIRPORT SD CLIMATE NORMALS FOR TOMORROW
                         NORMAL    RECORD    YEAR
 MAXIMUM TEMPERATURE (F)   43        74      1990
 MINIMUM TEMPERATURE (F)   18       -10      2010


SUNRISE AND SUNSET
NOVEMBER 23 2014......SUNRISE   658 AM MST   SUNSET   419 PM MST
NOVEMBER 24 2014......SUNRISE   659 AM MST   SUNSET   419 PM MST


-  INDICATES NEGATIVE NUMBERS.
R  INDICATES RECORD WAS SET OR TIED.
MM INDICATES DATA IS MISSING.
T  INDICATES TRACE AMOUNT.




$$
