000
CDUS43 KUNR 280037
CLIRAP


CLIMATE REPORT
NATIONAL WEATHER SERVICE RAPID CITY SD
637 PM MDT SAT AUG 27 2016


...................................

...THE RAPID CITY AIRPORT SD CLIMATE SUMMARY FOR AUGUST 27 2016...
VALID TODAY AS OF 0500 PM LOCAL TIME.

CLIMATE NORMAL PERIOD 1981 TO 2010
CLIMATE RECORD PERIOD 1942 TO 2016


WEATHER ITEM   OBSERVED TIME   RECORD YEAR NORMAL DEPARTURE LAST
                VALUE   (LST)  VALUE       VALUE  FROM      YEAR
                                                  NORMAL
..................................................................
TEMPERATURE (F)
 TODAY
  MAXIMUM         85    325 PM 103    1991  84      1       82
  MINIMUM         51    435 AM  42    1992  54     -3       59
  AVERAGE         68                        69     -1       71

PRECIPITATION (IN)
  TODAY            0.01          0.88 2006   0.04  -0.03      T
  MONTH TO DATE    2.28                      1.39   0.89     3.41
  SINCE JUN 1      6.33                      5.77   0.56    14.54
  SINCE JAN 1     10.97                     12.46  -1.49    22.59

SNOWFALL (IN)
  TODAY            0.0           0.0    MM   0.0    0.0      0.0
  MONTH TO DATE    0.0                       0.0    0.0      0.0
  SINCE JUN 1      0.0                       0.0    0.0      0.0
  SINCE JUL 1      0.0                       0.0    0.0      0.0
  SNOW DEPTH       0

DEGREE DAYS
 HEATING
  TODAY            0                         1     -1        0
  MONTH TO DATE   29                        11     18       44
  SINCE JUN 1     42                       125    -83       72
  SINCE JUL 1     32                        26      6       45

 COOLING
  TODAY            3                         5     -2        6
  MONTH TO DATE  152                       205    -53      168
  SINCE JUN 1    593                       539     54      457
  SINCE JAN 1    593                       554     39      457
..................................................................


WIND (MPH)
  HIGHEST WIND SPEED    21   HIGHEST WIND DIRECTION    SW (210)
  HIGHEST GUST SPEED    26   HIGHEST GUST DIRECTION    SW (210)
  AVERAGE WIND SPEED    11.4


SKY COVER
  AVERAGE SKY COVER 0.0


WEATHER CONDITIONS
 THE FOLLOWING WEATHER WAS RECORDED TODAY.
  LIGHT RAIN


RELATIVE HUMIDITY (PERCENT)
 HIGHEST    93           200 AM
 LOWEST     26           400 PM
 AVERAGE    60

..........................................................


THE RAPID CITY AIRPORT SD CLIMATE NORMALS FOR TOMORROW
                         NORMAL    RECORD    YEAR
 MAXIMUM TEMPERATURE (F)   84       100      2012
 MINIMUM TEMPERATURE (F)   54        41      2004


SUNRISE AND SUNSET
AUGUST 27 2016........SUNRISE   610 AM MDT   SUNSET   736 PM MDT
AUGUST 28 2016........SUNRISE   611 AM MDT   SUNSET   734 PM MDT


-  INDICATES NEGATIVE NUMBERS.
R  INDICATES RECORD WAS SET OR TIED.
MM INDICATES DATA IS MISSING.
T  INDICATES TRACE AMOUNT.




$$
