000
CDUS43 KUNR 260041
CLIRAP


CLIMATE REPORT
NATIONAL WEATHER SERVICE RAPID CITY SD
640 PM MDT MON JUL 25 2016


...................................

...THE RAPID CITY AIRPORT SD CLIMATE SUMMARY FOR JULY 25 2016...
VALID TODAY AS OF 0500 PM LOCAL TIME.

CLIMATE NORMAL PERIOD 1981 TO 2010
CLIMATE RECORD PERIOD 1942 TO 2016


WEATHER ITEM   OBSERVED TIME   RECORD YEAR NORMAL DEPARTURE LAST
                VALUE   (LST)  VALUE       VALUE  FROM      YEAR
                                                  NORMAL
..................................................................
TEMPERATURE (F)
 TODAY
  MAXIMUM         92   1241 PM 105    1987  89      3       87
  MINIMUM         63    339 AM  47    1996  59      4       63
                                      1971
  AVERAGE         78                        74      4       75

PRECIPITATION (IN)
  TODAY            0.00          1.31 1981   0.07  -0.07     0.04
  MONTH TO DATE    1.00                      1.45  -0.45     3.27
  SINCE JUN 1      2.22                      3.98  -1.76    10.39
  SINCE JAN 1      6.86                     10.67  -3.81    18.44

SNOWFALL (IN)
  TODAY            0.0           0.0    MM   0.0    0.0      0.0
  MONTH TO DATE    0.0                       0.0    0.0      0.0
  SINCE JUN 1      0.0                       0.0    0.0      0.0
  SINCE JUL 1      0.0                       0.0    0.0      0.0
  SNOW DEPTH       0

DEGREE DAYS
 HEATING
  TODAY            0                         0      0        0
  MONTH TO DATE    3                        10     -7        1
  SINCE JUN 1     13                       109    -96       28
  SINCE JUL 1      3                        10     -7        1

 COOLING
  TODAY           13                         9      4       10
  MONTH TO DATE  212                       196     16      155
  SINCE JUN 1    398                       280    118      251
  SINCE JAN 1    398                       295    103      251
..................................................................


WIND (MPH)
  HIGHEST WIND SPEED    25   HIGHEST WIND DIRECTION     S (180)
  HIGHEST GUST SPEED    31   HIGHEST GUST DIRECTION     S (180)
  AVERAGE WIND SPEED    14.2


SKY COVER
  AVERAGE SKY COVER 0.0


WEATHER CONDITIONS
 THE FOLLOWING WEATHER WAS RECORDED TODAY.
  NO SIGNIFICANT WEATHER WAS OBSERVED.


RELATIVE HUMIDITY (PERCENT)
 HIGHEST    73           400 AM
 LOWEST     32           100 PM
 AVERAGE    53

..........................................................


THE RAPID CITY AIRPORT SD CLIMATE NORMALS FOR TOMORROW
                         NORMAL    RECORD    YEAR
 MAXIMUM TEMPERATURE (F)   89       103      1987
 MINIMUM TEMPERATURE (F)   59        44      1971


SUNRISE AND SUNSET
JULY 25 2016..........SUNRISE   533 AM MDT   SUNSET   824 PM MDT
JULY 26 2016..........SUNRISE   534 AM MDT   SUNSET   822 PM MDT


-  INDICATES NEGATIVE NUMBERS.
R  INDICATES RECORD WAS SET OR TIED.
MM INDICATES DATA IS MISSING.
T  INDICATES TRACE AMOUNT.




$$
