000
CDUS46 KMFR 310835
CLIRBG


CLIMATE REPORT
NATIONAL WEATHER SERVICE MEDFORD, OR
135 AM PDT TUE MAY 31 2016


...................................

...THE ROSEBURG OR CLIMATE SUMMARY FOR MAY 30 2016...

CLIMATE NORMAL PERIOD 1981 TO 2010
CLIMATE RECORD PERIOD 1931 TO 2016


WEATHER ITEM   OBSERVED TIME   RECORD YEAR NORMAL DEPARTURE LAST
                VALUE   (LST)  VALUE       VALUE  FROM      YEAR
                                                  NORMAL
..................................................................
TEMPERATURE (F)
 YESTERDAY
  MAXIMUM         82    411 PM  94    1931  73      9       83
  MINIMUM         50    500 AM  38    1959  49      1       57
  AVERAGE         66                        61      5       70

PRECIPITATION (IN)
  YESTERDAY        0.00          0.45 1943   0.06  -0.06     0.00
  MONTH TO DATE    0.85                      2.21  -1.36     0.18
  SINCE OCT 1     36.82                     33.22   3.60    24.66
  SINCE JAN 1     17.63                     17.57   0.06    10.38

SNOWFALL (IN)
  YESTERDAY       MM                        MM     MM       MM
  MONTH TO DATE   MM                        MM     MM       MM
  SINCE JUL 1      0.0                      MM     MM        0.0
  SNOW DEPTH      MM

DEGREE DAYS
 HEATING
  YESTERDAY        0                         5     -5        0
  MONTH TO DATE  118                       213    -95      114
  SINCE MAR 1    736                      1108   -372      777
  SINCE JUL 1   3089                      3977   -888     2834

 COOLING
  YESTERDAY        1                         1      0        5
  MONTH TO DATE   20                        18      2       22
  SINCE MAR 1     38                        19     19       23
  SINCE JAN 1     38                        19     19       23
..................................................................


WIND (MPH)
  RESULTANT WIND SPEED   5   RESULTANT WIND DIRECTION   N (10)
  HIGHEST WIND SPEED    17   HIGHEST WIND DIRECTION     N (10)
  HIGHEST GUST SPEED    21   HIGHEST GUST DIRECTION     N (10)
  AVERAGE WIND SPEED     5.7


SKY COVER
  POSSIBLE SUNSHINE  MM
  AVERAGE SKY COVER 0.0


WEATHER CONDITIONS
 THE FOLLOWING WEATHER WAS RECORDED YESTERDAY.
  NO SIGNIFICANT WEATHER WAS OBSERVED.


RELATIVE HUMIDITY (PERCENT)
 HIGHEST    86           500 AM
 LOWEST     20           400 PM
 AVERAGE    53

..........................................................


THE ROSEBURG OR CLIMATE NORMALS FOR TODAY
                         NORMAL    RECORD    YEAR
 MAXIMUM TEMPERATURE (F)   73        96      2001
 MINIMUM TEMPERATURE (F)   50        36      1955
                                             1953


SUNRISE AND SUNSET
MAY 31 2016...........SUNRISE   537 AM PDT   SUNSET   846 PM PDT
JUNE  1 2016..........SUNRISE   536 AM PDT   SUNSET   847 PM PDT


-  INDICATES NEGATIVE NUMBERS.
R  INDICATES RECORD WAS SET OR TIED.
MM INDICATES DATA IS MISSING.
T  INDICATES TRACE AMOUNT.




$$
