000
CDUS46 KMFR 010838
CLIRBG


CLIMATE REPORT
NATIONAL WEATHER SERVICE MEDFORD, OR
138 AM PDT MON SEP 1 2014


...................................

...THE ROSEBURG OR CLIMATE SUMMARY FOR AUGUST 31 2014...

CLIMATE NORMAL PERIOD 1981 TO 2010
CLIMATE RECORD PERIOD 1931 TO 2014


WEATHER ITEM   OBSERVED TIME   RECORD YEAR NORMAL DEPARTURE LAST
                VALUE   (LST)  VALUE       VALUE  FROM      YEAR
                                                  NORMAL
..................................................................
TEMPERATURE (F)
 YESTERDAY
  MAXIMUM         82    348 PM 103    1987  83     -1       91
  MINIMUM         52    601 AM  42    1975  54     -2       59
  AVERAGE         67                        68     -1       75

PRECIPITATION (IN)
  YESTERDAY        0.00          0.44 1939   0.03  -0.03     0.00
  MONTH TO DATE    0.03                      0.47  -0.44     0.66
  SINCE SEP 1     24.19                     36.26 -12.07    27.21
  SINCE JAN 1     16.65                     19.65  -3.00     8.54

SNOWFALL (IN)
  YESTERDAY       MM                        MM     MM       MM
  MONTH TO DATE   MM                        MM     MM       MM
  SINCE JUL 1     MM                        MM     MM       MM
  SNOW DEPTH      MM

DEGREE DAYS
 HEATING
  YESTERDAY        0                         1     -1        0
  MONTH TO DATE    0                         6     -6        1
  SINCE JUN 1     42                       104    -62       36
  SINCE JUL 1      7                        21    -14        1

 COOLING
  YESTERDAY        2                         4     -2       10
  MONTH TO DATE  309                       168    141      251
  SINCE JUN 1    688                       391    297      668
  SINCE JAN 1    733                       411    322      702
..................................................................


WIND (MPH)
  RESULTANT WIND SPEED   3   RESULTANT WIND DIRECTION   N (340)
  HIGHEST WIND SPEED    13   HIGHEST WIND DIRECTION    NW (330)
  HIGHEST GUST SPEED    19   HIGHEST GUST DIRECTION     N (350)
  AVERAGE WIND SPEED     4.0


SKY COVER
  POSSIBLE SUNSHINE  MM
  AVERAGE SKY COVER 0.2


WEATHER CONDITIONS
 THE FOLLOWING WEATHER WAS RECORDED YESTERDAY.
  NO SIGNIFICANT WEATHER WAS OBSERVED.


RELATIVE HUMIDITY (PERCENT)
 HIGHEST    89           500 AM
 LOWEST     30           200 PM
 AVERAGE    60

..........................................................


THE ROSEBURG OR CLIMATE NORMALS FOR TODAY
                         NORMAL    RECORD    YEAR
 MAXIMUM TEMPERATURE (F)   82       101      1988
 MINIMUM TEMPERATURE (F)   54        44      1975


SUNRISE AND SUNSET
SEPTEMBER  1 2014.....SUNRISE   638 AM PDT   SUNSET   748 PM PDT
SEPTEMBER  2 2014.....SUNRISE   639 AM PDT   SUNSET   746 PM PDT


-  INDICATES NEGATIVE NUMBERS.
R  INDICATES RECORD WAS SET OR TIED.
MM INDICATES DATA IS MISSING.
T  INDICATES TRACE AMOUNT.




$$
