000
CDUS46 KMFR 100835
CLIRBG


CLIMATE REPORT
NATIONAL WEATHER SERVICE MEDFORD, OR
1235 AM PST SAT DEC 10 2016


...................................

...THE ROSEBURG OR CLIMATE SUMMARY FOR DECEMBER 9 2016...

CLIMATE NORMAL PERIOD 1981 TO 2010
CLIMATE RECORD PERIOD 1931 TO 2016


WEATHER ITEM   OBSERVED TIME   RECORD YEAR NORMAL DEPARTURE LAST
                VALUE   (LST)  VALUE       VALUE  FROM      YEAR
                                                  NORMAL
..................................................................
TEMPERATURE (F)
 YESTERDAY
  MAXIMUM         50    353 PM  66    2015  48      2       66
                                      1933
  MINIMUM         46   1127 PM   9    1932  37      9       49
  AVERAGE         48                        42      6       58

PRECIPITATION (IN)
  YESTERDAY        0.80          1.67 2004   0.19   0.61     1.35
  MONTH TO DATE    1.62                      1.72  -0.10     4.42
  SINCE OCT 1     14.45                     10.85   3.60     9.42
  SINCE JAN 1     33.78                     31.46   2.32    20.69

SNOWFALL (IN)
  YESTERDAY       MM                        MM     MM       MM
  MONTH TO DATE   MM                        MM     MM       MM
  SINCE JUL 1     MM                        MM     MM        0.0
  SNOW DEPTH      MM

DEGREE DAYS
 HEATING
  YESTERDAY       17                        23     -6        7
  MONTH TO DATE  203                       201      2      105
  SINCE DEC 1    203                       201      2      105
  SINCE JUL 1    842                      1130   -288      833

 COOLING
  YESTERDAY        0                         0      0        0
  MONTH TO DATE    0                         0      0        0
  SINCE DEC 1      0                         0      0        0
  SINCE JAN 1    732                       480    252      999
..................................................................


WIND (MPH)
  RESULTANT WIND SPEED   1   RESULTANT WIND DIRECTION  SE (120)
  HIGHEST WIND SPEED     9   HIGHEST WIND DIRECTION    SE (150)
  HIGHEST GUST SPEED    11   HIGHEST GUST DIRECTION    SE (150)
  AVERAGE WIND SPEED     0.9


SKY COVER
  POSSIBLE SUNSHINE  MM
  AVERAGE SKY COVER 1.0


WEATHER CONDITIONS
 THE FOLLOWING WEATHER WAS RECORDED YESTERDAY.
  RAIN
  LIGHT RAIN
  FOG


RELATIVE HUMIDITY (PERCENT)
 HIGHEST   100          1200 AM
 LOWEST     86           300 PM
 AVERAGE    93

..........................................................


THE ROSEBURG OR CLIMATE NORMALS FOR TODAY
                         NORMAL    RECORD    YEAR
 MAXIMUM TEMPERATURE (F)   48        66      2014
 MINIMUM TEMPERATURE (F)   37         8      1932


SUNRISE AND SUNSET
DECEMBER 10 2016......SUNRISE   735 AM PST   SUNSET   438 PM PST
DECEMBER 11 2016......SUNRISE   736 AM PST   SUNSET   438 PM PST


-  INDICATES NEGATIVE NUMBERS.
R  INDICATES RECORD WAS SET OR TIED.
MM INDICATES DATA IS MISSING.
T  INDICATES TRACE AMOUNT.




$$
