000
CDUS46 KMFR 270838
CLIRBG


CLIMATE REPORT
NATIONAL WEATHER SERVICE MEDFORD, OR
1238 AM PST FRI FEB 27 2015


...................................

...THE ROSEBURG OR CLIMATE SUMMARY FOR FEBRUARY 26 2015...

CLIMATE NORMAL PERIOD 1981 TO 2010
CLIMATE RECORD PERIOD 1931 TO 2015


WEATHER ITEM   OBSERVED TIME   RECORD YEAR NORMAL DEPARTURE LAST
                VALUE   (LST)  VALUE       VALUE  FROM      YEAR
                                                  NORMAL
..................................................................
TEMPERATURE (F)
 YESTERDAY
  MAXIMUM         54   1218 PM  79    1932  55     -1       57
  MINIMUM         45    728 AM  16    1962  38      7       45
  AVERAGE         50                        47      3       51

PRECIPITATION (IN)
  YESTERDAY        0.28          0.86 1974   0.13   0.15      T
  MONTH TO DATE    4.59                      3.69   0.90     5.53
  SINCE OCT 1     20.25                     24.43  -4.18    10.99
  SINCE JAN 1      5.97                      8.78  -2.81     7.29

SNOWFALL (IN)
  YESTERDAY       MM                        MM     MM       MM
  MONTH TO DATE   MM                        MM     MM       MM
  SINCE JUL 1     MM                        MM     MM        0.0
  SNOW DEPTH      MM

DEGREE DAYS
 HEATING
  YESTERDAY       15                        18     -3       14
  MONTH TO DATE  378                       515   -137      448
  SINCE DEC 1   1434                      1905   -471     1940
  SINCE JUL 1   2024                      2834   -810     2899

 COOLING
  YESTERDAY        0                         0      0        0
  MONTH TO DATE    0                         0      0        0
  SINCE DEC 1      0                         0      0        0
  SINCE JAN 1      0                         0      0        0
..................................................................


WIND (MPH)
  RESULTANT WIND SPEED   1   RESULTANT WIND DIRECTION   S (160)
  HIGHEST WIND SPEED     7   HIGHEST WIND DIRECTION    SE (150)
  HIGHEST GUST SPEED     8   HIGHEST GUST DIRECTION    SE (130)
  AVERAGE WIND SPEED     1.2


SKY COVER
  POSSIBLE SUNSHINE  MM
  AVERAGE SKY COVER 1.0


WEATHER CONDITIONS
 THE FOLLOWING WEATHER WAS RECORDED YESTERDAY.
  RAIN
  LIGHT RAIN
  FOG


RELATIVE HUMIDITY (PERCENT)
 HIGHEST    93           700 PM
 LOWEST     66          1200 PM
 AVERAGE    80

..........................................................


THE ROSEBURG OR CLIMATE NORMALS FOR TODAY
                         NORMAL    RECORD    YEAR
 MAXIMUM TEMPERATURE (F)   56        69      1938
 MINIMUM TEMPERATURE (F)   38        16      1962


SUNRISE AND SUNSET
FEBRUARY 27 2015......SUNRISE   653 AM PST   SUNSET   600 PM PST
FEBRUARY 28 2015......SUNRISE   651 AM PST   SUNSET   601 PM PST


-  INDICATES NEGATIVE NUMBERS.
R  INDICATES RECORD WAS SET OR TIED.
MM INDICATES DATA IS MISSING.
T  INDICATES TRACE AMOUNT.




$$
