000
CDUS46 KMFR 310842
CLIRBG


CLIMATE REPORT
NATIONAL WEATHER SERVICE MEDFORD, OR
1242 AM PST SAT JAN 31 2015


...................................

...THE ROSEBURG OR CLIMATE SUMMARY FOR JANUARY 30 2015...

CLIMATE NORMAL PERIOD 1981 TO 2010
CLIMATE RECORD PERIOD 1931 TO 2015


WEATHER ITEM   OBSERVED TIME   RECORD YEAR NORMAL DEPARTURE LAST
                VALUE   (LST)  VALUE       VALUE  FROM      YEAR
                                                  NORMAL
..................................................................
TEMPERATURE (F)
 YESTERDAY
  MAXIMUM         49    459 PM  67    1995  51     -2       51
  MINIMUM         45    849 AM  13    1957  37      8       38
  AVERAGE         47                        44      3       45

PRECIPITATION (IN)
  YESTERDAY        0.00          0.78 1961   0.12  -0.12     0.02
                                      1968
  MONTH TO DATE    1.38                      4.98  -3.60     1.66
  SINCE OCT 1     15.66                     20.63  -4.97     5.36
  SINCE JAN 1      1.38                      4.98  -3.60     1.66

SNOWFALL (IN)
  YESTERDAY       MM                        MM     MM       MM
  MONTH TO DATE   MM                        MM     MM       MM
  SINCE JUL 1     MM                        MM     MM        0.0
  SNOW DEPTH      MM

DEGREE DAYS
 HEATING
  YESTERDAY       18                        21     -3       20
  MONTH TO DATE  548                       658   -110      645
  SINCE DEC 1   1041                      1369   -328     1469
  SINCE JUL 1   1631                      2298   -667     2428

 COOLING
  YESTERDAY        0                         0      0        0
  MONTH TO DATE    0                         0      0        0
  SINCE DEC 1      0                         0      0        0
  SINCE JAN 1      0                         0      0        0
..................................................................


WIND (MPH)
  RESULTANT WIND SPEED   0   RESULTANT WIND DIRECTION   E (80)
  HIGHEST WIND SPEED     8   HIGHEST WIND DIRECTION     N (350)
  HIGHEST GUST SPEED    10   HIGHEST GUST DIRECTION     N (350)
  AVERAGE WIND SPEED     1.1


SKY COVER
  POSSIBLE SUNSHINE  MM
  AVERAGE SKY COVER 1.0


WEATHER CONDITIONS
 THE FOLLOWING WEATHER WAS RECORDED YESTERDAY.
  FOG


RELATIVE HUMIDITY (PERCENT)
 HIGHEST    93          1200 AM
 LOWEST     77          1100 PM
 AVERAGE    85

..........................................................


THE ROSEBURG OR CLIMATE NORMALS FOR TODAY
                         NORMAL    RECORD    YEAR
 MAXIMUM TEMPERATURE (F)   51        68      1935
 MINIMUM TEMPERATURE (F)   37        16      1950


SUNRISE AND SUNSET
JANUARY 31 2015.......SUNRISE   730 AM PST   SUNSET   524 PM PST
FEBRUARY  1 2015......SUNRISE   729 AM PST   SUNSET   525 PM PST


-  INDICATES NEGATIVE NUMBERS.
R  INDICATES RECORD WAS SET OR TIED.
MM INDICATES DATA IS MISSING.
T  INDICATES TRACE AMOUNT.




$$
