000
CDUS46 KSTO 120840
CLIRDD

CLIMATE REPORT
NATIONAL WEATHER SERVICE SACRAMENTO, CA
1235 AM PST FRI FEB 12 2016


...................................

...THE REDDING AIRPORT CA CLIMATE SUMMARY FOR FEBRUARY 11 2016...

CLIMATE NORMAL PERIOD 1981 TO 2010
CLIMATE RECORD PERIOD 1986 TO 2016


WEATHER ITEM   OBSERVED RECORD YEAR NORMAL DEPARTURE LAST
                VALUE   VALUE       VALUE  FROM      YEAR
                                           NORMAL
...........................................................
TEMPERATURE (F)
 YESTERDAY
  MAXIMUM         72     79    1996  59     13       71
  MINIMUM         46     26    1999  39      7       41
  AVERAGE         59

PRECIPITATION (IN)
  YESTERDAY        0.00   1.34 2000   0.19  -0.19     0.00
  MONTH TO DATE    0.09               2.20  -2.11     3.38
  SINCE OCT 1     22.63              21.01   1.62    19.89
  SINCE JAN 1     12.77               8.16   4.61     3.64

SNOWFALL (IN)
  YESTERDAY        0.0    0.0  2002  MM               0.0
  MONTH TO DATE    0.0               MM               0.0
  SINCE DEC 1      0.0               MM               0.0
  SINCE JUL 1      0.0               MM               0.0

DEGREE DAYS
 HEATING
  YESTERDAY        6

 COOLING
  YESTERDAY        0
...........................................................


WIND (MPH)
  RESULTANT WIND SPEED   1   RESULTANT WIND DIRECTION   N (20)
  HIGHEST WIND SPEED     7   HIGHEST WIND DIRECTION     N (10)
  HIGHEST GUST SPEED     8   HIGHEST GUST DIRECTION     S (160)


SKY COVER
  POSSIBLE SUNSHINE  MM
  AVERAGE SKY COVER 0.0


WEATHER CONDITIONS
 THE FOLLOWING WEATHER WAS RECORDED YESTERDAY.
  NO SIGNIFICANT WEATHER WAS OBSERVED.


RELATIVE HUMIDITY (PERCENT)
 HIGHEST    86
 LOWEST     40
 AVERAGE    63

..........................................................


THE REDDING AIRPORT CA CLIMATE NORMALS FOR TODAY
                         NORMAL    RECORD    YEAR
 MAXIMUM TEMPERATURE (F)   59        82      1996
 MINIMUM TEMPERATURE (F)   39        27      1994


SUNRISE AND SUNSET
FEBRUARY 12 2016......SUNRISE   707 AM PST   SUNSET   540 PM PST
FEBRUARY 13 2016......SUNRISE   706 AM PST   SUNSET   542 PM PST


-  INDICATES NEGATIVE NUMBERS.
R  INDICATES RECORD WAS SET OR TIED.
MM INDICATES DATA IS MISSING.
T  INDICATES TRACE AMOUNT.




&&
....................................................................

REDDING CITY CLIMATE DATA FOR FEBRUARY 11

CLIMATE RECORD PERIOD 1897-1986

RECORD HIGH..............     82 IN 1971
RECORD LOW...............     25 IN 1982

RECORD RAINFALL..........   2.34 IN 1925

$$

NNNN
