000
CDUS46 KSTO 060034
CLIRDD

CLIMATE REPORT
NATIONAL WEATHER SERVICE SACRAMENTO, CA
434 PM PST THU MAR 5 2015


...................................

...THE REDDING AIRPORT CA CLIMATE SUMMARY FOR MARCH 5 2015...
VALID TODAY AS OF 0400 PM LOCAL TIME.

CLIMATE NORMAL PERIOD 1981 TO 2010
CLIMATE RECORD PERIOD 1986 TO 2015


WEATHER ITEM   OBSERVED RECORD YEAR NORMAL DEPARTURE LAST
                VALUE   VALUE       VALUE  FROM      YEAR
                                           NORMAL
...........................................................
TEMPERATURE (F)
 TODAY
  MAXIMUM         71     78    1993  63      8       61
  MINIMUM         35     28    1997  42     -7       51
  AVERAGE         53

PRECIPITATION (IN)
  TODAY            0.00   2.39 2006   0.17  -0.17     0.40
  MONTH TO DATE    T                  0.94  -0.94     2.47
  SINCE OCT 1     19.89              25.26  -5.37    13.08
  SINCE JAN 1      3.64              12.41  -8.77    10.97

SNOWFALL (IN)
  TODAY            0.0   MM      MM  MM               0.0
  MONTH TO DATE    0.0               MM               0.0
  SINCE MAR 1      0.0               MM               0.0
  SINCE JUL 1      0.0               MM               5.0

DEGREE DAYS
 HEATING
  TODAY           12

 COOLING
  TODAY            0
...........................................................


WIND (MPH)
  RESULTANT WIND SPEED   1   RESULTANT WIND DIRECTION  NE (50)
  HIGHEST WIND SPEED     7   HIGHEST WIND DIRECTION    SE (140)
  HIGHEST GUST SPEED     9   HIGHEST GUST DIRECTION    SE (150)


SKY COVER
  POSSIBLE SUNSHINE  MM
  AVERAGE SKY COVER 0.0


WEATHER CONDITIONS
 THE FOLLOWING WEATHER WAS RECORDED TODAY.
  NO SIGNIFICANT WEATHER WAS OBSERVED.


RELATIVE HUMIDITY (PERCENT)
 HIGHEST    82
 LOWEST     20
 AVERAGE    51

..........................................................


THE REDDING AIRPORT CA CLIMATE NORMALS FOR TOMORROW
                         NORMAL    RECORD    YEAR
 MAXIMUM TEMPERATURE (F)   63        80      2005
 MINIMUM TEMPERATURE (F)   42        31      1996


SUNRISE AND SUNSET
MARCH  5 2015.........SUNRISE   637 AM PST   SUNSET   605 PM PST
MARCH  6 2015.........SUNRISE   635 AM PST   SUNSET   606 PM PST


-  INDICATES NEGATIVE NUMBERS.
R  INDICATES RECORD WAS SET OR TIED.
MM INDICATES DATA IS MISSING.
T  INDICATES TRACE AMOUNT.






&&
....................................................................

REDDING CITY CLIMATE DATA FOR MARCH 05

CLIMATE RECORD PERIOD 1897-1986

RECORD HIGH..............     82 IN 1953
RECORD LOW...............     27 IN 1918

RECORD RAINFALL..........   2.27 IN 1978

$$

NNNN
