000
CDUS46 KSTO 010843
CLIRDD

CLIMATE REPORT
NATIONAL WEATHER SERVICE SACRAMENTO, CA
140 AM PDT SAT NOV 1 2014


...................................

...THE REDDING AIRPORT CA CLIMATE SUMMARY FOR OCTOBER 31 2014...

CLIMATE NORMAL PERIOD 1981 TO 2010
CLIMATE RECORD PERIOD 1986 TO 2014


WEATHER ITEM   OBSERVED RECORD YEAR NORMAL DEPARTURE LAST
                VALUE   VALUE       VALUE  FROM      YEAR
                                           NORMAL
...........................................................
TEMPERATURE (F)
 YESTERDAY
  MAXIMUM         61     80    2011  70     -9       77
                               1999
                               1993
  MINIMUM         51     33    1989  45      6       39
  AVERAGE         56

PRECIPITATION (IN)
  YESTERDAY        0.34   0.68 1992   0.11   0.23     0.00
  MONTH TO DATE    2.15               2.10   0.05     0.01
  SINCE JUL 1      5.59               3.01   2.58     1.40
  SINCE JAN 1     19.86              23.87  -4.01    10.70

SNOWFALL (IN)
  YESTERDAY        0.0    0.0  2002  MM               0.0
                               2001
  MONTH TO DATE    0.0               MM               0.0
  SINCE SEP 1      0.0               MM               0.0
  SINCE JUL 1      0.0               MM               0.0

DEGREE DAYS
 HEATING
  YESTERDAY        9

 COOLING
  YESTERDAY        0
...........................................................


WIND (MPH)
  RESULTANT WIND SPEED   1   RESULTANT WIND DIRECTION   N (20)
  HIGHEST WIND SPEED    16   HIGHEST WIND DIRECTION    SW (220)
  HIGHEST GUST SPEED    20   HIGHEST GUST DIRECTION    SW (220)


SKY COVER
  POSSIBLE SUNSHINE  MM
  AVERAGE SKY COVER 0.6


WEATHER CONDITIONS
 THE FOLLOWING WEATHER WAS RECORDED YESTERDAY.
  RAIN
  LIGHT RAIN
  FOG


RELATIVE HUMIDITY (PERCENT)
 HIGHEST   100
 LOWEST     72
 AVERAGE    86

..........................................................


THE REDDING AIRPORT CA CLIMATE NORMALS FOR TODAY
                         NORMAL    RECORD    YEAR
 MAXIMUM TEMPERATURE (F)   69        82      1999
                                             1997
 MINIMUM TEMPERATURE (F)   45        30      2003


SUNRISE AND SUNSET
NOVEMBER  1 2014......SUNRISE   739 AM PDT   SUNSET   606 PM PDT
NOVEMBER  2 2014......SUNRISE   640 AM PST   SUNSET   505 PM PST


-  INDICATES NEGATIVE NUMBERS.
R  INDICATES RECORD WAS SET OR TIED.
MM INDICATES DATA IS MISSING.
T  INDICATES TRACE AMOUNT.






&&
....................................................................

REDDING CITY CLIMATE DATA FOR OCTOBER 31

CLIMATE RECORD PERIOD 1897-1986

RECORD HIGH..............     94 IN 1966
RECORD LOW...............     34 IN 1950

RECORD RAINFALL..........   1.59 IN 1934

$$

NNNN
