000
CDUS46 KSTO 230043
CLIRDD

CLIMATE REPORT
NATIONAL WEATHER SERVICE SACRAMENTO, CA
540 PM PDT SAT JUL 22 2017


...................................

...THE REDDING AIRPORT CA CLIMATE SUMMARY FOR JULY 22 2017...
VALID TODAY AS OF 0500 PM LOCAL TIME.

CLIMATE NORMAL PERIOD 1981 TO 2010
CLIMATE RECORD PERIOD 1986 TO 2017


WEATHER ITEM   OBSERVED RECORD YEAR NORMAL DEPARTURE LAST
                VALUE   VALUE       VALUE  FROM      YEAR
                                           NORMAL
...........................................................
TEMPERATURE (F)
 TODAY
  MAXIMUM        108    112    2006 100      8       98
  MINIMUM         69     54    1987  66      3       59
  AVERAGE         89

PRECIPITATION (IN)
  TODAY            0.00   0.12 1998   0.00   0.00     0.00
  MONTH TO DATE    0.00               0.06  -0.06      T
  SINCE OCT 1     47.03              33.77  13.26    40.49
  SINCE JAN 1     28.30              20.92   7.38    30.63

SNOWFALL (IN)
  TODAY            0.0   MM      MM  MM               0.0
  MONTH TO DATE    0.0               MM               0.0
  SINCE JUN 1      0.0               MM               0.0
  SINCE JUL 1      0.0               MM               0.0

DEGREE DAYS
 HEATING
  TODAY            0

 COOLING
  TODAY           24
...........................................................


WIND (MPH)
  RESULTANT WIND SPEED   6   RESULTANT WIND DIRECTION   N (350)
  HIGHEST WIND SPEED    22   HIGHEST WIND DIRECTION     N (20)
  HIGHEST GUST SPEED    27   HIGHEST GUST DIRECTION    NE (30)


SKY COVER
  POSSIBLE SUNSHINE  MM
  AVERAGE SKY COVER 0.0


WEATHER CONDITIONS
 THE FOLLOWING WEATHER WAS RECORDED TODAY.
  NO SIGNIFICANT WEATHER WAS OBSERVED.


RELATIVE HUMIDITY (PERCENT)
 HIGHEST    49
 LOWEST     10
 AVERAGE    30

..........................................................


THE REDDING AIRPORT CA CLIMATE NORMALS FOR TOMORROW
                         NORMAL    RECORD    YEAR
 MAXIMUM TEMPERATURE (F)  100       114      2006
 MINIMUM TEMPERATURE (F)   66        58      1989


SUNRISE AND SUNSET
JULY 22 2017..........SUNRISE   558 AM PDT   SUNSET   833 PM PDT
JULY 23 2017..........SUNRISE   559 AM PDT   SUNSET   832 PM PDT


-  INDICATES NEGATIVE NUMBERS.
R  INDICATES RECORD WAS SET OR TIED.
MM INDICATES DATA IS MISSING.
T  INDICATES TRACE AMOUNT.

&&
....................................................................

REDDING CITY CLIMATE DATA FOR JULY 22

CLIMATE RECORD PERIOD 1897-1986

RECORD HIGH..............    111 IN 1938
RECORD LOW...............     52 IN 1914

RECORD RAINFALL..........   0.18 IN 1958

$$

NNNN
