000
CDUS46 KSTO 290841
CLIRDD

CLIMATE REPORT
NATIONAL WEATHER SERVICE SACRAMENTO, CA
139 AM PDT FRI APR 29 2016


.........................................................

...THE REDDING AIRPORT CA CLIMATE SUMMARY FOR APRIL 28 2016...

CLIMATE NORMAL PERIOD 1981 TO 2010
CLIMATE RECORD PERIOD 1986 TO 2016


WEATHER ITEM   OBSERVED RECORD YEAR NORMAL DEPARTURE LAST
                VALUE   VALUE       VALUE  FROM      YEAR
                                           NORMAL
...........................................................
TEMPERATURE (F)
 YESTERDAY
  MAXIMUM         81     92    2013  74      7       88
                               2006
  MINIMUM         53     40    2010  49      4       55
  AVERAGE         67

PRECIPITATION (IN)
  YESTERDAY        0.00   0.57 1995   0.07  -0.07     0.00
  MONTH TO DATE    3.25               2.34   0.91     1.18
  SINCE OCT 1     37.06              31.03   6.03    22.13
  SINCE JAN 1     27.20              18.18   9.02     5.88

SNOWFALL (IN)
  YESTERDAY        0.0   MM      MM  MM               0.0
  MONTH TO DATE    0.0               MM               0.0
  SINCE MAR 1      0.0               MM               0.0
  SINCE JUL 1      0.0               MM               0.0

DEGREE DAYS
 HEATING
  YESTERDAY        0

 COOLING
  YESTERDAY        2
...........................................................


WIND (MPH)
  RESULTANT WIND SPEED   7   RESULTANT WIND DIRECTION   N (360)
  HIGHEST WIND SPEED    18   HIGHEST WIND DIRECTION     N (20)
  HIGHEST GUST SPEED    23   HIGHEST GUST DIRECTION     N (20)


SKY COVER
  POSSIBLE SUNSHINE  MM
  AVERAGE SKY COVER 0.0


WEATHER CONDITIONS
 THE FOLLOWING WEATHER WAS RECORDED YESTERDAY.
  NO SIGNIFICANT WEATHER WAS OBSERVED.


RELATIVE HUMIDITY (PERCENT)
 HIGHEST    61
 LOWEST     16
 AVERAGE    39

..........................................................


THE REDDING AIRPORT CA CLIMATE NORMALS FOR TODAY
                         NORMAL    RECORD    YEAR
 MAXIMUM TEMPERATURE (F)   75        91      2014
 MINIMUM TEMPERATURE (F)   49        34      2010


SUNRISE AND SUNSET
APRIL 29 2016.........SUNRISE   610 AM PDT   SUNSET   804 PM PDT
APRIL 30 2016.........SUNRISE   609 AM PDT   SUNSET   805 PM PDT


-  INDICATES NEGATIVE NUMBERS.
R  INDICATES RECORD WAS SET OR TIED.
MM INDICATES DATA IS MISSING.
T  INDICATES TRACE AMOUNT.

&&
....................................................................

REDDING CITY CLIMATE DATA FOR APRIL 28

CLIMATE RECORD PERIOD 1897-1986

RECORD HIGH..............     93 IN 1981
RECORD LOW...............     34 IN 1967

RECORD RAINFALL..........   1.48 IN 1983

$$

NNNN
