000
CDUS41 KPHI 212138
CLIRDG


CLIMATE REPORT
NATIONAL WEATHER SERVICE MOUNT HOLLY NJ
436 PM EST WED FEB 21 2018


...................................

...THE READING PA CLIMATE SUMMARY FOR FEBRUARY 21 2018...
VALID TODAY AS OF 0400 PM LOCAL TIME.

CLIMATE NORMAL PERIOD 1981 TO 2010
CLIMATE RECORD PERIOD 1869 TO 2018


WEATHER ITEM   OBSERVED TIME   RECORD YEAR NORMAL DEPARTURE LAST
                VALUE   (LST)  VALUE       VALUE  FROM      YEAR
                                                  NORMAL
..................................................................
TEMPERATURE (F)
 TODAY
  MAXIMUM         82R   331 PM  71    1930  43     39       51
  MINIMUM         56    658 AM  -2    1978  24     32       29
                                      1903
  AVERAGE         69                        34     35       40

PRECIPITATION (IN)
  TODAY            0.00          1.60 1873   0.08  -0.08     0.00
  MONTH TO DATE    4.33                      1.86   2.47     0.75
  SINCE DEC 1      9.10                      8.20   0.90     5.24
  SINCE JAN 1      7.58                      4.91   2.67     3.11

DEGREE DAYS
 HEATING
  TODAY            0                        31    -31       25
  MONTH TO DATE  596                       705   -109      580
  SINCE DEC 1   2739                      2763    -24     2407
  SINCE JUL 1   3643                      3830   -187     3261

 COOLING
  TODAY            4                         0      4        0
  MONTH TO DATE    4                         0      4        0
  SINCE DEC 1      4                         0      4        0
  SINCE JAN 1      4                         0      4        0
..................................................................


WIND (MPH)
  HIGHEST WIND SPEED    17   HIGHEST WIND DIRECTION    SW (220)
  HIGHEST GUST SPEED    23   HIGHEST GUST DIRECTION    SW (240)
  AVERAGE WIND SPEED     8.9


SKY COVER
  POSSIBLE SUNSHINE  MM
  AVERAGE SKY COVER 0.4


WEATHER CONDITIONS
 THE FOLLOWING WEATHER WAS RECORDED TODAY.
  FOG


RELATIVE HUMIDITY (PERCENT)
 HIGHEST   100           400 AM
 LOWEST     47           300 PM
 AVERAGE    74

..........................................................


THE READING PA CLIMATE NORMALS FOR TOMORROW
                         NORMAL    RECORD    YEAR
 MAXIMUM TEMPERATURE (F)   43        70      1974
 MINIMUM TEMPERATURE (F)   25         1      1978


SUNRISE AND SUNSET
FEBRUARY 21 2018......SUNRISE   649 AM EST   SUNSET   546 PM EST
FEBRUARY 22 2018......SUNRISE   648 AM EST   SUNSET   547 PM EST


-  INDICATES NEGATIVE NUMBERS.
R  INDICATES RECORD WAS SET OR TIED.
MM INDICATES DATA IS MISSING.
T  INDICATES TRACE AMOUNT.




$$
