000
CDUS41 KPHI 190546
CLIRDG


CLIMATE REPORT
NATIONAL WEATHER SERVICE MOUNT HOLLY NJ
144 AM EDT TUE SEP 19 2017


...................................

...THE READING PA CLIMATE SUMMARY FOR SEPTEMBER 18 2017...

CLIMATE NORMAL PERIOD 1981 TO 2010
CLIMATE RECORD PERIOD 1869 TO 2017


WEATHER ITEM   OBSERVED TIME   RECORD YEAR NORMAL DEPARTURE LAST
                VALUE   (LST)  VALUE       VALUE  FROM      YEAR
                                                  NORMAL
..................................................................
TEMPERATURE (F)
 YESTERDAY
  MAXIMUM         74    327 PM  91    1965  75     -1       86
  MINIMUM         64   1017 PM  39    1990  54     10       70
                                      1986
                                      1984
  AVERAGE         69                        64      5       78

PRECIPITATION (IN)
  YESTERDAY        0.00          3.36 2004   0.16  -0.16     0.04
  MONTH TO DATE    3.61                      2.34   1.27     0.15
  SINCE SEP 1      3.61                      2.34   1.27     0.15
  SINCE JAN 1     37.05                     31.30   5.75    24.66

DEGREE DAYS
 HEATING
  YESTERDAY        0                         3     -3        0
  MONTH TO DATE   39                        18     21        0
  SINCE SEP 1     39                        18     21        0
  SINCE JUL 1     43                        23     20        0

 COOLING
  YESTERDAY        4                         2      2       13
  MONTH TO DATE   50                        69    -19      153
  SINCE SEP 1     50                        69    -19      153
  SINCE JAN 1    939                       872     67     1295
..................................................................


WIND (MPH)
  HIGHEST WIND SPEED     9   HIGHEST WIND DIRECTION     N (360)
  HIGHEST GUST SPEED    11   HIGHEST GUST DIRECTION     E (100)
  AVERAGE WIND SPEED     3.2


SKY COVER
  POSSIBLE SUNSHINE  MM
  AVERAGE SKY COVER 0.7


WEATHER CONDITIONS
 THE FOLLOWING WEATHER WAS RECORDED YESTERDAY.
  FOG


RELATIVE HUMIDITY (PERCENT)
 HIGHEST   100          1200 AM
 LOWEST     79          1200 PM
 AVERAGE    90

..........................................................


THE READING PA CLIMATE NORMALS FOR TODAY
                         NORMAL    RECORD    YEAR
 MAXIMUM TEMPERATURE (F)   74        95      1983
 MINIMUM TEMPERATURE (F)   54        39      1943


SUNRISE AND SUNSET
SEPTEMBER 19 2017.....SUNRISE   649 AM EDT   SUNSET   706 PM EDT
SEPTEMBER 20 2017.....SUNRISE   650 AM EDT   SUNSET   704 PM EDT


-  INDICATES NEGATIVE NUMBERS.
R  INDICATES RECORD WAS SET OR TIED.
MM INDICATES DATA IS MISSING.
T  INDICATES TRACE AMOUNT.




$$
