000
CDUS41 KPHI 282133
CLIRDG


CLIMATE REPORT
NATIONAL WEATHER SERVICE MOUNT HOLLY NJ
432 PM EST FRI NOV 28 2014


...................................

...THE READING PA CLIMATE SUMMARY FOR NOVEMBER 28 2014...
VALID TODAY AS OF 0400 PM LOCAL TIME.

CLIMATE NORMAL PERIOD 1981 TO 2010
CLIMATE RECORD PERIOD 1869 TO 2014


WEATHER ITEM   OBSERVED TIME   RECORD YEAR NORMAL DEPARTURE LAST
                VALUE   (LST)  VALUE       VALUE  FROM      YEAR
                                                  NORMAL
..................................................................
TEMPERATURE (F)
 TODAY
  MAXIMUM         36   1044 AM  69    2011  48    -12       35
  MINIMUM         29   1225 AM  14    1930  31     -2       28
                                      1913
  AVERAGE         33                        40     -7       32

PRECIPITATION (IN)
  TODAY            T             2.21 1993   0.14  -0.14     0.00
  MONTH TO DATE    2.24                      3.17  -0.93     2.16
  SINCE SEP 1      8.48                     10.73  -2.25     8.24
  SINCE JAN 1     38.91                     39.69  -0.78    37.38

SNOWFALL (IN)
  TODAY           MM            MM      MM  MM     MM       MM
  MONTH TO DATE   MM                        MM     MM       MM
  SINCE SEP 1     MM                        MM     MM       MM
  SINCE JUL 1     MM                        MM     MM       MM
  SNOW DEPTH      MM

DEGREE DAYS
 HEATING
  TODAY           32                        26      6       33
  MONTH TO DATE  645                       577     68      614
  SINCE SEP 1    947                      1010    -63      979
  SINCE JUL 1    948                      1015    -67      979

 COOLING
  TODAY            0                         0      0        0
  MONTH TO DATE    0                         0      0        0
  SINCE SEP 1    141                        93     48      140
  SINCE JAN 1    962                       896     66     1124
..................................................................


WIND (MPH)
  HIGHEST WIND SPEED    23   HIGHEST WIND DIRECTION    NW (320)
  HIGHEST GUST SPEED    28   HIGHEST GUST DIRECTION    NW (320)
  AVERAGE WIND SPEED     9.7


SKY COVER
  POSSIBLE SUNSHINE  MM
  AVERAGE SKY COVER 0.5


WEATHER CONDITIONS
 THE FOLLOWING WEATHER WAS RECORDED TODAY.
  LIGHT SNOW
  FOG


RELATIVE HUMIDITY (PERCENT)
 HIGHEST    92           100 AM
 LOWEST     51          1100 AM
 AVERAGE    72

..........................................................


THE READING PA CLIMATE NORMALS FOR TOMORROW
                         NORMAL    RECORD    YEAR
 MAXIMUM TEMPERATURE (F)   48        70      1998
 MINIMUM TEMPERATURE (F)   31        14      1930


SUNRISE AND SUNSET
NOVEMBER 28 2014......SUNRISE   704 AM EST   SUNSET   439 PM EST
NOVEMBER 29 2014......SUNRISE   705 AM EST   SUNSET   439 PM EST


-  INDICATES NEGATIVE NUMBERS.
R  INDICATES RECORD WAS SET OR TIED.
MM INDICATES DATA IS MISSING.
T  INDICATES TRACE AMOUNT.




$$
