000
CDUS41 KPHI 280628
CLIRDG


CLIMATE REPORT
NATIONAL WEATHER SERVICE MOUNT HOLLY NJ
227 AM EDT SUN MAY 28 2017


...................................

...THE READING PA CLIMATE SUMMARY FOR MAY 27 2017...

CLIMATE NORMAL PERIOD 1981 TO 2010
CLIMATE RECORD PERIOD 1869 TO 2017


WEATHER ITEM   OBSERVED TIME   RECORD YEAR NORMAL DEPARTURE LAST
                VALUE   (LST)  VALUE       VALUE  FROM      YEAR
                                                  NORMAL
..................................................................
TEMPERATURE (F)
 YESTERDAY
  MAXIMUM         76    232 PM  93    1914  76      0       90
  MINIMUM         52    520 AM  35    1972  54     -2       68
  AVERAGE         64                        64      0       79

PRECIPITATION (IN)
  YESTERDAY        0.00          1.97 1906   0.17  -0.17      T
  MONTH TO DATE    3.22                      3.59  -0.37     3.12
  SINCE MAR 1      9.53                     10.84  -1.31     5.93
  SINCE JAN 1     12.92                     16.37  -3.45    12.74

DEGREE DAYS
 HEATING
  YESTERDAY        1                         3     -2        0
  MONTH TO DATE  166                       159      7      192
  SINCE MAR 1   1194                      1315   -121     1147
  SINCE JUL 1   4556                      5357   -801     4494

 COOLING
  YESTERDAY        0                         3     -3       14
  MONTH TO DATE   41                        41      0       31
  SINCE MAR 1     68                        50     18       44
  SINCE JAN 1     68                        50     18       44
..................................................................


WIND (MPH)
  HIGHEST WIND SPEED    12   HIGHEST WIND DIRECTION    NW (300)
  HIGHEST GUST SPEED    15   HIGHEST GUST DIRECTION     W (290)
  AVERAGE WIND SPEED     2.6


SKY COVER
  POSSIBLE SUNSHINE  MM
  AVERAGE SKY COVER 0.2


WEATHER CONDITIONS
 THE FOLLOWING WEATHER WAS RECORDED YESTERDAY.
  NO SIGNIFICANT WEATHER WAS OBSERVED.


RELATIVE HUMIDITY (PERCENT)
 HIGHEST   100           400 AM
 LOWEST     53           500 PM
 AVERAGE    77

..........................................................


THE READING PA CLIMATE NORMALS FOR TODAY
                         NORMAL    RECORD    YEAR
 MAXIMUM TEMPERATURE (F)   76        92      1977
                                             1941
                                             1914
 MINIMUM TEMPERATURE (F)   54        38      1994


SUNRISE AND SUNSET
MAY 28 2017...........SUNRISE   538 AM EDT   SUNSET   825 PM EDT
MAY 29 2017...........SUNRISE   537 AM EDT   SUNSET   826 PM EDT


-  INDICATES NEGATIVE NUMBERS.
R  INDICATES RECORD WAS SET OR TIED.
MM INDICATES DATA IS MISSING.
T  INDICATES TRACE AMOUNT.




$$
