000
CDUS46 KPDT 160844
CLIRDM

CLIMATE REPORT
NATIONAL WEATHER SERVICE PENDLETON OR
1244 AM PST MON JAN 16 2017


...................................

...THE REDMOND OR CLIMATE SUMMARY FOR JANUARY 15 2017...

CLIMATE NORMAL PERIOD 1981 TO 2010
CLIMATE RECORD PERIOD 1949 TO 2017


WEATHER ITEM   OBSERVED TIME   RECORD YEAR NORMAL DEPARTURE LAST
                VALUE   (LST)  VALUE       VALUE  FROM      YEAR
                                                  NORMAL
..................................................................
TEMPERATURE (F)
 YESTERDAY
  MAXIMUM         28    216 PM  59    2010  42    -14       45
  MINIMUM         -8R   755 AM  -5    1993  23    -31       22
  AVERAGE         10                        33    -23       34

PRECIPITATION (IN)
  YESTERDAY        0.00          0.35 1956   0.03  -0.03     0.06
  MONTH TO DATE    1.47                      0.52   0.95     0.37
  SINCE OCT 1      5.22                      3.28   1.94     3.94
  SINCE JAN 1      1.47                      0.52   0.95     0.37

DEGREE DAYS
 HEATING
  YESTERDAY       55                        32     23       31
  MONTH TO DATE  774                       497    277      538
  SINCE DEC 1   2033                      1563    470     1319
  SINCE JUL 1   3497                      3337    160     3037

 COOLING
  YESTERDAY        0                         0      0        0
  MONTH TO DATE    0                         0      0        0
  SINCE DEC 1      0                         0      0        0
  SINCE JAN 1      0                         0      0        0
..................................................................


WIND (MPH)
  RESULTANT WIND SPEED   0   RESULTANT WIND DIRECTION   W (250)
  HIGHEST WIND SPEED     9   HIGHEST WIND DIRECTION     S (160)
  HIGHEST GUST SPEED    10   HIGHEST GUST DIRECTION     S (160)
  AVERAGE WIND SPEED     1.5


SKY COVER
  POSSIBLE SUNSHINE  MM
  AVERAGE SKY COVER 0.2


WEATHER CONDITIONS
 THE FOLLOWING WEATHER WAS RECORDED YESTERDAY.
  FOG
  HAZE


RELATIVE HUMIDITY (PERCENT)
 HIGHEST    96           600 PM
 LOWEST     62           100 PM
 AVERAGE    79

..........................................................


THE REDMOND OR CLIMATE NORMALS FOR TODAY
                         NORMAL    RECORD    YEAR
 MAXIMUM TEMPERATURE (F)   42        62      2009
                                             1976
 MINIMUM TEMPERATURE (F)   23        -5      1957


SUNRISE AND SUNSET
JANUARY 16 2017.......SUNRISE   736 AM PST   SUNSET   453 PM PST
JANUARY 17 2017.......SUNRISE   735 AM PST   SUNSET   455 PM PST


-  INDICATES NEGATIVE NUMBERS.
R  INDICATES RECORD WAS SET OR TIED.
MM INDICATES DATA IS MISSING.
T  INDICATES TRACE AMOUNT.


$$
