000
CDUS46 KPDT 200839
CLIRDM

CLIMATE REPORT
NATIONAL WEATHER SERVICE PENDLETON OR
138 AM PDT SUN AUG 20 2017


...................................

...THE REDMOND OR CLIMATE SUMMARY FOR AUGUST 19 2017...

CLIMATE NORMAL PERIOD 1981 TO 2010
CLIMATE RECORD PERIOD 1949 TO 2017


WEATHER ITEM   OBSERVED TIME   RECORD YEAR NORMAL DEPARTURE LAST
                VALUE   (LST)  VALUE       VALUE  FROM      YEAR
                                                  NORMAL
..................................................................
TEMPERATURE (F)
 YESTERDAY
  MAXIMUM         83    349 PM 105    1967  84     -1       90
  MINIMUM         45    514 AM  31    1964  45      0       49
  AVERAGE         64                        65     -1       70

PRECIPITATION (IN)
  YESTERDAY        0.00          0.32 1979   0.01  -0.01     0.00
  MONTH TO DATE    0.29                      0.30  -0.01     0.02
  SINCE OCT 1      8.79                      8.29   0.50     9.06
  SINCE JAN 1      5.04                      5.53  -0.49     5.49

DEGREE DAYS
 HEATING
  YESTERDAY        1                         3     -2        0
  MONTH TO DATE   11                        38    -27       25
  SINCE JUN 1    182                       324   -142      251
  SINCE JUL 1     17                       107    -90       74

 COOLING
  YESTERDAY        0                         2     -2        5
  MONTH TO DATE  118                        61     57       62
  SINCE JUN 1    326                       182    144      202
  SINCE JAN 1    336                       187    149      205
..................................................................


WIND (MPH)
  RESULTANT WIND SPEED   5   RESULTANT WIND DIRECTION   N (350)
  HIGHEST WIND SPEED    17   HIGHEST WIND DIRECTION     N (350)
  HIGHEST GUST SPEED    24   HIGHEST GUST DIRECTION     N (350)
  AVERAGE WIND SPEED     6.9


SKY COVER
  POSSIBLE SUNSHINE  MM
  AVERAGE SKY COVER 0.0


WEATHER CONDITIONS
 THE FOLLOWING WEATHER WAS RECORDED YESTERDAY.
  HAZE


RELATIVE HUMIDITY (PERCENT)
 HIGHEST    71           300 AM
 LOWEST     15           400 PM
 AVERAGE    43

..........................................................


THE REDMOND OR CLIMATE NORMALS FOR TODAY
                         NORMAL    RECORD    YEAR
 MAXIMUM TEMPERATURE (F)   84       100      2009
 MINIMUM TEMPERATURE (F)   45        35      1974


SUNRISE AND SUNSET
AUGUST 20 2017........SUNRISE   614 AM PDT   SUNSET   801 PM PDT
AUGUST 21 2017........SUNRISE   615 AM PDT   SUNSET   759 PM PDT


-  INDICATES NEGATIVE NUMBERS.
R  INDICATES RECORD WAS SET OR TIED.
MM INDICATES DATA IS MISSING.
T  INDICATES TRACE AMOUNT.

$$
