000
CDUS46 KPDT 300830
CLIRDM

CLIMATE REPORT
NATIONAL WEATHER SERVICE PENDLETON OR
128 AM PDT SUN APR 30 2017


...................................

...THE REDMOND OR CLIMATE SUMMARY FOR APRIL 29 2017...

CLIMATE NORMAL PERIOD 1981 TO 2010
CLIMATE RECORD PERIOD 1949 TO 2017


WEATHER ITEM   OBSERVED TIME   RECORD YEAR NORMAL DEPARTURE LAST
                VALUE   (LST)  VALUE       VALUE  FROM      YEAR
                                                  NORMAL
..................................................................
TEMPERATURE (F)
 YESTERDAY
  MAXIMUM         66    232 PM  89    1968  63      3       54
  MINIMUM         23    523 AM  14    1962  31     -8       29
  AVERAGE         45                        47     -2       42

PRECIPITATION (IN)
  YESTERDAY        T             0.60 1995   0.02  -0.02     0.02
  MONTH TO DATE    0.89                      0.70   0.19     0.29
  SINCE OCT 1      7.97                      5.74   2.23     5.77
  SINCE JAN 1      4.22                      2.98   1.24     2.20

DEGREE DAYS
 HEATING
  YESTERDAY       20                        18      2       23
  MONTH TO DATE  627                       602     25      422
  SINCE MAR 1   1304                      1380    -76     1152
  SINCE JUL 1   6181                      6053    128     5283

 COOLING
  YESTERDAY        0                         0      0        0
  MONTH TO DATE    0                         0      0        0
  SINCE MAR 1      0                         0      0        0
  SINCE JAN 1      0                         0      0        0
..................................................................


WIND (MPH)
  RESULTANT WIND SPEED   4   RESULTANT WIND DIRECTION  NW (330)
  HIGHEST WIND SPEED    20   HIGHEST WIND DIRECTION    NW (310)
  HIGHEST GUST SPEED    23   HIGHEST GUST DIRECTION    NW (310)
  AVERAGE WIND SPEED     7.0


SKY COVER
  POSSIBLE SUNSHINE  MM
  AVERAGE SKY COVER 0.2


WEATHER CONDITIONS
 THE FOLLOWING WEATHER WAS RECORDED YESTERDAY.
  LIGHT RAIN


RELATIVE HUMIDITY (PERCENT)
 HIGHEST    88           400 AM
 LOWEST     10           200 PM
 AVERAGE    49

..........................................................


THE REDMOND OR CLIMATE NORMALS FOR TODAY
                         NORMAL    RECORD    YEAR
 MAXIMUM TEMPERATURE (F)   63        88      1998
 MINIMUM TEMPERATURE (F)   32        16      1969


SUNRISE AND SUNSET
APRIL 30 2017.........SUNRISE   557 AM PDT   SUNSET   808 PM PDT
MAY  1 2017...........SUNRISE   555 AM PDT   SUNSET   809 PM PDT


-  INDICATES NEGATIVE NUMBERS.
R  INDICATES RECORD WAS SET OR TIED.
MM INDICATES DATA IS MISSING.
T  INDICATES TRACE AMOUNT.

$$
