000
CDUS46 KPDT 030908
CLIRDM

CLIMATE REPORT
NATIONAL WEATHER SERVICE PENDLETON OR
108 AM PST TUE MAR 3 2015


...................................

...THE REDMOND OR CLIMATE SUMMARY FOR MARCH 2 2015...

CLIMATE NORMAL PERIOD 1981 TO 2010
CLIMATE RECORD PERIOD 1949 TO 2015


WEATHER ITEM   OBSERVED TIME   RECORD YEAR NORMAL DEPARTURE LAST
                VALUE   (LST)  VALUE       VALUE  FROM      YEAR
                                                  NORMAL
..................................................................
TEMPERATURE (F)
 YESTERDAY
  MAXIMUM         47    158 PM  65    1986  50     -3       50
  MINIMUM         23    638 AM   9    2002  24     -1       28
  AVERAGE         35                        37     -2       39

PRECIPITATION (IN)
  YESTERDAY        0.00          0.29 1972   0.02  -0.02      T
  MONTH TO DATE    0.00                      0.04  -0.04     0.14
  SINCE OCT 1      5.26                      4.42   0.84     2.76
  SINCE JAN 1      0.98                      1.66  -0.68     2.05

DEGREE DAYS
 HEATING
  YESTERDAY       30                        28      2       26
  MONTH TO DATE   65                        56      9       59
  SINCE MAR 1     65                        56      9       59
  SINCE JUL 1   4098                      4729   -631     4852

 COOLING
  YESTERDAY        0                         0      0        0
  MONTH TO DATE    0                         0      0        0
  SINCE MAR 1      0                         0      0        0
  SINCE JAN 1      0                         0      0        0
..................................................................


WIND (MPH)
  RESULTANT WIND SPEED   5   RESULTANT WIND DIRECTION   N (340)
  HIGHEST WIND SPEED    20   HIGHEST WIND DIRECTION     N (360)
  HIGHEST GUST SPEED    26   HIGHEST GUST DIRECTION    NW (330)
  AVERAGE WIND SPEED     5.8


SKY COVER
  POSSIBLE SUNSHINE  MM
  AVERAGE SKY COVER 0.5


WEATHER CONDITIONS
THE FOLLOWING WEATHER WAS RECORDED YESTERDAY.
  NO SIGNIFICANT WEATHER WAS OBSERVED.


RELATIVE HUMIDITY (PERCENT)
 HIGHEST    88           600 AM
 LOWEST     41          1200 PM
 AVERAGE    65

..........................................................


THE REDMOND OR CLIMATE NORMALS FOR TODAY
                         NORMAL    RECORD    YEAR
 MAXIMUM TEMPERATURE (F)   51        70      1986
 MINIMUM TEMPERATURE (F)   25         8      1960


SUNRISE AND SUNSET
MARCH  3 2015.........SUNRISE   638 AM PST   SUNSET   555 PM PST
MARCH  4 2015.........SUNRISE   637 AM PST   SUNSET   557 PM PST


-  INDICATES NEGATIVE NUMBERS.
R  INDICATES RECORD WAS SET OR TIED.
MM INDICATES DATA IS MISSING.
T  INDICATES TRACE AMOUNT.

$$
