000
CDUS46 KPDT 220858
CLIRDM

CLIMATE REPORT
NATIONAL WEATHER SERVICE PENDLETON OR
158 AM PDT TUE JUL 22 2014


...................................

...THE REDMOND OR CLIMATE SUMMARY FOR JULY 21 2014...

CLIMATE NORMAL PERIOD 1981 TO 2010
CLIMATE RECORD PERIOD 1949 TO 2014


WEATHER ITEM   OBSERVED TIME   RECORD YEAR NORMAL DEPARTURE LAST
                VALUE   (LST)  VALUE       VALUE  FROM      YEAR
                                                  NORMAL
..................................................................
TEMPERATURE (F)
 YESTERDAY
  MAXIMUM         80    147 PM 102    2006  87     -7       97
  MINIMUM         47    352 AM  36    1954  47      0       44
  AVERAGE         64                        67     -3       71

PRECIPITATION (IN)
  YESTERDAY        0.00          0.58 1987   0.02  -0.02     0.00
  MONTH TO DATE    0.07                      0.38  -0.31     0.00
  SINCE OCT 1      4.53                      7.82  -3.29     5.83
  SINCE JAN 1      3.82                      5.06  -1.24     1.92

DEGREE DAYS
 HEATING
  YESTERDAY        1                         2     -1        0
  MONTH TO DATE    1                        57    -56       16
  SINCE JUN 1    224                       274    -50      201
  SINCE JUL 1      1                        57    -56       16

 COOLING
  YESTERDAY        0                         4     -4        6
  MONTH TO DATE  142                        60     82      111
  SINCE JUN 1    143                        84     59      150
  SINCE JAN 1    143                        89     54      159
..................................................................


WIND (MPH)
  RESULTANT WIND SPEED   3   RESULTANT WIND DIRECTION   N (340)
  HIGHEST WIND SPEED    17   HIGHEST WIND DIRECTION    NW (330)
  HIGHEST GUST SPEED    23   HIGHEST GUST DIRECTION    NW (330)
  AVERAGE WIND SPEED     5.8


SKY COVER
  POSSIBLE SUNSHINE  MM
  AVERAGE SKY COVER 0.2


WEATHER CONDITIONS
 THE FOLLOWING WEATHER WAS RECORDED YESTERDAY.
  NO SIGNIFICANT WEATHER WAS OBSERVED.


RELATIVE HUMIDITY (PERCENT)
 HIGHEST    66           300 AM
 LOWEST     17          1200 PM
 AVERAGE    42

..........................................................


THE REDMOND OR CLIMATE NORMALS FOR TODAY
                         NORMAL    RECORD    YEAR
 MAXIMUM TEMPERATURE (F)   87       105      1959
 MINIMUM TEMPERATURE (F)   47        34      1965


SUNRISE AND SUNSET
JULY 22 2014..........SUNRISE   542 AM PDT   SUNSET   840 PM PDT
JULY 23 2014..........SUNRISE   543 AM PDT   SUNSET   839 PM PDT


-  INDICATES NEGATIVE NUMBERS.
R  INDICATES RECORD WAS SET OR TIED.
MM INDICATES DATA IS MISSING.
T  INDICATES TRACE AMOUNT.




$$
