000
CDUS46 KPDT 240832
CLIRDM

CLIMATE REPORT
NATIONAL WEATHER SERVICE PENDLETON OR
1229 AM PST FRI FEB 24 2017


...................................

...THE REDMOND OR CLIMATE SUMMARY FOR FEBRUARY 23 2017...

CLIMATE NORMAL PERIOD 1981 TO 2010
CLIMATE RECORD PERIOD 1949 TO 2017


WEATHER ITEM   OBSERVED TIME   RECORD YEAR NORMAL DEPARTURE LAST
                VALUE   (LST)  VALUE       VALUE  FROM      YEAR
                                                  NORMAL
..................................................................
TEMPERATURE (F)
 YESTERDAY
  MAXIMUM         39    215 PM  73    1995  49    -10       57
  MINIMUM         22   1133 PM  10    2015  24     -2       15
  AVERAGE         31                        36     -5       36

PRECIPITATION (IN)
  YESTERDAY        0.01          0.11 1993   0.02  -0.01     0.00
  MONTH TO DATE    1.14                      0.54   0.60     0.04
  SINCE OCT 1      6.51                      4.27   2.24     4.83
  SINCE JAN 1      2.76                      1.51   1.25     1.26

DEGREE DAYS
 HEATING
  YESTERDAY       34                        29      5       29
  MONTH TO DATE  664                       692    -28      550
  SINCE DEC 1   3243                      2758    485     2277
  SINCE JUL 1   4707                      4532    175     3995

 COOLING
  YESTERDAY        0                         0      0        0
  MONTH TO DATE    0                         0      0        0
  SINCE DEC 1      0                         0      0        0
  SINCE JAN 1      0                         0      0        0
..................................................................


WIND (MPH)
  RESULTANT WIND SPEED   2   RESULTANT WIND DIRECTION   N (340)
  HIGHEST WIND SPEED    15   HIGHEST WIND DIRECTION     N (10)
  HIGHEST GUST SPEED    18   HIGHEST GUST DIRECTION     N (20)
  AVERAGE WIND SPEED     3.9


SKY COVER
  POSSIBLE SUNSHINE  MM
  AVERAGE SKY COVER 0.6


WEATHER CONDITIONS
 THE FOLLOWING WEATHER WAS RECORDED YESTERDAY.
  LIGHT SNOW
  HAZE


RELATIVE HUMIDITY (PERCENT)
 HIGHEST    81          1200 AM
 LOWEST     44           100 PM
 AVERAGE    63

..........................................................


THE REDMOND OR CLIMATE NORMALS FOR TODAY
                         NORMAL    RECORD    YEAR
 MAXIMUM TEMPERATURE (F)   49        72      1986
 MINIMUM TEMPERATURE (F)   24         8      1993


SUNRISE AND SUNSET
FEBRUARY 24 2017......SUNRISE   649 AM PST   SUNSET   547 PM PST
FEBRUARY 25 2017......SUNRISE   648 AM PST   SUNSET   548 PM PST


-  INDICATES NEGATIVE NUMBERS.
R  INDICATES RECORD WAS SET OR TIED.
MM INDICATES DATA IS MISSING.
T  INDICATES TRACE AMOUNT.




$$
