000
CDUS46 KPDT 270924
CLIRDM

CLIMATE REPORT
NATIONAL WEATHER SERVICE PENDLETON OR
224 AM PDT FRI MAR 27 2015


...................................

...THE REDMOND OR CLIMATE SUMMARY FOR MARCH 26 2015...

CLIMATE NORMAL PERIOD 1981 TO 2010
CLIMATE RECORD PERIOD 1949 TO 2015


WEATHER ITEM   OBSERVED TIME   RECORD YEAR NORMAL DEPARTURE LAST
                VALUE   (LST)  VALUE       VALUE  FROM      YEAR
                                                  NORMAL
..................................................................
TEMPERATURE (F)
 YESTERDAY
  MAXIMUM         77R   330 PM  75    1969  56     21       50
  MINIMUM         29    606 AM  14    1975  27      2       30
  AVERAGE         53                        42     11       40

PRECIPITATION (IN)
  YESTERDAY        0.00          0.21 1984   0.03  -0.03     0.04
  MONTH TO DATE    0.40                      0.55  -0.15     0.53
  SINCE OCT 1      5.66                      4.93   0.73     3.15
  SINCE JAN 1      1.38                      2.17  -0.79     2.44

DEGREE DAYS
 HEATING
  YESTERDAY       12                        23    -11       25
  MONTH TO DATE  539                       662   -123      601
  SINCE MAR 1    539                       662   -123      601
  SINCE JUL 1   4572                      5335   -763     5394

 COOLING
  YESTERDAY        0                         0      0        0
  MONTH TO DATE    0                         0      0        0
  SINCE MAR 1      0                         0      0        0
  SINCE JAN 1      0                         0      0        0
..................................................................


WIND (MPH)
  RESULTANT WIND SPEED   1   RESULTANT WIND DIRECTION  NE (60)
  HIGHEST WIND SPEED    16   HIGHEST WIND DIRECTION     N (20)
  HIGHEST GUST SPEED    20   HIGHEST GUST DIRECTION     N (20)
  AVERAGE WIND SPEED     6.3


SKY COVER
  POSSIBLE SUNSHINE  MM
  AVERAGE SKY COVER 0.0


WEATHER CONDITIONS
 THE FOLLOWING WEATHER WAS RECORDED YESTERDAY.
  NO SIGNIFICANT WEATHER WAS OBSERVED.


RELATIVE HUMIDITY (PERCENT)
 HIGHEST   100           500 AM
 LOWEST     29           200 PM
 AVERAGE    65

..........................................................


THE REDMOND OR CLIMATE NORMALS FOR TODAY
                         NORMAL    RECORD    YEAR
 MAXIMUM TEMPERATURE (F)   56        75      1966
 MINIMUM TEMPERATURE (F)   27        12      2008


SUNRISE AND SUNSET
MARCH 27 2015.........SUNRISE   655 AM PDT   SUNSET   726 PM PDT
MARCH 28 2015.........SUNRISE   653 AM PDT   SUNSET   727 PM PDT


-  INDICATES NEGATIVE NUMBERS.
R  INDICATES RECORD WAS SET OR TIED.
MM INDICATES DATA IS MISSING.
T  INDICATES TRACE AMOUNT.




$$
