000
CDUS46 KPDT 210833
CLIRDM

CLIMATE REPORT
NATIONAL WEATHER SERVICE PENDLETON OR
1231 AM PST WED FEB 21 2018


...................................

...THE REDMOND OR CLIMATE SUMMARY FOR FEBRUARY 20 2018...

CLIMATE NORMAL PERIOD 1981 TO 2010
CLIMATE RECORD PERIOD 1949 TO 2018


WEATHER ITEM   OBSERVED TIME   RECORD YEAR NORMAL DEPARTURE LAST
                VALUE   (LST)  VALUE       VALUE  FROM      YEAR
                                                  NORMAL
..................................................................
TEMPERATURE (F)
 YESTERDAY
  MAXIMUM         36    252 PM  73    1995  48    -12       54
  MINIMUM          6    559 AM   2    1993  24    -18       35
  AVERAGE         21                        36    -15       45

PRECIPITATION (IN)
  YESTERDAY        T             0.49 1951   0.02  -0.02     0.23
  MONTH TO DATE    0.03                      0.47  -0.44     1.06
  SINCE OCT 1      1.31                      4.20  -2.89     6.43
  SINCE JAN 1      0.20                      1.44  -1.24     2.68

DEGREE DAYS
 HEATING
  YESTERDAY       44                        29     15       20
  MONTH TO DATE  547                       605    -58      563
  SINCE DEC 1   2550                      2671   -121     3142
  SINCE JUL 1   4129                      4445   -316     4606

 COOLING
  YESTERDAY        0                         0      0        0
  MONTH TO DATE    0                         0      0        0
  SINCE DEC 1      0                         0      0        0
  SINCE JAN 1      0                         0      0        0
..................................................................


WIND (MPH)
  RESULTANT WIND SPEED   4   RESULTANT WIND DIRECTION  SE (120)
  HIGHEST WIND SPEED    17   HIGHEST WIND DIRECTION    NW (330)
  HIGHEST GUST SPEED    20   HIGHEST GUST DIRECTION    NW (330)
  AVERAGE WIND SPEED     5.4


SKY COVER
  POSSIBLE SUNSHINE  MM
  AVERAGE SKY COVER 0.7


WEATHER CONDITIONS
 THE FOLLOWING WEATHER WAS RECORDED YESTERDAY.
  SNOW
  LIGHT SNOW
  FOG


RELATIVE HUMIDITY (PERCENT)
 HIGHEST    88           600 AM
 LOWEST     43          1200 PM
 AVERAGE    66

..........................................................


THE REDMOND OR CLIMATE NORMALS FOR TODAY
                         NORMAL    RECORD    YEAR
 MAXIMUM TEMPERATURE (F)   48        68      1988
 MINIMUM TEMPERATURE (F)   24        10      1952


SUNRISE AND SUNSET
FEBRUARY 21 2018......SUNRISE   655 AM PST   SUNSET   542 PM PST
FEBRUARY 22 2018......SUNRISE   653 AM PST   SUNSET   544 PM PST


-  INDICATES NEGATIVE NUMBERS.
R  INDICATES RECORD WAS SET OR TIED.
MM INDICATES DATA IS MISSING.
T  INDICATES TRACE AMOUNT.




$$
