000
CDUS46 KPDT 290828 RRA
CLIRDM

CLIMATE REPORT
NATIONAL WEATHER SERVICE PENDLETON OR
127 AM PDT FRI JUL 29 2016


...................................

...THE REDMOND OR CLIMATE SUMMARY FOR JULY 28 2016...

CLIMATE NORMAL PERIOD 1981 TO 2010
CLIMATE RECORD PERIOD 1949 TO 2016


WEATHER ITEM   OBSERVED TIME   RECORD YEAR NORMAL DEPARTURE LAST
                VALUE   (LST)  VALUE       VALUE  FROM      YEAR
                                                  NORMAL
..................................................................
TEMPERATURE (F)
 YESTERDAY
  MAXIMUM         97    419 PM 104    1968  88      9       83
  MINIMUM         52    247 AM  32    1959  47      5       36
  AVERAGE         75                        68      7       60

PRECIPITATION (IN)
  YESTERDAY        0.00          0.07 1984   0.02  -0.02     0.00
  MONTH TO DATE    0.64                      0.50   0.14     0.44
  SINCE OCT 1      9.04                      7.94   1.10     8.75
  SINCE JAN 1      5.47                      5.18   0.29     4.47

DEGREE DAYS
 HEATING
  YESTERDAY        0                         1     -1        5
  MONTH TO DATE   49                        65    -16       48
  SINCE JUN 1    226                       282    -56      125
  SINCE JUL 1     49                        65    -16       48

 COOLING
  YESTERDAY       10                         4      6        0
  MONTH TO DATE   54                        88    -34      108
  SINCE JUN 1    118                       112      6      215
  SINCE JAN 1    121                       117      4      224
..................................................................


WIND (MPH)
  RESULTANT WIND SPEED   3   RESULTANT WIND DIRECTION   N (360)
  HIGHEST WIND SPEED    16   HIGHEST WIND DIRECTION     N (350)
  HIGHEST GUST SPEED    20   HIGHEST GUST DIRECTION     N (340)
  AVERAGE WIND SPEED     5.4


SKY COVER
  POSSIBLE SUNSHINE  MM
  AVERAGE SKY COVER 0.0


WEATHER CONDITIONS
 THE FOLLOWING WEATHER WAS RECORDED YESTERDAY.
  NO SIGNIFICANT WEATHER WAS OBSERVED.


RELATIVE HUMIDITY (PERCENT)
 HIGHEST    66           500 AM
 LOWEST     10           400 PM
 AVERAGE    38

..........................................................


THE REDMOND OR CLIMATE NORMALS FOR TODAY
                         NORMAL    RECORD    YEAR
 MAXIMUM TEMPERATURE (F)   88       101      1999
 MINIMUM TEMPERATURE (F)   47        34      1950


SUNRISE AND SUNSET
JULY 29 2016..........SUNRISE   549 AM PDT   SUNSET   832 PM PDT
JULY 30 2016..........SUNRISE   551 AM PDT   SUNSET   831 PM PDT


-  INDICATES NEGATIVE NUMBERS.
R  INDICATES RECORD WAS SET OR TIED.
MM INDICATES DATA IS MISSING.
T  INDICATES TRACE AMOUNT.




$$
