000
CDUS46 KPDT 270826
CLIRDM

CLIMATE REPORT
NATIONAL WEATHER SERVICE PENDLETON OR
1225 AM PST SAT DEC 27 2014


...................................

...THE REDMOND OR CLIMATE SUMMARY FOR DECEMBER 26 2014...

CLIMATE NORMAL PERIOD 1981 TO 2010
CLIMATE RECORD PERIOD 1949 TO 2014


WEATHER ITEM   OBSERVED TIME   RECORD YEAR NORMAL DEPARTURE LAST
                VALUE   (LST)  VALUE       VALUE  FROM      YEAR
                                                  NORMAL
..................................................................
TEMPERATURE (F)
 YESTERDAY
  MAXIMUM         41    341 PM  65    1980  40      1       57
  MINIMUM         21    803 AM  -2    2008  21      0       21
                                      1988
  AVERAGE         31                        30      1       39

PRECIPITATION (IN)
  YESTERDAY        0.00          0.64 1981   0.04  -0.04     0.00
  MONTH TO DATE    1.40                      0.99   0.41     0.37
  SINCE OCT 1      4.10                      2.59   1.51     0.71
  SINCE JAN 1      9.52                      8.73   0.79     4.80

DEGREE DAYS
 HEATING
  YESTERDAY       34                        35     -1       26
  MONTH TO DATE  692                       896   -204      966
  SINCE DEC 1    692                       896   -204      966
  SINCE JUL 1   2279                      2670   -391     2752

 COOLING
  YESTERDAY        0                         0      0        0
  MONTH TO DATE    0                         0      0        0
  SINCE DEC 1      0                         0      0        0
  SINCE JAN 1    311                       222     89      350
..................................................................


WIND (MPH)
  RESULTANT WIND SPEED   3   RESULTANT WIND DIRECTION   S (160)
  HIGHEST WIND SPEED     8   HIGHEST WIND DIRECTION     S (170)
  HIGHEST GUST SPEED    10   HIGHEST GUST DIRECTION     S (170)
  AVERAGE WIND SPEED     3.5


SKY COVER
  POSSIBLE SUNSHINE  MM
  AVERAGE SKY COVER 0.1


WEATHER CONDITIONS
THE FOLLOWING WEATHER WAS RECORDED YESTERDAY.
  NO SIGNIFICANT WEATHER WAS OBSERVED.


RELATIVE HUMIDITY (PERCENT)
 HIGHEST   100           500 AM
 LOWEST     51           200 PM
 AVERAGE    76

..........................................................


THE REDMOND OR CLIMATE NORMALS FOR TODAY
                         NORMAL    RECORD    YEAR
 MAXIMUM TEMPERATURE (F)   40        59      1967
 MINIMUM TEMPERATURE (F)   21         7      1954


SUNRISE AND SUNSET
DECEMBER 27 2014......SUNRISE   739 AM PST   SUNSET   432 PM PST
DECEMBER 28 2014......SUNRISE   740 AM PST   SUNSET   433 PM PST


-  INDICATES NEGATIVE NUMBERS.
R  INDICATES RECORD WAS SET OR TIED.
MM INDICATES DATA IS MISSING.
T  INDICATES TRACE AMOUNT.




$$
