000
CDUS46 KPDT 200937
CLIRDM

CLIMATE REPORT
NATIONAL WEATHER SERVICE PENDLETON OR
236 AM PDT MON OCT 20 2014


...................................

...THE REDMOND OR CLIMATE SUMMARY FOR OCTOBER 19 2014...

CLIMATE NORMAL PERIOD 1981 TO 2010
CLIMATE RECORD PERIOD 1949 TO 2014


WEATHER ITEM   OBSERVED TIME   RECORD YEAR NORMAL DEPARTURE LAST
                VALUE   (LST)  VALUE       VALUE  FROM      YEAR
                                                  NORMAL
..................................................................
TEMPERATURE (F)
 YESTERDAY
  MAXIMUM         76    300 PM  83    1974  62     14       77
  MINIMUM         36    500 AM  14    1995  31      5       25
  AVERAGE         56                        46     10       51

PRECIPITATION (IN)
  YESTERDAY        0.00          0.38 1984   0.02  -0.02     0.00
  MONTH TO DATE    0.20                      0.34  -0.14     0.05
  SINCE OCT 1      0.20                      0.34  -0.14     0.05
  SINCE JAN 1      5.62                      6.48  -0.86     4.14

DEGREE DAYS
 HEATING
  YESTERDAY        9                        19    -10       14
  MONTH TO DATE  174                       298   -124      415
  SINCE SEP 1    360                       548   -188      645
  SINCE JUL 1    434                       697   -263      681

 COOLING
  YESTERDAY        0                         0      0        0
  MONTH TO DATE    0                         0      0        0
  SINCE SEP 1     14                        16     -2       36
  SINCE JAN 1    311                       222     89      350
..................................................................


WIND (MPH)
  RESULTANT WIND SPEED   6   RESULTANT WIND DIRECTION   S (190)
  HIGHEST WIND SPEED    20   HIGHEST WIND DIRECTION    SW (230)
  HIGHEST GUST SPEED    26   HIGHEST GUST DIRECTION    SW (230)
  AVERAGE WIND SPEED     7.6


SKY COVER
  POSSIBLE SUNSHINE  MM
  AVERAGE SKY COVER 0.0


WEATHER CONDITIONS
THE FOLLOWING WEATHER WAS RECORDED YESTERDAY.
  NO SIGNIFICANT WEATHER WAS OBSERVED.


RELATIVE HUMIDITY (PERCENT)
 HIGHEST    92           100 AM
 LOWEST     21           300 PM
 AVERAGE    57

..........................................................


THE REDMOND OR CLIMATE NORMALS FOR TODAY
                         NORMAL    RECORD    YEAR
 MAXIMUM TEMPERATURE (F)   62        84      1999
 MINIMUM TEMPERATURE (F)   31        18      1976


SUNRISE AND SUNSET
OCTOBER 20 2014.......SUNRISE   726 AM PDT   SUNSET   612 PM PDT
OCTOBER 21 2014.......SUNRISE   727 AM PDT   SUNSET   610 PM PDT


-  INDICATES NEGATIVE NUMBERS.
R  INDICATES RECORD WAS SET OR TIED.
MM INDICATES DATA IS MISSING.
T  INDICATES TRACE AMOUNT.

$$
