000
CDUS46 KPDT 200037
CLIRDM

CLIMATE REPORT
NATIONAL WEATHER SERVICE PENDLETON OR
536 PM PDT TUE AUG 19 2014


...................................

...THE REDMOND OR CLIMATE SUMMARY FOR AUGUST 19 2014...
VALID TODAY AS OF 0500 PM LOCAL TIME.

CLIMATE NORMAL PERIOD 1981 TO 2010
CLIMATE RECORD PERIOD 1949 TO 2014


WEATHER ITEM   OBSERVED TIME   RECORD YEAR NORMAL DEPARTURE LAST
                VALUE   (LST)  VALUE       VALUE  FROM      YEAR
                                                  NORMAL
..................................................................
TEMPERATURE (F)
 TODAY
  MAXIMUM         87    311 PM 105    1967  84      3       91
  MINIMUM         57    555 AM  31    1964  45     12       49
  AVERAGE         72                        65      7       70

PRECIPITATION (IN)
  TODAY            0.00          0.32 1979   0.01  -0.01     0.00
  MONTH TO DATE    0.90                      0.30   0.60     0.10
  SINCE OCT 1      5.65                      8.29  -2.64     5.93
  SINCE JAN 1      4.94                      5.53  -0.59     2.02

DEGREE DAYS
 HEATING
  TODAY            0                         3     -3        0
  MONTH TO DATE    4                        38    -34       11
  SINCE JUN 1    258                       324    -66      216
  SINCE JUL 1     35                       107    -72       31

 COOLING
  TODAY            7                         2      5        5
  MONTH TO DATE   96                        61     35       73
  SINCE JUN 1    290                       182    108      279
  SINCE JAN 1    290                       187    103      288
..................................................................


WIND (MPH)
  RESULTANT WIND SPEED   3   RESULTANT WIND DIRECTION  NW (310)
  HIGHEST WIND SPEED    20   HIGHEST WIND DIRECTION     W (290)
  HIGHEST GUST SPEED    27   HIGHEST GUST DIRECTION     W (290)
  AVERAGE WIND SPEED     7.0


SKY COVER
  POSSIBLE SUNSHINE  MM
  AVERAGE SKY COVER 0.0


WEATHER CONDITIONS
 THE FOLLOWING WEATHER WAS RECORDED TODAY.
  NO SIGNIFICANT WEATHER WAS OBSERVED.


RELATIVE HUMIDITY (PERCENT)
 HIGHEST    72           400 AM
 LOWEST     20          1200 PM
 AVERAGE    46

..........................................................


THE REDMOND OR CLIMATE NORMALS FOR TOMORROW
                         NORMAL    RECORD    YEAR
 MAXIMUM TEMPERATURE (F)   84       100      2009
 MINIMUM TEMPERATURE (F)   45        35      1974


SUNRISE AND SUNSET
AUGUST 19 2014........SUNRISE   613 AM PDT   SUNSET   803 PM PDT
AUGUST 20 2014........SUNRISE   614 AM PDT   SUNSET   801 PM PDT


-  INDICATES NEGATIVE NUMBERS.
R  INDICATES RECORD WAS SET OR TIED.
MM INDICATES DATA IS MISSING.
T  INDICATES TRACE AMOUNT.


$$
