000
CDUS42 KRAH 242043
CLIRDU

CLIMATE REPORT
NATIONAL WEATHER SERVICE RALEIGH NC
443 PM EDT FRI OCT 24 2014

...................................

...THE RALEIGH-DURHAM INTL AIRPORT NC CLIMATE SUMMARY FOR OCTOBER 24 2014...
VALID TODAY AS OF 0440 PM LOCAL TIME.

CLIMATE NORMAL PERIOD 1981 TO 2010
CLIMATE RECORD PERIOD 1887 TO 2014


WEATHER ITEM   OBSERVED TIME   RECORD YEAR NORMAL DEPARTURE LAST
                VALUE   (LST)  VALUE       VALUE  FROM      YEAR
                                                  NORMAL
..................................................................
TEMPERATURE (F)
 TODAY
  MAXIMUM         70    300 PM  87    2001  71     -1       59
  MINIMUM         43    609 AM  26    1969  47     -4       35
  AVERAGE         57                        59     -2       47

PRECIPITATION (IN)
  TODAY            0.00          1.83 1913   0.10  -0.10     0.00
  MONTH TO DATE    2.00                      2.55  -0.55     1.41
  SINCE SEP 1      7.91                      6.91   1.00     4.32
  SINCE JAN 1     46.32                     36.45   9.87    41.79

DEGREE DAYS
 HEATING
  TODAY            8                         7      1       18
  MONTH TO DATE   76                       111    -35       85
  SINCE SEP 1     86                       131    -45       96
  SINCE JUL 1     86                       132    -46       96

 COOLING
  TODAY            0                         1     -1        0
  MONTH TO DATE   60                        46     14       53
  SINCE SEP 1    294                       273     21      242
  SINCE JAN 1   1652                      1714    -62     1548
..................................................................


WIND (MPH)
  HIGHEST WIND SPEED     9   HIGHEST WIND DIRECTION    SW (230)
  HIGHEST GUST SPEED    13   HIGHEST GUST DIRECTION    SW (230)
  AVERAGE WIND SPEED     2.2


SKY COVER
  POSSIBLE SUNSHINE  MM
  AVERAGE SKY COVER 0.7


WEATHER CONDITIONS
 THE FOLLOWING WEATHER WAS RECORDED TODAY.
  NO SIGNIFICANT WEATHER WAS OBSERVED.


RELATIVE HUMIDITY (PERCENT)
 HIGHEST    83           500 AM
 LOWEST     39           100 PM
 AVERAGE    61

..........................................................


THE RALEIGH-DURHAM INTL AIRPORT NC CLIMATE NORMALS FOR TOMORROW
                         NORMAL    RECORD    YEAR
 MAXIMUM TEMPERATURE (F)   70        84      1940
                                             1931
 MINIMUM TEMPERATURE (F)   47        27      1962


SUNRISE AND SUNSET
OCTOBER 24 2014.......SUNRISE   730 AM EDT   SUNSET   628 PM EDT
OCTOBER 25 2014.......SUNRISE   731 AM EDT   SUNSET   627 PM EDT


-  INDICATES NEGATIVE NUMBERS.
R  INDICATES RECORD WAS SET OR TIED.
MM INDICATES DATA IS MISSING.
T  INDICATES TRACE AMOUNT.

&&

CLIMATE REPORT
NWS FORECAST OFFICE
NCSU CENTENNIAL CAMPUS
RALEIGH, NC

MAXIMUM TEMPERATURE... 71

MINIMUM TEMPERATURE... 47

PRECIPITATION... 0.00

$$

DJF
