000
CDUS42 KRAH 200729
CLIRDU


CLIMATE REPORT
NATIONAL WEATHER SERVICE RALEIGH NC
328 AM EDT WED AUG 20 2014


...................................

...THE RALEIGH-DURHAM INTL AIRPORT NC CLIMATE SUMMARY FOR AUGUST 19 2014...

CLIMATE NORMAL PERIOD 1981 TO 2010
CLIMATE RECORD PERIOD 1887 TO 2014


WEATHER ITEM   OBSERVED TIME   RECORD YEAR NORMAL DEPARTURE LAST
                VALUE   (LST)  VALUE       VALUE  FROM      YEAR
                                                  NORMAL
..................................................................
TEMPERATURE (F)
 YESTERDAY
  MAXIMUM         86    500 PM 103    1988  88     -2       75
  MINIMUM         69    454 AM  58    1977  69      0       67
  AVERAGE         78                        78      0       71

PRECIPITATION (IN)
  YESTERDAY        0.00          2.08 2012   0.13  -0.13     0.60
  MONTH TO DATE    5.73                      2.51   3.22     4.87
  SINCE JUN 1     18.00                     10.76   7.24    18.43
  SINCE JAN 1     37.27                     27.79   9.48    37.46

DEGREE DAYS
 HEATING
  YESTERDAY        0                         0      0        0
  MONTH TO DATE    0                         0      0        0
  SINCE JUN 1      0                         4     -4        0
  SINCE JUL 1      0                         0      0        0

 COOLING
  YESTERDAY       13                        13      0        6
  MONTH TO DATE  200                       270    -70      216
  SINCE JUN 1   1000                      1083    -83      993
  SINCE JAN 1   1213                      1292    -79     1171
..................................................................


WIND (MPH)
  HIGHEST WIND SPEED     6   HIGHEST WIND DIRECTION    NE (60)
  HIGHEST GUST SPEED     7   HIGHEST GUST DIRECTION    NE (50)
  AVERAGE WIND SPEED     2.5


SKY COVER
  POSSIBLE SUNSHINE  MM
  AVERAGE SKY COVER 0.6


WEATHER CONDITIONS
 THE FOLLOWING WEATHER WAS RECORDED YESTERDAY.
  FOG


RELATIVE HUMIDITY (PERCENT)
 HIGHEST    97           400 AM
 LOWEST     57           400 PM
 AVERAGE    77

..........................................................


THE RALEIGH-DURHAM INTL AIRPORT NC CLIMATE NORMALS FOR TODAY
                         NORMAL    RECORD    YEAR
 MAXIMUM TEMPERATURE (F)   88       103      2007
 MINIMUM TEMPERATURE (F)   68        54      1998


SUNRISE AND SUNSET
AUGUST 20 2014........SUNRISE   638 AM EDT   SUNSET   759 PM EDT
AUGUST 21 2014........SUNRISE   638 AM EDT   SUNSET   757 PM EDT


-  INDICATES NEGATIVE NUMBERS.
R  INDICATES RECORD WAS SET OR TIED.
MM INDICATES DATA IS MISSING.
T  INDICATES TRACE AMOUNT.




$$
