545
CDUS42 KRAH 192200
CLIRDU


CLIMATE REPORT
NATIONAL WEATHER SERVICE RALEIGH NC
459 PM EST FRI JAN 19 2018


...................................

...THE RALEIGH-DURHAM INTL AIRPORT NC CLIMATE SUMMARY FOR JANUARY 19 2018...
VALID TODAY AS OF 0455 PM LOCAL TIME.

CLIMATE NORMAL PERIOD 1981 TO 2010
CLIMATE RECORD PERIOD 1887 TO 2018


WEATHER ITEM   OBSERVED TIME   RECORD YEAR NORMAL DEPARTURE LAST
                VALUE   (LST)  VALUE       VALUE  FROM      YEAR
                                                  NORMAL
..................................................................
TEMPERATURE (F)
 TODAY
  MAXIMUM         49    356 PM  73    2001  51     -2       63
  MINIMUM         19    701 AM   2    1994  31    -12       36
  AVERAGE         34                        41     -7       50

PRECIPITATION (IN)
  TODAY            0.00          2.04 2002   0.11  -0.11     0.00
  MONTH TO DATE    1.16                      2.15  -0.99     2.85
  SINCE DEC 1      3.45                      5.22  -1.77     5.04
  SINCE JAN 1      1.16                      2.15  -0.99     2.85

SNOWFALL (IN)
  TODAY            0.0          11.0  1893   0.1   -0.1      0.0
  MONTH TO DATE    7.0                       1.7    5.3      0.5
  SINCE DEC 1      7.3                       2.3    5.0      0.5
  SINCE JUL 1      7.3                       2.4    4.9      0.5
  SNOW DEPTH       4

DEGREE DAYS
 HEATING
  TODAY           31                        24      7       15
  MONTH TO DATE  622                       462    160      372
  SINCE DEC 1   1319                      1132    187      999
  SINCE JUL 1   1901                      1713    188     1454

 COOLING
  TODAY            0                         0      0        0
  MONTH TO DATE    0                         0      0        0
  SINCE DEC 1      0                         2     -2        0
  SINCE JAN 1      0                         0      0        0
..................................................................


WIND (MPH)
  HIGHEST WIND SPEED    12   HIGHEST WIND DIRECTION    SW (230)
  HIGHEST GUST SPEED    13   HIGHEST GUST DIRECTION    SW (230)
  AVERAGE WIND SPEED     3.8


SKY COVER
  POSSIBLE SUNSHINE  MM
  AVERAGE SKY COVER 0.0


WEATHER CONDITIONS
 THE FOLLOWING WEATHER WAS RECORDED TODAY.
  NO SIGNIFICANT WEATHER WAS OBSERVED.


RELATIVE HUMIDITY (PERCENT)
 HIGHEST    92          1200 AM
 LOWEST     34           300 PM
 AVERAGE    63

..........................................................


THE RALEIGH-DURHAM INTL AIRPORT NC CLIMATE NORMALS FOR TOMORROW
                         NORMAL    RECORD    YEAR
 MAXIMUM TEMPERATURE (F)   51        74      1951
                                             1890
 MINIMUM TEMPERATURE (F)   31        -3      1985


SUNRISE AND SUNSET
JANUARY 19 2018.......SUNRISE   723 AM EST   SUNSET   529 PM EST
JANUARY 20 2018.......SUNRISE   723 AM EST   SUNSET   530 PM EST


-  INDICATES NEGATIVE NUMBERS.
R  INDICATES RECORD WAS SET OR TIED.
MM INDICATES DATA IS MISSING.
T  INDICATES TRACE AMOUNT.

&&

CLIMATE REPORT
NWS FORECAST OFFICE
NCSU CENTENNIAL CAMPUS
RALEIGH NC

MAXIMUM TEMPERATURE...52

MINIMUM TEMPERATURE...25

PRECIPITATION...0.00


$$
