000
CDUS42 KRAH 060640
CLIRDU

CLIMATE REPORT
NATIONAL WEATHER SERVICE RALEIGH NC
238 AM EDT MON JUL 6 2015
...................................

...THE RALEIGH-DURHAM INTL AIRPORT NC CLIMATE SUMMARY FOR JULY 5 2015...

CLIMATE NORMAL PERIOD 1981 TO 2010
CLIMATE RECORD PERIOD 1887 TO 2015


WEATHER ITEM   OBSERVED TIME   RECORD YEAR NORMAL DEPARTURE LAST
                VALUE   (LST)  VALUE       VALUE  FROM      YEAR
                                                  NORMAL
..................................................................
TEMPERATURE (F)
 YESTERDAY
  MAXIMUM         90    253 PM 102    1999  90      0       83
  MINIMUM         69    858 PM  54    1996  70     -1       61
  AVERAGE         80                        80      0       72

PRECIPITATION (IN)
  YESTERDAY        0.79          3.26 1941   0.13   0.66     0.00
  MONTH TO DATE    1.23                      0.66   0.57      T
  SINCE JUN 1      7.58                      4.18   3.40     3.31
  SINCE JAN 1     25.42                     21.21   4.21    22.58

DEGREE DAYS
 HEATING
  YESTERDAY        0                         0      0        0
  MONTH TO DATE    0                         0      0        0
  SINCE JUN 1      0                         4     -4        0
  SINCE JUL 1      0                         0      0        0

 COOLING
  YESTERDAY       15                        15      0        7
  MONTH TO DATE   64                        75    -11       80
  SINCE JUN 1    501                       422     79      457
  SINCE JAN 1    771                       631    140      670
..................................................................


WIND (MPH)
  HIGHEST WIND SPEED    29   HIGHEST WIND DIRECTION    SW (240)
  HIGHEST GUST SPEED    45   HIGHEST GUST DIRECTION    SW (230)
  AVERAGE WIND SPEED     6.1


SKY COVER
  POSSIBLE SUNSHINE  MM
  AVERAGE SKY COVER 0.8


WEATHER CONDITIONS
 THE FOLLOWING WEATHER WAS RECORDED YESTERDAY.
  THUNDERSTORM
  RAIN
  LIGHT RAIN
  FOG


RELATIVE HUMIDITY (PERCENT)
 HIGHEST    97           900 PM
 LOWEST     52           100 PM
 AVERAGE    75

..........................................................

THE RALEIGH-DURHAM INTL AIRPORT NC CLIMATE NORMALS FOR TODAY
                         NORMAL    RECORD    YEAR
 MAXIMUM TEMPERATURE (F)   90       102      1999
 MINIMUM TEMPERATURE (F)   70        54      1979


SUNRISE AND SUNSET
JULY  6 2015..........SUNRISE   605 AM EDT   SUNSET   835 PM EDT
JULY  7 2015..........SUNRISE   605 AM EDT   SUNSET   835 PM EDT


-  INDICATES NEGATIVE NUMBERS.
R  INDICATES RECORD WAS SET OR TIED.
MM INDICATES DATA IS MISSING.
T  INDICATES TRACE AMOUNT.

&&

CLIMATE REPORT NWS FORECAST OFFICE
NCSU CENTENNIAL CAMPUS
RALEIGH, NC

MAXIMUM TEMPERATURE...89

MINIMUM TEMPERATURE...69

PRECIPITATION...0.15

$$
