000
CDUS42 KRAH 240821
CLIRDU


CLIMATE REPORT
NATIONAL WEATHER SERVICE RALEIGH NC
421 AM EDT FRI MAR 24 2017


...................................

...THE RALEIGH-DURHAM INTL AIRPORT NC CLIMATE SUMMARY FOR MARCH 23 2017...

CLIMATE NORMAL PERIOD 1981 TO 2010
CLIMATE RECORD PERIOD 1887 TO 2017


WEATHER ITEM   OBSERVED TIME   RECORD YEAR NORMAL DEPARTURE LAST
                VALUE   (LST)  VALUE       VALUE  FROM      YEAR
                                                  NORMAL
..................................................................
TEMPERATURE (F)
 YESTERDAY
  MAXIMUM         56    446 PM  93    1907  66    -10       77
  MINIMUM         31    633 AM  20    1888  42    -11       48
  AVERAGE         44                        54    -10       63

PRECIPITATION (IN)
  YESTERDAY        0.00          2.51 1903   0.13  -0.13     0.00
  MONTH TO DATE    2.59                      3.07  -0.48     3.13
  SINCE MAR 1      2.59                      3.07  -0.48     3.13
  SINCE JAN 1      7.02                      9.80  -2.78     9.54

SNOWFALL (IN)
  YESTERDAY        0.0           0.3  1934   0.0    0.0      0.0
  MONTH TO DATE    0.3                       0.4   -0.1       T
  SINCE MAR 1      0.3                       0.4   -0.1       T
  SINCE JUL 1      0.8                       5.9   -5.1      1.4
  SNOW DEPTH       0

DEGREE DAYS
 HEATING
  YESTERDAY       21                        12      9        2
  MONTH TO DATE  397                       341     56      203
  SINCE MAR 1    397                       341     56      203
  SINCE JUL 1   2370                      2913   -543     2346

 COOLING
  YESTERDAY        0                         0      0        0
  MONTH TO DATE    5                         0      5       31
  SINCE MAR 1      5                         0      5       31
  SINCE JAN 1     13                         1     12       31
..................................................................


WIND (MPH)
  HIGHEST WIND SPEED    14   HIGHEST WIND DIRECTION    NE (50)
  HIGHEST GUST SPEED    18   HIGHEST GUST DIRECTION    NE (50)
  AVERAGE WIND SPEED     7.3


SKY COVER
  POSSIBLE SUNSHINE  MM
  AVERAGE SKY COVER 0.2


WEATHER CONDITIONS
 THE FOLLOWING WEATHER WAS RECORDED YESTERDAY.
  NO SIGNIFICANT WEATHER WAS OBSERVED.


RELATIVE HUMIDITY (PERCENT)
 HIGHEST    47           700 AM
 LOWEST     20           300 PM
 AVERAGE    34

..........................................................


THE RALEIGH-DURHAM INTL AIRPORT NC CLIMATE NORMALS FOR TODAY
                         NORMAL    RECORD    YEAR
 MAXIMUM TEMPERATURE (F)   66        88      1929
 MINIMUM TEMPERATURE (F)   42        23      1971


SUNRISE AND SUNSET
MARCH 24 2017.........SUNRISE   713 AM EDT   SUNSET   730 PM EDT
MARCH 25 2017.........SUNRISE   711 AM EDT   SUNSET   731 PM EDT


-  INDICATES NEGATIVE NUMBERS.
R  INDICATES RECORD WAS SET OR TIED.
MM INDICATES DATA IS MISSING.
T  INDICATES TRACE AMOUNT.


&&

CLIMATE REPORT
NWS FORECAST OFFICE
NCSU CENTENNIAL CAMPUS
RALEIGH NC

MAXIMUM TEMPERATURE... 54

MINIMUM TEMPERATURE... 36

PRECIPITATION... 0.00

$$
