000
CDUS42 KRAH 230529
CLIRDU


CLIMATE REPORT
NATIONAL WEATHER SERVICE RALEIGH NC
128 AM EDT TUE SEP 23 2014


...................................

...THE RALEIGH-DURHAM INTL AIRPORT NC CLIMATE SUMMARY FOR SEPTEMBER 22 2014...

CLIMATE NORMAL PERIOD 1981 TO 2010
CLIMATE RECORD PERIOD 1887 TO 2014


WEATHER ITEM   OBSERVED TIME   RECORD YEAR NORMAL DEPARTURE LAST
                VALUE   (LST)  VALUE       VALUE  FROM      YEAR
                                                  NORMAL
..................................................................
TEMPERATURE (F)
 YESTERDAY
  MAXIMUM         76    152 PM  98    1895  80     -4       77
  MINIMUM         61    627 AM  42    1889  59      2       57
  AVERAGE         69                        70     -1       67

PRECIPITATION (IN)
  YESTERDAY        0.00          2.74 1923   0.12  -0.12     0.43
  MONTH TO DATE    2.54                      3.35  -0.81     2.91
  SINCE SEP 1      2.54                      3.35  -0.81     2.91
  SINCE JAN 1     40.95                     32.89   8.06    40.38

DEGREE DAYS
 HEATING
  YESTERDAY        0                         1     -1        0
  MONTH TO DATE    0                         6     -6        2
  SINCE SEP 1      0                         6     -6        2
  SINCE JUL 1      0                         7     -7        2

 COOLING
  YESTERDAY        4                         6     -2        2
  MONTH TO DATE  221                       190     31      187
  SINCE SEP 1    221                       190     31      187
  SINCE JAN 1   1579                      1631    -52     1493
..................................................................


WIND (MPH)
  HIGHEST WIND SPEED    13   HIGHEST WIND DIRECTION    NE (30)
  HIGHEST GUST SPEED    17   HIGHEST GUST DIRECTION     N (340)
  AVERAGE WIND SPEED     2.7


SKY COVER
  POSSIBLE SUNSHINE  MM
  AVERAGE SKY COVER 0.7


WEATHER CONDITIONS
 THE FOLLOWING WEATHER WAS RECORDED YESTERDAY.
  FOG


RELATIVE HUMIDITY (PERCENT)
 HIGHEST    90           100 AM
 LOWEST     44          1100 AM
 AVERAGE    67

..........................................................


THE RALEIGH-DURHAM INTL AIRPORT NC CLIMATE NORMALS FOR TODAY
                         NORMAL    RECORD    YEAR
 MAXIMUM TEMPERATURE (F)   80        99      2010
 MINIMUM TEMPERATURE (F)   59        37      1983


SUNRISE AND SUNSET
SEPTEMBER 23 2014.....SUNRISE   704 AM EDT   SUNSET   710 PM EDT
SEPTEMBER 24 2014.....SUNRISE   705 AM EDT   SUNSET   709 PM EDT


-  INDICATES NEGATIVE NUMBERS.
R  INDICATES RECORD WAS SET OR TIED.
MM INDICATES DATA IS MISSING.
T  INDICATES TRACE AMOUNT.




$$
