000
CDUS42 KRAH 270821
CLIRDU

CLIMATE REPORT
NATIONAL WEATHER SERVICE RALEIGH NC
320 AM EST TUE JAN 27 2015
...................................

...THE RALEIGH-DURHAM INTL AIRPORT NC CLIMATE SUMMARY FOR JANUARY 26 2015...

CLIMATE NORMAL PERIOD 1981 TO 2010
CLIMATE RECORD PERIOD 1887 TO 2015


WEATHER ITEM   OBSERVED TIME   RECORD YEAR NORMAL DEPARTURE LAST
                VALUE   (LST)  VALUE       VALUE  FROM      YEAR
                                                  NORMAL
..................................................................
TEMPERATURE (F)
 YESTERDAY
  MAXIMUM         50    208 PM  78    1950  52     -2       52
  MINIMUM         38    337 AM  10    1940  31      7       22
  AVERAGE         44                        42      2       37

PRECIPITATION (IN)
  YESTERDAY        0.24          1.34 1921   0.11   0.13     0.00
  MONTH TO DATE    3.32                      2.94   0.38     1.78
  SINCE DEC 1      8.29                      6.01   2.28     7.69
  SINCE JAN 1      3.32                      2.94   0.38     1.78

SNOWFALL (IN)
  YESTERDAY        0.0           7.6  1966   0.1   -0.1      0.0
  MONTH TO DATE    0.0                       2.4   -2.4      0.5
  SINCE DEC 1      T                         3.0   -3.0      0.5
  SINCE JUL 1      T                         3.1   -3.1      0.5
  SNOW DEPTH       0

DEGREE DAYS
 HEATING
  YESTERDAY       21                        23     -2       28
  MONTH TO DATE  632                       629      3      700
  SINCE DEC 1   1254                      1299    -45     1280
  SINCE JUL 1   1918                      1880     38     1932

 COOLING
  YESTERDAY        0                         0      0        0
  MONTH TO DATE    0                         0      0        0
  SINCE DEC 1      0                         2     -2       13
  SINCE JAN 1      0                         0      0        0
..................................................................


WIND (MPH)
  HIGHEST WIND SPEED     9   HIGHEST WIND DIRECTION    NW (330)
  HIGHEST GUST SPEED    17   HIGHEST GUST DIRECTION    NW (330)
  AVERAGE WIND SPEED     2.8


SKY COVER
  POSSIBLE SUNSHINE  MM
  AVERAGE SKY COVER 0.9


WEATHER CONDITIONS
 THE FOLLOWING WEATHER WAS RECORDED YESTERDAY.
  LIGHT RAIN
  FOG


RELATIVE HUMIDITY (PERCENT)
 HIGHEST    93           900 AM
 LOWEST     70          1200 AM
 AVERAGE    82

..........................................................


THE RALEIGH-DURHAM INTL AIRPORT NC CLIMATE NORMALS FOR TODAY
                         NORMAL    RECORD    YEAR
 MAXIMUM TEMPERATURE (F)   52        76      1890
 MINIMUM TEMPERATURE (F)   32         8      1940


SUNRISE AND SUNSET
JANUARY 27 2015.......SUNRISE   719 AM EST   SUNSET   537 PM EST
JANUARY 28 2015.......SUNRISE   719 AM EST   SUNSET   538 PM EST


-  INDICATES NEGATIVE NUMBERS.
R  INDICATES RECORD WAS SET OR TIED.
MM INDICATES DATA IS MISSING.
T  INDICATES TRACE AMOUNT.

&&

CLIMATE REPORT NWS FORECAST OFFICE
NCSU CENTENNIAL CAMPUS
RALEIGH, NC

MAXIMUM TEMPERATURE...50

MINIMUM TEMPERATURE...37

PRECIPITATION...0.12

$$
