000
CDUS42 KRAH 222055
CLIRDU


CLIMATE REPORT
NATIONAL WEATHER SERVICE RALEIGH NC
453 PM EDT SUN OCT 22 2017


...................................

...THE RALEIGH-DURHAM INTL AIRPORT NC CLIMATE SUMMARY FOR OCTOBER 22 2017...
VALID TODAY AS OF 0450 PM LOCAL TIME.

CLIMATE NORMAL PERIOD 1981 TO 2010
CLIMATE RECORD PERIOD 1887 TO 2017


WEATHER ITEM   OBSERVED TIME   RECORD YEAR NORMAL DEPARTURE LAST
                VALUE   (LST)  VALUE       VALUE  FROM      YEAR
                                                  NORMAL
..................................................................
TEMPERATURE (F)
 TODAY
  MAXIMUM         79    230 PM  86    1947  71      8       64
  MINIMUM         51    710 AM  26    1974  48      3       42
  AVERAGE         65                        59      6       53

PRECIPITATION (IN)
  TODAY            0.00          1.23 1912   0.10  -0.10     0.00
  MONTH TO DATE    1.63                      2.35  -0.72     6.96
  SINCE SEP 1      3.91                      6.71  -2.80    11.57
  SINCE JAN 1     39.31                     36.25   3.06    48.32

DEGREE DAYS
 HEATING
  TODAY            0                         7     -7       12
  MONTH TO DATE   50                        97    -47       42
  SINCE SEP 1     57                       117    -60       42
  SINCE JUL 1     57                       118    -61       42

 COOLING
  TODAY            0                         1     -1        0
  MONTH TO DATE  107                        44     63       68
  SINCE SEP 1    328                       271     57      417
  SINCE JAN 1   1960                      1712    248     2085
..................................................................


WIND (MPH)
  HIGHEST WIND SPEED    10   HIGHEST WIND DIRECTION    SE (130)
  HIGHEST GUST SPEED    14   HIGHEST GUST DIRECTION    SE (130)
  AVERAGE WIND SPEED     1.7


SKY COVER
  POSSIBLE SUNSHINE  MM
  AVERAGE SKY COVER 0.6


WEATHER CONDITIONS
 THE FOLLOWING WEATHER WAS RECORDED TODAY.
  FOG


RELATIVE HUMIDITY (PERCENT)
 HIGHEST   100           300 AM
 LOWEST     45           200 PM
 AVERAGE    73

..........................................................


THE RALEIGH-DURHAM INTL AIRPORT NC CLIMATE NORMALS FOR TOMORROW
                         NORMAL    RECORD    YEAR
 MAXIMUM TEMPERATURE (F)   71        88      1941
 MINIMUM TEMPERATURE (F)   47        29      1998
                                             1987


SUNRISE AND SUNSET
OCTOBER 22 2017.......SUNRISE   728 AM EDT   SUNSET   630 PM EDT
OCTOBER 23 2017.......SUNRISE   729 AM EDT   SUNSET   629 PM EDT


-  INDICATES NEGATIVE NUMBERS.
R  INDICATES RECORD WAS SET OR TIED.
MM INDICATES DATA IS MISSING.
T  INDICATES TRACE AMOUNT.

&&

CLIMATE REPORT
NWS FORECAST OFFICE
NCSU CENTENNIAL CAMPUS
RALEIGH NC

MAXIMUM TEMPERATURE... 78

MINIMUM TEMPERATURE... 52

PRECIPITATION... 0.00


$$
