000
CDUS42 KRAH 280651
CLIRDU


CLIMATE REPORT
NATIONAL WEATHER SERVICE RALEIGH NC
250 AM EDT FRI APR 28 2017


...................................

...THE RALEIGH-DURHAM INTL AIRPORT NC CLIMATE SUMMARY FOR APRIL 27 2017...

CLIMATE NORMAL PERIOD 1981 TO 2010
CLIMATE RECORD PERIOD 1887 TO 2017


WEATHER ITEM   OBSERVED TIME   RECORD YEAR NORMAL DEPARTURE LAST
                VALUE   (LST)  VALUE       VALUE  FROM      YEAR
                                                  NORMAL
..................................................................
TEMPERATURE (F)
 YESTERDAY
  MAXIMUM         82    254 PM  92    1990  75      7       87
  MINIMUM         62    637 AM  32    1976  51     11       64
  AVERAGE         72                        63      9       76

PRECIPITATION (IN)
  YESTERDAY        0.00          1.75 1960   0.09  -0.09     0.52
  MONTH TO DATE    8.64                      2.66   5.98     2.74
  SINCE MAR 1     11.77                      6.77   5.00     6.78
  SINCE JAN 1     16.20                     13.50   2.70    13.19

SNOWFALL (IN)
  YESTERDAY        0.0           0.0  2001   0.0    0.0      0.0
  MONTH TO DATE    0.0                       0.1   -0.1      0.0
  SINCE MAR 1      0.3                       0.6   -0.3       T
  SINCE JUL 1      0.8                       6.1   -5.3      1.4
  SNOW DEPTH       0

DEGREE DAYS
 HEATING
  YESTERDAY        0                         4     -4        0
  MONTH TO DATE   74                       180   -106      177
  SINCE MAR 1    488                       604   -116      411
  SINCE JUL 1   2461                      3176   -715     2554

 COOLING
  YESTERDAY        7                         2      5       11
  MONTH TO DATE   83                        41     42       43
  SINCE MAR 1    101                        52     49       81
  SINCE JAN 1    109                        53     56       81
..................................................................


WIND (MPH)
  HIGHEST WIND SPEED    20   HIGHEST WIND DIRECTION    SW (220)
  HIGHEST GUST SPEED    26   HIGHEST GUST DIRECTION    SW (210)
  AVERAGE WIND SPEED    10.5


SKY COVER
  POSSIBLE SUNSHINE  MM
  AVERAGE SKY COVER 0.6


WEATHER CONDITIONS
 THE FOLLOWING WEATHER WAS RECORDED YESTERDAY.
  NO SIGNIFICANT WEATHER WAS OBSERVED.


RELATIVE HUMIDITY (PERCENT)
 HIGHEST    87          1200 AM
 LOWEST     43           300 PM
 AVERAGE    65

..........................................................


THE RALEIGH-DURHAM INTL AIRPORT NC CLIMATE NORMALS FOR TODAY
                         NORMAL    RECORD    YEAR
 MAXIMUM TEMPERATURE (F)   76        90      1957
                                             1943
 MINIMUM TEMPERATURE (F)   51        32      1976


SUNRISE AND SUNSET
APRIL 28 2017.........SUNRISE   626 AM EDT   SUNSET   800 PM EDT
APRIL 29 2017.........SUNRISE   625 AM EDT   SUNSET   801 PM EDT


-  INDICATES NEGATIVE NUMBERS.
R  INDICATES RECORD WAS SET OR TIED.
MM INDICATES DATA IS MISSING.
T  INDICATES TRACE AMOUNT.

&&

CLIMATE REPORT
NWS FORECAST OFFICE
NCSU CENTENNIAL CAMPUS
RALEIGH NC

MAXIMUM TEMPERATURE... 81

MINIMUM TEMPERATURE... 61

PRECIPITATION... 0.00


$$
