000
CDUS42 KRAH 100756
CLIRDU


CLIMATE REPORT
NATIONAL WEATHER SERVICE RALEIGH NC
253 AM EST SAT DEC 10 2016


...................................

...THE RALEIGH-DURHAM INTL AIRPORT NC CLIMATE SUMMARY FOR DECEMBER 9 2016...

CLIMATE NORMAL PERIOD 1981 TO 2010
CLIMATE RECORD PERIOD 1887 TO 2016


WEATHER ITEM   OBSERVED TIME   RECORD YEAR NORMAL DEPARTURE LAST
                VALUE   (LST)  VALUE       VALUE  FROM      YEAR
                                                  NORMAL
..................................................................
TEMPERATURE (F)
 YESTERDAY
  MAXIMUM         41    328 PM  76    1978  55    -14       64
                                      1943
  MINIMUM         27   1154 PM  16    2006  35     -8       42
                                      1976
                                      1968
  AVERAGE         34                        45    -11       53

PRECIPITATION (IN)
  YESTERDAY        0.00          0.96 1931   0.09  -0.09     0.00
  MONTH TO DATE    1.29                      0.90   0.39     0.08
  SINCE DEC 1      1.29                      0.90   0.39     0.08
  SINCE JAN 1     50.35                     41.17   9.18    51.11

SNOWFALL (IN)
  YESTERDAY        0.0           1.6  1989   0.0    0.0      0.0
  MONTH TO DATE    0.0                       0.1   -0.1      0.0
  SINCE DEC 1      0.0                       0.1   -0.1      0.0
  SINCE JUL 1      0.0                       0.2   -0.2      0.0
  SNOW DEPTH       0

DEGREE DAYS
 HEATING
  YESTERDAY       31                        20     11       12
  MONTH TO DATE  169                       171     -2      146
  SINCE DEC 1    169                       171     -2      146
  SINCE JUL 1    624                       752   -128      597

 COOLING
  YESTERDAY        0                         0      0        0
  MONTH TO DATE    0                         0      0        0
  SINCE DEC 1      0                         0      0        0
  SINCE JAN 1   2101                      1728    373     1886
..................................................................


WIND (MPH)
  HIGHEST WIND SPEED    14   HIGHEST WIND DIRECTION     N (10)
  HIGHEST GUST SPEED    22   HIGHEST GUST DIRECTION     N (20)
  AVERAGE WIND SPEED     3.9


SKY COVER
  POSSIBLE SUNSHINE  MM
  AVERAGE SKY COVER 0.1


WEATHER CONDITIONS
 THE FOLLOWING WEATHER WAS RECORDED YESTERDAY.
  NO SIGNIFICANT WEATHER WAS OBSERVED.


RELATIVE HUMIDITY (PERCENT)
 HIGHEST    53           600 AM
 LOWEST     30          1200 AM
 AVERAGE    42

..........................................................


THE RALEIGH-DURHAM INTL AIRPORT NC CLIMATE NORMALS FOR TODAY
                         NORMAL    RECORD    YEAR
 MAXIMUM TEMPERATURE (F)   55        81      2007
 MINIMUM TEMPERATURE (F)   34        14      1917


SUNRISE AND SUNSET
DECEMBER 10 2016......SUNRISE   715 AM EST   SUNSET   501 PM EST
DECEMBER 11 2016......SUNRISE   716 AM EST   SUNSET   502 PM EST


-  INDICATES NEGATIVE NUMBERS.
R  INDICATES RECORD WAS SET OR TIED.
MM INDICATES DATA IS MISSING.
T  INDICATES TRACE AMOUNT.

&&

CLIMATE REPORT
NWS FORECAST OFFICE
NCSU CENTENNIAL CAMPUS
RALEIGH NC

MAXIMUM TEMPERATURE... 40

MINIMUM TEMPERATURE... 27

PRECIPITATION... 0.00

$$
