000
CDUS46 KBOI 280931
CLIREO


CLIMATE REPORT
NATIONAL WEATHER SERVICE BOISE ID
331 AM MDT SAT MAY 28 2016


...................................

...THE ROME OR CLIMATE SUMMARY FOR MAY 27 2016...

CLIMATE NORMAL PERIOD 1981 TO 2010
CLIMATE RECORD PERIOD 9999 TO 9999


WEATHER ITEM   OBSERVED TIME   NORMAL DEPARTURE LAST
                VALUE   (LST)  VALUE  FROM      YEAR
                                      NORMAL
......................................................
TEMPERATURE (F)
 YESTERDAY
  MAXIMUM         69    401 PM  73     -4       75
  MINIMUM         39    405 AM  40     -1       45
  AVERAGE         54            56     -2       60

PRECIPITATION (IN)
  YESTERDAY        0.00          0.05  -0.05     0.00
  MONTH TO DATE    1.39          1.24   0.15     3.48
  SINCE OCT 1      7.84          6.80   1.04     7.10
  SINCE JAN 1      3.41          4.61  -1.20     5.10

DEGREE DAYS
 HEATING
  YESTERDAY       11             9      2        5
  MONTH TO DATE  240           328    -88      228
  SINCE MAR 1   1243          1688   -445     1338
  SINCE JUL 1   5339          6422  -1083     5145

 COOLING
  YESTERDAY        0             1     -1        0
  MONTH TO DATE    6             1      5        0
  SINCE MAR 1      6             1      5        0
  SINCE JAN 1      6             1      5        0
......................................................


WIND (MPH)
  RESULTANT WIND SPEED   0   RESULTANT WIND DIRECTION   S (200)
  HIGHEST WIND SPEED    20   HIGHEST WIND DIRECTION    NW (320)
  HIGHEST GUST SPEED    26   HIGHEST GUST DIRECTION    NW (320)
  AVERAGE WIND SPEED     5.7


SKY COVER
  AVERAGE SKY COVER 0.0


WEATHER CONDITIONS
 THE FOLLOWING WEATHER WAS RECORDED YESTERDAY.
  NO SIGNIFICANT WEATHER WAS OBSERVED.


RELATIVE HUMIDITY (PERCENT)
 HIGHEST    39          1000 PM
 LOWEST     11           600 PM
 AVERAGE    25

..........................................................


THE ROME OR CLIMATE NORMALS FOR TODAY
                         NORMAL    RECORD    YEAR
 MAXIMUM TEMPERATURE (F)   73        MM        MM
 MINIMUM TEMPERATURE (F)   40        MM        MM


SUNRISE AND SUNSET
MAY 28 2016...........SUNRISE   518 AM PDT   SUNSET   820 PM PDT
MAY 29 2016...........SUNRISE   518 AM PDT   SUNSET   821 PM PDT


-  INDICATES NEGATIVE NUMBERS.
R  INDICATES RECORD WAS SET OR TIED.
MM INDICATES DATA IS MISSING.
T  INDICATES TRACE AMOUNT.




$$
