000
CDUS46 KBOI 270931
CLIREO


CLIMATE REPORT
NATIONAL WEATHER SERVICE BOISE ID
231 AM MST FRI FEB 27 2015


...................................

...THE ROME OR CLIMATE SUMMARY FOR FEBRUARY 26 2015...

CLIMATE NORMAL PERIOD 1981 TO 2010
CLIMATE RECORD PERIOD 9999 TO 9999


WEATHER ITEM   OBSERVED TIME   NORMAL DEPARTURE LAST
                VALUE   (LST)  VALUE  FROM      YEAR
                                      NORMAL
......................................................
TEMPERATURE (F)
 YESTERDAY
  MAXIMUM         51    203 PM  49      2       59
  MINIMUM         31   1022 PM  23      8       29
  AVERAGE         41            36      5       44

PRECIPITATION (IN)
  YESTERDAY        0.03          0.03   0.00     0.00
  MONTH TO DATE    0.22          0.71  -0.49     0.60
  SINCE OCT 1      2.39          3.55  -1.16     0.92
  SINCE JAN 1      0.39          1.36  -0.97     0.73

DEGREE DAYS
 HEATING
  YESTERDAY       24            29     -5       21
  MONTH TO DATE  595           826   -231      685
  SINCE DEC 1   2509          3062   -553     2857
  SINCE JUL 1   3747          4675   -928     4375

 COOLING
  YESTERDAY        0             0      0        0
  MONTH TO DATE    0             0      0        0
  SINCE DEC 1      0             0      0        0
  SINCE JAN 1      0             0      0        0
......................................................


WIND (MPH)
  RESULTANT WIND SPEED   7   RESULTANT WIND DIRECTION  NW (310)
  HIGHEST WIND SPEED    23   HIGHEST WIND DIRECTION    NW (310)
  HIGHEST GUST SPEED    29   HIGHEST GUST DIRECTION    NW (320)
  AVERAGE WIND SPEED     9.0


SKY COVER
  AVERAGE SKY COVER 0.0


WEATHER CONDITIONS
 THE FOLLOWING WEATHER WAS RECORDED YESTERDAY.
  NO SIGNIFICANT WEATHER WAS OBSERVED.


RELATIVE HUMIDITY (PERCENT)
 HIGHEST    89           100 AM
 LOWEST     38           400 PM
 AVERAGE    64

..........................................................


THE ROME OR CLIMATE NORMALS FOR TODAY
                         NORMAL    RECORD    YEAR
 MAXIMUM TEMPERATURE (F)   49        MM        MM
 MINIMUM TEMPERATURE (F)   24        MM        MM


SUNRISE AND SUNSET
FEBRUARY 27 2015......SUNRISE   631 AM PST   SUNSET   538 PM PST
FEBRUARY 28 2015......SUNRISE   629 AM PST   SUNSET   540 PM PST


-  INDICATES NEGATIVE NUMBERS.
R  INDICATES RECORD WAS SET OR TIED.
MM INDICATES DATA IS MISSING.
T  INDICATES TRACE AMOUNT.




$$
