000
CDUS46 KBOI 130931
CLIREO


CLIMATE REPORT
NATIONAL WEATHER SERVICE BOISE ID
330 AM MDT SUN JUL 13 2014


...................................

...THE ROME OR CLIMATE SUMMARY FOR JULY 12 2014...

CLIMATE NORMAL PERIOD 1981 TO 2010
CLIMATE RECORD PERIOD 9999 TO 9999


WEATHER ITEM   OBSERVED TIME   NORMAL DEPARTURE LAST
                VALUE   (LST)  VALUE  FROM      YEAR
                                      NORMAL
......................................................
TEMPERATURE (F)
 YESTERDAY
  MAXIMUM         96    420 PM  91      5       93
  MINIMUM         56    457 AM  52      4       52
  AVERAGE         76            72      4       73

PRECIPITATION (IN)
  YESTERDAY        0.00          0.01  -0.01     0.00
  MONTH TO DATE    0.02          0.14  -0.12     0.41
  SINCE OCT 1      2.37          7.95  -5.58     4.49
  SINCE JAN 1      2.18          5.76  -3.58     3.03

DEGREE DAYS
 HEATING
  YESTERDAY        0             0      0        0
  MONTH TO DATE    0            11    -11        0
  SINCE JUN 1     59           136    -77       94
  SINCE JUL 1      0            11    -11        0

 COOLING
  YESTERDAY       11             7      4        8
  MONTH TO DATE  156            71     85      154
  SINCE JUN 1    205           133     72      290
  SINCE JAN 1    216           143     73      312
......................................................


WIND (MPH)
  RESULTANT WIND SPEED   4   RESULTANT WIND DIRECTION  SE (130)
  HIGHEST WIND SPEED    29   HIGHEST WIND DIRECTION     S (160)
  HIGHEST GUST SPEED    37   HIGHEST GUST DIRECTION     S (160)
  AVERAGE WIND SPEED     5.9


SKY COVER
  AVERAGE SKY COVER 0.0


WEATHER CONDITIONS
 THE FOLLOWING WEATHER WAS RECORDED YESTERDAY.
  NO SIGNIFICANT WEATHER WAS OBSERVED.


RELATIVE HUMIDITY (PERCENT)
 HIGHEST    87           200 AM
 LOWEST     13           400 PM
 AVERAGE    50

..........................................................


THE ROME OR CLIMATE NORMALS FOR TODAY
                         NORMAL    RECORD    YEAR
 MAXIMUM TEMPERATURE (F)   92        MM        MM
 MINIMUM TEMPERATURE (F)   52        MM        MM


SUNRISE AND SUNSET
JULY 13 2014..........SUNRISE   526 AM PDT   SUNSET   828 PM PDT
JULY 14 2014..........SUNRISE   527 AM PDT   SUNSET   828 PM PDT


-  INDICATES NEGATIVE NUMBERS.
R  INDICATES RECORD WAS SET OR TIED.
MM INDICATES DATA IS MISSING.
T  INDICATES TRACE AMOUNT.




$$
