000
CDUS43 KLOT 020636
CLIRFD


CLIMATE REPORT
NATIONAL WEATHER SERVICE CHICAGO IL
1235 AM CST MON MAR 2 2015


...................................

...THE ROCKFORD IL CLIMATE SUMMARY FOR MARCH 1 2015...

CLIMATE NORMAL PERIOD 1981 TO 2010
CLIMATE RECORD PERIOD 1905 TO 2015


WEATHER ITEM   OBSERVED TIME   RECORD YEAR NORMAL DEPARTURE LAST
                VALUE   (LST)  VALUE       VALUE  FROM      YEAR
                                                  NORMAL
..................................................................
TEMPERATURE (F)
 YESTERDAY
  MAXIMUM         25    422 PM  66    1992  40    -15       26
  MINIMUM          9   1250 AM -11    1962  22    -13        9
  AVERAGE         17                        31    -14       18

PRECIPITATION (IN)
  YESTERDAY        T             0.88 1908   0.06  -0.06     0.33
  MONTH TO DATE    T                         0.06  -0.06     0.33
  SINCE MAR 1      T                         0.06  -0.06     0.33
  SINCE JAN 1      1.92                      2.84  -0.92     4.07

SNOWFALL (IN)
  YESTERDAY        T             4.6  2014   0.2   -0.2      4.6
  MONTH TO DATE    T                         0.2   -0.2      4.6
  SINCE MAR 1      T                         0.2   -0.2      4.6
  SINCE JUL 1     27.9                      31.2   -3.3     52.1
  SNOW DEPTH       4

DEGREE DAYS
 HEATING
  YESTERDAY       48                        34     14       47
  MONTH TO DATE   48                        34     14       47
  SINCE MAR 1     48                        34     14       47
  SINCE JUL 1   5494                      5036    458     5939

 COOLING
  YESTERDAY        0                         0      0        0
  MONTH TO DATE    0                         0      0        0
  SINCE MAR 1      0                         0      0        0
  SINCE JAN 1      0                         0      0        0
..................................................................


WIND (MPH)
  HIGHEST WIND SPEED    18   HIGHEST WIND DIRECTION     W (290)
  HIGHEST GUST SPEED    23   HIGHEST GUST DIRECTION     W (290)
  AVERAGE WIND SPEED     5.7


SKY COVER
  POSSIBLE SUNSHINE  MM
  AVERAGE SKY COVER 0.6


WEATHER CONDITIONS
 THE FOLLOWING WEATHER WAS RECORDED YESTERDAY.
  LIGHT SNOW
  FOG
  HAZE


RELATIVE HUMIDITY (PERCENT)
 HIGHEST    92           300 AM
 LOWEST     60           200 PM
 AVERAGE    76

..........................................................


THE ROCKFORD IL CLIMATE NORMALS FOR TODAY
                         NORMAL    RECORD    YEAR
 MAXIMUM TEMPERATURE (F)   40        68      1983
 MINIMUM TEMPERATURE (F)   23        -9      1980
                                             1913


SUNRISE AND SUNSET
MARCH  2 2015.........SUNRISE   630 AM CST   SUNSET   547 PM CST
MARCH  3 2015.........SUNRISE   629 AM CST   SUNSET   549 PM CST


-  INDICATES NEGATIVE NUMBERS.
R  INDICATES RECORD WAS SET OR TIED.
MM INDICATES DATA IS MISSING.
T  INDICATES TRACE AMOUNT.




$$
