000
CDUS43 KGRB 260640
CLIRHI


CLIMATE REPORT
NATIONAL WEATHER SERVICE GREEN BAY
140 AM CDT SUN OCT 26 2014


...................................

...THE RHINELANDER WI CLIMATE SUMMARY FOR OCTOBER 25 2014...

CLIMATE NORMAL PERIOD 1981 TO 2010
CLIMATE RECORD PERIOD 1908 TO 2014


WEATHER ITEM   OBSERVED TIME   RECORD YEAR NORMAL DEPARTURE LAST
                VALUE   (LST)  VALUE       VALUE  FROM      YEAR
                                                  NORMAL
..................................................................
TEMPERATURE (F)
 YESTERDAY
  MAXIMUM         59    249 PM  76    1989  50      9       49
  MINIMUM         38   1144 PM   9    1933  32      6       23
  AVERAGE         49                        41      8       36

PRECIPITATION (IN)
  YESTERDAY        0.00          2.03 2012   0.08  -0.08      T
  MONTH TO DATE    3.04                      2.60   0.44     3.78
  SINCE SEP 1      9.42                      6.80   2.62     5.90
  SINCE JAN 1     35.88                     27.68   8.20    32.74

SNOWFALL (IN)
  YESTERDAY        0.0           3.0  2001  MM     MM        0.0
                                      1925
  MONTH TO DATE    T                        MM     MM        2.2
  SINCE SEP 1      T                        MM     MM        2.2
  SINCE JUL 1      T                        MM     MM        2.2
  SNOW DEPTH       0

DEGREE DAYS
 HEATING
  YESTERDAY       16                        24     -8       29
  MONTH TO DATE  529                       507     22      490
  SINCE SEP 1    843                       812     31      752
  SINCE JUL 1   1043                       939    104      942

 COOLING
  YESTERDAY        0                         0      0        0
  MONTH TO DATE    0                         0      0        0
  SINCE SEP 1      1                        18    -17       17
  SINCE JAN 1    148                       259   -111      281
..................................................................


WIND (MPH)
  HIGHEST WIND SPEED    26   HIGHEST WIND DIRECTION     W (280)
  HIGHEST GUST SPEED    37   HIGHEST GUST DIRECTION     W (280)
  AVERAGE WIND SPEED    12.5


SKY COVER
  POSSIBLE SUNSHINE  MM
  AVERAGE SKY COVER 0.1


WEATHER CONDITIONS
 THE FOLLOWING WEATHER WAS RECORDED YESTERDAY.
  FOG


RELATIVE HUMIDITY (PERCENT)
 HIGHEST    96           100 AM
 LOWEST     24           400 PM
 AVERAGE    60

..........................................................


THE RHINELANDER WI CLIMATE NORMALS FOR TODAY
                         NORMAL    RECORD    YEAR
 MAXIMUM TEMPERATURE (F)   49        75      1989
 MINIMUM TEMPERATURE (F)   31        15      1962


SUNRISE AND SUNSET
OCTOBER 26 2014.......SUNRISE   729 AM CDT   SUNSET   554 PM CDT
OCTOBER 27 2014.......SUNRISE   731 AM CDT   SUNSET   552 PM CDT


-  INDICATES NEGATIVE NUMBERS.
R  INDICATES RECORD WAS SET OR TIED.
MM INDICATES DATA IS MISSING.
T  INDICATES TRACE AMOUNT.




$$
