000
CDUS43 KGRB 210711
CLIRHI


CLIMATE REPORT
NATIONAL WEATHER SERVICE GREEN BAY
211 AM CDT FRI JUL 21 2017


...................................

...THE RHINELANDER WI CLIMATE SUMMARY FOR JULY 20 2017...

CLIMATE NORMAL PERIOD 1981 TO 2010
CLIMATE RECORD PERIOD 1908 TO 2017


WEATHER ITEM   OBSERVED TIME   RECORD YEAR NORMAL DEPARTURE LAST
                VALUE   (LST)  VALUE       VALUE  FROM      YEAR
                                                  NORMAL
..................................................................
TEMPERATURE (F)
 YESTERDAY
  MAXIMUM         86    353 PM  95    1932  79      7       86
  MINIMUM         56    243 AM  40    1913  55      1       64
  AVERAGE         71                        67      4       75

PRECIPITATION (IN)
  YESTERDAY        0.00          2.45 2001   0.14  -0.14     0.00
  MONTH TO DATE    1.37                      2.69  -1.32     2.00
  SINCE JUN 1      8.64                      6.58   2.06     9.02
  SINCE JAN 1     26.36                     16.26  10.10    20.10

SNOWFALL (IN)
  YESTERDAY        0.0           0.0    MM  MM     MM        0.0
  MONTH TO DATE    0.0                      MM     MM        0.0
  SINCE JUN 1      0.0                      MM     MM        0.0
  SINCE JUL 1      0.0                      MM     MM        0.0
  SNOW DEPTH       0

DEGREE DAYS
 HEATING
  YESTERDAY        0                         2     -2        0
  MONTH TO DATE   29                        40    -11       28
  SINCE JUN 1    127                       174    -47      120
  SINCE JUL 1     29                        40    -11       28

 COOLING
  YESTERDAY        6                         4      2       10
  MONTH TO DATE   48                        70    -22       69
  SINCE JUN 1    111                       123    -12      122
  SINCE JAN 1    113                       135    -22      137
..................................................................


WIND (MPH)
  HIGHEST WIND SPEED    17   HIGHEST WIND DIRECTION     W (270)
  HIGHEST GUST SPEED    23   HIGHEST GUST DIRECTION     W (270)
  AVERAGE WIND SPEED     5.4


SKY COVER
  POSSIBLE SUNSHINE  MM
  AVERAGE SKY COVER 0.1


WEATHER CONDITIONS
 THE FOLLOWING WEATHER WAS RECORDED YESTERDAY.
  FOG
  FOG W/VISIBILITY <= 1/4 MILE


RELATIVE HUMIDITY (PERCENT)
 HIGHEST   100           200 AM
 LOWEST     40           500 PM
 AVERAGE    70

..........................................................


THE RHINELANDER WI CLIMATE NORMALS FOR TODAY
                         NORMAL    RECORD    YEAR
 MAXIMUM TEMPERATURE (F)   79        98      1983
 MINIMUM TEMPERATURE (F)   55        39      1992


SUNRISE AND SUNSET
JULY 21 2017..........SUNRISE   529 AM CDT   SUNSET   838 PM CDT
JULY 22 2017..........SUNRISE   530 AM CDT   SUNSET   837 PM CDT


-  INDICATES NEGATIVE NUMBERS.
R  INDICATES RECORD WAS SET OR TIED.
MM INDICATES DATA IS MISSING.
T  INDICATES TRACE AMOUNT.




$$
