000
CDUS43 KGRB 300639
CLIRHI


CLIMATE REPORT
NATIONAL WEATHER SERVICE GREEN BAY
139 AM CDT SAT AUG 30 2014


...................................

...THE RHINELANDER WI CLIMATE SUMMARY FOR AUGUST 29 2014...

CLIMATE NORMAL PERIOD 1981 TO 2010
CLIMATE RECORD PERIOD 1908 TO 2014


WEATHER ITEM   OBSERVED TIME   RECORD YEAR NORMAL DEPARTURE LAST
                VALUE   (LST)  VALUE       VALUE  FROM      YEAR
                                                  NORMAL
..................................................................
TEMPERATURE (F)
 YESTERDAY
  MAXIMUM         71    413 PM  91    1984  74     -3       81
  MINIMUM         56    452 AM  33    1934  51      5       61
  AVERAGE         64                        62      2       71

PRECIPITATION (IN)
  YESTERDAY        0.44          2.40 1941   0.11   0.33     2.27
  MONTH TO DATE    4.42                      3.06   1.36     5.47
  SINCE JUN 1     15.14                     10.97   4.17    13.51
  SINCE JAN 1     26.25                     20.65   5.60    26.84

SNOWFALL (IN)
  YESTERDAY        0.0           0.0    MM  MM     MM        0.0
  MONTH TO DATE    0.0                      MM     MM        0.0
  SINCE JUN 1      0.0                      MM     MM        0.0
  SINCE JUL 1      0.0                      MM     MM        0.0
  SNOW DEPTH       0

DEGREE DAYS
 HEATING
  YESTERDAY        1                         4     -3        0
  MONTH TO DATE   69                        68      1      106
  SINCE JUN 1    286                       253     33      364
  SINCE JUL 1    193                       119     74      190

 COOLING
  YESTERDAY        0                         1     -1        6
  MONTH TO DATE   29                        71    -42       75
  SINCE JUN 1    140                       229    -89      247
  SINCE JAN 1    147                       241    -94      261
..................................................................


WIND (MPH)
  HIGHEST WIND SPEED    12   HIGHEST WIND DIRECTION     S (170)
  HIGHEST GUST SPEED    16   HIGHEST GUST DIRECTION     S (190)
  AVERAGE WIND SPEED     5.9


SKY COVER
  POSSIBLE SUNSHINE  MM
  AVERAGE SKY COVER 0.9


WEATHER CONDITIONS
 THE FOLLOWING WEATHER WAS RECORDED YESTERDAY.
  THUNDERSTORM
  LIGHT RAIN
  FOG
  HAZE


RELATIVE HUMIDITY (PERCENT)
 HIGHEST   100           700 AM
 LOWEST     84           300 PM
 AVERAGE    92

..........................................................


THE RHINELANDER WI CLIMATE NORMALS FOR TODAY
                         NORMAL    RECORD    YEAR
 MAXIMUM TEMPERATURE (F)   74        92      2012
 MINIMUM TEMPERATURE (F)   51        28      1915


SUNRISE AND SUNSET
AUGUST 30 2014........SUNRISE   617 AM CDT   SUNSET   739 PM CDT
AUGUST 31 2014........SUNRISE   618 AM CDT   SUNSET   738 PM CDT


-  INDICATES NEGATIVE NUMBERS.
R  INDICATES RECORD WAS SET OR TIED.
MM INDICATES DATA IS MISSING.
T  INDICATES TRACE AMOUNT.




$$
