000
CDUS43 KGRB 290708
CLIRHI


CLIMATE REPORT
NATIONAL WEATHER SERVICE GREEN BAY
206 AM CDT FRI APR 29 2016


...................................

...THE RHINELANDER WI CLIMATE SUMMARY FOR APRIL 28 2016...

CLIMATE NORMAL PERIOD 1981 TO 2010
CLIMATE RECORD PERIOD 1908 TO 2016


WEATHER ITEM   OBSERVED TIME   RECORD YEAR NORMAL DEPARTURE LAST
                VALUE   (LST)  VALUE       VALUE  FROM      YEAR
                                                  NORMAL
..................................................................
TEMPERATURE (F)
 YESTERDAY
  MAXIMUM         56    420 PM  92    1952  60     -4       68
  MINIMUM         37   1159 PM  17    1909  35      2       26
  AVERAGE         47                        47      0       47

PRECIPITATION (IN)
  YESTERDAY        0.03          1.34 1914   0.11  -0.08     0.00
  MONTH TO DATE    2.78                      2.38   0.40     3.25
  SINCE MAR 1      6.45                      3.95   2.50     4.02
  SINCE JAN 1      8.18                      5.99   2.19     4.91

SNOWFALL (IN)
  YESTERDAY       MM             6.0  2002  MM     MM        0.0
  MONTH TO DATE   11.9                      MM     MM       13.9
  SINCE MAR 1     21.2                      MM     MM       20.4
  SINCE JUL 1     55.9                      MM     MM       89.3
  SNOW DEPTH       0

DEGREE DAYS
 HEATING
  YESTERDAY       18                        18      0       18
  MONTH TO DATE  699                       668     31      648
  SINCE MAR 1   1638                      1841   -203     1778
  SINCE JUL 1   7321                      8463  -1142     9119

 COOLING
  YESTERDAY        0                         0      0        0
  MONTH TO DATE    0                         0      0        0
  SINCE MAR 1      0                         0      0        0
  SINCE JAN 1      0                         0      0        0
..................................................................


WIND (MPH)
  HIGHEST WIND SPEED    21   HIGHEST WIND DIRECTION     E (80)
  HIGHEST GUST SPEED    26   HIGHEST GUST DIRECTION     E (80)
  AVERAGE WIND SPEED    10.0


SKY COVER
  POSSIBLE SUNSHINE  MM
  AVERAGE SKY COVER 0.9


WEATHER CONDITIONS
 THE FOLLOWING WEATHER WAS RECORDED YESTERDAY.
  LIGHT RAIN


RELATIVE HUMIDITY (PERCENT)
 HIGHEST    92          1100 PM
 LOWEST     24           200 PM
 AVERAGE    58

..........................................................


THE RHINELANDER WI CLIMATE NORMALS FOR TODAY
                         NORMAL    RECORD    YEAR
 MAXIMUM TEMPERATURE (F)   60        89      1952
 MINIMUM TEMPERATURE (F)   35        16      1958


SUNRISE AND SUNSET
APRIL 29 2016.........SUNRISE   548 AM CDT   SUNSET   803 PM CDT
APRIL 30 2016.........SUNRISE   546 AM CDT   SUNSET   804 PM CDT


-  INDICATES NEGATIVE NUMBERS.
R  INDICATES RECORD WAS SET OR TIED.
MM INDICATES DATA IS MISSING.
T  INDICATES TRACE AMOUNT.

$$
