000
CDUS43 KGRB 180637
CLIRHI


CLIMATE REPORT
NATIONAL WEATHER SERVICE GREEN BAY
137 AM CDT FRI APR 18 2014


...................................

...THE RHINELANDER WI CLIMATE SUMMARY FOR APRIL 17 2014...

CLIMATE NORMAL PERIOD 1981 TO 2010
CLIMATE RECORD PERIOD 1908 TO 2014


WEATHER ITEM   OBSERVED TIME   RECORD YEAR NORMAL DEPARTURE LAST
                VALUE   (LST)  VALUE       VALUE  FROM      YEAR
                                                  NORMAL
..................................................................
TEMPERATURE (F)
 YESTERDAY
  MAXIMUM         36    229 PM  80    1964  54    -18       40
  MINIMUM         29    228 AM  12    1983  31     -2       26
                                      1928
  AVERAGE         33                        42     -9       33

PRECIPITATION (IN)
  YESTERDAY        0.67          1.46 1959   0.08   0.59     0.02
  MONTH TO DATE    3.00                      1.36   1.64     2.12
  SINCE MAR 1      3.76                      2.93   0.83     4.13
  SINCE JAN 1      6.37                      4.97   1.40     6.93

SNOWFALL (IN)
  YESTERDAY        7.5 R         0.5  2003  MM     MM        0.0
  MONTH TO DATE   25.7                      MM     MM       10.6
  SINCE MAR 1     35.3                      MM     MM       26.8
  SINCE JUL 1    107.8                      MM     MM       79.4
  SNOW DEPTH      15

DEGREE DAYS
 HEATING
  YESTERDAY       32                        23      9       32
  MONTH TO DATE  569                       448    121      571
  SINCE MAR 1   2008                      1621    387     1900
  SINCE JUL 1   9637                      8243   1394     8300

 COOLING
  YESTERDAY        0                         0      0        0
  MONTH TO DATE    0                         0      0        0
  SINCE MAR 1      0                         0      0        0
  SINCE JAN 1      0                         0      0        0
..................................................................


WIND (MPH)
  HIGHEST WIND SPEED    20   HIGHEST WIND DIRECTION     E (110)
  HIGHEST GUST SPEED    24   HIGHEST GUST DIRECTION     E (100)
  AVERAGE WIND SPEED     8.9


SKY COVER
  POSSIBLE SUNSHINE  MM
  AVERAGE SKY COVER 1.0


WEATHER CONDITIONS
 THE FOLLOWING WEATHER WAS RECORDED YESTERDAY.
  HEAVY SNOW
  SNOW
  LIGHT SNOW
  FOG
  FOG W/VISIBILITY <= 1/4 MILE


RELATIVE HUMIDITY (PERCENT)
 HIGHEST   100           500 AM
 LOWEST     72           900 PM
 AVERAGE    86

..........................................................


THE RHINELANDER WI CLIMATE NORMALS FOR TODAY
                         NORMAL    RECORD    YEAR
 MAXIMUM TEMPERATURE (F)   55        85      1987
 MINIMUM TEMPERATURE (F)   31        10      1926


SUNRISE AND SUNSET
APRIL 18 2014.........SUNRISE   607 AM CDT   SUNSET   748 PM CDT
APRIL 19 2014.........SUNRISE   605 AM CDT   SUNSET   749 PM CDT


-  INDICATES NEGATIVE NUMBERS.
R  INDICATES RECORD WAS SET OR TIED.
MM INDICATES DATA IS MISSING.
T  INDICATES TRACE AMOUNT.




$$
