000
CDUS43 KGRB 230750
CLIRHI


CLIMATE REPORT
NATIONAL WEATHER SERVICE GREEN BAY
250 AM CDT SAT JUL 23 2016


...................................

...THE RHINELANDER WI CLIMATE SUMMARY FOR JULY 22 2016...

CLIMATE NORMAL PERIOD 1981 TO 2010
CLIMATE RECORD PERIOD 1908 TO 2016


WEATHER ITEM   OBSERVED TIME   RECORD YEAR NORMAL DEPARTURE LAST
                VALUE   (LST)  VALUE       VALUE  FROM      YEAR
                                                  NORMAL
..................................................................
TEMPERATURE (F)
 YESTERDAY
  MAXIMUM         91    259 PM  97    1936  79     12       81
  MINIMUM         63    329 AM  40    1947  55      8       48
  AVERAGE         77                        67     10       65

PRECIPITATION (IN)
  YESTERDAY        0.00          1.70 1978   0.13  -0.13     0.00
  MONTH TO DATE    2.27                      2.96  -0.69     3.02
  SINCE JUN 1      9.29                      6.85   2.44     6.58
  SINCE JAN 1     20.37                     16.53   3.84    15.18

SNOWFALL (IN)
  YESTERDAY        0.0           0.0    MM  MM     MM        0.0
  MONTH TO DATE    0.0                      MM     MM        0.0
  SINCE JUN 1      0.0                      MM     MM        0.0
  SINCE JUL 1      0.0                      MM     MM        0.0
  SNOW DEPTH       0

DEGREE DAYS
 HEATING
  YESTERDAY        0                         2     -2        0
  MONTH TO DATE   28                        44    -16       49
  SINCE JUN 1    120                       178    -58      181
  SINCE JUL 1     28                        44    -16       49

 COOLING
  YESTERDAY       12                         3      9        0
  MONTH TO DATE   95                        77     18       46
  SINCE JUN 1    148                       130     18       49
  SINCE JAN 1    163                       142     21       54
..................................................................


WIND (MPH)
  HIGHEST WIND SPEED    14   HIGHEST WIND DIRECTION     W (270)
  HIGHEST GUST SPEED    17   HIGHEST GUST DIRECTION     W (270)
  AVERAGE WIND SPEED     4.7


SKY COVER
  POSSIBLE SUNSHINE  MM
  AVERAGE SKY COVER 0.0


WEATHER CONDITIONS
 THE FOLLOWING WEATHER WAS RECORDED YESTERDAY.
  FOG
  FOG W/VISIBILITY <= 1/4 MILE


RELATIVE HUMIDITY (PERCENT)
 HIGHEST   100           100 AM
 LOWEST     37           100 PM
 AVERAGE    69

..........................................................


THE RHINELANDER WI CLIMATE NORMALS FOR TODAY
                         NORMAL    RECORD    YEAR
 MAXIMUM TEMPERATURE (F)   79        99      1934
 MINIMUM TEMPERATURE (F)   55        40      2000


SUNRISE AND SUNSET
JULY 23 2016..........SUNRISE   532 AM CDT   SUNSET   836 PM CDT
JULY 24 2016..........SUNRISE   533 AM CDT   SUNSET   835 PM CDT


-  INDICATES NEGATIVE NUMBERS.
R  INDICATES RECORD WAS SET OR TIED.
MM INDICATES DATA IS MISSING.
T  INDICATES TRACE AMOUNT.




$$
