000
CDUS43 KGRB 280736
CLIRHI

CLIMATE REPORT
NATIONAL WEATHER SERVICE GREEN BAY
133 AM CST FRI NOV 28 2014

...................................

...THE RHINELANDER WI CLIMATE SUMMARY FOR NOVEMBER 27 2014...

CLIMATE NORMAL PERIOD 1981 TO 2010
CLIMATE RECORD PERIOD 1908 TO 2014

WEATHER ITEM   OBSERVED TIME   RECORD YEAR NORMAL DEPARTURE LAST
                VALUE   (LST)  VALUE       VALUE  FROM      YEAR
                                                  NORMAL
..................................................................
TEMPERATURE (F)
 YESTERDAY
  MAXIMUM         15   1212 AM  62    1998  32    -17       22
  MINIMUM        -11R   930 PM  -4    1985  17    -28        3
                                      1976
  AVERAGE          2                        24    -22       13

PRECIPITATION (IN)
  YESTERDAY        T             0.60 2004   0.06  -0.06     0.02
  MONTH TO DATE    3.25                      1.67   1.58     2.07
  SINCE SEP 1     13.07                      8.91   4.16     8.34
  SINCE JAN 1     39.53                     29.79   9.74    35.18

SNOWFALL (IN)
  YESTERDAY        0.1           6.0  1937  MM     MM        0.2
  MONTH TO DATE   31.6                      MM     MM        7.2
  SINCE SEP 1     34.3                      MM     MM        9.4
  SINCE JUL 1     34.3                      MM     MM        9.4
  SNOW DEPTH      10

DEGREE DAYS
 HEATING
  YESTERDAY       63                        41     22       52
  MONTH TO DATE 1170                       916    254      985
  SINCE SEP 1   2169                      1882    287     1897
  SINCE JUL 1   2369                      2009    360     2087

COOLING
  YESTERDAY        0                         0      0        0
  MONTH TO DATE    0                         0      0        0
  SINCE SEP 1      1                        20    -19       17
  SINCE JAN 1    148                       261   -113      281
..................................................................

WIND (MPH)
  HIGHEST WIND SPEED    12   HIGHEST WIND DIRECTION     N (340)
  HIGHEST GUST SPEED    17   HIGHEST GUST DIRECTION    NW (320)
  AVERAGE WIND SPEED     4.2

SKY COVER
  POSSIBLE SUNSHINE  MM
  AVERAGE SKY COVER 0.4

WEATHER CONDITIONS
 THE FOLLOWING WEATHER WAS RECORDED YESTERDAY.
  LIGHT SNOW
  FOG
  HAZE

RELATIVE HUMIDITY (PERCENT)
 HIGHEST    91           700 PM
 LOWEST     63           200 PM
 AVERAGE    77
..........................................................

THE RHINELANDER WI CLIMATE NORMALS FOR TODAY
                         NORMAL    RECORD    YEAR
 MAXIMUM TEMPERATURE (F)   31        56      1909
 MINIMUM TEMPERATURE (F)   16       -14      1976

SUNRISE AND SUNSET
NOVEMBER 28 2014......SUNRISE   714 AM CST   SUNSET   417 PM CST
NOVEMBER 29 2014......SUNRISE   716 AM CST   SUNSET   416 PM CST

-  INDICATES NEGATIVE NUMBERS.
R  INDICATES RECORD WAS SET OR TIED.
MM INDICATES DATA IS MISSING.
T  INDICATES TRACE AMOUNT.

$$
