000
CDUS41 KAKQ 220645
CLIRIC


CLIMATE REPORT
NATIONAL WEATHER SERVICE WAKEFIELD, VA
145 AM EST MON JAN 22 2018


...................................

...THE RICHMOND VA CLIMATE SUMMARY FOR JANUARY 21 2018...

CLIMATE NORMAL PERIOD 1981 TO 2010
CLIMATE RECORD PERIOD 1871 TO 2018


WEATHER ITEM   OBSERVED TIME   RECORD YEAR NORMAL DEPARTURE LAST
                VALUE   (LST)  VALUE       VALUE  FROM      YEAR
                                                  NORMAL
..................................................................
TEMPERATURE (F)
 YESTERDAY
  MAXIMUM         67    336 PM  74    1935  47     20       50
  MINIMUM         28    614 AM  -6    1985  28      0       46
  AVERAGE         48                        38     10       48

PRECIPITATION (IN)
  YESTERDAY        0.00          1.73 1902   0.10  -0.10     0.38
  MONTH TO DATE    1.44                      2.06  -0.62     2.86
  SINCE DEC 1      2.49                      5.32  -2.83     5.66
  SINCE JAN 1      1.44                      2.06  -0.62     2.86

SNOWFALL (IN)
  YESTERDAY        0.0           2.0  2014   0.1   -0.1
  MONTH TO DATE    5.0                       2.4    2.6
  SINCE NOV 1      8.1                       4.7    3.4
  SINCE JUL 1      8.1                       4.7    3.4
  SNOW DEPTH       0

DEGREE DAYS
 HEATING
  YESTERDAY       17                        27    -10       17
  MONTH TO DATE  696                       567    129      510
  SINCE DEC 1   1471                      1310    161     1244
  SINCE JUL 1   2083                      1986     97     1834

 COOLING
  YESTERDAY        0                         0      0        0
  MONTH TO DATE    0                         0      0        0
  SINCE DEC 1      0                         1     -1        0
  SINCE JAN 1      0                         0      0        0
..................................................................


WIND (MPH)
  HIGHEST WIND SPEED    15   HIGHEST WIND DIRECTION     S (170)
  HIGHEST GUST SPEED    19   HIGHEST GUST DIRECTION     S (160)
  AVERAGE WIND SPEED     5.6


SKY COVER
  POSSIBLE SUNSHINE  MM
  AVERAGE SKY COVER 0.4


WEATHER CONDITIONS
 THE FOLLOWING WEATHER WAS RECORDED YESTERDAY.
  NO SIGNIFICANT WEATHER WAS OBSERVED.


RELATIVE HUMIDITY (PERCENT)
 HIGHEST    92           500 AM
 LOWEST     37           300 PM
 AVERAGE    65

..........................................................


THE RICHMOND VA CLIMATE NORMALS FOR TODAY
                         NORMAL    RECORD    YEAR
 MAXIMUM TEMPERATURE (F)   48        75      1906
 MINIMUM TEMPERATURE (F)   28        -1      1970


SUNRISE AND SUNSET
JANUARY 22 2018.......SUNRISE   720 AM EST   SUNSET   523 PM EST
JANUARY 23 2018.......SUNRISE   719 AM EST   SUNSET   524 PM EST


-  INDICATES NEGATIVE NUMBERS.
R  INDICATES RECORD WAS SET OR TIED.
MM INDICATES DATA IS MISSING.
T  INDICATES TRACE AMOUNT.




$$
