000
CDUS41 KAKQ 280953
CLIRIC


CLIMATE REPORT
NATIONAL WEATHER SERVICE WAKEFIELD, VA
453 AM EST WED JAN 28 2015


...................................

...THE RICHMOND VA CLIMATE SUMMARY FOR JANUARY 27 2015...

CLIMATE NORMAL PERIOD 1981 TO 2010
CLIMATE RECORD PERIOD 1871 TO 2015


WEATHER ITEM   OBSERVED TIME   RECORD YEAR NORMAL DEPARTURE LAST
                VALUE   (LST)  VALUE       VALUE  FROM      YEAR
                                                  NORMAL
..................................................................
TEMPERATURE (F)
 YESTERDAY
  MAXIMUM         39    236 PM  74    1974  48     -9       64
                                      1944
  MINIMUM         30    805 AM  -6    1940  29      1       27
  AVERAGE         35                        38     -3       46

PRECIPITATION (IN)
  YESTERDAY        0.01          1.32 1976   0.10  -0.09     0.00
  MONTH TO DATE    3.49                      2.64   0.85     3.04
  SINCE DEC 1      6.63                      5.90   0.73     9.15
  SINCE JAN 1      3.49                      2.64   0.85     3.04

SNOWFALL (IN)
  YESTERDAY        0.2           7.7  1922   0.2    0.0
  MONTH TO DATE    0.3                       3.3   -3.0
  SINCE NOV 1      0.3                       5.6   -5.3
  SINCE JUL 1      0.3                       5.6   -5.3
  SNOW DEPTH       0

DEGREE DAYS
 HEATING
  YESTERDAY       30                        27      3       19
  MONTH TO DATE  725                       729     -4      794
  SINCE DEC 1   1371                      1472   -101     1445
  SINCE JUL 1   2041                      2148   -107     2085

 COOLING
  YESTERDAY        0                         0      0        0
  MONTH TO DATE    0                         0      0        0
  SINCE DEC 1      0                         1     -1        4
  SINCE JAN 1      0                         0      0        0
..................................................................


WIND (MPH)
  HIGHEST WIND SPEED    23   HIGHEST WIND DIRECTION     N (340)
  HIGHEST GUST SPEED    30   HIGHEST GUST DIRECTION     N (10)
  AVERAGE WIND SPEED    13.0


SKY COVER
  POSSIBLE SUNSHINE  MM
  AVERAGE SKY COVER 1.0


WEATHER CONDITIONS
 THE FOLLOWING WEATHER WAS RECORDED YESTERDAY.
  LIGHT SNOW
  FOG


RELATIVE HUMIDITY (PERCENT)
 HIGHEST    92           100 AM
 LOWEST     54           200 PM
 AVERAGE    73

..........................................................


THE RICHMOND VA CLIMATE NORMALS FOR TODAY
                         NORMAL    RECORD    YEAR
 MAXIMUM TEMPERATURE (F)   48        77      1944
 MINIMUM TEMPERATURE (F)   29        -7      1940


SUNRISE AND SUNSET
JANUARY 28 2015.......SUNRISE   716 AM EST   SUNSET   529 PM EST
JANUARY 29 2015.......SUNRISE   715 AM EST   SUNSET   530 PM EST


-  INDICATES NEGATIVE NUMBERS.
R  INDICATES RECORD WAS SET OR TIED.
MM INDICATES DATA IS MISSING.
T  INDICATES TRACE AMOUNT.




$$
