000
CDUS41 KAKQ 230545
CLIRIC


CLIMATE REPORT
NATIONAL WEATHER SERVICE WAKEFIELD, VA
145 AM EDT SUN JUL 23 2017


...................................

...THE RICHMOND VA CLIMATE SUMMARY FOR JULY 22 2017...

CLIMATE NORMAL PERIOD 1981 TO 2010
CLIMATE RECORD PERIOD 1871 TO 2017


WEATHER ITEM   OBSERVED TIME   RECORD YEAR NORMAL DEPARTURE LAST
                VALUE   (LST)  VALUE       VALUE  FROM      YEAR
                                                  NORMAL
..................................................................
TEMPERATURE (F)
 YESTERDAY
  MAXIMUM        101    416 PM 103    1952  90     11       93
                                      1930
  MINIMUM         74    415 AM  55    1974  69      5       71
  AVERAGE         88                        79      9       82

PRECIPITATION (IN)
  YESTERDAY        T             4.90 1969   0.15  -0.15     0.00
  MONTH TO DATE    0.68                      3.13  -2.45     3.29
  SINCE JUN 1      3.01                      7.06  -4.05    11.10
  SINCE JAN 1     21.54                     23.95  -2.41    31.73

SNOWFALL (IN)
  YESTERDAY        0.0           0.0  2002   0.0    0.0
                                      2001
  MONTH TO DATE    0.0                       0.0    0.0
  SINCE NOV 1      7.1                      10.3   -3.2
  SINCE JUL 1      0.0                       0.0    0.0
  SNOW DEPTH       0

DEGREE DAYS
 HEATING
  YESTERDAY        0                         0      0        0
  MONTH TO DATE    0                         0      0        0
  SINCE JUN 1      2                         7     -5        0
  SINCE JUL 1      0                         0      0        0

 COOLING
  YESTERDAY       23                        14      9       17
  MONTH TO DATE  396                       317     79      308
  SINCE JUN 1    711                       632     79      603
  SINCE JAN 1    934                       793    141      712
..................................................................


WIND (MPH)
  HIGHEST WIND SPEED    18   HIGHEST WIND DIRECTION     W (250)
  HIGHEST GUST SPEED    26   HIGHEST GUST DIRECTION     W (260)
  AVERAGE WIND SPEED     7.8


SKY COVER
  POSSIBLE SUNSHINE  MM
  AVERAGE SKY COVER 0.6


WEATHER CONDITIONS
 THE FOLLOWING WEATHER WAS RECORDED YESTERDAY.
  LIGHT RAIN


RELATIVE HUMIDITY (PERCENT)
 HIGHEST    87           400 AM
 LOWEST     37           400 PM
 AVERAGE    62

..........................................................


THE RICHMOND VA CLIMATE NORMALS FOR TODAY
                         NORMAL    RECORD    YEAR
 MAXIMUM TEMPERATURE (F)   90       103      1952
 MINIMUM TEMPERATURE (F)   69        55      1974
                                             1947


SUNRISE AND SUNSET
JULY 23 2017..........SUNRISE   606 AM EDT   SUNSET   825 PM EDT
JULY 24 2017..........SUNRISE   607 AM EDT   SUNSET   824 PM EDT


-  INDICATES NEGATIVE NUMBERS.
R  INDICATES RECORD WAS SET OR TIED.
MM INDICATES DATA IS MISSING.
T  INDICATES TRACE AMOUNT.




$$
