000
CDUS41 KAKQ 170645
CLIRIC


CLIMATE REPORT
NATIONAL WEATHER SERVICE WAKEFIELD, VA
145 AM EST FRI NOV 17 2017


...................................

...THE RICHMOND VA CLIMATE SUMMARY FOR NOVEMBER 16 2017...

CLIMATE NORMAL PERIOD 1981 TO 2010
CLIMATE RECORD PERIOD 1871 TO 2017


WEATHER ITEM   OBSERVED TIME   RECORD YEAR NORMAL DEPARTURE LAST
                VALUE   (LST)  VALUE       VALUE  FROM      YEAR
                                                  NORMAL
..................................................................
TEMPERATURE (F)
 YESTERDAY
  MAXIMUM         65    313 PM  85    1955  61      4       65
  MINIMUM         41    601 AM  10    1933  39      2       33
  AVERAGE         53                        50      3       49

PRECIPITATION (IN)
  YESTERDAY        T             2.68 1920   0.11  -0.11     0.00
  MONTH TO DATE    1.37                      1.72  -0.35     0.82
  SINCE SEP 1      7.80                      8.83  -1.03    16.25
  SINCE JAN 1     36.85                     38.82  -1.97    49.69

SNOWFALL (IN)
  YESTERDAY       MM             0.0  2002   0.0   MM
  MONTH TO DATE    0.0                       0.1   -0.1
  SINCE NOV 1      0.0                       0.1   -0.1
  SINCE JUL 1      0.0                       0.1   -0.1
  SNOW DEPTH       0

DEGREE DAYS
 HEATING
  YESTERDAY       12                        15     -3       16
  MONTH TO DATE  227                       201     26      217
  SINCE SEP 1    361                       433    -72      353
  SINCE JUL 1    361                       434    -73      353

 COOLING
  YESTERDAY        0                         0      0        0
  MONTH TO DATE    6                         0      6        4
  SINCE SEP 1    293                       236     57      345
  SINCE JAN 1   1706                      1543    163     1699
..................................................................


WIND (MPH)
  HIGHEST WIND SPEED    20   HIGHEST WIND DIRECTION    NW (300)
  HIGHEST GUST SPEED    26   HIGHEST GUST DIRECTION     W (290)
  AVERAGE WIND SPEED     9.4


SKY COVER
  POSSIBLE SUNSHINE  MM
  AVERAGE SKY COVER 0.4


WEATHER CONDITIONS
 THE FOLLOWING WEATHER WAS RECORDED YESTERDAY.
  NO SIGNIFICANT WEATHER WAS OBSERVED.


RELATIVE HUMIDITY (PERCENT)
 HIGHEST    86           300 AM
 LOWEST     30           400 PM
 AVERAGE    58

..........................................................


THE RICHMOND VA CLIMATE NORMALS FOR TODAY
                         NORMAL    RECORD    YEAR
 MAXIMUM TEMPERATURE (F)   61        77      1963
                                             1921
 MINIMUM TEMPERATURE (F)   39        11      1933


SUNRISE AND SUNSET
NOVEMBER 17 2017......SUNRISE   651 AM EST   SUNSET   457 PM EST
NOVEMBER 18 2017......SUNRISE   652 AM EST   SUNSET   456 PM EST


-  INDICATES NEGATIVE NUMBERS.
R  INDICATES RECORD WAS SET OR TIED.
MM INDICATES DATA IS MISSING.
T  INDICATES TRACE AMOUNT.




$$
