000
CDUS41 KAKQ 240645
CLIRIC


CLIMATE REPORT
NATIONAL WEATHER SERVICE WAKEFIELD, VA
145 AM EST FRI FEB 24 2017


...................................

...THE RICHMOND VA CLIMATE SUMMARY FOR FEBRUARY 23 2017...

CLIMATE NORMAL PERIOD 1981 TO 2010
CLIMATE RECORD PERIOD 1871 TO 2017


WEATHER ITEM   OBSERVED TIME   RECORD YEAR NORMAL DEPARTURE LAST
                VALUE   (LST)  VALUE       VALUE  FROM      YEAR
                                                  NORMAL
..................................................................
TEMPERATURE (F)
 YESTERDAY
  MAXIMUM         75R   339 PM  75    1985  53     22       45
                                      1925
  MINIMUM         50    243 AM  12    1963  32     18       40
  AVERAGE         63                        42     21       43

PRECIPITATION (IN)
  YESTERDAY        0.01          1.87 1969   0.11  -0.10     0.63
  MONTH TO DATE    0.54                      2.25  -1.71     3.32
  SINCE DEC 1      7.63                      8.55  -0.92    12.56
  SINCE JAN 1      4.83                      5.29  -0.46     6.62

SNOWFALL (IN)
  YESTERDAY        0.0           1.3  1989   0.1   -0.1
  MONTH TO DATE    0.0                       3.0   -3.0
  SINCE NOV 1      7.1                       9.2   -2.1
  SINCE JUL 1      7.1                       9.2   -2.1
  SNOW DEPTH       0

DEGREE DAYS
 HEATING
  YESTERDAY        2                        22    -20       22
  MONTH TO DATE  391                       566   -175      586
  SINCE DEC 1   1843                      2151   -308     1890
  SINCE JUL 1   2433                      2827   -394     2482

 COOLING
  YESTERDAY        0                         0      0        0
  MONTH TO DATE    0                         0      0        0
  SINCE DEC 1      0                         1     -1        8
  SINCE JAN 1      0                         0      0        0
..................................................................


WIND (MPH)
  HIGHEST WIND SPEED    18   HIGHEST WIND DIRECTION     S (190)
  HIGHEST GUST SPEED    23   HIGHEST GUST DIRECTION     S (180)
  AVERAGE WIND SPEED     7.3


SKY COVER
  POSSIBLE SUNSHINE  MM
  AVERAGE SKY COVER 0.5


WEATHER CONDITIONS
 THE FOLLOWING WEATHER WAS RECORDED YESTERDAY.
  FOG


RELATIVE HUMIDITY (PERCENT)
 HIGHEST   100          1200 AM
 LOWEST     43           300 PM
 AVERAGE    72

..........................................................


THE RICHMOND VA CLIMATE NORMALS FOR TODAY
                         NORMAL    RECORD    YEAR
 MAXIMUM TEMPERATURE (F)   54        82      1985
 MINIMUM TEMPERATURE (F)   32        11      1914


SUNRISE AND SUNSET
FEBRUARY 24 2017......SUNRISE   647 AM EST   SUNSET   558 PM EST
FEBRUARY 25 2017......SUNRISE   646 AM EST   SUNSET   559 PM EST


-  INDICATES NEGATIVE NUMBERS.
R  INDICATES RECORD WAS SET OR TIED.
MM INDICATES DATA IS MISSING.
T  INDICATES TRACE AMOUNT.




$$
