000
CDUS41 KAKQ 292127
CLIRIC


CLIMATE REPORT
NATIONAL WEATHER SERVICE WAKEFIELD, VA
527 PM EDT SUN MAY 29 2016


...................................

...THE RICHMOND VA CLIMATE SUMMARY FOR MAY 29 2016...
VALID TODAY AS OF 0500 PM LOCAL TIME.

CLIMATE NORMAL PERIOD 1981 TO 2010
CLIMATE RECORD PERIOD 1871 TO 2016


WEATHER ITEM   OBSERVED TIME   RECORD YEAR NORMAL DEPARTURE LAST
                VALUE   (LST)  VALUE       VALUE  FROM      YEAR
                                                  NORMAL
..................................................................
TEMPERATURE (F)
 TODAY
  MAXIMUM         80    108 PM  98    1941  81     -1       89
  MINIMUM         63    540 AM  37    1936  59      4       68
  AVERAGE         72

PRECIPITATION (IN)
  TODAY            0.37          1.71 1984   0.13   0.24     0.00
  MONTH TO DATE    8.78                      3.52   5.26     1.61
  SINCE MAR 1     11.97                     10.83   1.14    10.72
  SINCE JAN 1     19.62                     16.63   2.99    17.98

SNOWFALL (IN)
  TODAY            0.0
  MONTH TO DATE    0.0
  SINCE NOV 1     15.1
  SINCE JUL 1     15.1
  SNOW DEPTH       0

DEGREE DAYS
 HEATING
  TODAY            0                         1     -1        0
  MONTH TO DATE  110                        72     38       28
  SINCE MAR 1    737                       828    -91      744
  SINCE JUL 1   3325                      3764   -439     3846

 COOLING
  TODAY            7                         6      1       14
  MONTH TO DATE   62                       104    -42      210
  SINCE MAR 1     92                       146    -54      235
  SINCE JAN 1     92                       146    -54      235
..................................................................


WIND (MPH)
  RESULTANT WIND SPEED   2   RESULTANT WIND DIRECTION  SE (120)
  HIGHEST WIND SPEED    20   HIGHEST WIND DIRECTION    SE (120)
  HIGHEST GUST SPEED    24   HIGHEST GUST DIRECTION    SE (120)


SKY COVER
  POSSIBLE SUNSHINE  MM
  AVERAGE SKY COVER 0.7


WEATHER CONDITIONS
 THE FOLLOWING WEATHER WAS RECORDED TODAY.
  RAIN
  LIGHT RAIN
  FOG
  FOG W/VISIBILITY <= 1/4 MILE
  HAZE


RELATIVE HUMIDITY (PERCENT)
 HIGHEST   100
 LOWEST     62
 AVERAGE    81

..........................................................


THE RICHMOND VA CLIMATE NORMALS FOR TOMORROW
                         NORMAL    RECORD    YEAR
 MAXIMUM TEMPERATURE (F)   81        98      1991
 MINIMUM TEMPERATURE (F)   60        42      1932


SUNRISE AND SUNSET
MAY 29 2016...........SUNRISE   551 AM EDT   SUNSET   823 PM EDT
MAY 30 2016...........SUNRISE   550 AM EDT   SUNSET   824 PM EDT


-  INDICATES NEGATIVE NUMBERS.
R  INDICATES RECORD WAS SET OR TIED.
MM INDICATES DATA IS MISSING.
T  INDICATES TRACE AMOUNT.




$$
