000
CDUS41 KAKQ 290546
CLIRIC


CLIMATE REPORT
NATIONAL WEATHER SERVICE WAKEFIELD, VA
145 AM EDT MON MAY 29 2017


...................................

...THE RICHMOND VA CLIMATE SUMMARY FOR MAY 28 2017...

CLIMATE NORMAL PERIOD 1981 TO 2010
CLIMATE RECORD PERIOD 1871 TO 2017


WEATHER ITEM   OBSERVED TIME   RECORD YEAR NORMAL DEPARTURE LAST
                VALUE   (LST)  VALUE       VALUE  FROM      YEAR
                                                  NORMAL
..................................................................
TEMPERATURE (F)
 YESTERDAY
  MAXIMUM         78    355 PM 100    1941  81     -3       85
  MINIMUM         65    602 AM  38    1961  59      6       63
  AVERAGE         72                        70      2       74

PRECIPITATION (IN)
  YESTERDAY        0.63          1.38 1917   0.13   0.50     0.00
  MONTH TO DATE    7.57                      3.39   4.18     8.41
  SINCE MAR 1     13.53                     10.70   2.83    11.60
  SINCE JAN 1     18.53                     16.50   2.03    19.25

SNOWFALL (IN)
  YESTERDAY        0.0           0.0  2002   0.0    0.0
                                      2001
  MONTH TO DATE    0.0                       0.0    0.0
  SINCE NOV 1      7.1                      10.3   -3.2
  SINCE JUL 1      7.1                      10.3   -3.2
  SNOW DEPTH       0

DEGREE DAYS
 HEATING
  YESTERDAY        0                         1     -1        0
  MONTH TO DATE   83                        71     12      110
  SINCE MAR 1    687                       827   -140      737
  SINCE JUL 1   3169                      3763   -594     3325

 COOLING
  YESTERDAY        7                         6      1        9
  MONTH TO DATE   83                        98    -15       55
  SINCE MAR 1    188                       140     48       85
  SINCE JAN 1    188                       140     48       85
..................................................................


WIND (MPH)
  HIGHEST WIND SPEED    12   HIGHEST WIND DIRECTION    NE (40)
  HIGHEST GUST SPEED    13   HIGHEST GUST DIRECTION    NE (40)
  AVERAGE WIND SPEED     4.0


SKY COVER
  POSSIBLE SUNSHINE  MM
  AVERAGE SKY COVER 0.9


WEATHER CONDITIONS
 THE FOLLOWING WEATHER WAS RECORDED YESTERDAY.
  RAIN
  LIGHT RAIN
  FOG
  FOG W/VISIBILITY <= 1/4 MILE
  HAZE


RELATIVE HUMIDITY (PERCENT)
 HIGHEST   100           300 AM
 LOWEST     74           400 PM
 AVERAGE    87

..........................................................


THE RICHMOND VA CLIMATE NORMALS FOR TODAY
                         NORMAL    RECORD    YEAR
 MAXIMUM TEMPERATURE (F)   81        98      1941
 MINIMUM TEMPERATURE (F)   59        37      1936


SUNRISE AND SUNSET
MAY 29 2017...........SUNRISE   551 AM EDT   SUNSET   823 PM EDT
MAY 30 2017...........SUNRISE   551 AM EDT   SUNSET   824 PM EDT


-  INDICATES NEGATIVE NUMBERS.
R  INDICATES RECORD WAS SET OR TIED.
MM INDICATES DATA IS MISSING.
T  INDICATES TRACE AMOUNT.




$$
