000
CDUS45 KGJT 310733
CLIRIL


CLIMATE REPORT
NATIONAL WEATHER SERVICE GRAND JUNCTION CO
129 AM MDT WED AUG 31 2016


...................................

...THE RIFLE CO CLIMATE SUMMARY FOR AUGUST 30 2016...

CLIMATE NORMAL PERIOD 1981 TO 2010
CLIMATE RECORD PERIOD 9999 TO 9999


WEATHER ITEM   OBSERVED TIME   RECORD YEAR NORMAL DEPARTURE LAST
                VALUE   (LST)  VALUE       VALUE  FROM      YEAR
                                                  NORMAL
..................................................................
TEMPERATURE (F)
 YESTERDAY
  MAXIMUM         87    431 PM  MM      MM  85      2       90
  MINIMUM         47    603 AM  MM      MM  50     -3       51
  AVERAGE         67                        67      0       71

PRECIPITATION (IN)
  YESTERDAY        0.00         MM      MM   0.05  -0.05     0.39
  MONTH TO DATE    1.03                      1.35  -0.32     1.71
  SINCE JUN 1      2.70                      3.50  -0.80     4.03
  SINCE JAN 1      7.08                      8.92  -1.84    10.96

SNOWFALL (IN)
  YESTERDAY       MM            MM      MM  MM     MM       MM
  MONTH TO DATE   MM                        MM     MM       MM
  SINCE JUN 1     MM                        MM     MM       MM
  SINCE JUL 1     MM                        MM     MM       MM
  SNOW DEPTH      MM

DEGREE DAYS
 HEATING
  YESTERDAY        0                         1     -1        0
  MONTH TO DATE    5                         3      2        0
  SINCE JUN 1     13                        63    -50       18
  SINCE JUL 1      5                         4      1        0

 COOLING
  YESTERDAY        2                         3     -1        6
  MONTH TO DATE  153                       171    -18      214
  SINCE JUN 1    633                       507    126      586
  SINCE JAN 1    634                       514    120      587
..................................................................


WIND (MPH)
  HIGHEST WIND SPEED    17   HIGHEST WIND DIRECTION     E (100)
  HIGHEST GUST SPEED    20   HIGHEST GUST DIRECTION     E (100)
  AVERAGE WIND SPEED     3.9


SKY COVER
  POSSIBLE SUNSHINE  MM
  AVERAGE SKY COVER 0.1


WEATHER CONDITIONS
 THE FOLLOWING WEATHER WAS RECORDED YESTERDAY.
  NO SIGNIFICANT WEATHER WAS OBSERVED.


RELATIVE HUMIDITY (PERCENT)
 HIGHEST    80           500 AM
 LOWEST     17           400 PM
 AVERAGE    49

..........................................................


THE RIFLE CO CLIMATE NORMALS FOR TODAY
                         NORMAL    RECORD    YEAR
 MAXIMUM TEMPERATURE (F)   84        MM        MM
 MINIMUM TEMPERATURE (F)   49        MM        MM


SUNRISE AND SUNSET
AUGUST 31 2016........SUNRISE   639 AM MDT   SUNSET   742 PM MDT
SEPTEMBER  1 2016.....SUNRISE   640 AM MDT   SUNSET   741 PM MDT


-  INDICATES NEGATIVE NUMBERS.
R  INDICATES RECORD WAS SET OR TIED.
MM INDICATES DATA IS MISSING.
T  INDICATES TRACE AMOUNT.




$$
