000
CDUS45 KGJT 030734
CLIRIL


CLIMATE REPORT
NATIONAL WEATHER SERVICE GRAND JUNCTION CO
132 AM MDT WED SEP 3 2014


...................................

...THE RIFLE CO CLIMATE SUMMARY FOR SEPTEMBER 2 2014...

CLIMATE NORMAL PERIOD 1981 TO 2010
CLIMATE RECORD PERIOD 9999 TO 9999


WEATHER ITEM   OBSERVED TIME   RECORD YEAR NORMAL DEPARTURE LAST
                VALUE   (LST)  VALUE       VALUE  FROM      YEAR
                                                  NORMAL
..................................................................
TEMPERATURE (F)
 YESTERDAY
  MAXIMUM         87    349 PM  MM      MM  84      3       92
  MINIMUM         45    540 AM  MM      MM  49     -4       56
  AVERAGE         66                        66      0       74

PRECIPITATION (IN)
  YESTERDAY        0.00         MM      MM   0.04  -0.04     0.00
  MONTH TO DATE    0.00                      0.09  -0.09     0.00
  SINCE SEP 1      0.00                      0.09  -0.09     0.00
  SINCE JAN 1      8.13                      9.06  -0.93     5.09

SNOWFALL (IN)
  YESTERDAY       MM            MM      MM  MM     MM       MM
  MONTH TO DATE   MM                        MM     MM       MM
  SINCE SEP 1     MM                        MM     MM       MM
  SINCE JUL 1     MM                        MM     MM       MM
  SNOW DEPTH      MM

DEGREE DAYS
 HEATING
  YESTERDAY        0                         1     -1        0
  MONTH TO DATE    1                         2     -1        0
  SINCE SEP 1      1                         2     -1        0
  SINCE JUL 1     18                         9      9        0

 COOLING
  YESTERDAY        1                         2     -1        9
  MONTH TO DATE    1                         4     -3       17
  SINCE SEP 1      1                         4     -3       17
  SINCE JAN 1    530                       520     10      723
..................................................................


WIND (MPH)
  HIGHEST WIND SPEED    22   HIGHEST WIND DIRECTION     W (270)
  HIGHEST GUST SPEED    30   HIGHEST GUST DIRECTION     W (270)
  AVERAGE WIND SPEED     5.4


SKY COVER
  POSSIBLE SUNSHINE  MM
  AVERAGE SKY COVER 0.0


WEATHER CONDITIONS
 THE FOLLOWING WEATHER WAS RECORDED YESTERDAY.
  NO SIGNIFICANT WEATHER WAS OBSERVED.


RELATIVE HUMIDITY (PERCENT)
 HIGHEST    76           500 AM
 LOWEST     13           300 PM
 AVERAGE    45

..........................................................


THE RIFLE CO CLIMATE NORMALS FOR TODAY
                         NORMAL    RECORD    YEAR
 MAXIMUM TEMPERATURE (F)   83        MM        MM
 MINIMUM TEMPERATURE (F)   49        MM        MM


SUNRISE AND SUNSET
SEPTEMBER  3 2014.....SUNRISE   641 AM MDT   SUNSET   739 PM MDT
SEPTEMBER  4 2014.....SUNRISE   642 AM MDT   SUNSET   737 PM MDT


-  INDICATES NEGATIVE NUMBERS.
R  INDICATES RECORD WAS SET OR TIED.
MM INDICATES DATA IS MISSING.
T  INDICATES TRACE AMOUNT.




$$
