000
CDUS45 KRIW 270030
CLIRIW


CLIMATE REPORT
NATIONAL WEATHER SERVICE RIVERTON WY
629 PM MDT MON JUN 26 2017


...................................

...THE RIVERTON WY CLIMATE SUMMARY FOR JUNE 26 2017...
VALID TODAY AS OF 0500 PM LOCAL TIME.

CLIMATE NORMAL PERIOD 1981 TO 2010
CLIMATE RECORD PERIOD 1995 TO 2017


WEATHER ITEM   OBSERVED TIME   RECORD YEAR NORMAL DEPARTURE LAST
                VALUE   (LST)  VALUE       VALUE  FROM      YEAR
                                                  NORMAL
..................................................................
TEMPERATURE (F)
 TODAY
  MAXIMUM         90        MM  94    2012  82      8       85
                                      2002
  MINIMUM         47        MM  41    2016  52     -5       41
                                      2000
  AVERAGE         69                        67      2       63

PRECIPITATION (IN)
  TODAY            0.00          0.39 2014   0.03  -0.03     0.00
  MONTH TO DATE    0.18                      1.14  -0.96     0.32
  SINCE JUN 1      0.18                      1.14  -0.96     0.32
  SINCE JAN 1     10.34                      5.22   5.12     9.21

SNOWFALL (IN)
  TODAY            0.0                                       0.0
  MONTH TO DATE    0.0                                       0.0
  SINCE JUN 1      0.0                                       0.0
  SINCE JUL 1     66.4                                      62.4
  SNOW DEPTH       0

DEGREE DAYS
 HEATING
  TODAY            0                         2     -2        2
  MONTH TO DATE   54                       113    -59       16
  SINCE JUN 1     54                       113    -59       16
  SINCE JUL 1   7626                      7864   -238     7104

 COOLING
  TODAY            4                         4      0        0
  MONTH TO DATE   47                        50     -3      134
  SINCE JUN 1     47                        50     -3      134
  SINCE JAN 1     47                        59    -12      134
..................................................................


WIND (MPH)
  HIGHEST WIND SPEED    10   HIGHEST WIND DIRECTION     E (100)
  HIGHEST GUST SPEED    MM   HIGHEST GUST DIRECTION    MM
  AVERAGE WIND SPEED     5.6


SKY COVER
  POSSIBLE SUNSHINE  MM
  AVERAGE SKY COVER 0.0


WEATHER CONDITIONS
 THE FOLLOWING WEATHER WAS RECORDED TODAY.
  NO SIGNIFICANT WEATHER WAS OBSERVED.


RELATIVE HUMIDITY (PERCENT)
 HIGHEST    71           500 AM
 LOWEST     10           400 PM
 AVERAGE    41

..........................................................


THE RIVERTON WY CLIMATE NORMALS FOR TOMORROW
                         NORMAL    RECORD    YEAR
 MAXIMUM TEMPERATURE (F)   82        98      2013
 MINIMUM TEMPERATURE (F)   52        40      1998


SUNRISE AND SUNSET
JUNE 26 2017..........SUNRISE   536 AM MDT   SUNSET   857 PM MDT
JUNE 27 2017..........SUNRISE   537 AM MDT   SUNSET   857 PM MDT


-  INDICATES NEGATIVE NUMBERS.
R  INDICATES RECORD WAS SET OR TIED.
MM INDICATES DATA IS MISSING.
T  INDICATES TRACE AMOUNT.




$$
