000
CDUS45 KRIW 110741
CLIRIW


CLIMATE REPORT
NATIONAL WEATHER SERVICE RIVERTON WY
1231 AM MST THU FEB 11 2016


...................................

...THE RIVERTON WY CLIMATE SUMMARY FOR FEBRUARY 10 2016...

CLIMATE NORMAL PERIOD 1981 TO 2010
CLIMATE RECORD PERIOD 1995 TO 2016


WEATHER ITEM   OBSERVED TIME   RECORD YEAR NORMAL DEPARTURE LAST
                VALUE   (LST)  VALUE       VALUE  FROM      YEAR
                                                  NORMAL
..................................................................
TEMPERATURE (F)
 YESTERDAY
  MAXIMUM         39    503 PM  53    2015  34      5       53
  MINIMUM         12    712 AM -15    2001  11      1       35
  AVERAGE         26                        23      3       44

PRECIPITATION (IN)
  YESTERDAY        0.00          0.07 1999   0.01  -0.01      T
  MONTH TO DATE    0.24                      0.07   0.17     0.29
  SINCE DEC 1      0.72                      0.63   0.09     0.97
  SINCE JAN 1      0.64                      0.31   0.33     0.32

SNOWFALL (IN)
  YESTERDAY        0.0                                       0.0
  MONTH TO DATE    2.6                                       3.8
  SINCE DEC 1     10.1                                      11.1
  SINCE JUL 1     28.2                                      16.6
  SNOW DEPTH       2

DEGREE DAYS
 HEATING
  YESTERDAY       39                        42     -3       21
  MONTH TO DATE  434                       434      0      281
  SINCE DEC 1   3276                      3233     43     2896
  SINCE JUL 1   4815                      5149   -334     4673

 COOLING
  YESTERDAY        0                         0      0        0
  MONTH TO DATE    0                         0      0        0
  SINCE DEC 1      0                         0      0        0
  SINCE JAN 1      0                         0      0        0
..................................................................


WIND (MPH)
  HIGHEST WIND SPEED    13   HIGHEST WIND DIRECTION    SW (220)
  HIGHEST GUST SPEED    13   HIGHEST GUST DIRECTION    SW (230)
  AVERAGE WIND SPEED     3.1


SKY COVER
  POSSIBLE SUNSHINE  MM
  AVERAGE SKY COVER 0.0


WEATHER CONDITIONS
 THE FOLLOWING WEATHER WAS RECORDED YESTERDAY.
  NO SIGNIFICANT WEATHER WAS OBSERVED.


RELATIVE HUMIDITY (PERCENT)
 HIGHEST    88           700 AM
 LOWEST     47           600 PM
 AVERAGE    68

..........................................................


THE RIVERTON WY CLIMATE NORMALS FOR TODAY
                         NORMAL    RECORD    YEAR
 MAXIMUM TEMPERATURE (F)   34        54      2002
 MINIMUM TEMPERATURE (F)   11        -7      2004


SUNRISE AND SUNSET
FEBRUARY 11 2016......SUNRISE   717 AM MST   SUNSET   539 PM MST
FEBRUARY 12 2016......SUNRISE   716 AM MST   SUNSET   541 PM MST


-  INDICATES NEGATIVE NUMBERS.
R  INDICATES RECORD WAS SET OR TIED.
MM INDICATES DATA IS MISSING.
T  INDICATES TRACE AMOUNT.




$$
