000
CDUS45 KRIW 290035
CLIRKS


CLIMATE REPORT
NATIONAL WEATHER SERVICE RIVERTON WY
634 PM MDT THU JUL 28 2016


...................................

...THE ROCK SPRINGS WY CLIMATE SUMMARY FOR JULY 28 2016...
VALID TODAY AS OF 0500 PM LOCAL TIME.

CLIMATE NORMAL PERIOD 1981 TO 2010
CLIMATE RECORD PERIOD 1948 TO 2016


WEATHER ITEM   OBSERVED TIME   RECORD YEAR NORMAL DEPARTURE LAST
                VALUE   (LST)  VALUE       VALUE  FROM      YEAR
                                                  NORMAL
..................................................................
TEMPERATURE (F)
 TODAY
  MAXIMUM         91        MM  93    2006  85      6       71
                                      1975
  MINIMUM         57        MM  45    1993  55      2       46
  AVERAGE         74                        70      4       59

PRECIPITATION (IN)
  TODAY            0.00                      0.02  -0.02     0.00
  MONTH TO DATE    0.22                      0.57  -0.35     2.12
  SINCE JUN 1      0.43                      1.36  -0.93     3.23
  SINCE JAN 1      4.89                      5.09  -0.20     7.31

DEGREE DAYS
 HEATING
  TODAY            0                         0      0        6
  MONTH TO DATE   13                        19     -6       22
  SINCE JUN 1     52                       186   -134       71
  SINCE JUL 1     13                        19     -6       22

 COOLING
  TODAY            9                         5      4        0
  MONTH TO DATE  149                       125     24       76
  SINCE JUN 1    230                       160     70      164
  SINCE JAN 1    230                       161     69      164
..................................................................


WIND (MPH)
  HIGHEST WIND SPEED    22   HIGHEST WIND DIRECTION     W (290)
  HIGHEST GUST SPEED    36   HIGHEST GUST DIRECTION     W (290)
  AVERAGE WIND SPEED     9.9


SKY COVER
  POSSIBLE SUNSHINE  MM
  AVERAGE SKY COVER 0.0


WEATHER CONDITIONS
 THE FOLLOWING WEATHER WAS RECORDED TODAY.
  NO SIGNIFICANT WEATHER WAS OBSERVED.


RELATIVE HUMIDITY (PERCENT)
 HIGHEST    52           700 AM
 LOWEST      7           300 PM
 AVERAGE    30

..........................................................


THE ROCK SPRINGS WY CLIMATE NORMALS FOR TOMORROW
                         NORMAL    RECORD    YEAR
 MAXIMUM TEMPERATURE (F)   85        95      2006
 MINIMUM TEMPERATURE (F)   55        42      1971


SUNRISE AND SUNSET
JULY 28 2016..........SUNRISE   607 AM MDT   SUNSET   837 PM MDT
JULY 29 2016..........SUNRISE   608 AM MDT   SUNSET   836 PM MDT


-  INDICATES NEGATIVE NUMBERS.
R  INDICATES RECORD WAS SET OR TIED.
MM INDICATES DATA IS MISSING.
T  INDICATES TRACE AMOUNT.




$$
