000
CDUS45 KRIW 010758
CLIRKS


CLIMATE REPORT
NATIONAL WEATHER SERVICE RIVERTON WY
145 AM MDT SAT OCT 1 2016


...................................

...THE ROCK SPRINGS WY CLIMATE SUMMARY FOR SEPTEMBER 30 2016...

CLIMATE NORMAL PERIOD 1981 TO 2010
CLIMATE RECORD PERIOD 1948 TO 2016


WEATHER ITEM   OBSERVED TIME   RECORD YEAR NORMAL DEPARTURE LAST
                VALUE   (LST)  VALUE       VALUE  FROM      YEAR
                                                  NORMAL
..................................................................
TEMPERATURE (F)
 YESTERDAY
  MAXIMUM         70    257 PM  80    1980  64      6       76
  MINIMUM         47    618 AM  15    1985  37     10       49
  AVERAGE         59                        50      9       63

PRECIPITATION (IN)
  YESTERDAY        0.00          0.34 1971   0.03  -0.03     0.00
  MONTH TO DATE    1.59                      0.92   0.67     0.58
  SINCE SEP 1      1.59                      0.92   0.67     0.58
  SINCE JAN 1      6.76                      6.70   0.06     8.26

DEGREE DAYS
 HEATING
  YESTERDAY        6                        15     -9        2
  MONTH TO DATE  238                       264    -26      108
  SINCE SEP 1    238                       264    -26      108
  SINCE JUL 1    297                       328    -31      163

 COOLING
  YESTERDAY        0                         0      0        0
  MONTH TO DATE   12                         9      3       16
  SINCE SEP 1     12                         9      3       16
  SINCE JAN 1    354                       286     68      268
..................................................................


WIND (MPH)
  HIGHEST WIND SPEED    15   HIGHEST WIND DIRECTION    SW (240)
  HIGHEST GUST SPEED    20   HIGHEST GUST DIRECTION     W (250)
  AVERAGE WIND SPEED     6.5


SKY COVER
  POSSIBLE SUNSHINE  MM
  AVERAGE SKY COVER 0.5


WEATHER CONDITIONS
 THE FOLLOWING WEATHER WAS RECORDED YESTERDAY.
  NO SIGNIFICANT WEATHER WAS OBSERVED.


RELATIVE HUMIDITY (PERCENT)
 HIGHEST    86           700 AM
 LOWEST     31           200 PM
 AVERAGE    59

..........................................................


THE ROCK SPRINGS WY CLIMATE NORMALS FOR TODAY
                         NORMAL    RECORD    YEAR
 MAXIMUM TEMPERATURE (F)   63        79      1957
 MINIMUM TEMPERATURE (F)   37        23      1985


SUNRISE AND SUNSET
OCTOBER  1 2016.......SUNRISE   714 AM MDT   SUNSET   657 PM MDT
OCTOBER  2 2016.......SUNRISE   715 AM MDT   SUNSET   655 PM MDT


-  INDICATES NEGATIVE NUMBERS.
R  INDICATES RECORD WAS SET OR TIED.
MM INDICATES DATA IS MISSING.
T  INDICATES TRACE AMOUNT.




$$
