000
CDUS45 KRIW 300738
CLIRKS


CLIMATE REPORT
NATIONAL WEATHER SERVICE RIVERTON WY
1236 AM MST FRI JAN 30 2015


...................................

...THE ROCK SPRINGS WY CLIMATE SUMMARY FOR JANUARY 29 2015...

CLIMATE NORMAL PERIOD 1981 TO 2010
CLIMATE RECORD PERIOD 1948 TO 2015


WEATHER ITEM   OBSERVED TIME   RECORD YEAR NORMAL DEPARTURE LAST
                VALUE   (LST)  VALUE       VALUE  FROM      YEAR
                                                  NORMAL
..................................................................
TEMPERATURE (F)
 YESTERDAY
  MAXIMUM         38    351 PM  50    1976  31      7       40
  MINIMUM         28   1101 AM -18    1949  12     16       25
  AVERAGE         33                        21     12       33

PRECIPITATION (IN)
  YESTERDAY        0.00          0.50 2005   0.02  -0.02     0.02
  MONTH TO DATE    0.01                      0.42  -0.41     0.07
  SINCE DEC 1      0.12                      0.92  -0.80     0.25
  SINCE JAN 1      0.01                      0.42  -0.41     0.07

DEGREE DAYS
 HEATING
  YESTERDAY       32                        44    -12       32
  MONTH TO DATE 1040                      1271   -231     1107
  SINCE DEC 1   2296                      2630   -334     2405
  SINCE JUL 1   4112                      4623   -511     4313

 COOLING
  YESTERDAY        0                         0      0        0
  MONTH TO DATE    0                         0      0        0
  SINCE DEC 1      0                         0      0        0
  SINCE JAN 1      0                         0      0        0
..................................................................


WIND (MPH)
  HIGHEST WIND SPEED    13   HIGHEST WIND DIRECTION     E (80)
  HIGHEST GUST SPEED    14   HIGHEST GUST DIRECTION     E (80)
  AVERAGE WIND SPEED     5.5


SKY COVER
  POSSIBLE SUNSHINE  MM
  AVERAGE SKY COVER 0.5


WEATHER CONDITIONS
 THE FOLLOWING WEATHER WAS RECORDED YESTERDAY.
  FOG
  FOG W/VISIBILITY <= 1/4 MILE


RELATIVE HUMIDITY (PERCENT)
 HIGHEST   100           700 AM
 LOWEST     70           400 PM
 AVERAGE    85

..........................................................


THE ROCK SPRINGS WY CLIMATE NORMALS FOR TODAY
                         NORMAL    RECORD    YEAR
 MAXIMUM TEMPERATURE (F)   31        48      1971
 MINIMUM TEMPERATURE (F)   12       -15      1985


SUNRISE AND SUNSET
JANUARY 30 2015.......SUNRISE   730 AM MST   SUNSET   529 PM MST
JANUARY 31 2015.......SUNRISE   729 AM MST   SUNSET   531 PM MST


-  INDICATES NEGATIVE NUMBERS.
R  INDICATES RECORD WAS SET OR TIED.
MM INDICATES DATA IS MISSING.
T  INDICATES TRACE AMOUNT.




$$
