000
CDUS45 KRIW 230744
CLIRKS


CLIMATE REPORT
NATIONAL WEATHER SERVICE RIVERTON WY
1238 AM MST THU NOV 23 2017


...................................

...THE ROCK SPRINGS WY CLIMATE SUMMARY FOR NOVEMBER 22 2017...

CLIMATE NORMAL PERIOD 1981 TO 2010
CLIMATE RECORD PERIOD 1948 TO 2017


WEATHER ITEM   OBSERVED TIME   RECORD YEAR NORMAL DEPARTURE LAST
                VALUE   (LST)  VALUE       VALUE  FROM      YEAR
                                                  NORMAL
..................................................................
TEMPERATURE (F)
 YESTERDAY
  MAXIMUM         53    231 PM  59    1954  37     16       38
  MINIMUM         40    608 AM   1    2013  18     22       26
  AVERAGE         47                        27     20       32

PRECIPITATION (IN)
  YESTERDAY        0.00          0.17 1996   0.02  -0.02     0.03
  MONTH TO DATE    0.29                      0.38  -0.09     0.08
  SINCE SEP 1      1.08                      2.17  -1.09     2.13
  SINCE JAN 1      5.46                      7.95  -2.49     7.30

DEGREE DAYS
 HEATING
  YESTERDAY       18                        38    -20       33
  MONTH TO DATE  635                       708    -73      549
  SINCE SEP 1   1656                      1611     45     1336
  SINCE JUL 1   1673                      1675     -2     1395

 COOLING
  YESTERDAY        0                         0      0        0
  MONTH TO DATE    0                         0      0        0
  SINCE SEP 1     26                         9     17       12
  SINCE JAN 1    394                       286    108      354
..................................................................


WIND (MPH)
  HIGHEST WIND SPEED    28   HIGHEST WIND DIRECTION     W (270)
  HIGHEST GUST SPEED    34   HIGHEST GUST DIRECTION     W (270)
  AVERAGE WIND SPEED    17.4


SKY COVER
  POSSIBLE SUNSHINE  MM
  AVERAGE SKY COVER 0.4


WEATHER CONDITIONS
 THE FOLLOWING WEATHER WAS RECORDED YESTERDAY.
  NO SIGNIFICANT WEATHER WAS OBSERVED.


RELATIVE HUMIDITY (PERCENT)
 HIGHEST    79           800 AM
 LOWEST     59           200 PM
 AVERAGE    69

..........................................................


THE ROCK SPRINGS WY CLIMATE NORMALS FOR TODAY
                         NORMAL    RECORD    YEAR
 MAXIMUM TEMPERATURE (F)   36        55      1954
 MINIMUM TEMPERATURE (F)   18        -3      1952


SUNRISE AND SUNSET
NOVEMBER 23 2017......SUNRISE   715 AM MST   SUNSET   450 PM MST
NOVEMBER 24 2017......SUNRISE   716 AM MST   SUNSET   450 PM MST


-  INDICATES NEGATIVE NUMBERS.
R  INDICATES RECORD WAS SET OR TIED.
MM INDICATES DATA IS MISSING.
T  INDICATES TRACE AMOUNT.




$$
