000
CDUS45 KRIW 300742
CLIRKS


CLIMATE REPORT
NATIONAL WEATHER SERVICE RIVERTON WY
131 AM MDT SAT APR 30 2016


...................................

...THE ROCK SPRINGS WY CLIMATE SUMMARY FOR APRIL 29 2016...

CLIMATE NORMAL PERIOD 1981 TO 2010
CLIMATE RECORD PERIOD 1948 TO 2016


WEATHER ITEM   OBSERVED TIME   RECORD YEAR NORMAL DEPARTURE LAST
                VALUE   (LST)  VALUE       VALUE  FROM      YEAR
                                                  NORMAL
..................................................................
TEMPERATURE (F)
 YESTERDAY
  MAXIMUM         41    525 PM  79    2007  58    -17       72
  MINIMUM         29    651 AM  17    1950  33     -4       40
  AVERAGE         35                        45    -10       56

PRECIPITATION (IN)
  YESTERDAY        T             0.59 1978   0.03  -0.03     0.00
  MONTH TO DATE    1.48                      0.87   0.61     0.67
  SINCE MAR 1      2.04                      1.55   0.49     0.89
  SINCE JAN 1      2.26                      2.48  -0.22     0.98

DEGREE DAYS
 HEATING
  YESTERDAY       30                        20     10        9
  MONTH TO DATE  622                       684    -62      664
  SINCE MAR 1   1529                      1661   -132     1437
  SINCE JUL 1   7046                      7513   -467     6550

 COOLING
  YESTERDAY        0                         0      0        0
  MONTH TO DATE    0                         0      0        0
  SINCE MAR 1      0                         0      0        0
  SINCE JAN 1      0                         0      0        0
..................................................................


WIND (MPH)
  HIGHEST WIND SPEED    22   HIGHEST WIND DIRECTION    NE (60)
  HIGHEST GUST SPEED    28   HIGHEST GUST DIRECTION    NE (50)
  AVERAGE WIND SPEED    12.3


SKY COVER
  POSSIBLE SUNSHINE  MM
  AVERAGE SKY COVER 1.0


WEATHER CONDITIONS
 THE FOLLOWING WEATHER WAS RECORDED YESTERDAY.
  LIGHT SNOW
  FOG


RELATIVE HUMIDITY (PERCENT)
 HIGHEST    85           200 AM
 LOWEST     64           300 PM
 AVERAGE    75

..........................................................


THE ROCK SPRINGS WY CLIMATE NORMALS FOR TODAY
                         NORMAL    RECORD    YEAR
 MAXIMUM TEMPERATURE (F)   58        76      1992
 MINIMUM TEMPERATURE (F)   33        15      1967


SUNRISE AND SUNSET
APRIL 30 2016.........SUNRISE   614 AM MDT   SUNSET   814 PM MDT
MAY  1 2016...........SUNRISE   612 AM MDT   SUNSET   815 PM MDT


-  INDICATES NEGATIVE NUMBERS.
R  INDICATES RECORD WAS SET OR TIED.
MM INDICATES DATA IS MISSING.
T  INDICATES TRACE AMOUNT.




$$
