000
CDUS45 KRIW 250749
CLIRKS


CLIMATE REPORT
NATIONAL WEATHER SERVICE RIVERTON WY
134 AM MDT SAT MAR 25 2017


...................................

...THE ROCK SPRINGS WY CLIMATE SUMMARY FOR MARCH 24 2017...

CLIMATE NORMAL PERIOD 1981 TO 2010
CLIMATE RECORD PERIOD 1948 TO 2017


WEATHER ITEM   OBSERVED TIME   RECORD YEAR NORMAL DEPARTURE LAST
                VALUE   (LST)  VALUE       VALUE  FROM      YEAR
                                                  NORMAL
..................................................................
TEMPERATURE (F)
 YESTERDAY
  MAXIMUM         52    516 PM  67    1956  47      5       41
  MINIMUM         33    620 AM  -3    1964  25      8       24
  AVERAGE         43                        36      7       33

PRECIPITATION (IN)
  YESTERDAY        0.00          0.26 2002   0.02  -0.02     0.01
  MONTH TO DATE    0.43                      0.50  -0.07     0.29
  SINCE MAR 1      0.43                      0.50  -0.07     0.29
  SINCE JAN 1      1.33                      1.43  -0.10     0.51

DEGREE DAYS
 HEATING
  YESTERDAY       22                        29     -7       32
  MONTH TO DATE  610                       781   -171      679
  SINCE MAR 1    610                       781   -171      679
  SINCE JUL 1   6348                      6633   -285     6196

 COOLING
  YESTERDAY        0                         0      0        0
  MONTH TO DATE    0                         0      0        0
  SINCE MAR 1      0                         0      0        0
  SINCE JAN 1      0                         0      0        0
..................................................................


WIND (MPH)
  HIGHEST WIND SPEED    14   HIGHEST WIND DIRECTION     E (70)
  HIGHEST GUST SPEED    17   HIGHEST GUST DIRECTION    SW (230)
  AVERAGE WIND SPEED     5.5


SKY COVER
  POSSIBLE SUNSHINE  MM
  AVERAGE SKY COVER 0.4


WEATHER CONDITIONS
 THE FOLLOWING WEATHER WAS RECORDED YESTERDAY.
  NO SIGNIFICANT WEATHER WAS OBSERVED.


RELATIVE HUMIDITY (PERCENT)
 HIGHEST    89           700 AM
 LOWEST     36           600 PM
 AVERAGE    63

..........................................................


THE ROCK SPRINGS WY CLIMATE NORMALS FOR TODAY
                         NORMAL    RECORD    YEAR
 MAXIMUM TEMPERATURE (F)   47        67      2012
 MINIMUM TEMPERATURE (F)   25        -4      1996


SUNRISE AND SUNSET
MARCH 25 2017.........SUNRISE   711 AM MDT   SUNSET   734 PM MDT
MARCH 26 2017.........SUNRISE   709 AM MDT   SUNSET   735 PM MDT


-  INDICATES NEGATIVE NUMBERS.
R  INDICATES RECORD WAS SET OR TIED.
MM INDICATES DATA IS MISSING.
T  INDICATES TRACE AMOUNT.




$$
