000
CDUS45 KRIW 280045
CLIRKS


CLIMATE REPORT
NATIONAL WEATHER SERVICE RIVERTON WY
536 PM MST FRI FEB 27 2015


...................................

...THE ROCK SPRINGS WY CLIMATE SUMMARY FOR FEBRUARY 27 2015...
VALID TODAY AS OF 0500 PM LOCAL TIME.

CLIMATE NORMAL PERIOD 1981 TO 2010
CLIMATE RECORD PERIOD 1948 TO 2015


WEATHER ITEM   OBSERVED TIME   RECORD YEAR NORMAL DEPARTURE LAST
                VALUE   (LST)  VALUE       VALUE  FROM      YEAR
                                                  NORMAL
..................................................................
TEMPERATURE (F)
 TODAY
  MAXIMUM         31        MM  53    2006  37     -6       42
  MINIMUM          2        MM -15    1960  18    -16       27
  AVERAGE         17                        28    -11       35

PRECIPITATION (IN)
  TODAY            T                         0.01  -0.01      T
  MONTH TO DATE    0.08                      0.46  -0.38     0.08
  SINCE DEC 1      0.20                      1.41  -1.21     0.33
  SINCE JAN 1      0.09                      0.91  -0.82     0.15

DEGREE DAYS
 HEATING
  TODAY           48                        37     11       30
  MONTH TO DATE  888                      1109   -221     1033
  SINCE DEC 1   3250                      3820   -570     3518
  SINCE JUL 1   5066                      5813   -747     5426

 COOLING
  TODAY            0                         0      0        0
  MONTH TO DATE    0                         0      0        0
  SINCE DEC 1      0                         0      0        0
  SINCE JAN 1      0                         0      0        0
..................................................................


WIND (MPH)
  HIGHEST WIND SPEED     8   HIGHEST WIND DIRECTION     S (160)
  HIGHEST GUST SPEED    MM   HIGHEST GUST DIRECTION    MM
  AVERAGE WIND SPEED     5.3


SKY COVER
  POSSIBLE SUNSHINE  MM
  AVERAGE SKY COVER 0.3


WEATHER CONDITIONS
 THE FOLLOWING WEATHER WAS RECORDED TODAY.
  NO SIGNIFICANT WEATHER WAS OBSERVED.


RELATIVE HUMIDITY (PERCENT)
 HIGHEST    87          1200 AM
 LOWEST     46           300 PM
 AVERAGE    67

..........................................................


THE ROCK SPRINGS WY CLIMATE NORMALS FOR TOMORROW
                         NORMAL    RECORD    YEAR
 MAXIMUM TEMPERATURE (F)   38        53      1986
 MINIMUM TEMPERATURE (F)   19       -13      1996


SUNRISE AND SUNSET
FEBRUARY 27 2015......SUNRISE   654 AM MST   SUNSET   604 PM MST
FEBRUARY 28 2015......SUNRISE   653 AM MST   SUNSET   605 PM MST


-  INDICATES NEGATIVE NUMBERS.
R  INDICATES RECORD WAS SET OR TIED.
MM INDICATES DATA IS MISSING.
T  INDICATES TRACE AMOUNT.




$$
