000
CDUS42 KFFC 010839
CLIRMG


CLIMATE REPORT
NATIONAL WEATHER SERVICE PEACHTREE CITY GA
439 AM EDT FRI AUG 1 2014


...................................

...THE ROME  CLIMATE SUMMARY FOR JULY 31 2014...

CLIMATE NORMAL PERIOD 1981 TO 2010
CLIMATE RECORD PERIOD 9999 TO 9999


WEATHER ITEM   OBSERVED TIME   RECORD YEAR NORMAL DEPARTURE LAST
                VALUE   (LST)  VALUE       VALUE  FROM      YEAR
                                                  NORMAL
..................................................................
TEMPERATURE (F)
 YESTERDAY
  MAXIMUM         83    340 PM  MM      MM  90     -7       80
  MINIMUM         63    400 AM  MM      MM  69     -6       70
  AVERAGE         73                        80     -7       75

PRECIPITATION (IN)
  YESTERDAY        0.00         MM      MM   0.10  -0.10     0.80
  MONTH TO DATE    1.46                      4.32  -2.86     5.96
  SINCE JUN 1      6.42                      8.42  -2.00    11.38
  SINCE JAN 1     30.91                     31.29  -0.38    26.18

DEGREE DAYS
 COOLING
  YESTERDAY        8                        15     -7       10
  MONTH TO DATE  370                       446    -76      385
  SINCE JUN 1    739                       776    -37      751
  SINCE JAN 1    940                       944     -4      894
..................................................................


WIND (MPH)
  RESULTANT WIND SPEED   3   RESULTANT WIND DIRECTION  NE (40)
  HIGHEST WIND SPEED    12   HIGHEST WIND DIRECTION     N (10)
  HIGHEST GUST SPEED    14   HIGHEST GUST DIRECTION     E (100)
  AVERAGE WIND SPEED     4.1


SKY COVER
  AVERAGE SKY COVER 0.2


WEATHER CONDITIONS
 THE FOLLOWING WEATHER WAS RECORDED YESTERDAY.
  NO SIGNIFICANT WEATHER WAS OBSERVED.


RELATIVE HUMIDITY (PERCENT)
 HIGHEST    90           400 AM
 LOWEST     58           100 PM
 AVERAGE    74

..........................................................


THE ROME  CLIMATE NORMALS FOR TODAY
                         NORMAL    RECORD    YEAR
 MAXIMUM TEMPERATURE (F)   90        MM        MM
 MINIMUM TEMPERATURE (F)   69        MM        MM


SUNRISE AND SUNSET
AUGUST  1 2014........SUNRISE   651 AM EDT   SUNSET   842 PM EDT
AUGUST  2 2014........SUNRISE   652 AM EDT   SUNSET   841 PM EDT


-  INDICATES NEGATIVE NUMBERS.
R  INDICATES RECORD WAS SET OR TIED.
MM INDICATES DATA IS MISSING.
T  INDICATES TRACE AMOUNT.




$$
