000
CDUS42 KFFC 220819
CLIRMG


CLIMATE REPORT
NATIONAL WEATHER SERVICE PEACHTREE CITY GA
419 AM EDT TUE JUL 22 2014


...................................

...THE ROME  CLIMATE SUMMARY FOR JULY 21 2014...

CLIMATE NORMAL PERIOD 1981 TO 2010
CLIMATE RECORD PERIOD 9999 TO 9999


WEATHER ITEM   OBSERVED TIME   RECORD YEAR NORMAL DEPARTURE LAST
                VALUE   (LST)  VALUE       VALUE  FROM      YEAR
                                                  NORMAL
..................................................................
TEMPERATURE (F)
 YESTERDAY
  MAXIMUM         87    207 PM  MM      MM  90     -3       90
  MINIMUM         69    853 AM  MM      MM  69      0       70
  AVERAGE         78                        80     -2       80

PRECIPITATION (IN)
  YESTERDAY        0.58         MM      MM   0.12   0.46     0.03
  MONTH TO DATE    1.33                      3.25  -1.92     4.80
  SINCE JUN 1      6.29                      7.35  -1.06    10.22
  SINCE JAN 1     30.78                     30.22   0.56    25.02

DEGREE DAYS
 COOLING
  YESTERDAY       13                        15     -2       15
  MONTH TO DATE  253                       301    -48      269
  SINCE JUN 1    622                       631     -9      635
  SINCE JAN 1    823                       799     24      778
..................................................................


WIND (MPH)
  RESULTANT WIND SPEED   1   RESULTANT WIND DIRECTION   E (80)
  HIGHEST WIND SPEED    16   HIGHEST WIND DIRECTION    SE (150)
  HIGHEST GUST SPEED    19   HIGHEST GUST DIRECTION    SE (150)
  AVERAGE WIND SPEED     3.3


SKY COVER
  AVERAGE SKY COVER 0.8


WEATHER CONDITIONS
 THE FOLLOWING WEATHER WAS RECORDED YESTERDAY.
  HEAVY RAIN
  RAIN
  LIGHT RAIN
  FOG


RELATIVE HUMIDITY (PERCENT)
 HIGHEST   100           900 PM
 LOWEST     65           200 PM
 AVERAGE    83

..........................................................


THE ROME  CLIMATE NORMALS FOR TODAY
                         NORMAL    RECORD    YEAR
 MAXIMUM TEMPERATURE (F)   90        MM        MM
 MINIMUM TEMPERATURE (F)   69        MM        MM


SUNRISE AND SUNSET
JULY 22 2014..........SUNRISE   644 AM EDT   SUNSET   850 PM EDT
JULY 23 2014..........SUNRISE   645 AM EDT   SUNSET   849 PM EDT


-  INDICATES NEGATIVE NUMBERS.
R  INDICATES RECORD WAS SET OR TIED.
MM INDICATES DATA IS MISSING.
T  INDICATES TRACE AMOUNT.




$$
