000
CDUS41 KRNK 220922
CLIRNK


CLIMATE REPORT
NATIONAL WEATHER SERVICE BLACKSBURG VA
517 AM EDT FRI AUG 22 2014


...................................

...THE BLACKSBURG VA CLIMATE SUMMARY FOR AUGUST 21 2014...

CLIMATE NORMAL PERIOD 1981 TO 2010
CLIMATE RECORD PERIOD 1952 TO 2014


WEATHER ITEM   OBSERVED TIME   RECORD YEAR NORMAL DEPARTURE LAST
                VALUE   (LST)  VALUE       VALUE  FROM      YEAR
                                                  NORMAL
..................................................................
TEMPERATURE (F)
 YESTERDAY
  MAXIMUM         83    300 PM  98    1983  81      2       79
  MINIMUM         64   1100 PM  48    1998  58      6       62
  AVERAGE         74                        70      4       71

PRECIPITATION (IN)
  YESTERDAY        0.23          1.13 1956   0.12   0.11     0.10
  MONTH TO DATE    5.59                      2.49   3.10     1.68
  SINCE JUN 1     10.58                     10.75  -0.17    17.40
  SINCE JAN 1     25.41                     28.09  -2.68    39.27

SNOWFALL (IN)
  YESTERDAY        0.0
  MONTH TO DATE    0.0
  SINCE JUN 1      T
  SINCE JUL 1      0.0
  SNOW DEPTH       0

DEGREE DAYS
 HEATING
  YESTERDAY        0                         0      0        0
  MONTH TO DATE    2                         0      2       20
  SINCE JUN 1     13                        44    -31       29
  SINCE JUL 1     10                         6      4       22

 COOLING
  YESTERDAY        9                         5      4        6
  MONTH TO DATE   65                       122    -57       97
  SINCE JUN 1    411                       437    -26      425
  SINCE JAN 1    469                       466      3      456
..................................................................


WIND (MPH)
  HIGHEST WIND SPEED    13   HIGHEST WIND DIRECTION     N (350)
  HIGHEST GUST SPEED    24   HIGHEST GUST DIRECTION     N (350)
  AVERAGE WIND SPEED     2.3


SKY COVER
  POSSIBLE SUNSHINE  MM
  AVERAGE SKY COVER 0.2


WEATHER CONDITIONS
 THE FOLLOWING WEATHER WAS RECORDED YESTERDAY.
  THUNDERSTORM
  HEAVY RAIN
  RAIN
  LIGHT RAIN
  FOG


RELATIVE HUMIDITY (PERCENT)
 HIGHEST   100          1200 AM
 LOWEST     61           100 PM
 AVERAGE    81

..........................................................


THE BLACKSBURG VA CLIMATE NORMALS FOR TODAY
                         NORMAL    RECORD    YEAR
 MAXIMUM TEMPERATURE (F)   81        98      1983
 MINIMUM TEMPERATURE (F)   58        42      1956


SUNRISE AND SUNSET
AUGUST 22 2014........SUNRISE   644 AM EDT   SUNSET   804 PM EDT
AUGUST 23 2014........SUNRISE   645 AM EDT   SUNSET   803 PM EDT


-  INDICATES NEGATIVE NUMBERS.
R  INDICATES RECORD WAS SET OR TIED.
MM INDICATES DATA IS MISSING.
T  INDICATES TRACE AMOUNT.


REMARKS:
TRACE OF SNOW IS FROM HAIL ON JUNE 17.


$$
