000
CDUS41 KRNK 270841
CLIRNK


CLIMATE REPORT
NATIONAL WEATHER SERVICE BLACKSBURG VA
440 AM EDT FRI MAY 27 2016


...................................

...THE BLACKSBURG VA CLIMATE SUMMARY FOR MAY 26 2016...

CLIMATE NORMAL PERIOD 1981 TO 2010
CLIMATE RECORD PERIOD 1952 TO 2016


WEATHER ITEM   OBSERVED RECORD YEAR NORMAL DEPARTURE LAST
                VALUE   VALUE       VALUE  FROM      YEAR
                                           NORMAL
...........................................................
TEMPERATURE (F)
 YESTERDAY
  MAXIMUM         80     88    1953  74      6       81
  MINIMUM         57     34    1988  50      7       56
  AVERAGE         69                 62      7       69

PRECIPITATION (IN)
  YESTERDAY        0.24   2.92 1975   0.16   0.08     0.01
  MONTH TO DATE    4.46               3.54   0.92     1.87
  SINCE MAR 1      8.78              10.66  -1.88    11.74
  SINCE JAN 1     15.92              16.55  -0.63    15.16

SNOWFALL (IN)
  YESTERDAY        0.0                                0.0
  MONTH TO DATE    0.0                                0.0
  SINCE MAR 1      1.6                                4.4
  SINCE JUL 1     25.6                               27.8
  SNOW DEPTH       0

DEGREE DAYS
 HEATING
  YESTERDAY        0                  4     -4        0
  MONTH TO DATE  172                184    -12       78
  SINCE MAR 1   1019               1341   -322     1083
  SINCE JUL 1   4454               5389   -935     5209

 COOLING
  YESTERDAY        4                  1      3        4
  MONTH TO DATE   15                 15      0       51
  SINCE MAR 1     25                 18      7       51
  SINCE JAN 1     25                 18      7       51
...........................................................


WIND (MPH)
  HIGHEST WIND SPEED     7   HIGHEST WIND DIRECTION     W (260)
  HIGHEST GUST SPEED    17   HIGHEST GUST DIRECTION    SW (210)
  AVERAGE WIND SPEED     1.2


SKY COVER
  AVERAGE SKY COVER 0.6


WEATHER CONDITIONS
 THE FOLLOWING WEATHER WAS RECORDED YESTERDAY.
  THUNDERSTORM
  HEAVY RAIN
  RAIN
  LIGHT RAIN
  FOG


RELATIVE HUMIDITY (PERCENT)
 HIGHEST   100           700 AM
 LOWEST     60          1200 PM
 AVERAGE    80

..........................................................


THE BLACKSBURG VA CLIMATE NORMALS FOR TODAY
                         NORMAL    RECORD    YEAR
 MAXIMUM TEMPERATURE (F)   74        85      2010
 MINIMUM TEMPERATURE (F)   51        28      1972


SUNRISE AND SUNSET
MAY 27 2016...........SUNRISE   605 AM EDT   SUNSET   833 PM EDT
MAY 28 2016...........SUNRISE   604 AM EDT   SUNSET   834 PM EDT


-  INDICATES NEGATIVE NUMBERS.
R  INDICATES RECORD WAS SET OR TIED.
MM INDICATES DATA IS MISSING.
T  INDICATES TRACE AMOUNT.

$$

RAB
