000
CDUS41 KRNK 130909 CCA
CLIRNK

CLIMATE REPORT
NATIONAL WEATHER SERVICE BLACKSBURG VA
508 AM EDT SUN JUL 13 2014


...................................

...THE BLACKSBURG VA CLIMATE SUMMARY FOR JULY 12 2014...

CLIMATE NORMAL PERIOD 1981 TO 2010
CLIMATE RECORD PERIOD 1952 TO 2014


WEATHER ITEM   OBSERVED TIME   RECORD YEAR NORMAL DEPARTURE LAST
                VALUE   (LST)  VALUE       VALUE  FROM      YEAR
                                                  NORMAL
..................................................................
TEMPERATURE (F)
 YESTERDAY
  MAXIMUM         86    200 PM  91    1966  82      4       73
  MINIMUM         61    600 AM  46    1983  60      1       63
  AVERAGE         74                        71      3       68

PRECIPITATION (IN)
  YESTERDAY        0.11          2.08 2010   0.14  -0.03     0.00
  MONTH TO DATE    0.75                      1.59  -0.84     5.32
  SINCE JUN 1      3.82                      5.59  -1.77    13.26
  SINCE JAN 1     18.65                     22.93  -4.28    35.13

SNOWFALL (IN)
  YESTERDAY        0.0
  MONTH TO DATE    0.0
  SINCE JUN 1      T
  SINCE JUL 1      0.0
  SNOW DEPTH       0

DEGREE DAYS
 HEATING
  YESTERDAY        0                         0      0        0
  MONTH TO DATE    2                         0      2        0
  SINCE JUN 1      5                        38    -33        7
  SINCE JUL 1      2                         0      2        0

 COOLING
  YESTERDAY        9                         7      2        3
  MONTH TO DATE   84                        74     10       86
  SINCE JUN 1    250                       193     57      202
  SINCE JAN 1    308                       222     86      233
..................................................................


WIND (MPH)
  HIGHEST WIND SPEED     9   HIGHEST WIND DIRECTION     S (160)
  HIGHEST GUST SPEED    MM   HIGHEST GUST DIRECTION    MM
  AVERAGE WIND SPEED     2.0


SKY COVER
  POSSIBLE SUNSHINE  MM
  AVERAGE SKY COVER 0.4


WEATHER CONDITIONS
 THE FOLLOWING WEATHER WAS RECORDED YESTERDAY.
  THUNDERSTORM
  HEAVY RAIN
  RAIN
  LIGHT RAIN
  FOG


RELATIVE HUMIDITY (PERCENT)
 HIGHEST   100          1200 AM
 LOWEST     55           100 PM
 AVERAGE    78

..........................................................


THE BLACKSBURG VA CLIMATE NORMALS FOR TODAY
                         NORMAL    RECORD    YEAR
 MAXIMUM TEMPERATURE (F)   82        90      1983
 MINIMUM TEMPERATURE (F)   60        48      1963


SUNRISE AND SUNSET
JULY 13 2014..........SUNRISE   612 AM EDT   SUNSET   843 PM EDT
JULY 14 2014..........SUNRISE   613 AM EDT   SUNSET   842 PM EDT


-  INDICATES NEGATIVE NUMBERS.
R  INDICATES RECORD WAS SET OR TIED.
MM INDICATES DATA IS MISSING.
T  INDICATES TRACE AMOUNT.

REMARKS:
TRACE OF SNOW IS FROM HAIL ON JUNE 17.


$$
