000
CDUS41 KRNK 220616
CLIRNK


CLIMATE REPORT
NATIONAL WEATHER SERVICE BLACKSBURG VA
112 AM EST WED FEB 22 2017


...................................

...THE BLACKSBURG VA CLIMATE SUMMARY FOR FEBRUARY 21 2017...

CLIMATE NORMAL PERIOD 1981 TO 2010
CLIMATE RECORD PERIOD 1952 TO 2017


WEATHER ITEM   OBSERVED RECORD YEAR NORMAL DEPARTURE LAST
                VALUE   VALUE       VALUE  FROM      YEAR
                                           NORMAL
...........................................................
TEMPERATURE (F)
 YESTERDAY
  MAXIMUM         62     71    1986  46     16       56
  MINIMUM         42      0    1972  25     17       37
  AVERAGE         52                 35     17       47

PRECIPITATION (IN)
  YESTERDAY        0.00   0.68 2015   0.10  -0.10     0.24
  MONTH TO DATE    0.61               2.12  -1.51     3.42
  SINCE DEC 1      8.20               8.15   0.05    10.88
  SINCE JAN 1      5.11               5.20  -0.09     5.86

SNOWFALL (IN)
  YESTERDAY        0.0                                0.0
  MONTH TO DATE    T                                  9.8
  SINCE DEC 1      6.6                               24.0
  SINCE JUL 1      6.6                               24.0
  SNOW DEPTH       0

DEGREE DAYS
 HEATING
  YESTERDAY       13                 30    -17       18
  MONTH TO DATE  480                660   -180      698
  SINCE DEC 1   2188               2667   -479     2357
  SINCE JUL 1   2961               3847   -886     3245

 COOLING
  YESTERDAY        0                  0      0        0
  MONTH TO DATE    0                  0      0        0
  SINCE DEC 1      0                  0      0        0
  SINCE JAN 1      0                  0      0        0
...........................................................


WIND (MPH)
  HIGHEST WIND SPEED     9   HIGHEST WIND DIRECTION     S (200)
  HIGHEST GUST SPEED    16   HIGHEST GUST DIRECTION     S (190)
  AVERAGE WIND SPEED     5.2


SKY COVER
  AVERAGE SKY COVER 0.2


WEATHER CONDITIONS
 THE FOLLOWING WEATHER WAS RECORDED YESTERDAY.
  NO SIGNIFICANT WEATHER WAS OBSERVED.


RELATIVE HUMIDITY (PERCENT)
 HIGHEST    74          1100 PM
 LOWEST     46           200 PM
 AVERAGE    60

..........................................................


THE BLACKSBURG VA CLIMATE NORMALS FOR TODAY
                         NORMAL    RECORD    YEAR
 MAXIMUM TEMPERATURE (F)   47        65      1980
 MINIMUM TEMPERATURE (F)   25        -3      1963


SUNRISE AND SUNSET
FEBRUARY 22 2017......SUNRISE   702 AM EST   SUNSET   609 PM EST
FEBRUARY 23 2017......SUNRISE   700 AM EST   SUNSET   610 PM EST


-  INDICATES NEGATIVE NUMBERS.
R  INDICATES RECORD WAS SET OR TIED.
MM INDICATES DATA IS MISSING.
T  INDICATES TRACE AMOUNT.




$$
