000
CDUS41 KRNK 250618
CLIRNK


CLIMATE REPORT
NATIONAL WEATHER SERVICE BLACKSBURG VA
217 AM EDT MON JUL 25 2016


...................................

...THE BLACKSBURG VA CLIMATE SUMMARY FOR JULY 24 2016...

CLIMATE NORMAL PERIOD 1981 TO 2010
CLIMATE RECORD PERIOD 1952 TO 2016


WEATHER ITEM   OBSERVED RECORD YEAR NORMAL DEPARTURE LAST
                VALUE   VALUE       VALUE  FROM      YEAR
                                           NORMAL
...........................................................
TEMPERATURE (F)
 YESTERDAY
  MAXIMUM         93R    92    1991  82     11       84
  MINIMUM         65     51    1971  60      5       59
  AVERAGE         79                 71      8       72

PRECIPITATION (IN)
  YESTERDAY        0.05   0.81 1963   0.13  -0.08     0.00
  MONTH TO DATE    3.95               3.30   0.65     4.16
  SINCE JUN 1      7.23               7.30  -0.07     7.64
  SINCE JAN 1     23.25              24.64  -1.39    23.17

SNOWFALL (IN)
  YESTERDAY        0.0                                0.0
  MONTH TO DATE    0.0                                 T
  SINCE JUN 1      0.0                                 T
  SINCE JUL 1      0.0                                 T
  SNOW DEPTH       0

DEGREE DAYS
 HEATING
  YESTERDAY        0                  0      0        0
  MONTH TO DATE    0                  0      0        0
  SINCE JUN 1     12                 38    -26       11
  SINCE JUL 1      0                  0      0        0

 COOLING
  YESTERDAY       14                  6      8        7
  MONTH TO DATE  214                150     64      180
  SINCE JUN 1    372                269    103      392
  SINCE JAN 1    418                298    120      468
...........................................................


WIND (MPH)
  HIGHEST WIND SPEED    18   HIGHEST WIND DIRECTION    SE (140)
  HIGHEST GUST SPEED    23   HIGHEST GUST DIRECTION    SE (140)
  AVERAGE WIND SPEED     1.4


SKY COVER
  AVERAGE SKY COVER 0.2


WEATHER CONDITIONS
 THE FOLLOWING WEATHER WAS RECORDED YESTERDAY.
  LIGHT RAIN
  FOG


RELATIVE HUMIDITY (PERCENT)
 HIGHEST   100           500 AM
 LOWEST     47           300 PM
 AVERAGE    74

..........................................................


THE BLACKSBURG VA CLIMATE NORMALS FOR TODAY
                         NORMAL    RECORD    YEAR
 MAXIMUM TEMPERATURE (F)   82        92      1987
 MINIMUM TEMPERATURE (F)   60        53      1988


SUNRISE AND SUNSET
JULY 25 2016..........SUNRISE   621 AM EDT   SUNSET   835 PM EDT
JULY 26 2016..........SUNRISE   622 AM EDT   SUNSET   834 PM EDT


-  INDICATES NEGATIVE NUMBERS.
R  INDICATES RECORD WAS SET OR TIED.
MM INDICATES DATA IS MISSING.
T  INDICATES TRACE AMOUNT.




$$
