000
CDUS41 KRNK 300926
CLIRNK


CLIMATE REPORT
NATIONAL WEATHER SERVICE BLACKSBURG VA
523 AM EDT WED JUL 30 2014


...................................

...THE BLACKSBURG VA CLIMATE SUMMARY FOR JULY 29 2014...

CLIMATE NORMAL PERIOD 1981 TO 2010
CLIMATE RECORD PERIOD 1952 TO 2014


WEATHER ITEM   OBSERVED TIME   RECORD YEAR NORMAL DEPARTURE LAST
                VALUE   (LST)  VALUE       VALUE  FROM      YEAR
                                                  NORMAL
..................................................................
TEMPERATURE (F)
 YESTERDAY
  MAXIMUM         76    400 PM  94    1953  82     -6       75
  MINIMUM         53   1100 PM  50    1983  60     -7       53
  AVERAGE         65                        71     -6       64

PRECIPITATION (IN)
  YESTERDAY        T             1.83 1980   0.14  -0.14     0.00
  MONTH TO DATE    1.92                      3.99  -2.07     7.44
  SINCE JUN 1      4.99                      7.99  -3.00    15.38
  SINCE JAN 1     19.82                     25.33  -5.51    37.25

SNOWFALL (IN)
  YESTERDAY        0.0
  MONTH TO DATE    0.0
  SINCE JUN 1      T
  SINCE JUL 1      0.0
  SNOW DEPTH       0

DEGREE DAYS
 HEATING
  YESTERDAY        0                         0      0        1
  MONTH TO DATE    6                         0      6        1
  SINCE JUN 1      9                        38    -29        8
  SINCE JUL 1      6                         0      6        1

 COOLING
  YESTERDAY        0                         6     -6        0
  MONTH TO DATE  179                       180     -1      212
  SINCE JUN 1    345                       299     46      328
  SINCE JAN 1    403                       328     75      359
..................................................................


WIND (MPH)
  HIGHEST WIND SPEED    10   HIGHEST WIND DIRECTION    NW (320)
  HIGHEST GUST SPEED    MM   HIGHEST GUST DIRECTION    MM
  AVERAGE WIND SPEED     4.4


SKY COVER
  POSSIBLE SUNSHINE  MM
  AVERAGE SKY COVER 0.4


WEATHER CONDITIONS
 THE FOLLOWING WEATHER WAS RECORDED YESTERDAY.
  LIGHT RAIN
  FOG


RELATIVE HUMIDITY (PERCENT)
 HIGHEST   100           200 AM
 LOWEST     41          1200 PM
 AVERAGE    71

..........................................................


THE BLACKSBURG VA CLIMATE NORMALS FOR TODAY
                         NORMAL    RECORD    YEAR
 MAXIMUM TEMPERATURE (F)   82        94      1953
 MINIMUM TEMPERATURE (F)   60        50      1981


SUNRISE AND SUNSET
JULY 30 2014..........SUNRISE   625 AM EDT   SUNSET   831 PM EDT
JULY 31 2014..........SUNRISE   626 AM EDT   SUNSET   830 PM EDT


-  INDICATES NEGATIVE NUMBERS.
R  INDICATES RECORD WAS SET OR TIED.
MM INDICATES DATA IS MISSING.
T  INDICATES TRACE AMOUNT.

REMARKS

TRACE OF SNOW IS FROM HAIL ON JUNE 17

$$

MBS
