000
CDUS41 KRNK 280755
CLIRNK


CLIMATE REPORT
NATIONAL WEATHER SERVICE BLACKSBURG VA
252 AM EST SUN DEC 28 2014


...................................

...THE BLACKSBURG VA CLIMATE SUMMARY FOR DECEMBER 27 2014...

CLIMATE NORMAL PERIOD 1981 TO 2010
CLIMATE RECORD PERIOD 1952 TO 2014


WEATHER ITEM   OBSERVED TIME   RECORD YEAR NORMAL DEPARTURE LAST
                VALUE   (LST)  VALUE       VALUE  FROM      YEAR
                                                  NORMAL
..................................................................
TEMPERATURE (F)
 YESTERDAY
  MAXIMUM         62        MM  67    2008  42     20       48
  MINIMUM         28        MM  -6    1985  22      6       19
  AVERAGE         45                        32     13       34

PRECIPITATION (IN)
  YESTERDAY        T             0.50 1973   0.09  -0.09     0.00
  MONTH TO DATE    2.14                      2.58  -0.44     4.05
  SINCE DEC 1      2.14                      2.58  -0.44     4.05
  SINCE JAN 1     38.79                     40.52  -1.73    50.39

SNOWFALL (IN)
  YESTERDAY        0.0
  MONTH TO DATE    0.1
  SINCE DEC 1      0.1
  SINCE JUL 1      2.5
  SNOW DEPTH       0

DEGREE DAYS
 HEATING
  YESTERDAY       20                        33    -13       31
  MONTH TO DATE  710                       833   -123      744
  SINCE DEC 1    710                       833   -123      744
  SINCE JUL 1   1903                      2013   -110     1979

 COOLING
  YESTERDAY        0                         0      0        0
  MONTH TO DATE    0                         0      0        0
  SINCE DEC 1      0                         0      0        0
  SINCE JAN 1    609                       573     36      568
..................................................................


WIND (MPH)
  HIGHEST WIND SPEED     7   HIGHEST WIND DIRECTION     E (100)
  HIGHEST GUST SPEED    MM   HIGHEST GUST DIRECTION    MM
  AVERAGE WIND SPEED     1.3


SKY COVER
  POSSIBLE SUNSHINE  MM
  AVERAGE SKY COVER 0.3


WEATHER CONDITIONS
 THE FOLLOWING WEATHER WAS RECORDED YESTERDAY.
  LIGHT RAIN


RELATIVE HUMIDITY (PERCENT)
 HIGHEST    89           400 AM
 LOWEST     20           200 PM
 AVERAGE    55

..........................................................


THE BLACKSBURG VA CLIMATE NORMALS FOR TODAY
                         NORMAL    RECORD    YEAR
 MAXIMUM TEMPERATURE (F)   41        66      1984
 MINIMUM TEMPERATURE (F)   22         6      1977


SUNRISE AND SUNSET
DECEMBER 28 2014......SUNRISE   735 AM EST   SUNSET   512 PM EST
DECEMBER 29 2014......SUNRISE   735 AM EST   SUNSET   513 PM EST


-  INDICATES NEGATIVE NUMBERS.
R  INDICATES RECORD WAS SET OR TIED.
MM INDICATES DATA IS MISSING.
T  INDICATES TRACE AMOUNT.


$$
