000
CDUS41 KRNK 050652
CLIRNK


CLIMATE REPORT
NATIONAL WEATHER SERVICE BLACKSBURG VA
248 AM EDT SAT SEP 5 2015


...................................

...THE BLACKSBURG VA CLIMATE SUMMARY FOR SEPTEMBER 4 2015...

CLIMATE NORMAL PERIOD 1981 TO 2010
CLIMATE RECORD PERIOD 1952 TO 2015


WEATHER ITEM   OBSERVED RECORD YEAR NORMAL DEPARTURE LAST
                VALUE   VALUE       VALUE  FROM      YEAR
                                           NORMAL
...........................................................
TEMPERATURE (F)
 YESTERDAY
  MAXIMUM         87     89    1954  79      8       79
  MINIMUM         61     42    1997  55      6       63
  AVERAGE         74                 67      7       71

PRECIPITATION (IN)
  YESTERDAY        0.01   1.15 1977   0.11  -0.10     0.96
  MONTH TO DATE    0.47               0.43   0.04     1.71
  SINCE SEP 1      0.47               0.43   0.04     1.71
  SINCE JAN 1     27.83              29.62  -1.79    27.48

SNOWFALL (IN)
  YESTERDAY        0.0                                0.0
  MONTH TO DATE    0.0                                0.0
  SINCE SEP 1      0.0                                0.0
  SINCE JUL 1      T                                  0.0
  SNOW DEPTH       0

DEGREE DAYS
 HEATING
  YESTERDAY        0                  1     -1        0
  MONTH TO DATE    0                  4     -4        0
  SINCE SEP 1      0                  4     -4        0
  SINCE JUL 1      1                 22    -21       11

 COOLING
  YESTERDAY        9                  4      5        6
  MONTH TO DATE   35                 16     19       37
  SINCE SEP 1     35                 16     19       37
  SINCE JAN 1    762                528    234      567
...........................................................


WIND (MPH)
  HIGHEST WIND SPEED    17   HIGHEST WIND DIRECTION     E (80)
  HIGHEST GUST SPEED    26   HIGHEST GUST DIRECTION     E (90)
  AVERAGE WIND SPEED     1.9


SKY COVER
  AVERAGE SKY COVER 0.3


WEATHER CONDITIONS
 THE FOLLOWING WEATHER WAS RECORDED YESTERDAY.
  THUNDERSTORM
  LIGHT RAIN
  FOG


RELATIVE HUMIDITY (PERCENT)
 HIGHEST   100          1200 AM
 LOWEST     50           200 PM
 AVERAGE    75

..........................................................


THE BLACKSBURG VA CLIMATE NORMALS FOR TODAY
                         NORMAL    RECORD    YEAR
 MAXIMUM TEMPERATURE (F)   79        90      1954
 MINIMUM TEMPERATURE (F)   55        32      1982


SUNRISE AND SUNSET
SEPTEMBER  5 2015.....SUNRISE   655 AM EDT   SUNSET   745 PM EDT
SEPTEMBER  6 2015.....SUNRISE   656 AM EDT   SUNSET   743 PM EDT


-  INDICATES NEGATIVE NUMBERS.
R  INDICATES RECORD WAS SET OR TIED.
MM INDICATES DATA IS MISSING.
T  INDICATES TRACE AMOUNT.

$$

RAB
