000
CDUS41 KRNK 230613
CLIRNK


CLIMATE REPORT
NATIONAL WEATHER SERVICE BLACKSBURG VA
211 AM EDT FRI JUN 23 2017


...................................

...THE BLACKSBURG VA CLIMATE SUMMARY FOR JUNE 22 2017...

CLIMATE NORMAL PERIOD 1981 TO 2010
CLIMATE RECORD PERIOD 1952 TO 2017


WEATHER ITEM   OBSERVED RECORD YEAR NORMAL DEPARTURE LAST
                VALUE   VALUE       VALUE  FROM      YEAR
                                           NORMAL
...........................................................
TEMPERATURE (F)
 YESTERDAY
  MAXIMUM         78     93    1964  81     -3       79
  MINIMUM         59     41    1992  58      1       61
  AVERAGE         69                 69      0       70

PRECIPITATION (IN)
  YESTERDAY        0.04   0.65 1979   0.12  -0.08      T
  MONTH TO DATE    2.63               3.04  -0.41     1.63
  SINCE JUN 1      2.63               3.04  -0.41     1.63
  SINCE JAN 1     23.87              20.38   3.49    17.65

SNOWFALL (IN)
  YESTERDAY        0.0                                0.0
  MONTH TO DATE    0.0                                0.0
  SINCE JUN 1      0.0                                0.0
  SINCE JUL 1      7.7                               25.6
  SNOW DEPTH       0

DEGREE DAYS
 HEATING
  YESTERDAY        0                  1     -1        0
  MONTH TO DATE   24                 37    -13       12
  SINCE JUN 1     24                 37    -13       12
  SINCE JUL 1   4190               5445  -1255     4466

 COOLING
  YESTERDAY        4                  5     -1        5
  MONTH TO DATE   72                 74     -2      101
  SINCE JUN 1     72                 74     -2      101
  SINCE JAN 1    126                103     23      147
...........................................................


WIND (MPH)
  HIGHEST WIND SPEED     7   HIGHEST WIND DIRECTION    SW (220)
  HIGHEST GUST SPEED    MM   HIGHEST GUST DIRECTION    MM
  AVERAGE WIND SPEED     2.3


SKY COVER
  AVERAGE SKY COVER 0.2


WEATHER CONDITIONS
 THE FOLLOWING WEATHER WAS RECORDED YESTERDAY.
  LIGHT RAIN


RELATIVE HUMIDITY (PERCENT)
 HIGHEST    97          1000 PM
 LOWEST     56           200 PM
 AVERAGE    77

..........................................................


THE BLACKSBURG VA CLIMATE NORMALS FOR TODAY
                         NORMAL    RECORD    YEAR
 MAXIMUM TEMPERATURE (F)   81        92      1988
 MINIMUM TEMPERATURE (F)   59        42      1980


SUNRISE AND SUNSET
JUNE 23 2017..........SUNRISE   602 AM EDT   SUNSET   846 PM EDT
JUNE 24 2017..........SUNRISE   603 AM EDT   SUNSET   846 PM EDT


-  INDICATES NEGATIVE NUMBERS.
R  INDICATES RECORD WAS SET OR TIED.
MM INDICATES DATA IS MISSING.
T  INDICATES TRACE AMOUNT.

$$
RCS
