000
CDUS41 KRNK 270934
CLIRNK


CLIMATE REPORT
NATIONAL WEATHER SERVICE BLACKSBURG VA
428 AM EST FRI FEB 27 2015


...................................

...THE BLACKSBURG VA CLIMATE SUMMARY FOR FEBRUARY 26 2015...

CLIMATE NORMAL PERIOD 1981 TO 2010
CLIMATE RECORD PERIOD 1952 TO 2015


WEATHER ITEM   OBSERVED TIME   RECORD YEAR NORMAL DEPARTURE LAST
                VALUE   (LST)  VALUE       VALUE  FROM      YEAR
                                                  NORMAL
..................................................................
TEMPERATURE (F)
 YESTERDAY
  MAXIMUM         37        MM  73    2000  48    -11       34
  MINIMUM         25        MM   2    1968  25      0       19
  AVERAGE         31                        36     -5       27

PRECIPITATION (IN)
  YESTERDAY        0.29          1.25 1979   0.10   0.19      T
  MONTH TO DATE    2.12                      2.62  -0.50     3.98
  SINCE DEC 1      6.07                      8.65  -2.58    10.89
  SINCE JAN 1      3.42                      5.70  -2.28     5.63

SNOWFALL (IN)
  YESTERDAY        3.1
  MONTH TO DATE   19.4
  SINCE DEC 1     21.0
  SINCE JUL 1     23.4
  SNOW DEPTH       7

DEGREE DAYS
 HEATING
  YESTERDAY       34                        28      6       38
  MONTH TO DATE  988                       804    184      800
  SINCE DEC 1   2846                      2811     35     2869
  SINCE JUL 1   4039                      3991     48     4104

 COOLING
  YESTERDAY        0                         0      0        0
  MONTH TO DATE    0                         0      0        0
  SINCE DEC 1      0                         0      0        0
  SINCE JAN 1      0                         0      0        0
..................................................................


WIND (MPH)
  HIGHEST WIND SPEED    10   HIGHEST WIND DIRECTION     E (90)
  HIGHEST GUST SPEED    MM   HIGHEST GUST DIRECTION    MM
  AVERAGE WIND SPEED     4.5


SKY COVER
  POSSIBLE SUNSHINE  MM
  AVERAGE SKY COVER 0.9


WEATHER CONDITIONS
 THE FOLLOWING WEATHER WAS RECORDED YESTERDAY.
  SNOW
  LIGHT SNOW


RELATIVE HUMIDITY (PERCENT)
 HIGHEST    96           300 AM
 LOWEST     66           100 PM
 AVERAGE    81

..........................................................


THE BLACKSBURG VA CLIMATE NORMALS FOR TODAY
                         NORMAL    RECORD    YEAR
 MAXIMUM TEMPERATURE (F)   48        75      1977
 MINIMUM TEMPERATURE (F)   26         2      1963


SUNRISE AND SUNSET
FEBRUARY 27 2015......SUNRISE   656 AM EST   SUNSET   614 PM EST
FEBRUARY 28 2015......SUNRISE   654 AM EST   SUNSET   614 PM EST


-  INDICATES NEGATIVE NUMBERS.
R  INDICATES RECORD WAS SET OR TIED.
MM INDICATES DATA IS MISSING.
T  INDICATES TRACE AMOUNT.




$$
