787
CDUS41 KRNK 240927
CLIRNK


CLIMATE REPORT
NATIONAL WEATHER SERVICE BLACKSBURG VA
525 AM EDT THU AUG 24 2017


...................................

...THE BLACKSBURG VA CLIMATE SUMMARY FOR AUGUST 23 2017...

CLIMATE NORMAL PERIOD 1981 TO 2010
CLIMATE RECORD PERIOD 1952 TO 2017


WEATHER ITEM   OBSERVED RECORD YEAR NORMAL DEPARTURE LAST
                VALUE   VALUE       VALUE  FROM      YEAR
                                           NORMAL
...........................................................
TEMPERATURE (F)
 YESTERDAY
  MAXIMUM         81     99    1983  81      0       80
  MINIMUM         59     47    1969  58      1       54
  AVERAGE         70                 70      0       67

PRECIPITATION (IN)
  YESTERDAY        0.06   1.27 1967   0.12  -0.06     0.00
  MONTH TO DATE    2.42               2.72  -0.30     4.15
  SINCE JUN 1      8.64              10.98  -2.34    12.29
  SINCE JAN 1     29.88              28.32   1.56    28.31

SNOWFALL (IN)
  YESTERDAY        0.0                                0.0
  MONTH TO DATE    0.0                                0.0
  SINCE JUN 1      0.0                                0.0
  SINCE JUL 1      0.0                                0.0
  SNOW DEPTH       0

DEGREE DAYS
 HEATING
  YESTERDAY        0                  0      0        0
  MONTH TO DATE    2                  0      2        0
  SINCE JUN 1     36                 44     -8       12
  SINCE JUL 1      2                  6     -4        0

 COOLING
  YESTERDAY        5                  5      0        2
  MONTH TO DATE  138                132      6      195
  SINCE JUN 1    475                447     28      652
  SINCE JAN 1    529                476     53      698
...........................................................


WIND (MPH)
  HIGHEST WIND SPEED    10   HIGHEST WIND DIRECTION    NW (330)
  HIGHEST GUST SPEED    16   HIGHEST GUST DIRECTION    NW (310)
  AVERAGE WIND SPEED     3.9


SKY COVER
  AVERAGE SKY COVER 0.4


WEATHER CONDITIONS
 THE FOLLOWING WEATHER WAS RECORDED YESTERDAY.
  HEAVY RAIN
  RAIN
  LIGHT RAIN


RELATIVE HUMIDITY (PERCENT)
 HIGHEST   100           700 AM
 LOWEST     51           400 PM
 AVERAGE    76

..........................................................


THE BLACKSBURG VA CLIMATE NORMALS FOR TODAY
                         NORMAL    RECORD    YEAR
 MAXIMUM TEMPERATURE (F)   81        94      2007
 MINIMUM TEMPERATURE (F)   58        44      1997


SUNRISE AND SUNSET
AUGUST 24 2017........SUNRISE   646 AM EDT   SUNSET   801 PM EDT
AUGUST 25 2017........SUNRISE   647 AM EDT   SUNSET   800 PM EDT


-  INDICATES NEGATIVE NUMBERS.
R  INDICATES RECORD WAS SET OR TIED.
MM INDICATES DATA IS MISSING.
T  INDICATES TRACE AMOUNT.

$$

RAB
