000
CDUS46 KSGX 011528
CLIRNM


CLIMATE REPORT
NATIONAL WEATHER SERVICE SAN DIEGO, CA
728 AM PST WED MAR 1 2017


...................................

...THE RAMONA AIRPORT CA CLIMATE SUMMARY FOR FEBRUARY 28 2017...

CLIMATE NORMAL PERIOD 1981 TO 2010
CLIMATE RECORD PERIOD 1974 TO 2017


WEATHER ITEM   OBSERVED TIME   RECORD YEAR NORMAL DEPARTURE LAST
                VALUE   (LST)  VALUE       VALUE  FROM      YEAR
                                                  NORMAL
..................................................................
TEMPERATURE (F)
 YESTERDAY
  MAXIMUM         58    234 PM  83    2009  65     -7       78
                                      1975
  MINIMUM         38   1155 PM  27    2011  39     -1       38
  AVERAGE         48                        52     -4       58

PRECIPITATION (IN)
  YESTERDAY        0.05          2.64 1991   0.11  -0.06     0.00
  MONTH TO DATE    7.13                      3.11   4.02     0.11
  SINCE OCT 1     21.49                     10.57  10.92    10.18
  SINCE JAN 1     14.47                      6.43   8.04     6.65

DEGREE DAYS
 HEATING
  YESTERDAY       17                        13      4        7
  MONTH TO DATE  328                       394    -66      217
  SINCE DEC 1   1184                      1330   -146     1159
  SINCE JUL 1   1435                      1741   -306     1498

 COOLING
  YESTERDAY        0                         0      0        0
  MONTH TO DATE    0                         0      0        5
  SINCE DEC 1      1                         1      0        5
  SINCE JAN 1      0                         1     -1        5
..................................................................


WIND (MPH)
  RESULTANT WIND SPEED   4   RESULTANT WIND DIRECTION  SW (230)
  HIGHEST WIND SPEED    18   HIGHEST WIND DIRECTION     W (270)
  HIGHEST GUST SPEED    32   HIGHEST GUST DIRECTION    NW (320)
  AVERAGE WIND SPEED     5.2


SKY COVER
  POSSIBLE SUNSHINE  MM
  AVERAGE SKY COVER 0.6


WEATHER CONDITIONS
 THE FOLLOWING WEATHER WAS RECORDED YESTERDAY.
  LIGHT RAIN
  FOG
  FOG W/VISIBILITY <= 1/4 MILE


RELATIVE HUMIDITY (PERCENT)
 HIGHEST   100          1200 AM
 LOWEST     61           100 PM
 AVERAGE    81

..........................................................


THE RAMONA AIRPORT CA CLIMATE NORMALS FOR TODAY
                         NORMAL    RECORD    YEAR
 MAXIMUM TEMPERATURE (F)   65        84      2009
 MINIMUM TEMPERATURE (F)   39        24      1977


SUNRISE AND SUNSET
MARCH  1 2017.........SUNRISE   615 AM PST   SUNSET   545 PM PST
MARCH  2 2017.........SUNRISE   614 AM PST   SUNSET   546 PM PST


-  INDICATES NEGATIVE NUMBERS.
R  INDICATES RECORD WAS SET OR TIED.
MM INDICATES DATA IS MISSING.
T  INDICATES TRACE AMOUNT.




$$
