000
CDUS46 KSGX 061522
CLIRNM


CLIMATE REPORT
NATIONAL WEATHER SERVICE SAN DIEGO, CA
721 AM PST TUE DEC 6 2016


...................................

...THE RAMONA AIRPORT CA CLIMATE SUMMARY FOR DECEMBER 5 2016...

CLIMATE NORMAL PERIOD 1981 TO 2010
CLIMATE RECORD PERIOD 1974 TO 2016


WEATHER ITEM   OBSERVED TIME   RECORD YEAR NORMAL DEPARTURE LAST
                VALUE   (LST)  VALUE       VALUE  FROM      YEAR
                                                  NORMAL
..................................................................
TEMPERATURE (F)
 YESTERDAY
  MAXIMUM         66    111 PM  90    1979  65      1       78
  MINIMUM         31    535 AM  20    2011  35     -4       31
  AVERAGE         49                        50     -1       55

PRECIPITATION (IN)
  YESTERDAY        0.00          0.85 1987   0.05  -0.05     0.00
  MONTH TO DATE    0.00                      0.26  -0.26     0.00
  SINCE OCT 1      1.63                      2.17  -0.54     1.76
  SINCE JAN 1     11.79                     14.07  -2.28    10.48

DEGREE DAYS
 HEATING
  YESTERDAY       16                        15      1       10
  MONTH TO DATE   78                        72      6       60
  SINCE DEC 1     78                        72      6       60
  SINCE JUL 1    329                       483   -154      399

 COOLING
  YESTERDAY        0                         0      0        0
  MONTH TO DATE    0                         0      0        0
  SINCE DEC 1      0                         0      0        0
  SINCE JAN 1   1019                       850    169     1207
..................................................................


WIND (MPH)
  RESULTANT WIND SPEED   1   RESULTANT WIND DIRECTION  SW (240)
  HIGHEST WIND SPEED    12   HIGHEST WIND DIRECTION    NW (300)
  HIGHEST GUST SPEED    16   HIGHEST GUST DIRECTION     W (270)
  AVERAGE WIND SPEED     2.5


SKY COVER
  POSSIBLE SUNSHINE  MM
  AVERAGE SKY COVER 0.2


WEATHER CONDITIONS
 THE FOLLOWING WEATHER WAS RECORDED YESTERDAY.
  NO SIGNIFICANT WEATHER WAS OBSERVED.


RELATIVE HUMIDITY (PERCENT)
 HIGHEST    89           700 PM
 LOWEST     36          1100 AM
 AVERAGE    63

..........................................................


THE RAMONA AIRPORT CA CLIMATE NORMALS FOR TODAY
                         NORMAL    RECORD    YEAR
 MAXIMUM TEMPERATURE (F)   65        87      1979
 MINIMUM TEMPERATURE (F)   35        24      2006
                                             1978


SUNRISE AND SUNSET
DECEMBER  6 2016......SUNRISE   637 AM PST   SUNSET   441 PM PST
DECEMBER  7 2016......SUNRISE   638 AM PST   SUNSET   441 PM PST


-  INDICATES NEGATIVE NUMBERS.
R  INDICATES RECORD WAS SET OR TIED.
MM INDICATES DATA IS MISSING.
T  INDICATES TRACE AMOUNT.




$$
