000
CDUS46 KSGX 200017
CLIRNM


CLIMATE REPORT
NATIONAL WEATHER SERVICE SAN DIEGO, CA
417 PM PST MON FEB 19 2018


...................................

...THE RAMONA AIRPORT CA CLIMATE SUMMARY FOR FEBRUARY 19 2018...
VALID TODAY AS OF 0400 PM LOCAL TIME.

CLIMATE NORMAL PERIOD 1981 TO 2010
CLIMATE RECORD PERIOD 1974 TO 2018


WEATHER ITEM   OBSERVED TIME   RECORD YEAR NORMAL DEPARTURE LAST
                VALUE   (LST)  VALUE       VALUE  FROM      YEAR
                                                  NORMAL
..................................................................
TEMPERATURE (F)
 TODAY
  MAXIMUM         56   1050 AM  88    1995  65     -9       54
  MINIMUM         46    718 AM  28    1974  38      8       45
  AVERAGE         51                        51      0       50

PRECIPITATION (IN)
  TODAY            T             1.70 1993   0.13  -0.13     0.12
  MONTH TO DATE    0.05                      1.95  -1.90     2.00
  SINCE OCT 1      3.38                      9.41  -6.03    16.36
  SINCE JAN 1      3.34                      5.27  -1.93     9.34

DEGREE DAYS
 HEATING
  TODAY           14                        14      0       15
  MONTH TO DATE  172                       274   -102      191
  SINCE DEC 1    729                      1210   -481     1047
  SINCE JUL 1    910                      1621   -711     1298

 COOLING
  TODAY            0                         0      0        0
  MONTH TO DATE    0                         0      0        0
  SINCE DEC 1     17                         1     16        1
  SINCE JAN 1     16                         1     15        0
..................................................................


WIND (MPH)
  RESULTANT WIND SPEED  15   RESULTANT WIND DIRECTION   W (260)
  HIGHEST WIND SPEED    28   HIGHEST WIND DIRECTION     W (260)
  HIGHEST GUST SPEED    38   HIGHEST GUST DIRECTION    SW (240)
  AVERAGE WIND SPEED    15.9


SKY COVER
  POSSIBLE SUNSHINE  MM
  AVERAGE SKY COVER 0.7


WEATHER CONDITIONS
 THE FOLLOWING WEATHER WAS RECORDED TODAY.
  NO SIGNIFICANT WEATHER WAS OBSERVED.


RELATIVE HUMIDITY (PERCENT)
 HIGHEST    83          1200 AM
 LOWEST     28           200 PM
 AVERAGE    56

..........................................................


THE RAMONA AIRPORT CA CLIMATE NORMALS FOR TOMORROW
                         NORMAL    RECORD    YEAR
 MAXIMUM TEMPERATURE (F)   65        85      1995
 MINIMUM TEMPERATURE (F)   38        26      2006


SUNRISE AND SUNSET
FEBRUARY 19 2018......SUNRISE   627 AM PST   SUNSET   536 PM PST
FEBRUARY 20 2018......SUNRISE   626 AM PST   SUNSET   537 PM PST


-  INDICATES NEGATIVE NUMBERS.
R  INDICATES RECORD WAS SET OR TIED.
MM INDICATES DATA IS MISSING.
T  INDICATES TRACE AMOUNT.




$$
