000
CDUS46 KSGX 201419
CLIRNM


CLIMATE REPORT
NATIONAL WEATHER SERVICE SAN DIEGO, CA
718 AM PDT MON OCT 20 2014


...................................

...THE RAMONA AIRPORT CA CLIMATE SUMMARY FOR OCTOBER 19 2014...

CLIMATE NORMAL PERIOD 1981 TO 2010
CLIMATE RECORD PERIOD 1974 TO 2014


WEATHER ITEM   OBSERVED TIME   RECORD YEAR NORMAL DEPARTURE LAST
                VALUE   (LST)  VALUE       VALUE  FROM      YEAR
                                                  NORMAL
..................................................................
TEMPERATURE (F)
 YESTERDAY
  MAXIMUM         78    108 PM  95    2003  79     -1       87
  MINIMUM         49    625 AM  39    1994  47      2       41
  AVERAGE         64                        63      1       64

PRECIPITATION (IN)
  YESTERDAY        0.00          2.11 2010   0.02  -0.02     0.00
  MONTH TO DATE    T                         0.36  -0.36     1.10
  SINCE JUL 1      0.41                      0.93  -0.52     1.19
  SINCE JAN 1      5.50                     12.26  -6.76     5.69

SNOWFALL (IN)
  YESTERDAY        0.0
  MONTH TO DATE    0.0
  SINCE JAN 1      0.0
  SINCE JUL 1      0.0
  SNOW DEPTH       0

DEGREE DAYS
 HEATING
  YESTERDAY        1                         3     -2        1
  MONTH TO DATE    5                        46    -41       65
  SINCE SEP 1      5                        61    -56       79
  SINCE JUL 1      5                        64    -59       80

 COOLING
  YESTERDAY        0                         1     -1        0
  MONTH TO DATE   71                        39     32        9
  SINCE SEP 1    366                       219    147      228
  SINCE JAN 1   1105                       832    273      892
..................................................................


WIND (MPH)
  RESULTANT WIND SPEED   2   RESULTANT WIND DIRECTION   W (280)
  HIGHEST WIND SPEED    15   HIGHEST WIND DIRECTION     W (290)
  HIGHEST GUST SPEED    18   HIGHEST GUST DIRECTION     W (280)
  AVERAGE WIND SPEED     3.4


SKY COVER
  POSSIBLE SUNSHINE  MM
  AVERAGE SKY COVER 0.2


WEATHER CONDITIONS
 THE FOLLOWING WEATHER WAS RECORDED YESTERDAY.
  FOG
  FOG W/VISIBILITY <= 1/4 MILE


RELATIVE HUMIDITY (PERCENT)
 HIGHEST    93          1200 AM
 LOWEST     43           100 PM
 AVERAGE    68

..........................................................


THE RAMONA AIRPORT CA CLIMATE NORMALS FOR TODAY
                         NORMAL    RECORD    YEAR
 MAXIMUM TEMPERATURE (F)   78        98      2003
 MINIMUM TEMPERATURE (F)   47        37      2013


SUNRISE AND SUNSET
OCTOBER 20 2014.......SUNRISE   656 AM PDT   SUNSET   608 PM PDT
OCTOBER 21 2014.......SUNRISE   657 AM PDT   SUNSET   607 PM PDT


-  INDICATES NEGATIVE NUMBERS.
R  INDICATES RECORD WAS SET OR TIED.
MM INDICATES DATA IS MISSING.
T  INDICATES TRACE AMOUNT.




$$
