000
CDUS46 KSGX 210017
CLIRNM


CLIMATE REPORT
NATIONAL WEATHER SERVICE SAN DIEGO, CA
517 PM PDT WED SEP 20 2017


...................................

...THE RAMONA AIRPORT CA CLIMATE SUMMARY FOR SEPTEMBER 20 2017...
VALID TODAY AS OF 0500 PM LOCAL TIME.

CLIMATE NORMAL PERIOD 1981 TO 2010
CLIMATE RECORD PERIOD 1974 TO 2017


WEATHER ITEM   OBSERVED TIME   RECORD YEAR NORMAL DEPARTURE LAST
                VALUE   (LST)  VALUE       VALUE  FROM      YEAR
                                                  NORMAL
..................................................................
TEMPERATURE (F)
 TODAY
  MAXIMUM         79    232 PM 102    2015  86     -7       79
  MINIMUM         58    527 AM  40    1999  53      5       68
  AVERAGE         69                        70     -1       74

PRECIPITATION (IN)
  TODAY            0.00          0.27 2016   0.01  -0.01     0.27
  MONTH TO DATE    0.05                      0.21  -0.16     0.27
  SINCE OCT 1     22.96                     15.96   7.00    13.46
  SINCE JAN 1     15.94                     11.82   4.12     9.93

DEGREE DAYS
 HEATING
  TODAY            0                         1     -1        0
  MONTH TO DATE    0                         1     -1        8
  SINCE SEP 1      0                         1     -1        8
  SINCE JUL 1      0                         4     -4        8

 COOLING
  TODAY            4                         5     -1        9
  MONTH TO DATE  186                       138     48       86
  SINCE SEP 1    186                       138     48       86
  SINCE JAN 1   1121                       751    370      882
..................................................................


WIND (MPH)
  RESULTANT WIND SPEED   2   RESULTANT WIND DIRECTION   W (250)
  HIGHEST WIND SPEED    16   HIGHEST WIND DIRECTION     W (270)
  HIGHEST GUST SPEED    26   HIGHEST GUST DIRECTION     W (280)
  AVERAGE WIND SPEED     4.8


SKY COVER
  POSSIBLE SUNSHINE  MM
  AVERAGE SKY COVER 0.6


WEATHER CONDITIONS
 THE FOLLOWING WEATHER WAS RECORDED TODAY.
  NO SIGNIFICANT WEATHER WAS OBSERVED.


RELATIVE HUMIDITY (PERCENT)
 HIGHEST    84           100 AM
 LOWEST     42           200 PM
 AVERAGE    63

..........................................................


THE RAMONA AIRPORT CA CLIMATE NORMALS FOR TOMORROW
                         NORMAL    RECORD    YEAR
 MAXIMUM TEMPERATURE (F)   86       101      1975
 MINIMUM TEMPERATURE (F)   53        40      2007


SUNRISE AND SUNSET
SEPTEMBER 20 2017.....SUNRISE   635 AM PDT   SUNSET   647 PM PDT
SEPTEMBER 21 2017.....SUNRISE   635 AM PDT   SUNSET   645 PM PDT


-  INDICATES NEGATIVE NUMBERS.
R  INDICATES RECORD WAS SET OR TIED.
MM INDICATES DATA IS MISSING.
T  INDICATES TRACE AMOUNT.




$$
