000
CDUS46 KSGX 271417
CLIRNM


CLIMATE REPORT
NATIONAL WEATHER SERVICE SAN DIEGO, CA
717 AM PDT WED JUL 27 2016


...................................

...THE RAMONA AIRPORT CA CLIMATE SUMMARY FOR JULY 26 2016...

CLIMATE NORMAL PERIOD 1981 TO 2010
CLIMATE RECORD PERIOD 1974 TO 2016


WEATHER ITEM   OBSERVED TIME   RECORD YEAR NORMAL DEPARTURE LAST
                VALUE   (LST)  VALUE       VALUE  FROM      YEAR
                                                  NORMAL
..................................................................
TEMPERATURE (F)
 YESTERDAY
  MAXIMUM         94    200 PM 102    1977  89      5       86
  MINIMUM         63    508 AM  49    1990  57      6       57
  AVERAGE         79                        73      6       72

PRECIPITATION (IN)
  YESTERDAY        0.00          0.02 1976   0.00   0.00     0.00
  MONTH TO DATE    0.00                      0.10  -0.10     2.38
  SINCE OCT 1     13.19                     15.57  -2.38    12.02
  SINCE JAN 1      9.66                     11.43  -1.77     7.42

DEGREE DAYS
 HEATING
  YESTERDAY        0                         0      0        0
  MONTH TO DATE    0                         0      0        0
  SINCE JUN 1      4                        27    -23        8
  SINCE JUL 1      0                         0      0        0

 COOLING
  YESTERDAY       14                         8      6        7
  MONTH TO DATE  223                       181     42      174
  SINCE JUN 1    417                       267    150      366
  SINCE JAN 1    429                       294    135      401
..................................................................


WIND (MPH)
  RESULTANT WIND SPEED   5   RESULTANT WIND DIRECTION   W (290)
  HIGHEST WIND SPEED    15   HIGHEST WIND DIRECTION     W (270)
  HIGHEST GUST SPEED    19   HIGHEST GUST DIRECTION     W (280)
  AVERAGE WIND SPEED     5.3


SKY COVER
  POSSIBLE SUNSHINE  MM
  AVERAGE SKY COVER 0.0


WEATHER CONDITIONS
 THE FOLLOWING WEATHER WAS RECORDED YESTERDAY.
  NO SIGNIFICANT WEATHER WAS OBSERVED.


RELATIVE HUMIDITY (PERCENT)
 HIGHEST    78           500 AM
 LOWEST     26           500 PM
 AVERAGE    52

..........................................................


THE RAMONA AIRPORT CA CLIMATE NORMALS FOR TODAY
                         NORMAL    RECORD    YEAR
 MAXIMUM TEMPERATURE (F)   89       106      1995
 MINIMUM TEMPERATURE (F)   57        46      1983


SUNRISE AND SUNSET
JULY 27 2016..........SUNRISE   558 AM PDT   SUNSET   750 PM PDT
JULY 28 2016..........SUNRISE   559 AM PDT   SUNSET   749 PM PDT


-  INDICATES NEGATIVE NUMBERS.
R  INDICATES RECORD WAS SET OR TIED.
MM INDICATES DATA IS MISSING.
T  INDICATES TRACE AMOUNT.




$$
