000
CDUS46 KSGX 191520
CLIRNM


CLIMATE REPORT
NATIONAL WEATHER SERVICE SAN DIEGO, CA
719 AM PST THU JAN 19 2017


...................................

...THE RAMONA AIRPORT CA CLIMATE SUMMARY FOR JANUARY 18 2017...

CLIMATE NORMAL PERIOD 1981 TO 2010
CLIMATE RECORD PERIOD 1974 TO 2017


WEATHER ITEM   OBSERVED TIME   RECORD YEAR NORMAL DEPARTURE LAST
                VALUE   (LST)  VALUE       VALUE  FROM      YEAR
                                                  NORMAL
..................................................................
TEMPERATURE (F)
 YESTERDAY
  MAXIMUM         60    153 PM  85    1976  66     -6       60
  MINIMUM         33    703 AM  17    2007  35     -2       41
  AVERAGE         47                        50     -3       51

PRECIPITATION (IN)
  YESTERDAY        T             1.46 1993   0.11  -0.11     0.00
  MONTH TO DATE    1.57                      2.20  -0.63     5.52
  SINCE OCT 1      8.59                      6.34   2.25     9.05
  SINCE JAN 1      1.57                      2.20  -0.63     5.52

DEGREE DAYS
 HEATING
  YESTERDAY       18                        15      3       14
  MONTH TO DATE  257                       270    -13      291
  SINCE DEC 1    649                       747    -98      791
  SINCE JUL 1    900                      1158   -258     1130

 COOLING
  YESTERDAY        0                         0      0        0
  MONTH TO DATE    0                         0      0        0
  SINCE DEC 1      1                         0      1        0
  SINCE JAN 1      0                         0      0        0
..................................................................


WIND (MPH)
  RESULTANT WIND SPEED   2   RESULTANT WIND DIRECTION   W (280)
  HIGHEST WIND SPEED    15   HIGHEST WIND DIRECTION     W (280)
  HIGHEST GUST SPEED    22   HIGHEST GUST DIRECTION    NW (330)
  AVERAGE WIND SPEED     4.4


SKY COVER
  POSSIBLE SUNSHINE  MM
  AVERAGE SKY COVER 0.3


WEATHER CONDITIONS
 THE FOLLOWING WEATHER WAS RECORDED YESTERDAY.
  LIGHT RAIN
  FOG


RELATIVE HUMIDITY (PERCENT)
 HIGHEST   100          1200 AM
 LOWEST     64           200 PM
 AVERAGE    82

..........................................................


THE RAMONA AIRPORT CA CLIMATE NORMALS FOR TODAY
                         NORMAL    RECORD    YEAR
 MAXIMUM TEMPERATURE (F)   66        82      1975
 MINIMUM TEMPERATURE (F)   35        23      2012


SUNRISE AND SUNSET
JANUARY 19 2017.......SUNRISE   650 AM PST   SUNSET   508 PM PST
JANUARY 20 2017.......SUNRISE   649 AM PST   SUNSET   509 PM PST


-  INDICATES NEGATIVE NUMBERS.
R  INDICATES RECORD WAS SET OR TIED.
MM INDICATES DATA IS MISSING.
T  INDICATES TRACE AMOUNT.




$$
