000
CDUS46 KSGX 211417
CLIRNM


CLIMATE REPORT
NATIONAL WEATHER SERVICE SAN DIEGO, CA
717 AM PDT THU AUG 21 2014


...................................

...THE RAMONA AIRPORT CA CLIMATE SUMMARY FOR AUGUST 20 2014...

CLIMATE NORMAL PERIOD 1981 TO 2010
CLIMATE RECORD PERIOD 1974 TO 2014


WEATHER ITEM   OBSERVED TIME   RECORD YEAR NORMAL DEPARTURE LAST
                VALUE   (LST)  VALUE       VALUE  FROM      YEAR
                                                  NORMAL
..................................................................
TEMPERATURE (F)
 YESTERDAY
  MAXIMUM         82    325 PM 100    1982  91     -9       93
  MINIMUM         60   1153 PM  46    2008  58      2       55
  AVERAGE         71                        74     -3       74

PRECIPITATION (IN)
  YESTERDAY        T             0.10 2003   0.00   0.00     0.00
  MONTH TO DATE    0.25                      0.08   0.17     0.00
  SINCE JUL 1      0.41                      0.21   0.20     0.08
  SINCE JAN 1      5.50                     11.54  -6.04     4.58

SNOWFALL (IN)
  YESTERDAY        0.0
  MONTH TO DATE    0.0
  SINCE JAN 1      0.0
  SINCE JUL 1      0.0
  SNOW DEPTH       0

DEGREE DAYS
 HEATING
  YESTERDAY        0                         0      0        0
  MONTH TO DATE    0                         0      0        1
  SINCE JUN 1      7                        29    -22        3
  SINCE JUL 1      0                         2     -2        1

 COOLING
  YESTERDAY        6                         9     -3        9
  MONTH TO DATE  181                       179      2      103
  SINCE JUN 1    560                       487     73      462
  SINCE JAN 1    643                       514    129      510
..................................................................


WIND (MPH)
  RESULTANT WIND SPEED   4   RESULTANT WIND DIRECTION   W (290)
  HIGHEST WIND SPEED    15   HIGHEST WIND DIRECTION    NW (310)
  HIGHEST GUST SPEED    19   HIGHEST GUST DIRECTION    NW (300)
  AVERAGE WIND SPEED     5.0


SKY COVER
  POSSIBLE SUNSHINE  MM
  AVERAGE SKY COVER 0.3


WEATHER CONDITIONS
 THE FOLLOWING WEATHER WAS RECORDED YESTERDAY.
  NO SIGNIFICANT WEATHER WAS OBSERVED.


RELATIVE HUMIDITY (PERCENT)
 HIGHEST    90           900 PM
 LOWEST     46           200 PM
 AVERAGE    68

..........................................................


THE RAMONA AIRPORT CA CLIMATE NORMALS FOR TODAY
                         NORMAL    RECORD    YEAR
 MAXIMUM TEMPERATURE (F)   91       102      1982
 MINIMUM TEMPERATURE (F)   58        49      2000


SUNRISE AND SUNSET
AUGUST 21 2014........SUNRISE   615 AM PDT   SUNSET   726 PM PDT
AUGUST 22 2014........SUNRISE   615 AM PDT   SUNSET   725 PM PDT


-  INDICATES NEGATIVE NUMBERS.
R  INDICATES RECORD WAS SET OR TIED.
MM INDICATES DATA IS MISSING.
T  INDICATES TRACE AMOUNT.




$$
