000
CDUS46 KSGX 271419
CLIRNM


CLIMATE REPORT
NATIONAL WEATHER SERVICE SAN DIEGO, CA
719 AM PDT TUE SEP 27 2016


...................................

...THE RAMONA AIRPORT CA CLIMATE SUMMARY FOR SEPTEMBER 26 2016...

CLIMATE NORMAL PERIOD 1981 TO 2010
CLIMATE RECORD PERIOD 1974 TO 2016


WEATHER ITEM   OBSERVED TIME   RECORD YEAR NORMAL DEPARTURE LAST
                VALUE   (LST)  VALUE       VALUE  FROM      YEAR
                                                  NORMAL
..................................................................
TEMPERATURE (F)
 YESTERDAY
  MAXIMUM         95    121 PM 105    2010  84     11       95
  MINIMUM         55    252 AM  46    2013  52      3       60
  AVERAGE         75                        68      7       78

PRECIPITATION (IN)
  YESTERDAY        0.00          0.28 1982   0.01  -0.01     0.00
  MONTH TO DATE    0.50                      0.26   0.24     1.30
  SINCE OCT 1     13.69                     16.01  -2.32    13.32
  SINCE JAN 1     10.16                     11.87  -1.71     8.72

DEGREE DAYS
 HEATING
  YESTERDAY        0                         1     -1        0
  MONTH TO DATE    8                         7      1        0
  SINCE SEP 1      8                         7      1        0
  SINCE JUL 1      8                        10     -2        0

 COOLING
  YESTERDAY       10                         4      6       13
  MONTH TO DATE  105                       165    -60      262
  SINCE SEP 1    105                       165    -60      262
  SINCE JAN 1    901                       778    123     1042
..................................................................


WIND (MPH)
  RESULTANT WIND SPEED   6   RESULTANT WIND DIRECTION   E (90)
  HIGHEST WIND SPEED    21   HIGHEST WIND DIRECTION     E (90)
  HIGHEST GUST SPEED    25   HIGHEST GUST DIRECTION     E (90)
  AVERAGE WIND SPEED     7.0


SKY COVER
  POSSIBLE SUNSHINE  MM
  AVERAGE SKY COVER 0.0


WEATHER CONDITIONS
 THE FOLLOWING WEATHER WAS RECORDED YESTERDAY.
  NO SIGNIFICANT WEATHER WAS OBSERVED.


RELATIVE HUMIDITY (PERCENT)
 HIGHEST    61           100 AM
 LOWEST     12           100 PM
 AVERAGE    37

..........................................................


THE RAMONA AIRPORT CA CLIMATE NORMALS FOR TODAY
                         NORMAL    RECORD    YEAR
 MAXIMUM TEMPERATURE (F)   84       108      2010
 MINIMUM TEMPERATURE (F)   52        41      2013


SUNRISE AND SUNSET
SEPTEMBER 27 2016.....SUNRISE   639 AM PDT   SUNSET   637 PM PDT
SEPTEMBER 28 2016.....SUNRISE   640 AM PDT   SUNSET   635 PM PDT


-  INDICATES NEGATIVE NUMBERS.
R  INDICATES RECORD WAS SET OR TIED.
MM INDICATES DATA IS MISSING.
T  INDICATES TRACE AMOUNT.




$$
