000
CDUS45 KREV 300839
CLIRNO


CLIMATE REPORT
NATIONAL WEATHER SERVICE RENO NV
138 AM PDT SUN AUG 30 2015


...................................

...THE RENO TAHOE AIRPORT NV CLIMATE SUMMARY FOR AUGUST 29 2015...

CLIMATE NORMAL PERIOD 1981 TO 2010
CLIMATE RECORD PERIOD 1888 TO 2015


WEATHER ITEM   OBSERVED TIME   RECORD YEAR NORMAL DEPARTURE LAST
                VALUE   (LST)  VALUE       VALUE  FROM      YEAR
                                                  NORMAL
..................................................................
TEMPERATURE (F)
 YESTERDAY
  MAXIMUM         86        MM 100    2008  88     -2       91
                                      1998
                                      1915
  MINIMUM         64        MM  24    1962  53     11       61
  AVERAGE         75                        70      5       76

PRECIPITATION (IN)
  YESTERDAY        0.00          0.38 1923   0.01  -0.01     0.00
  MONTH TO DATE    0.11                      0.22  -0.11     1.08
  SINCE OCT 1      5.83                      7.04  -1.21     4.24
  SINCE JAN 1      4.41                      4.68  -0.27     3.28

SNOWFALL (IN)
  YESTERDAY        0.0           0.0    MM   0.0    0.0      0.0
  MONTH TO DATE    0.0                       0.0    0.0      0.0
  SINCE JUN 1      0.0                       T      0.0      0.0
  SINCE JUL 1      0.0                       0.0    0.0      0.0
  SNOW DEPTH       0

DEGREE DAYS
 HEATING
  YESTERDAY        0                         0      0        0
  MONTH TO DATE    0                         0      0        4
  SINCE JUN 1      8                        61    -53       14
  SINCE JUL 1      1                         5     -4        4

 COOLING
  YESTERDAY       10                         6      4       11
  MONTH TO DATE  338                       247     91      269
  SINCE JUN 1    947                       697    250      971
  SINCE JAN 1    981                       734    247     1018
..................................................................


WIND (MPH)
  RESULTANT WIND SPEED  10   RESULTANT WIND DIRECTION  SW (210)
  HIGHEST WIND SPEED    28   HIGHEST WIND DIRECTION    SW (210)
  HIGHEST GUST SPEED    48   HIGHEST GUST DIRECTION    SW (210)
  AVERAGE WIND SPEED    12.3



WEATHER CONDITIONS
 THE FOLLOWING WEATHER WAS RECORDED YESTERDAY.
  NO SIGNIFICANT WEATHER WAS OBSERVED.


RELATIVE HUMIDITY (PERCENT)
 HIGHEST    48          1100 PM
 LOWEST     21           500 PM
 AVERAGE    35

..........................................................


THE RENO TAHOE AIRPORT NV CLIMATE NORMALS FOR TODAY
                         NORMAL    RECORD    YEAR
 MAXIMUM TEMPERATURE (F)   87        99      1950
 MINIMUM TEMPERATURE (F)   53        31      1962


SUNRISE AND SUNSET
AUGUST 30 2015........SUNRISE   625 AM PDT   SUNSET   733 PM PDT
AUGUST 31 2015........SUNRISE   626 AM PDT   SUNSET   732 PM PDT


-  INDICATES NEGATIVE NUMBERS.
R  INDICATES RECORD WAS SET OR TIED.
MM INDICATES DATA IS MISSING.
T  INDICATES TRACE AMOUNT.




$$
