000
CDUS45 KREV 020050
CLIRNO


CLIMATE REPORT
NATIONAL WEATHER SERVICE RENO NV
450 PM PST SUN FEB 1 2015


...................................

...THE RENO TAHOE AIRPORT NV CLIMATE SUMMARY FOR FEBRUARY 1 2015...
VALID TODAY AS OF 0400 PM LOCAL TIME.

CLIMATE NORMAL PERIOD 1981 TO 2010
CLIMATE RECORD PERIOD 1888 TO 2015


WEATHER ITEM   OBSERVED TIME   RECORD YEAR NORMAL DEPARTURE LAST
                VALUE   (LST)  VALUE       VALUE  FROM      YEAR
                                                  NORMAL
..................................................................
TEMPERATURE (F)
 TODAY
  MAXIMUM         59    326 PM  66    1934  48     11       41
  MINIMUM         24    555 AM  -8    1956  27     -3       20
  AVERAGE         42                        37      5       31

PRECIPITATION (IN)
  TODAY            0.00          0.81 1945   0.03  -0.03     0.00
  MONTH TO DATE    0.00                      0.03  -0.03     0.00
  SINCE OCT 1      1.48                      3.42  -1.94     1.34
  SINCE JAN 1      0.06                      1.06  -1.00     0.38

SNOWFALL (IN)
  TODAY            0.0           6.2  1919   0.1   -0.1      0.0
  MONTH TO DATE    0.0                       0.1   -0.1      0.0
  SINCE DEC 1      2.2                      10.6   -8.4      4.7
  SINCE JUL 1      2.2                      14.1  -11.9      5.1
  SNOW DEPTH       0

DEGREE DAYS
 HEATING
  TODAY           23                        28     -5       34
  MONTH TO DATE   23                        28     -5       34
  SINCE DEC 1   1546                      1862   -316     1937
  SINCE JUL 1   2371                      2965   -594     3055

 COOLING
  TODAY            0                         0      0        0
  MONTH TO DATE    0                         0      0        0
  SINCE DEC 1      0                         0      0        0
  SINCE JAN 1      0                         0      0        0
..................................................................


WIND (MPH)
  RESULTANT WIND SPEED   0   RESULTANT WIND DIRECTION   W (270)
  HIGHEST WIND SPEED     5   HIGHEST WIND DIRECTION    NE (50)
  HIGHEST GUST SPEED     8   HIGHEST GUST DIRECTION     W (270)
  AVERAGE WIND SPEED     0.6



WEATHER CONDITIONS
 THE FOLLOWING WEATHER WAS RECORDED TODAY.
  NO SIGNIFICANT WEATHER WAS OBSERVED.


RELATIVE HUMIDITY (PERCENT)
 HIGHEST    75           800 AM
 LOWEST     17           300 PM
 AVERAGE    46

..........................................................


THE RENO TAHOE AIRPORT NV CLIMATE NORMALS FOR TOMORROW
                         NORMAL    RECORD    YEAR
 MAXIMUM TEMPERATURE (F)   48        65      1995
                                             1934
 MINIMUM TEMPERATURE (F)   27        -9      1956


SUNRISE AND SUNSET
FEBRUARY  1 2015......SUNRISE   707 AM PST   SUNSET   519 PM PST
FEBRUARY  2 2015......SUNRISE   706 AM PST   SUNSET   520 PM PST


-  INDICATES NEGATIVE NUMBERS.
R  INDICATES RECORD WAS SET OR TIED.
MM INDICATES DATA IS MISSING.
T  INDICATES TRACE AMOUNT.




$$
