000
CDUS45 KREV 040835
CLIRNO


CLIMATE REPORT
NATIONAL WEATHER SERVICE RENO NV
1235 AM PST SUN DEC 4 2016


...................................

...THE RENO TAHOE AIRPORT NV CLIMATE SUMMARY FOR DECEMBER 3 2016...

CLIMATE NORMAL PERIOD 1981 TO 2010
CLIMATE RECORD PERIOD 1888 TO 2016


WEATHER ITEM   OBSERVED TIME   RECORD YEAR NORMAL DEPARTURE LAST
                VALUE   (LST)  VALUE       VALUE  FROM      YEAR
                                                  NORMAL
..................................................................
TEMPERATURE (F)
 YESTERDAY
  MAXIMUM         51    354 PM  71    1940  48      3       62
  MINIMUM         22    709 AM   6    1948  27     -5       30
  AVERAGE         37                        37      0       46

PRECIPITATION (IN)
  YESTERDAY        0.00          0.61 1983   0.03  -0.03      T
  MONTH TO DATE    T                         0.09  -0.09      T
  SINCE OCT 1      2.58                      1.42   1.16     3.20
  SINCE JAN 1      7.83                      6.46   1.37     7.77

SNOWFALL (IN)
  YESTERDAY        0.0          11.5  1919   0.1   -0.1      0.0
  MONTH TO DATE    T                         0.3   -0.3      0.0
  SINCE DEC 1      T                         0.3   -0.3      0.0
  SINCE JUL 1      0.6                       3.8   -3.2      5.1
  SNOW DEPTH       0

DEGREE DAYS
 HEATING
  YESTERDAY       28                        28      0       19
  MONTH TO DATE   91                        83      8       73
  SINCE DEC 1     91                        83      8       73
  SINCE JUL 1    969                      1186   -217     1066

 COOLING
  YESTERDAY        0                         0      0        0
  MONTH TO DATE    0                         0      0        0
  SINCE DEC 1      0                         0      0        0
  SINCE JAN 1   1088                       839    249     1194
..................................................................


WIND (MPH)
  RESULTANT WIND SPEED   0   RESULTANT WIND DIRECTION  NE (50)
  HIGHEST WIND SPEED     6   HIGHEST WIND DIRECTION     S (180)
  HIGHEST GUST SPEED     9   HIGHEST GUST DIRECTION     W (290)
  AVERAGE WIND SPEED     1.0



WEATHER CONDITIONS
 THE FOLLOWING WEATHER WAS RECORDED YESTERDAY.
  NO SIGNIFICANT WEATHER WAS OBSERVED.


RELATIVE HUMIDITY (PERCENT)
 HIGHEST    71           600 AM
 LOWEST     21           200 PM
 AVERAGE    46

..........................................................


THE RENO TAHOE AIRPORT NV CLIMATE NORMALS FOR TODAY
                         NORMAL    RECORD    YEAR
 MAXIMUM TEMPERATURE (F)   48        69      1958
                                             1940
 MINIMUM TEMPERATURE (F)   26        -2      1972


SUNRISE AND SUNSET
DECEMBER  4 2016......SUNRISE   704 AM PST   SUNSET   435 PM PST
DECEMBER  5 2016......SUNRISE   705 AM PST   SUNSET   435 PM PST


-  INDICATES NEGATIVE NUMBERS.
R  INDICATES RECORD WAS SET OR TIED.
MM INDICATES DATA IS MISSING.
T  INDICATES TRACE AMOUNT.




$$
