000
CDUS45 KREV 230944
CLIRNO


CLIMATE REPORT
NATIONAL WEATHER SERVICE RENO NV
244 AM PDT SUN JUL 23 2017


...................................

...THE RENO-TAHOE INTL AIRPORT NV CLIMATE SUMMARY FOR JULY 22 2017...

CLIMATE NORMAL PERIOD 1981 TO 2010
CLIMATE RECORD PERIOD 1888 TO 2017


WEATHER ITEM   OBSERVED TIME   RECORD YEAR NORMAL DEPARTURE LAST
                VALUE   (LST)  VALUE       VALUE  FROM      YEAR
                                                  NORMAL
..................................................................
TEMPERATURE (F)
 YESTERDAY
  MAXIMUM         99    444 PM 104    2003  94      5       94
  MINIMUM         63    607 AM  37    1987  59      4       55
  AVERAGE         81                        76      5       75

PRECIPITATION (IN)
  YESTERDAY        0.00          0.69 1986   0.01  -0.01     0.00
  MONTH TO DATE    T                         0.12  -0.12     0.00
  SINCE OCT 1     15.06                      6.76   8.30     9.16
  SINCE JAN 1     11.27                      4.40   6.87     5.21

SNOWFALL (IN)
  YESTERDAY        0.0           0.0    MM   0.0    0.0      0.0
  MONTH TO DATE    0.0                       0.0    0.0      0.0
  SINCE JUN 1      0.0                       T      0.0      0.0
  SINCE JUL 1      0.0                       0.0    0.0      0.0
  SNOW DEPTH       0

DEGREE DAYS
 HEATING
  YESTERDAY        0                         0      0        0
  MONTH TO DATE    0                         0      0        0
  SINCE JUN 1     45                        56    -11       15
  SINCE JUL 1      0                         0      0        0

 COOLING
  YESTERDAY       16                        11      5       10
  MONTH TO DATE  345                       215    130      217
  SINCE JUN 1    622                       351    271      481
  SINCE JAN 1    676                       388    288      509
..................................................................


WIND (MPH)
  RESULTANT WIND SPEED   1   RESULTANT WIND DIRECTION   N (340)
  HIGHEST WIND SPEED    13   HIGHEST WIND DIRECTION    NW (320)
  HIGHEST GUST SPEED    20   HIGHEST GUST DIRECTION     W (290)
  AVERAGE WIND SPEED     4.3



WEATHER CONDITIONS
 THE FOLLOWING WEATHER WAS RECORDED YESTERDAY.
  NO SIGNIFICANT WEATHER WAS OBSERVED.


RELATIVE HUMIDITY (PERCENT)
 HIGHEST    43           600 AM
 LOWEST      9           200 PM
 AVERAGE    26

..........................................................


THE RENO-TAHOE INTL AIRPORT NV CLIMATE NORMALS FOR TODAY
                         NORMAL    RECORD    YEAR
 MAXIMUM TEMPERATURE (F)   94       103      1942
 MINIMUM TEMPERATURE (F)   59        38      1965
                                             1947


SUNRISE AND SUNSET
JULY 23 2017..........SUNRISE   551 AM PDT   SUNSET   820 PM PDT
JULY 24 2017..........SUNRISE   552 AM PDT   SUNSET   819 PM PDT


-  INDICATES NEGATIVE NUMBERS.
R  INDICATES RECORD WAS SET OR TIED.
MM INDICATES DATA IS MISSING.
T  INDICATES TRACE AMOUNT.




$$
