000
CDUS45 KREV 020839
CLIRNO


CLIMATE REPORT
NATIONAL WEATHER SERVICE RENO NV
139 AM PDT SUN AUG 2 2015


...................................

...THE RENO TAHOE AIRPORT NV CLIMATE SUMMARY FOR AUGUST 1 2015...

CLIMATE NORMAL PERIOD 1981 TO 2010
CLIMATE RECORD PERIOD 1888 TO 2015


WEATHER ITEM   OBSERVED TIME   RECORD YEAR NORMAL DEPARTURE LAST
                VALUE   (LST)  VALUE       VALUE  FROM      YEAR
                                                  NORMAL
..................................................................
TEMPERATURE (F)
 YESTERDAY
  MAXIMUM         98    223 PM 103    2000  93      5       95
  MINIMUM         67    616 AM  36    1942  58      9       66
  AVERAGE         83                        76      7       81

PRECIPITATION (IN)
  YESTERDAY        0.00          0.41 1976   0.01  -0.01      T
  MONTH TO DATE    0.00                      0.01  -0.01      T
  SINCE OCT 1      5.72                      6.83  -1.11     3.16
  SINCE JAN 1      4.30                      4.47  -0.17     2.20

SNOWFALL (IN)
  YESTERDAY        0.0           0.0    MM   0.0    0.0      0.0
  MONTH TO DATE    0.0                       0.0    0.0      0.0
  SINCE JUN 1      0.0                       T      0.0      0.0
  SINCE JUL 1      0.0                       0.0    0.0      0.0
  SNOW DEPTH       0

DEGREE DAYS
 HEATING
  YESTERDAY        0                         0      0        0
  MONTH TO DATE    0                         0      0        0
  SINCE JUN 1      8                        61    -53       10
  SINCE JUL 1      1                         5     -4        0

 COOLING
  YESTERDAY       18                        11      7       16
  MONTH TO DATE   18                        11      7       16
  SINCE JUN 1    627                       461    166      718
  SINCE JAN 1    661                       498    163      765
..................................................................


WIND (MPH)
  RESULTANT WIND SPEED   3   RESULTANT WIND DIRECTION   S (180)
  HIGHEST WIND SPEED    18   HIGHEST WIND DIRECTION     S (170)
  HIGHEST GUST SPEED    21   HIGHEST GUST DIRECTION     S (170)
  AVERAGE WIND SPEED     4.7



WEATHER CONDITIONS
 THE FOLLOWING WEATHER WAS RECORDED YESTERDAY.
  THUNDERSTORM


RELATIVE HUMIDITY (PERCENT)
 HIGHEST    39           300 AM
 LOWEST     13           300 PM
 AVERAGE    26

..........................................................


THE RENO TAHOE AIRPORT NV CLIMATE NORMALS FOR TODAY
                         NORMAL    RECORD    YEAR
 MAXIMUM TEMPERATURE (F)   93       101      1946
 MINIMUM TEMPERATURE (F)   58        37      1981
                                             1962
                                             1956


SUNRISE AND SUNSET
AUGUST  2 2015........SUNRISE   559 AM PDT   SUNSET   811 PM PDT
AUGUST  3 2015........SUNRISE   600 AM PDT   SUNSET   810 PM PDT


-  INDICATES NEGATIVE NUMBERS.
R  INDICATES RECORD WAS SET OR TIED.
MM INDICATES DATA IS MISSING.
T  INDICATES TRACE AMOUNT.




$$
