000
CDUS45 KREV 290839
CLIRNO


CLIMATE REPORT
NATIONAL WEATHER SERVICE RENO NV
138 AM PDT SUN MAR 29 2015


...................................

...THE RENO TAHOE AIRPORT NV CLIMATE SUMMARY FOR MARCH 28 2015...

CLIMATE NORMAL PERIOD 1981 TO 2010
CLIMATE RECORD PERIOD 1888 TO 2015


WEATHER ITEM   OBSERVED TIME   RECORD YEAR NORMAL DEPARTURE LAST
                VALUE   (LST)  VALUE       VALUE  FROM      YEAR
                                                  NORMAL
..................................................................
TEMPERATURE (F)
 YESTERDAY
  MAXIMUM         72    413 PM  76    1966  60     12       62
  MINIMUM         45    605 AM  11    1977  35     10       38
  AVERAGE         59                        47     12       50

PRECIPITATION (IN)
  YESTERDAY        0.00          0.39 1897   0.02  -0.02     0.00
  MONTH TO DATE    0.01                      0.71  -0.70     0.08
  SINCE OCT 1      2.92                      5.12  -2.20     2.11
  SINCE JAN 1      1.50                      2.76  -1.26     1.15

SNOWFALL (IN)
  YESTERDAY        0.0           0.5  1985   0.1   -0.1      0.0
                                      1946
  MONTH TO DATE    0.0                       1.9   -1.9      0.0
  SINCE MAR 1      0.0                       1.9   -1.9      0.0
  SINCE JUL 1      2.7                      20.9  -18.2      6.2
  SNOW DEPTH       0

DEGREE DAYS
 HEATING
  YESTERDAY        6                        18    -12       15
  MONTH TO DATE  373                       546   -173      452
  SINCE MAR 1    373                       546   -173      452
  SINCE JUL 1   3238                      4184   -946     4036

 COOLING
  YESTERDAY        0                         0      0        0
  MONTH TO DATE    0                         0      0        0
  SINCE MAR 1      0                         0      0        0
  SINCE JAN 1      0                         0      0        0
..................................................................


WIND (MPH)
  RESULTANT WIND SPEED   2   RESULTANT WIND DIRECTION   N (10)
  HIGHEST WIND SPEED    16   HIGHEST WIND DIRECTION    NE (60)
  HIGHEST GUST SPEED    25   HIGHEST GUST DIRECTION     N (360)
  AVERAGE WIND SPEED     4.8



WEATHER CONDITIONS
 THE FOLLOWING WEATHER WAS RECORDED YESTERDAY.
  NO SIGNIFICANT WEATHER WAS OBSERVED.


RELATIVE HUMIDITY (PERCENT)
 HIGHEST    58           600 AM
 LOWEST      8           400 PM
 AVERAGE    33

..........................................................


THE RENO TAHOE AIRPORT NV CLIMATE NORMALS FOR TODAY
                         NORMAL    RECORD    YEAR
 MAXIMUM TEMPERATURE (F)   60        78      2004
                                             1966
 MINIMUM TEMPERATURE (F)   35        -3      1897


SUNRISE AND SUNSET
MARCH 29 2015.........SUNRISE   648 AM PDT   SUNSET   720 PM PDT
MARCH 30 2015.........SUNRISE   647 AM PDT   SUNSET   721 PM PDT


-  INDICATES NEGATIVE NUMBERS.
R  INDICATES RECORD WAS SET OR TIED.
MM INDICATES DATA IS MISSING.
T  INDICATES TRACE AMOUNT.




$$
