000
CDUS45 KREV 240843
CLIRNO


CLIMATE REPORT
NATIONAL WEATHER SERVICE RENO NV
142 AM PDT SUN SEP 24 2017


...................................

...THE RENO-TAHOE INTL AIRPORT NV CLIMATE SUMMARY FOR SEPTEMBER 23 2017...

CLIMATE NORMAL PERIOD 1981 TO 2010
CLIMATE RECORD PERIOD 1888 TO 2017


WEATHER ITEM   OBSERVED TIME   RECORD YEAR NORMAL DEPARTURE LAST
                VALUE   (LST)  VALUE       VALUE  FROM      YEAR
                                                  NORMAL
..................................................................
TEMPERATURE (F)
 YESTERDAY
  MAXIMUM         60    412 PM  93    2011  79    -19       71
                                      2003
  MINIMUM         34    559 AM  27    1977  46    -12       42
                                      1945
                                      1941
  AVERAGE         47                        63    -16       57

PRECIPITATION (IN)
  YESTERDAY        0.00          0.18 2007   0.02  -0.02     0.00
  MONTH TO DATE    0.69                      0.24   0.45      T
  SINCE OCT 1     15.95                      7.29   8.66     9.20
  SINCE JAN 1     12.16                      4.93   7.23     5.25

SNOWFALL (IN)
  YESTERDAY        0.0           0.0    MM   0.0    0.0      0.0
  MONTH TO DATE    T                         0.0    0.0      0.0
  SINCE SEP 1      T                         0.0    0.0      0.0
  SINCE JUL 1      T                         0.0    0.0      0.0
  SNOW DEPTH       0

DEGREE DAYS
 HEATING
  YESTERDAY       18                         4     14        8
  MONTH TO DATE   67                        47     20       39
  SINCE SEP 1     67                        47     20       39
  SINCE JUL 1     67                        57     10       39

 COOLING
  YESTERDAY        0                         2     -2        0
  MONTH TO DATE  151                        79     72       76
  SINCE SEP 1    151                        79     72       76
  SINCE JAN 1   1401                       825    576     1069
..................................................................


WIND (MPH)
  RESULTANT WIND SPEED   1   RESULTANT WIND DIRECTION  NE (30)
  HIGHEST WIND SPEED    14   HIGHEST WIND DIRECTION     N (20)
  HIGHEST GUST SPEED    18   HIGHEST GUST DIRECTION    NE (30)
  AVERAGE WIND SPEED     4.0



WEATHER CONDITIONS
 THE FOLLOWING WEATHER WAS RECORDED YESTERDAY.
  NO SIGNIFICANT WEATHER WAS OBSERVED.


RELATIVE HUMIDITY (PERCENT)
 HIGHEST    75           600 AM
 LOWEST     23           200 PM
 AVERAGE    49

..........................................................


THE RENO-TAHOE INTL AIRPORT NV CLIMATE NORMALS FOR TODAY
                         NORMAL    RECORD    YEAR
 MAXIMUM TEMPERATURE (F)   79        94      2003
 MINIMUM TEMPERATURE (F)   46        21      1958


SUNRISE AND SUNSET
SEPTEMBER 24 2017.....SUNRISE   649 AM PDT   SUNSET   652 PM PDT
SEPTEMBER 25 2017.....SUNRISE   650 AM PDT   SUNSET   651 PM PDT


-  INDICATES NEGATIVE NUMBERS.
R  INDICATES RECORD WAS SET OR TIED.
MM INDICATES DATA IS MISSING.
T  INDICATES TRACE AMOUNT.




$$
