000
CDUS45 KREV 240848
CLIRNO


CLIMATE REPORT
NATIONAL WEATHER SERVICE RENO NV
1247 AM PST TUE JAN 24 2017


...................................

...THE RENO TAHOE AIRPORT NV CLIMATE SUMMARY FOR JANUARY 23 2017...

CLIMATE NORMAL PERIOD 1981 TO 2010
CLIMATE RECORD PERIOD 1888 TO 2017


WEATHER ITEM   OBSERVED TIME   RECORD YEAR NORMAL DEPARTURE LAST
                VALUE   (LST)  VALUE       VALUE  FROM      YEAR
                                                  NORMAL
..................................................................
TEMPERATURE (F)
 YESTERDAY
  MAXIMUM         37    211 PM  68    1948  46     -9       50
  MINIMUM         19   1137 PM -10    1962  26     -7       38
  AVERAGE         28                        36     -8       44

PRECIPITATION (IN)
  YESTERDAY        T             0.79 1923   0.03  -0.03      T
  MONTH TO DATE    5.57                      0.80   4.77     0.71
  SINCE OCT 1      9.36                      3.16   6.20     4.66
  SINCE JAN 1      5.57                      0.80   4.77     0.71

SNOWFALL (IN)
  YESTERDAY        T             2.0  1923   0.1   -0.1      0.0
  MONTH TO DATE   18.8                       4.7   14.1      3.1
  SINCE DEC 1     19.6                       9.6   10.0      9.4
  SINCE JUL 1     20.2                      13.1    7.1     14.5
  SNOW DEPTH       3

DEGREE DAYS
 HEATING
  YESTERDAY       37                        29      8       21
  MONTH TO DATE  710                       685     25      645
  SINCE DEC 1   1573                      1606    -33     1540
  SINCE JUL 1   2451                      2709   -258     2533

 COOLING
  YESTERDAY        0                         0      0        0
  MONTH TO DATE    0                         0      0        0
  SINCE DEC 1      0                         0      0        0
  SINCE JAN 1      0                         0      0        0
..................................................................


WIND (MPH)
  RESULTANT WIND SPEED   2   RESULTANT WIND DIRECTION   S (160)
  HIGHEST WIND SPEED     7   HIGHEST WIND DIRECTION     S (180)
  HIGHEST GUST SPEED    11   HIGHEST GUST DIRECTION     S (180)
  AVERAGE WIND SPEED     3.0



WEATHER CONDITIONS
 THE FOLLOWING WEATHER WAS RECORDED YESTERDAY.
  LIGHT SNOW


RELATIVE HUMIDITY (PERCENT)
 HIGHEST   100           200 AM
 LOWEST     56           200 PM
 AVERAGE    78

..........................................................


THE RENO TAHOE AIRPORT NV CLIMATE NORMALS FOR TODAY
                         NORMAL    RECORD    YEAR
 MAXIMUM TEMPERATURE (F)   47        67      1948
 MINIMUM TEMPERATURE (F)   26        -6      1962
                                             1949


SUNRISE AND SUNSET
JANUARY 24 2017.......SUNRISE   713 AM PST   SUNSET   510 PM PST
JANUARY 25 2017.......SUNRISE   712 AM PST   SUNSET   511 PM PST


-  INDICATES NEGATIVE NUMBERS.
R  INDICATES RECORD WAS SET OR TIED.
MM INDICATES DATA IS MISSING.
T  INDICATES TRACE AMOUNT.




$$
