000
CDUS45 KREV 070837
CLIRNO


CLIMATE REPORT
NATIONAL WEATHER SERVICE RENO NV
1236 AM PST SUN FEB 7 2016


...................................

...THE RENO TAHOE AIRPORT NV CLIMATE SUMMARY FOR FEBRUARY 6 2016...

CLIMATE NORMAL PERIOD 1981 TO 2010
CLIMATE RECORD PERIOD 1888 TO 2016


WEATHER ITEM   OBSERVED TIME   RECORD YEAR NORMAL DEPARTURE LAST
                VALUE   (LST)  VALUE       VALUE  FROM      YEAR
                                                  NORMAL
..................................................................
TEMPERATURE (F)
 YESTERDAY
  MAXIMUM         53    428 PM  69    2007  49      4       66
  MINIMUM         29    621 AM -15    1989  28      1       43
  AVERAGE         41                        38      3       55

PRECIPITATION (IN)
  YESTERDAY        0.00          0.38 1935   0.03  -0.03     0.22
  MONTH TO DATE    0.00                      0.19  -0.19     0.25
  SINCE OCT 1      5.65                      3.58   2.07     1.73
  SINCE JAN 1      1.70                      1.22   0.48     0.31

SNOWFALL (IN)
  YESTERDAY        0.0           6.6  1929   0.1   -0.1      0.0
  MONTH TO DATE    0.0                       0.8   -0.8      0.0
  SINCE DEC 1     17.8                      11.3    6.5      2.2
  SINCE JUL 1     22.9                      14.8    8.1      2.2
  SNOW DEPTH       T

DEGREE DAYS
 HEATING
  YESTERDAY       24                        27     -3       10
  MONTH TO DATE  205                       164     41       96
  SINCE DEC 1   1940                      1998    -58     1619
  SINCE JUL 1   2933                      3101   -168     2444

 COOLING
  YESTERDAY        0                         0      0        0
  MONTH TO DATE    0                         0      0        0
  SINCE DEC 1      0                         0      0        0
  SINCE JAN 1      0                         0      0        0
..................................................................


WIND (MPH)
  RESULTANT WIND SPEED   0   RESULTANT WIND DIRECTION  SW (230)
  HIGHEST WIND SPEED     7   HIGHEST WIND DIRECTION    NW (300)
  HIGHEST GUST SPEED    13   HIGHEST GUST DIRECTION     W (290)
  AVERAGE WIND SPEED     1.1



WEATHER CONDITIONS
 THE FOLLOWING WEATHER WAS RECORDED YESTERDAY.
  NO SIGNIFICANT WEATHER WAS OBSERVED.


RELATIVE HUMIDITY (PERCENT)
 HIGHEST    92           400 AM
 LOWEST     35           500 PM
 AVERAGE    64

..........................................................


THE RENO TAHOE AIRPORT NV CLIMATE NORMALS FOR TODAY
                         NORMAL    RECORD    YEAR
 MAXIMUM TEMPERATURE (F)   49        67      2011
                                             1951
 MINIMUM TEMPERATURE (F)   28       -16      1989


SUNRISE AND SUNSET
FEBRUARY  7 2016......SUNRISE   701 AM PST   SUNSET   526 PM PST
FEBRUARY  8 2016......SUNRISE   700 AM PST   SUNSET   527 PM PST


-  INDICATES NEGATIVE NUMBERS.
R  INDICATES RECORD WAS SET OR TIED.
MM INDICATES DATA IS MISSING.
T  INDICATES TRACE AMOUNT.




$$
