000
CDUS45 KREV 310043
CLIRNO


CLIMATE REPORT
NATIONAL WEATHER SERVICE RENO NV
543 PM PDT SAT AUG 30 2014


...................................

...THE RENO TAHOE AIRPORT NV CLIMATE SUMMARY FOR AUGUST 30 2014...
VALID TODAY AS OF 0500 PM LOCAL TIME.

CLIMATE NORMAL PERIOD 1981 TO 2010
CLIMATE RECORD PERIOD 1888 TO 2014


WEATHER ITEM   OBSERVED TIME   RECORD YEAR NORMAL DEPARTURE LAST
                VALUE   (LST)  VALUE       VALUE  FROM      YEAR
                                                  NORMAL
..................................................................
TEMPERATURE (F)
 TODAY
  MAXIMUM         89    227 PM  99    1950  87      2       95
  MINIMUM         61    603 AM  31    1962  53      8       54
  AVERAGE         75                        70      5       75

PRECIPITATION (IN)
  TODAY            0.00          0.41 1896   0.00   0.00     0.00
  MONTH TO DATE    1.08                      0.22   0.86     1.08
  SINCE OCT 1      4.24                      7.04  -2.80     6.08
  SINCE JAN 1      3.28                      4.68  -1.40     3.04

SNOWFALL (IN)
  TODAY            0.0           0.0    MM   0.0    0.0      0.0
  MONTH TO DATE    0.0                       0.0    0.0       T
  SINCE JUN 1      0.0                       T      0.0       T
  SINCE JUL 1      0.0                       0.0    0.0       T
  SNOW DEPTH       0

DEGREE DAYS
 HEATING
  TODAY            0                         1     -1        0
  MONTH TO DATE    4                         1      3        0
  SINCE JUN 1     14                        62    -48       16
  SINCE JUL 1      4                         6     -2        0

 COOLING
  TODAY           10                         6      4       10
  MONTH TO DATE  279                       253     26      282
  SINCE JUN 1    981                       703    278      985
  SINCE JAN 1   1028                       740    288     1021
..................................................................


WIND (MPH)
  RESULTANT WIND SPEED   6   RESULTANT WIND DIRECTION   W (250)
  HIGHEST WIND SPEED    24   HIGHEST WIND DIRECTION     W (260)
  HIGHEST GUST SPEED    31   HIGHEST GUST DIRECTION     W (250)
  AVERAGE WIND SPEED     6.8




RELATIVE HUMIDITY (PERCENT)
 HIGHEST    43           500 AM
 LOWEST     11           200 PM
 AVERAGE    27

..........................................................


THE RENO TAHOE AIRPORT NV CLIMATE NORMALS FOR TOMORROW
                         NORMAL    RECORD    YEAR
 MAXIMUM TEMPERATURE (F)   87       100      1976
 MINIMUM TEMPERATURE (F)   53        31      1966


SUNRISE AND SUNSET
AUGUST 30 2014........SUNRISE   626 AM PDT   SUNSET   733 PM PDT
AUGUST 31 2014........SUNRISE   627 AM PDT   SUNSET   731 PM PDT


-  INDICATES NEGATIVE NUMBERS.
R  INDICATES RECORD WAS SET OR TIED.
MM INDICATES DATA IS MISSING.
T  INDICATES TRACE AMOUNT.




$$
