000
CDUS45 KREV 280839
CLIRNO


CLIMATE REPORT
NATIONAL WEATHER SERVICE RENO NV
139 AM PDT SAT MAY 28 2016


...................................

...THE RENO TAHOE AIRPORT NV CLIMATE SUMMARY FOR MAY 27 2016...

CLIMATE NORMAL PERIOD 1981 TO 2010
CLIMATE RECORD PERIOD 1888 TO 2016


WEATHER ITEM   OBSERVED TIME   RECORD YEAR NORMAL DEPARTURE LAST
                VALUE   (LST)  VALUE       VALUE  FROM      YEAR
                                                  NORMAL
..................................................................
TEMPERATURE (F)
 YESTERDAY
  MAXIMUM         79    345 PM  95    2003  77      2       82
  MINIMUM         49    457 AM  30    1893  48      1       49
  AVERAGE         64                        62      2       66

PRECIPITATION (IN)
  YESTERDAY        0.00          0.56 1901   0.02  -0.02     0.00
  MONTH TO DATE    1.16                      0.43   0.73     1.01
  SINCE OCT 1      9.16                      6.07   3.09     4.28
  SINCE JAN 1      5.21                      3.71   1.50     2.86

SNOWFALL (IN)
  YESTERDAY        0.0           0.0    MM   0.0    0.0      0.0
  MONTH TO DATE    0.2                       0.3   -0.1       T
  SINCE MAR 1      7.0                       2.8    4.2       T
  SINCE JUL 1     31.1                      21.8    9.3      2.7
  SNOW DEPTH       0

DEGREE DAYS
 HEATING
  YESTERDAY        1                         4     -3        0
  MONTH TO DATE  171                       190    -19      185
  SINCE MAR 1    979                      1214   -235      953
  SINCE JUL 1   4316                      4852   -536     3818

 COOLING
  YESTERDAY        0                         2     -2        1
  MONTH TO DATE   12                        26    -14        4
  SINCE MAR 1     12                        27    -15        4
  SINCE JAN 1     12                        27    -15        4
..................................................................


WIND (MPH)
  RESULTANT WIND SPEED   3   RESULTANT WIND DIRECTION  NW (320)
  HIGHEST WIND SPEED    21   HIGHEST WIND DIRECTION    NW (300)
  HIGHEST GUST SPEED    26   HIGHEST GUST DIRECTION    NW (300)
  AVERAGE WIND SPEED     6.6



WEATHER CONDITIONS
 THE FOLLOWING WEATHER WAS RECORDED YESTERDAY.
  NO SIGNIFICANT WEATHER WAS OBSERVED.


RELATIVE HUMIDITY (PERCENT)
 HIGHEST    71           500 AM
 LOWEST     16           300 PM
 AVERAGE    44

..........................................................


THE RENO TAHOE AIRPORT NV CLIMATE NORMALS FOR TODAY
                         NORMAL    RECORD    YEAR
 MAXIMUM TEMPERATURE (F)   77        97      2003
 MINIMUM TEMPERATURE (F)   48        31      1982
                                             1977
                                             1895


SUNRISE AND SUNSET
MAY 28 2016...........SUNRISE   535 AM PDT   SUNSET   818 PM PDT
MAY 29 2016...........SUNRISE   535 AM PDT   SUNSET   819 PM PDT


-  INDICATES NEGATIVE NUMBERS.
R  INDICATES RECORD WAS SET OR TIED.
MM INDICATES DATA IS MISSING.
T  INDICATES TRACE AMOUNT.




$$
