439
CDUS41 KRNK 230539
CLIROA


CLIMATE REPORT
NATIONAL WEATHER SERVICE BLACKSBURG VA
1237 AM EST THU FEB 23 2017


...................................

...THE ROANOKE VA CLIMATE SUMMARY FOR FEBRUARY 22 2017...

CLIMATE NORMAL PERIOD 1981 TO 2010
CLIMATE RECORD PERIOD 1912 TO 2017


WEATHER ITEM   OBSERVED TIME   RECORD YEAR NORMAL DEPARTURE LAST
                VALUE   (LST)  VALUE       VALUE  FROM      YEAR
                                                  NORMAL
..................................................................
TEMPERATURE (F)
 YESTERDAY
  MAXIMUM         55    542 PM  76    1980  51      4       51
  MINIMUM         47    932 AM   2    1963  31     16       42
  AVERAGE         51                        41     10       47

PRECIPITATION (IN)
  YESTERDAY        0.18          2.25 2003   0.10   0.08     0.05
  MONTH TO DATE    0.40                      2.29  -1.89     3.88
  SINCE DEC 1      7.29                      8.15  -0.86    11.42
  SINCE JAN 1      4.50                      5.21  -0.71     6.87

SNOWFALL (IN)
  YESTERDAY       MM                                         0.0
  MONTH TO DATE    T                                         8.5
  SINCE DEC 1      4.5                                      22.0
  SINCE JUL 1      4.5                                      22.0
  SNOW DEPTH       0

DEGREE DAYS
 HEATING
  YESTERDAY       14                        24    -10       18
  MONTH TO DATE  380                       573   -193      628
  SINCE DEC 1   1856                      2261   -405     2059
  SINCE JUL 1   2384                      3065   -681     2701

 COOLING
  YESTERDAY        0                         0      0        0
  MONTH TO DATE    0                         0      0        0
  SINCE DEC 1      0                         0      0        0
  SINCE JAN 1      0                         0      0        0
..................................................................


WIND (MPH)
  HIGHEST WIND SPEED     5   HIGHEST WIND DIRECTION    SE (140)
  HIGHEST GUST SPEED     7   HIGHEST GUST DIRECTION     W (270)
  AVERAGE WIND SPEED     0.5


SKY COVER
  AVERAGE SKY COVER 0.9


WEATHER CONDITIONS
 THE FOLLOWING WEATHER WAS RECORDED YESTERDAY.
  LIGHT RAIN
  FOG
  FOG W/VISIBILITY <= 1/4 MILE


RELATIVE HUMIDITY (PERCENT)
 HIGHEST   100           900 PM
 LOWEST     59          1200 AM
 AVERAGE    80

..........................................................


THE ROANOKE VA CLIMATE NORMALS FOR TODAY
                         NORMAL    RECORD    YEAR
 MAXIMUM TEMPERATURE (F)   51        76      1943
 MINIMUM TEMPERATURE (F)   31        12      1963


SUNRISE AND SUNSET
FEBRUARY 23 2017......SUNRISE   659 AM EST   SUNSET   608 PM EST
FEBRUARY 24 2017......SUNRISE   657 AM EST   SUNSET   609 PM EST


-  INDICATES NEGATIVE NUMBERS.
R  INDICATES RECORD WAS SET OR TIED.
MM INDICATES DATA IS MISSING.
T  INDICATES TRACE AMOUNT.




$$
