723
CDUS41 KRNK 222107
CLIROA


CLIMATE REPORT
NATIONAL WEATHER SERVICE BLACKSBURG VA
506 PM EDT MON MAY 22 2017


...................................

...THE ROANOKE VA CLIMATE SUMMARY FOR MAY 22 2017...
VALID TODAY AS OF 0500 PM LOCAL TIME.

CLIMATE NORMAL PERIOD 1981 TO 2010
CLIMATE RECORD PERIOD 1912 TO 2017


WEATHER ITEM   OBSERVED TIME   RECORD YEAR NORMAL DEPARTURE LAST
                VALUE   (LST)  VALUE       VALUE  FROM      YEAR
                                                  NORMAL
..................................................................
TEMPERATURE (F)
 TODAY
  MAXIMUM         78    338 PM  99    1941  77      1       71
  MINIMUM         59    223 AM  33    2002  55      4       53
  AVERAGE         69                        66      3       62

PRECIPITATION (IN)
  TODAY            0.43          1.31 1955   0.14   0.29      T
  MONTH TO DATE    5.35                      2.75   2.60     5.64
  SINCE MAR 1     13.59                      9.58   4.01     9.02
  SINCE JAN 1     18.23                     15.39   2.84    17.25

SNOWFALL (IN)
  TODAY            0.0                                       0.0
  MONTH TO DATE    T                                         0.0
  SINCE MAR 1      0.1                                       1.0
  SINCE JUL 1      4.6                                      23.0
  SNOW DEPTH       0

DEGREE DAYS
 HEATING
  TODAY            0                         2     -2        3
  MONTH TO DATE   77                        85     -8       89
  SINCE MAR 1    734                       912   -178      668
  SINCE JUL 1   3198                      4117   -919     3502

 COOLING
  TODAY            4                         3      1        0
  MONTH TO DATE   70                        49     21       21
  SINCE MAR 1    140                        78     62       70
  SINCE JAN 1    140                        78     62       70
..................................................................


WIND (MPH)
  HIGHEST WIND SPEED    16   HIGHEST WIND DIRECTION    NW (300)
  HIGHEST GUST SPEED    22   HIGHEST GUST DIRECTION    NW (300)
  AVERAGE WIND SPEED     4.4


SKY COVER
  AVERAGE SKY COVER 0.9


WEATHER CONDITIONS
 THE FOLLOWING WEATHER WAS RECORDED TODAY.
  HEAVY RAIN
  RAIN
  LIGHT RAIN
  FOG


RELATIVE HUMIDITY (PERCENT)
 HIGHEST   100           100 AM
 LOWEST     54           300 PM
 AVERAGE    77

..........................................................


THE ROANOKE VA CLIMATE NORMALS FOR TOMORROW
                         NORMAL    RECORD    YEAR
 MAXIMUM TEMPERATURE (F)   77        97      1941
 MINIMUM TEMPERATURE (F)   55        39      2002


SUNRISE AND SUNSET
MAY 22 2017...........SUNRISE   606 AM EDT   SUNSET   828 PM EDT
MAY 23 2017...........SUNRISE   605 AM EDT   SUNSET   829 PM EDT


-  INDICATES NEGATIVE NUMBERS.
R  INDICATES RECORD WAS SET OR TIED.
MM INDICATES DATA IS MISSING.
T  INDICATES TRACE AMOUNT.




$$
