000
CDUS41 KRNK 270617
CLIROA


CLIMATE REPORT
NATIONAL WEATHER SERVICE BLACKSBURG VA
217 AM EDT TUE SEP 27 2016


...................................

...THE ROANOKE VA CLIMATE SUMMARY FOR SEPTEMBER 26 2016...

CLIMATE NORMAL PERIOD 1981 TO 2010
CLIMATE RECORD PERIOD 1912 TO 2016


WEATHER ITEM   OBSERVED TIME   RECORD YEAR NORMAL DEPARTURE LAST
                VALUE   (LST)  VALUE       VALUE  FROM      YEAR
                                                  NORMAL
..................................................................
TEMPERATURE (F)
 YESTERDAY
  MAXIMUM         70   1240 PM  97    1933  75     -5       62
  MINIMUM         64    650 AM  35    1928  54     10       59
  AVERAGE         67                        64      3       61

PRECIPITATION (IN)
  YESTERDAY        0.40          2.23 2009   0.11   0.29     1.45
  MONTH TO DATE    1.56                      3.42  -1.86     4.33
  SINCE SEP 1      1.56                      3.42  -1.86     4.33
  SINCE JAN 1     35.33                     31.55   3.78    35.76

SNOWFALL (IN)
  YESTERDAY        0.0                                       0.0
  MONTH TO DATE    0.0                                       0.0
  SINCE SEP 1      0.0                                       0.0
  SINCE JUL 1      0.0                                       0.0
  SNOW DEPTH       0

DEGREE DAYS
 HEATING
  YESTERDAY        0                         3     -3        4
  MONTH TO DATE    0                        31    -31       18
  SINCE SEP 1      0                        31    -31       18
  SINCE JUL 1      0                        32    -32       18

 COOLING
  YESTERDAY        2                         2      0        0
  MONTH TO DATE  245                       131    114      163
  SINCE SEP 1    245                       131    114      163
  SINCE JAN 1   1494                      1178    316     1379
..................................................................


WIND (MPH)
  HIGHEST WIND SPEED    14   HIGHEST WIND DIRECTION    SE (120)
  HIGHEST GUST SPEED    19   HIGHEST GUST DIRECTION     E (110)
  AVERAGE WIND SPEED     7.1


SKY COVER
  AVERAGE SKY COVER 1.0


WEATHER CONDITIONS
 THE FOLLOWING WEATHER WAS RECORDED YESTERDAY.
  THUNDERSTORM
  HEAVY RAIN
  RAIN
  LIGHT RAIN
  FOG


RELATIVE HUMIDITY (PERCENT)
 HIGHEST   100           200 AM
 LOWEST     84           100 PM
 AVERAGE    92

..........................................................


THE ROANOKE VA CLIMATE NORMALS FOR TODAY
                         NORMAL    RECORD    YEAR
 MAXIMUM TEMPERATURE (F)   74        94      1933
 MINIMUM TEMPERATURE (F)   53        33      1940


SUNRISE AND SUNSET
SEPTEMBER 27 2016.....SUNRISE   712 AM EDT   SUNSET   708 PM EDT
SEPTEMBER 28 2016.....SUNRISE   713 AM EDT   SUNSET   707 PM EDT


-  INDICATES NEGATIVE NUMBERS.
R  INDICATES RECORD WAS SET OR TIED.
MM INDICATES DATA IS MISSING.
T  INDICATES TRACE AMOUNT.




$$
