000
CDUS41 KRNK 310616
CLIROA


CLIMATE REPORT
NATIONAL WEATHER SERVICE BLACKSBURG VA
213 AM EDT MON AUG 31 2015


...................................

...THE ROANOKE VA CLIMATE SUMMARY FOR AUGUST 30 2015...

CLIMATE NORMAL PERIOD 1981 TO 2010
CLIMATE RECORD PERIOD 1912 TO 2015


WEATHER ITEM   OBSERVED TIME   RECORD YEAR NORMAL DEPARTURE LAST
                VALUE   (LST)  VALUE       VALUE  FROM      YEAR
                                                  NORMAL
..................................................................
TEMPERATURE (F)
 YESTERDAY
  MAXIMUM         84    154 PM 102    1932  84      0       87
  MINIMUM         66    535 AM  42    1986  63      3       69
  AVERAGE         75                        73      2       78

PRECIPITATION (IN)
  YESTERDAY        0.00          2.56 1940   0.12  -0.12     0.00
  MONTH TO DATE    3.09                      3.44  -0.35     6.53
  SINCE JUN 1     16.45                     11.31   5.14    12.98
  SINCE JAN 1     31.43                     28.01   3.42    28.58

SNOWFALL (IN)
  YESTERDAY        0.0                                       0.0
  MONTH TO DATE    0.0                                       0.0
  SINCE JUN 1      T                                         0.0
  SINCE JUL 1      0.0                                       0.0
  SNOW DEPTH       0

DEGREE DAYS
 HEATING
  YESTERDAY        0                         0      0        0
  MONTH TO DATE    0                         0      0        0
  SINCE JUN 1      7                        11     -4        0
  SINCE JUL 1      0                         0      0        0

 COOLING
  YESTERDAY       10                         9      1       13
  MONTH TO DATE  318                       314      4      205
  SINCE JUN 1   1036                       921    115      806
  SINCE JAN 1   1204                      1037    167      955
..................................................................


WIND (MPH)
  HIGHEST WIND SPEED    12   HIGHEST WIND DIRECTION     S (160)
  HIGHEST GUST SPEED    13   HIGHEST GUST DIRECTION     S (160)
  AVERAGE WIND SPEED     2.4


SKY COVER
  AVERAGE SKY COVER 0.8


WEATHER CONDITIONS
 THE FOLLOWING WEATHER WAS RECORDED YESTERDAY.
  NO SIGNIFICANT WEATHER WAS OBSERVED.


RELATIVE HUMIDITY (PERCENT)
 HIGHEST    81           100 AM
 LOWEST     44           200 PM
 AVERAGE    63

..........................................................


THE ROANOKE VA CLIMATE NORMALS FOR TODAY
                         NORMAL    RECORD    YEAR
 MAXIMUM TEMPERATURE (F)   84       104      1932
 MINIMUM TEMPERATURE (F)   63        45      1976


SUNRISE AND SUNSET
AUGUST 31 2015........SUNRISE   649 AM EDT   SUNSET   750 PM EDT
SEPTEMBER  1 2015.....SUNRISE   650 AM EDT   SUNSET   749 PM EDT


-  INDICATES NEGATIVE NUMBERS.
R  INDICATES RECORD WAS SET OR TIED.
MM INDICATES DATA IS MISSING.
T  INDICATES TRACE AMOUNT.

$$

RAB
