000
CDUS41 KRNK 200927
CLIROA


CLIMATE REPORT
NATIONAL WEATHER SERVICE BLACKSBURG VA
524 AM EDT MON OCT 20 2014


...................................

...THE ROANOKE VA CLIMATE SUMMARY FOR OCTOBER 19 2014...

CLIMATE NORMAL PERIOD 1981 TO 2010
CLIMATE RECORD PERIOD 1912 TO 2014


WEATHER ITEM   OBSERVED TIME   RECORD YEAR NORMAL DEPARTURE LAST
                VALUE   (LST)  VALUE       VALUE  FROM      YEAR
                                                  NORMAL
..................................................................
TEMPERATURE (F)
 YESTERDAY
  MAXIMUM         63    246 PM  91    1938  68     -5       60
  MINIMUM         41   1140 PM  25    1976  45     -4       47
  AVERAGE         52                        57     -5       54

PRECIPITATION (IN)
  YESTERDAY        0.00          3.40 1968   0.09  -0.09     0.00
  MONTH TO DATE    3.42                      1.72   1.70     2.46
  SINCE SEP 1      4.65                      5.61  -0.96     3.59
  SINCE JAN 1     33.23                     33.74  -0.51    45.90

SNOWFALL (IN)
  YESTERDAY        0.0
  MONTH TO DATE    0.0
  SINCE SEP 1      0.0
  SINCE JUL 1      0.0
  SNOW DEPTH       0

DEGREE DAYS
 HEATING
  YESTERDAY       13                         9      4       11
  MONTH TO DATE   94                       124    -30       60
  SINCE SEP 1    113                       172    -59       93
  SINCE JUL 1    113                       173    -60       94

 COOLING
  YESTERDAY        0                         0      0        0
  MONTH TO DATE   17                        18     -1       38
  SINCE SEP 1    157                       157      0      165
  SINCE JAN 1   1127                      1204    -77     1225
..................................................................


WIND (MPH)
  HIGHEST WIND SPEED    22   HIGHEST WIND DIRECTION     W (290)
  HIGHEST GUST SPEED    29   HIGHEST GUST DIRECTION     W (280)
  AVERAGE WIND SPEED     8.8


SKY COVER
  POSSIBLE SUNSHINE  MM
  AVERAGE SKY COVER 0.4


WEATHER CONDITIONS
 THE FOLLOWING WEATHER WAS RECORDED YESTERDAY.
  NO SIGNIFICANT WEATHER WAS OBSERVED.


RELATIVE HUMIDITY (PERCENT)
 HIGHEST    66           600 AM
 LOWEST     34           300 PM
 AVERAGE    50

..........................................................


THE ROANOKE VA CLIMATE NORMALS FOR TODAY
                         NORMAL    RECORD    YEAR
 MAXIMUM TEMPERATURE (F)   68        84      2005
                                             1969
                                             1953
 MINIMUM TEMPERATURE (F)   45        22      1972


SUNRISE AND SUNSET
OCTOBER 20 2014.......SUNRISE   733 AM EDT   SUNSET   636 PM EDT
OCTOBER 21 2014.......SUNRISE   733 AM EDT   SUNSET   635 PM EDT


-  INDICATES NEGATIVE NUMBERS.
R  INDICATES RECORD WAS SET OR TIED.
MM INDICATES DATA IS MISSING.
T  INDICATES TRACE AMOUNT.




$$
