000
CDUS41 KRNK 062227
CLIROA


CLIMATE REPORT
NATIONAL WEATHER SERVICE BLACKSBURG VA
523 PM EST FRI MAR 6 2015


...................................

...THE ROANOKE VA CLIMATE SUMMARY FOR MARCH 6 2015...
VALID TODAY AS OF 0500 PM LOCAL TIME.

CLIMATE NORMAL PERIOD 1981 TO 2010
CLIMATE RECORD PERIOD 1912 TO 2015


WEATHER ITEM   OBSERVED TIME   RECORD YEAR NORMAL DEPARTURE LAST
                VALUE   (LST)  VALUE       VALUE  FROM      YEAR
                                                  NORMAL
..................................................................
TEMPERATURE (F)
 TODAY
  MAXIMUM         32    410 PM  80    1956  55    -23       40
                                      1945
  MINIMUM         11R   712 AM  16    1960  34    -23       27
                                      1926
  AVERAGE         22                        44    -22       34

PRECIPITATION (IN)
  TODAY            0.00          2.35 1932   0.10  -0.10      T
  MONTH TO DATE    1.90                      0.59   1.31     1.10
  SINCE MAR 1      1.90                      0.59   1.31     1.10
  SINCE JAN 1      5.82                      6.40  -0.58     7.38

SNOWFALL (IN)
  TODAY            0.0
  MONTH TO DATE    1.9
  SINCE MAR 1      1.9
  SINCE JUL 1     21.7
  SNOW DEPTH       1

DEGREE DAYS
 HEATING
  TODAY           43                        21     22       31
  MONTH TO DATE  178                       129     49      170
  SINCE MAR 1    178                       129     49      170
  SINCE JUL 1   3607                      3334    273     3572

 COOLING
  TODAY            0                         0      0        0
  MONTH TO DATE    0                         0      0        0
  SINCE MAR 1      0                         0      0        0
  SINCE JAN 1      0                         0      0        0
..................................................................


WIND (MPH)
  HIGHEST WIND SPEED    12   HIGHEST WIND DIRECTION    NE (50)
  HIGHEST GUST SPEED    13   HIGHEST GUST DIRECTION    NE (50)
  AVERAGE WIND SPEED     3.9


SKY COVER
  POSSIBLE SUNSHINE  MM
  AVERAGE SKY COVER 0.1


WEATHER CONDITIONS
 THE FOLLOWING WEATHER WAS RECORDED TODAY.
  NO SIGNIFICANT WEATHER WAS OBSERVED.


RELATIVE HUMIDITY (PERCENT)
 HIGHEST    84           700 AM
 LOWEST     46           100 PM
 AVERAGE    65

..........................................................


THE ROANOKE VA CLIMATE NORMALS FOR TOMORROW
                         NORMAL    RECORD    YEAR
 MAXIMUM TEMPERATURE (F)   55        83      2009
 MINIMUM TEMPERATURE (F)   34        14      1960


SUNRISE AND SUNSET
MARCH  6 2015.........SUNRISE   644 AM EST   SUNSET   618 PM EST
MARCH  7 2015.........SUNRISE   643 AM EST   SUNSET   619 PM EST


-  INDICATES NEGATIVE NUMBERS.
R  INDICATES RECORD WAS SET OR TIED.
MM INDICATES DATA IS MISSING.
T  INDICATES TRACE AMOUNT.




$$
