000
CDUS41 KRNK 290742
CLIROA


CLIMATE REPORT
NATIONAL WEATHER SERVICE BLACKSBURG VA
337 AM EDT FRI MAY 29 2015


...................................

...THE ROANOKE VA CLIMATE SUMMARY FOR MAY 28 2015...

CLIMATE NORMAL PERIOD 1981 TO 2010
CLIMATE RECORD PERIOD 1912 TO 2015


WEATHER ITEM   OBSERVED TIME   RECORD YEAR NORMAL DEPARTURE LAST
                VALUE   (LST)  VALUE       VALUE  FROM      YEAR
                                                  NORMAL
..................................................................
TEMPERATURE (F)
 YESTERDAY
  MAXIMUM         87    248 PM  98    1941  79      8       89
  MINIMUM         63    419 AM  39    1994  57      6       68
  AVERAGE         75                        68      7       79

PRECIPITATION (IN)
  YESTERDAY        T             2.33 1990   0.15  -0.15     0.00
  MONTH TO DATE    1.09                      3.62  -2.53     2.21
  SINCE MAR 1     10.40                     10.45  -0.05     9.15
  SINCE JAN 1     14.32                     16.26  -1.94    15.43

SNOWFALL (IN)
  YESTERDAY        0.0                                       0.0
  MONTH TO DATE    0.0                                       0.0
  SINCE MAR 1      1.9                                       5.6
  SINCE JUL 1     21.7                                      28.0
  SNOW DEPTH       0

DEGREE DAYS
 HEATING
  YESTERDAY        0                         2     -2        0
  MONTH TO DATE   35                        97    -62       54
  SINCE MAR 1    815                       924   -109      964
  SINCE JUL 1   4244                      4129    115     4366

 COOLING
  YESTERDAY       10                         4      6       14
  MONTH TO DATE  133                        73     60      121
  SINCE MAR 1    139                       102     37      133
  SINCE JAN 1    139                       102     37      133
..................................................................


WIND (MPH)
  HIGHEST WIND SPEED    14   HIGHEST WIND DIRECTION    SE (140)
  HIGHEST GUST SPEED    27   HIGHEST GUST DIRECTION    NE (60)
  AVERAGE WIND SPEED     4.6


SKY COVER
  AVERAGE SKY COVER 0.6


WEATHER CONDITIONS
 THE FOLLOWING WEATHER WAS RECORDED YESTERDAY.
  LIGHT RAIN


RELATIVE HUMIDITY (PERCENT)
 HIGHEST    93           500 AM
 LOWEST     37           400 PM
 AVERAGE    65

..........................................................


THE ROANOKE VA CLIMATE NORMALS FOR TODAY
                         NORMAL    RECORD    YEAR
 MAXIMUM TEMPERATURE (F)   79        97      1941
 MINIMUM TEMPERATURE (F)   57        40      1949


SUNRISE AND SUNSET
MAY 29 2015...........SUNRISE   602 AM EDT   SUNSET   833 PM EDT
MAY 30 2015...........SUNRISE   602 AM EDT   SUNSET   833 PM EDT


-  INDICATES NEGATIVE NUMBERS.
R  INDICATES RECORD WAS SET OR TIED.
MM INDICATES DATA IS MISSING.
T  INDICATES TRACE AMOUNT.




$$
