000
CDUS41 KRNK 300627
CLIROA


CLIMATE REPORT
NATIONAL WEATHER SERVICE BLACKSBURG VA
226 AM EDT SAT APR 30 2016


...................................

...THE ROANOKE VA CLIMATE SUMMARY FOR APRIL 29 2016...

CLIMATE NORMAL PERIOD 1981 TO 2010
CLIMATE RECORD PERIOD 1912 TO 2016


WEATHER ITEM   OBSERVED TIME   RECORD YEAR NORMAL DEPARTURE LAST
                VALUE   (LST)  VALUE       VALUE  FROM      YEAR
                                                  NORMAL
..................................................................
TEMPERATURE (F)
 YESTERDAY
  MAXIMUM         83    513 PM  89    1915  72     11       70
  MINIMUM         57    649 AM  32    1944  49      8       42
  AVERAGE         70                        60     10       56

PRECIPITATION (IN)
  YESTERDAY        0.00          3.82 1994   0.11  -0.11     0.00
  MONTH TO DATE    0.96                      3.26  -2.30     4.68
  SINCE MAR 1      3.21                      6.72  -3.51     9.00
  SINCE JAN 1     11.44                     12.53  -1.09    12.92

SNOWFALL (IN)
  YESTERDAY        0.0                                       0.0
  MONTH TO DATE    T                                         0.0
  SINCE MAR 1      1.0                                       1.9
  SINCE JUL 1     23.0                                      21.7
  SNOW DEPTH       0

DEGREE DAYS
 HEATING
  YESTERDAY        0                         6     -6        9
  MONTH TO DATE  232                       269    -37      231
  SINCE MAR 1    571                       821   -250      775
  SINCE JUL 1   3405                      4026   -621     4204

 COOLING
  YESTERDAY        5                         1      4        0
  MONTH TO DATE   39                        21     18        6
  SINCE MAR 1     49                        26     23        6
  SINCE JAN 1     49                        26     23        6
..................................................................


WIND (MPH)
  HIGHEST WIND SPEED    18   HIGHEST WIND DIRECTION     W (270)
  HIGHEST GUST SPEED    25   HIGHEST GUST DIRECTION     W (270)
  AVERAGE WIND SPEED     7.3


SKY COVER
  AVERAGE SKY COVER 0.5


WEATHER CONDITIONS
 THE FOLLOWING WEATHER WAS RECORDED YESTERDAY.
  FOG


RELATIVE HUMIDITY (PERCENT)
 HIGHEST   100           100 AM
 LOWEST     26           400 PM
 AVERAGE    63

..........................................................


THE ROANOKE VA CLIMATE NORMALS FOR TODAY
                         NORMAL    RECORD    YEAR
 MAXIMUM TEMPERATURE (F)   72        89      1942
 MINIMUM TEMPERATURE (F)   49        33      1961


SUNRISE AND SUNSET
APRIL 30 2016.........SUNRISE   626 AM EDT   SUNSET   809 PM EDT
MAY  1 2016...........SUNRISE   624 AM EDT   SUNSET   810 PM EDT


-  INDICATES NEGATIVE NUMBERS.
R  INDICATES RECORD WAS SET OR TIED.
MM INDICATES DATA IS MISSING.
T  INDICATES TRACE AMOUNT.




$$
