137
CDUS41 KBUF 061026
CLIROC


CLIMATE REPORT
NATIONAL WEATHER SERVICE BUFFALO NY
525 AM EST TUE DEC 6 2016


...................................

...THE ROCHESTER NY CLIMATE SUMMARY FOR DECEMBER 5 2016...

CLIMATE NORMAL PERIOD 1981 TO 2010
CLIMATE RECORD PERIOD 1871 TO 2016


WEATHER ITEM   OBSERVED TIME   RECORD YEAR NORMAL DEPARTURE LAST
                VALUE   (LST)  VALUE       VALUE  FROM      YEAR
                                                  NORMAL
..................................................................
TEMPERATURE (F)
 YESTERDAY
  MAXIMUM         43    329 PM  68    1999  40      3       49
                                      1982
  MINIMUM         30   1159 PM  -4    1886  27      3       29
  AVERAGE         37                        33      4       39

PRECIPITATION (IN)
  YESTERDAY        0.14          0.95 1977   0.09   0.05     0.00
  MONTH TO DATE    0.32                      0.46  -0.14     0.58
  SINCE DEC 1      0.32                      0.46  -0.14     0.58
  SINCE JAN 1     28.13                     32.10  -3.97    34.53

SNOWFALL (IN)
  YESTERDAY        0.9          10.8  1977   0.6    0.3      0.0
  MONTH TO DATE    1.0                       2.8   -1.8       T
  SINCE DEC 1      1.0                       2.8   -1.8       T
  SINCE JUL 1     16.9                      10.2    6.7      1.2
  SNOW DEPTH       T

DEGREE DAYS
 HEATING
  YESTERDAY       28                        32     -4       26
  MONTH TO DATE  131                       155    -24      114
  SINCE DEC 1    131                       155    -24      114
  SINCE JUL 1   1109                      1523   -414     1154

 COOLING
  YESTERDAY        0                         0      0        0
  MONTH TO DATE    0                         0      0        0
  SINCE DEC 1      0                         0      0        0
  SINCE JAN 1    978                       539    439      698
..................................................................


WIND (MPH)
  HIGHEST WIND SPEED    28   HIGHEST WIND DIRECTION     W (270)
  HIGHEST GUST SPEED    38   HIGHEST GUST DIRECTION     W (270)
  AVERAGE WIND SPEED    11.5


SKY COVER
  AVERAGE SKY COVER 0.7


WEATHER CONDITIONS
 THE FOLLOWING WEATHER WAS RECORDED YESTERDAY.
  LIGHT RAIN
  SNOW
  LIGHT SNOW
  FOG


RELATIVE HUMIDITY (PERCENT)
 HIGHEST    96           200 AM
 LOWEST     57           200 PM
 AVERAGE    77

..........................................................


THE ROCHESTER NY CLIMATE NORMALS FOR TODAY
                         NORMAL    RECORD    YEAR
 MAXIMUM TEMPERATURE (F)   40        68      2001
                                             1998
 MINIMUM TEMPERATURE (F)   27         1      1886


SUNRISE AND SUNSET
DECEMBER  6 2016......SUNRISE   728 AM EST   SUNSET   436 PM EST
DECEMBER  7 2016......SUNRISE   729 AM EST   SUNSET   436 PM EST


-  INDICATES NEGATIVE NUMBERS.
R  INDICATES RECORD WAS SET OR TIED.
MM INDICATES DATA IS MISSING.
T  INDICATES TRACE AMOUNT.




$$
