000
CDUS41 KBUF 232051
CLIROC


CLIMATE REPORT
NATIONAL WEATHER SERVICE BUFFALO NY
451 PM EDT TUE AUG 23 2016


...................................

...THE ROCHESTER NY CLIMATE SUMMARY FOR AUGUST 23 2016...
VALID TODAY AS OF 0400 PM LOCAL TIME.

CLIMATE NORMAL PERIOD 1981 TO 2010
CLIMATE RECORD PERIOD 1871 TO 2016


WEATHER ITEM   OBSERVED TIME   RECORD YEAR NORMAL DEPARTURE LAST
                VALUE   (LST)  VALUE       VALUE  FROM      YEAR
                                                  NORMAL
..................................................................
TEMPERATURE (F)
 TODAY
  MAXIMUM         83    259 PM  92    1918  78      5       79
  MINIMUM         56    554 AM  44    1923  59     -3       56
  AVERAGE         70                        69      1       68

PRECIPITATION (IN)
  TODAY            0.00          1.64 1930   0.10  -0.10     0.00
  MONTH TO DATE    2.68                      2.63   0.05     4.66
  SINCE JUN 1      4.81                      9.30  -4.49    14.42
  SINCE JAN 1     16.42                     21.76  -5.34    26.12

SNOWFALL (IN)
  TODAY            0.0           0.0    MM   0.0    0.0      0.0
  MONTH TO DATE    0.0                       0.0    0.0      0.0
  SINCE JUN 1      0.0                       0.0    0.0      0.0
  SINCE JUL 1      0.0                       0.0    0.0      0.0
  SNOW DEPTH       0

DEGREE DAYS
 HEATING
  TODAY            0                         1     -1        0
  MONTH TO DATE    0                        13    -13        1
  SINCE JUN 1     47                        93    -46       69
  SINCE JUL 1      0                        25    -25       12

 COOLING
  TODAY            5                         4      1        3
  MONTH TO DATE  269                       125    144      131
  SINCE JUN 1    711                       424    287      425
  SINCE JAN 1    773                       454    319      528
..................................................................


WIND (MPH)
  HIGHEST WIND SPEED    15   HIGHEST WIND DIRECTION    SW (230)
  HIGHEST GUST SPEED    22   HIGHEST GUST DIRECTION     W (260)
  AVERAGE WIND SPEED     6.7


SKY COVER
  AVERAGE SKY COVER 0.2


WEATHER CONDITIONS
 THE FOLLOWING WEATHER WAS RECORDED TODAY.
  NO SIGNIFICANT WEATHER WAS OBSERVED.


RELATIVE HUMIDITY (PERCENT)
 HIGHEST    93           100 AM
 LOWEST     42           100 PM
 AVERAGE    68

..........................................................


THE ROCHESTER NY CLIMATE NORMALS FOR TOMORROW
                         NORMAL    RECORD    YEAR
 MAXIMUM TEMPERATURE (F)   78        94      1947
 MINIMUM TEMPERATURE (F)   59        42      1971


SUNRISE AND SUNSET
AUGUST 23 2016........SUNRISE   626 AM EDT   SUNSET   800 PM EDT
AUGUST 24 2016........SUNRISE   627 AM EDT   SUNSET   758 PM EDT


-  INDICATES NEGATIVE NUMBERS.
R  INDICATES RECORD WAS SET OR TIED.
MM INDICATES DATA IS MISSING.
T  INDICATES TRACE AMOUNT.




$$
