000
CDUS41 KBUF 291020
CLIROC


CLIMATE REPORT
NATIONAL WEATHER SERVICE BUFFALO NY
620 AM EDT WED MAR 29 2017


...................................

...THE ROCHESTER NY CLIMATE SUMMARY FOR MARCH 28 2017...

CLIMATE NORMAL PERIOD 1981 TO 2010
CLIMATE RECORD PERIOD 1871 TO 2017


WEATHER ITEM   OBSERVED TIME   RECORD YEAR NORMAL DEPARTURE LAST
                VALUE   (LST)  VALUE       VALUE  FROM      YEAR
                                                  NORMAL
..................................................................
TEMPERATURE (F)
 YESTERDAY
  MAXIMUM         51    702 AM  84    1945  48      3       57
  MINIMUM         42   1159 PM   5    1923  30     12       38
  AVERAGE         47                        39      8       48

PRECIPITATION (IN)
  YESTERDAY        T             0.97 1931   0.08  -0.08     0.23
  MONTH TO DATE    3.12                      2.24   0.88     1.74
  SINCE MAR 1      3.12                      2.24   0.88     1.74
  SINCE JAN 1      8.20                      6.60   1.60     7.04

SNOWFALL (IN)
  YESTERDAY        0.0           7.5  1876   0.3   -0.3      0.0
  MONTH TO DATE   32.9                      15.4   17.5      3.2
  SINCE MAR 1     32.9                      15.4   17.5      3.2
  SINCE JUL 1    104.5                      94.3   10.2     54.9
  SNOW DEPTH       0

DEGREE DAYS
 HEATING
  YESTERDAY       18                        26     -8       17
  MONTH TO DATE  913                       876     37      712
  SINCE MAR 1    913                       876     37      712
  SINCE JUL 1   4781                      5662   -881     4629

 COOLING
  YESTERDAY        0                         0      0        0
  MONTH TO DATE    0                         0      0        0
  SINCE MAR 1      0                         0      0        0
  SINCE JAN 1      0                         0      0        0
..................................................................


WIND (MPH)
  HIGHEST WIND SPEED    13   HIGHEST WIND DIRECTION     N (360)
  HIGHEST GUST SPEED    16   HIGHEST GUST DIRECTION     N (360)
  AVERAGE WIND SPEED     5.3


SKY COVER
  AVERAGE SKY COVER 1.0


WEATHER CONDITIONS
 THE FOLLOWING WEATHER WAS RECORDED YESTERDAY.
  LIGHT RAIN
  FOG
  FOG W/VISIBILITY <= 1/4 MILE


RELATIVE HUMIDITY (PERCENT)
 HIGHEST   100           800 AM
 LOWEST     76           100 PM
 AVERAGE    88

..........................................................


THE ROCHESTER NY CLIMATE NORMALS FOR TODAY
                         NORMAL    RECORD    YEAR
 MAXIMUM TEMPERATURE (F)   48        86      1905
 MINIMUM TEMPERATURE (F)   30         5      1923


SUNRISE AND SUNSET
MARCH 29 2017.........SUNRISE   657 AM EDT   SUNSET   734 PM EDT
MARCH 30 2017.........SUNRISE   656 AM EDT   SUNSET   735 PM EDT


-  INDICATES NEGATIVE NUMBERS.
R  INDICATES RECORD WAS SET OR TIED.
MM INDICATES DATA IS MISSING.
T  INDICATES TRACE AMOUNT.




$$
