000
CDUS45 KABQ 280831
CLIROW


CLIMATE REPORT
NATIONAL WEATHER SERVICE ALBUQUERQUE NM
229 AM MDT WED SEP 28 2016


...................................

...THE ROSWELL NM CLIMATE SUMMARY FOR SEPTEMBER 27 2016...

CLIMATE NORMAL PERIOD 1981 TO 2010
CLIMATE RECORD PERIOD 1893 TO 2016


WEATHER ITEM   OBSERVED TIME   RECORD YEAR NORMAL DEPARTURE
                VALUE   (LST)  VALUE       VALUE  FROM
                                                  NORMAL
...............................................................
TEMPERATURE (F)
 YESTERDAY
  MAXIMUM         78    325 PM  99    1953  82     -4
  MINIMUM         53   1139 PM  30    1901  54     -1
  AVERAGE         66                        68     -2

PRECIPITATION (IN)
  YESTERDAY        0.00          2.21 1958   0.05  -0.05
  MONTH TO DATE    1.21                      1.40  -0.19
  SINCE SEP 1      1.21                      1.40  -0.19
  SINCE JAN 1      9.17                     10.33  -1.16

SNOWFALL (IN)
  YESTERDAY        0.0
  MONTH TO DATE    0.0
  SINCE SEP 1      0.0
  SINCE JUL 1      0.0

DEGREE DAYS
 HEATING
  YESTERDAY        0                         1     -1
  MONTH TO DATE    1                        10     -9
  SINCE SEP 1      1                        10     -9
  SINCE JUL 1      1                        10     -9

 COOLING
  YESTERDAY        1                         4     -3
  MONTH TO DATE  224                       216      8
  SINCE SEP 1    224                       216      8
  SINCE JAN 1   1979                      1740    239
...............................................................


WIND (MPH)
  HIGHEST WIND SPEED    12   HIGHEST WIND DIRECTION    SE (150)
  HIGHEST GUST SPEED    16   HIGHEST GUST DIRECTION     S (170)
  AVERAGE WIND SPEED     3.9


SKY COVER
  AVERAGE SKY COVER 0.4


WEATHER CONDITIONS
 THE FOLLOWING WEATHER WAS RECORDED YESTERDAY.
  NO SIGNIFICANT WEATHER WAS OBSERVED.


RELATIVE HUMIDITY (PERCENT)
 HIGHEST    89           200 AM
 LOWEST     16           300 PM
 AVERAGE    53

..........................................................


THE ROSWELL NM CLIMATE NORMALS FOR TODAY
                         NORMAL    RECORD    YEAR
 MAXIMUM TEMPERATURE (F)   82        97      1994
                                             1953
 MINIMUM TEMPERATURE (F)   54        33      1936
                                             1908


SUNRISE AND SUNSET
SEPTEMBER 28 2016.....SUNRISE   651 AM MDT   SUNSET   646 PM MDT
SEPTEMBER 29 2016.....SUNRISE   651 AM MDT   SUNSET   645 PM MDT


-  INDICATES NEGATIVE NUMBERS.
R  INDICATES RECORD WAS SET OR TIED.
MM INDICATES DATA IS MISSING.
T  INDICATES TRACE AMOUNT.

$$
