000
CDUS45 KABQ 260828
CLIROW


CLIMATE REPORT
NATIONAL WEATHER SERVICE ALBUQUERQUE NM
227 AM MDT TUE JUL 26 2016


...................................

...THE ROSWELL NM CLIMATE SUMMARY FOR JULY 25 2016...

CLIMATE NORMAL PERIOD 1981 TO 2010
CLIMATE RECORD PERIOD 1893 TO 2016


WEATHER ITEM   OBSERVED TIME   RECORD YEAR NORMAL DEPARTURE
                VALUE   (LST)  VALUE       VALUE  FROM
                                                  NORMAL
...............................................................
TEMPERATURE (F)
 YESTERDAY
  MAXIMUM        101    345 PM 105    1995  93      8
  MINIMUM         68   1125 PM  57    1894  67      1
  AVERAGE         85                        80      5

PRECIPITATION (IN)
  YESTERDAY        0.45          2.20 1905   0.06   0.39
  MONTH TO DATE    0.45                      1.71  -1.26
  SINCE JUN 1      0.98                      3.44  -2.46
  SINCE JAN 1      2.91                      6.61  -3.70

SNOWFALL (IN)
  YESTERDAY        0.0
  MONTH TO DATE    0.0
  SINCE JUN 1      0.0
  SINCE JUL 1      0.0

DEGREE DAYS
 HEATING
  YESTERDAY        0                         0      0
  MONTH TO DATE    0                         0      0
  SINCE JUN 1      0                         1     -1
  SINCE JUL 1      0                         0      0

 COOLING
  YESTERDAY       20                        15      5
  MONTH TO DATE  563                       387    176
  SINCE JUN 1   1041                       784    257
  SINCE JAN 1   1219                      1009    210
...............................................................


WIND (MPH)
  HIGHEST WIND SPEED    30   HIGHEST WIND DIRECTION     N (20)
  HIGHEST GUST SPEED    37   HIGHEST GUST DIRECTION     N (20)
  AVERAGE WIND SPEED    11.4


SKY COVER
  AVERAGE SKY COVER 0.1


WEATHER CONDITIONS
 THE FOLLOWING WEATHER WAS RECORDED YESTERDAY.
  THUNDERSTORM
  HEAVY RAIN
  RAIN
  LIGHT RAIN
  FOG


RELATIVE HUMIDITY (PERCENT)
 HIGHEST    60          1000 PM
 LOWEST     20           100 PM
 AVERAGE    40

..........................................................


THE ROSWELL NM CLIMATE NORMALS FOR TODAY
                         NORMAL    RECORD    YEAR
 MAXIMUM TEMPERATURE (F)   93       109      1995
 MINIMUM TEMPERATURE (F)   67        54      1894


SUNRISE AND SUNSET
JULY 26 2016..........SUNRISE   607 AM MDT   SUNSET   802 PM MDT
JULY 27 2016..........SUNRISE   608 AM MDT   SUNSET   801 PM MDT


-  INDICATES NEGATIVE NUMBERS.
R  INDICATES RECORD WAS SET OR TIED.
MM INDICATES DATA IS MISSING.
T  INDICATES TRACE AMOUNT.




$$
