000
CDUS45 KABQ 180832
CLIROW


CLIMATE REPORT
NATIONAL WEATHER SERVICE ALBUQUERQUE NM
131 AM MST THU DEC 18 2014


...................................

...THE ROSWELL NM CLIMATE SUMMARY FOR DECEMBER 17 2014...

CLIMATE NORMAL PERIOD 1981 TO 2010
CLIMATE RECORD PERIOD 1893 TO 2014


WEATHER ITEM   OBSERVED TIME   RECORD YEAR NORMAL DEPARTURE
                VALUE   (LST)  VALUE       VALUE  FROM
                                                  NORMAL
...............................................................
TEMPERATURE (F)
 YESTERDAY
  MAXIMUM         63    254 PM  74    1980  54      9
  MINIMUM         27    456 AM   5    1960  26      1
  AVERAGE         45                        40      5

PRECIPITATION (IN)
  YESTERDAY        0.00          0.57 1898   0.02  -0.02
  MONTH TO DATE    0.01                      0.37  -0.36
  SINCE DEC 1      0.01                      0.37  -0.36
  SINCE JAN 1     17.91                     12.64   5.27

SNOWFALL (IN)
  YESTERDAY        0.0
  MONTH TO DATE    0.0
  SINCE DEC 1      0.0
  SINCE JUL 1      1.8

DEGREE DAYS
 HEATING
  YESTERDAY       20                        25     -5
  MONTH TO DATE  312                       404    -92
  SINCE DEC 1    312                       404    -92
  SINCE JUL 1    969                      1050    -81

 COOLING
  YESTERDAY        0                         0      0
  MONTH TO DATE    0                         0      0
  SINCE DEC 1      0                         0      0
  SINCE JAN 1   1928                      1789    139
...............................................................


WIND (MPH)
  HIGHEST WIND SPEED    22   HIGHEST WIND DIRECTION     W (260)
  HIGHEST GUST SPEED    26   HIGHEST GUST DIRECTION    SW (240)
  AVERAGE WIND SPEED     5.9


SKY COVER
  AVERAGE SKY COVER 0.1


WEATHER CONDITIONS
 THE FOLLOWING WEATHER WAS RECORDED YESTERDAY.
  NO SIGNIFICANT WEATHER WAS OBSERVED.


RELATIVE HUMIDITY (PERCENT)
 HIGHEST    78           400 AM
 LOWEST     27           300 PM
 AVERAGE    53

..........................................................


THE ROSWELL NM CLIMATE NORMALS FOR TODAY
                         NORMAL    RECORD    YEAR
 MAXIMUM TEMPERATURE (F)   54        79      1980
 MINIMUM TEMPERATURE (F)   26         7      1964
                                             1960


SUNRISE AND SUNSET
DECEMBER 18 2014......SUNRISE   656 AM MST   SUNSET   453 PM MST
DECEMBER 19 2014......SUNRISE   657 AM MST   SUNSET   454 PM MST


-  INDICATES NEGATIVE NUMBERS.
R  INDICATES RECORD WAS SET OR TIED.
MM INDICATES DATA IS MISSING.
T  INDICATES TRACE AMOUNT.




$$
