000
CDUS45 KABQ 130845
CLIROW


CLIMATE REPORT
NATIONAL WEATHER SERVICE ALBUQUERQUE NM
145 AM MST WED DEC 13 2017


...................................

...THE ROSWELL NM CLIMATE SUMMARY FOR DECEMBER 12 2017...

CLIMATE NORMAL PERIOD 1981 TO 2010
CLIMATE RECORD PERIOD 1893 TO 2017


WEATHER ITEM   OBSERVED TIME   RECORD YEAR NORMAL DEPARTURE
                VALUE   (LST)  VALUE       VALUE  FROM
                                                  NORMAL
...............................................................
TEMPERATURE (F)
 YESTERDAY
  MAXIMUM         60    243 PM  80    1937  55      5
  MINIMUM         26   1015 PM   4    1923  26      0
  AVERAGE         43                        40      3

PRECIPITATION (IN)
  YESTERDAY        0.00          0.43 1905   0.02  -0.02
  MONTH TO DATE    T                         0.25  -0.25
  SINCE DEC 1      T                         0.25  -0.25
  SINCE JAN 1     11.16                     12.52  -1.36

SNOWFALL (IN)
  YESTERDAY        0.0
  MONTH TO DATE    0.0
  SINCE DEC 1      0.0
  SINCE JUL 1      0.0

DEGREE DAYS
 HEATING
  YESTERDAY       22                        25     -3
  MONTH TO DATE  223                       279    -56
  SINCE DEC 1    223                       279    -56
  SINCE JUL 1    673                       925   -252

 COOLING
  YESTERDAY        0                         0      0
  MONTH TO DATE    0                         0      0
  SINCE DEC 1      0                         0      0
  SINCE JAN 1   2172                      1789    383
...............................................................


WIND (MPH)
  HIGHEST WIND SPEED    18   HIGHEST WIND DIRECTION     S (170)
  HIGHEST GUST SPEED    21   HIGHEST GUST DIRECTION     S (170)
  AVERAGE WIND SPEED     6.5


SKY COVER
  AVERAGE SKY COVER 0.0


WEATHER CONDITIONS
 THE FOLLOWING WEATHER WAS RECORDED YESTERDAY.
  NO SIGNIFICANT WEATHER WAS OBSERVED.


RELATIVE HUMIDITY (PERCENT)
 HIGHEST    46           700 AM
 LOWEST     11           200 PM
 AVERAGE    29

..........................................................


THE ROSWELL NM CLIMATE NORMALS FOR TODAY
                         NORMAL    RECORD    YEAR
 MAXIMUM TEMPERATURE (F)   55        76      1969
 MINIMUM TEMPERATURE (F)   26         3      1923


SUNRISE AND SUNSET
DECEMBER 13 2017......SUNRISE   653 AM MST   SUNSET   452 PM MST
DECEMBER 14 2017......SUNRISE   654 AM MST   SUNSET   452 PM MST


-  INDICATES NEGATIVE NUMBERS.
R  INDICATES RECORD WAS SET OR TIED.
MM INDICATES DATA IS MISSING.
T  INDICATES TRACE AMOUNT.




$$
