000
CDUS43 KARX 282142
CLIRST


CLIMATE REPORT
NATIONAL WEATHER SERVICE LA CROSSE WI
439 PM CDT SUN AUG 28 2016


...................................

...THE ROCHESTER MN CLIMATE SUMMARY FOR AUGUST 28 2016...
VALID TODAY AS OF 0400 PM LOCAL TIME.

CLIMATE NORMAL PERIOD 1981 TO 2010
CLIMATE RECORD PERIOD 1886 TO 2016


WEATHER ITEM   OBSERVED TIME   RECORD YEAR NORMAL DEPARTURE LAST
                VALUE   (LST)  VALUE       VALUE  FROM      YEAR
                                                  NORMAL
..................................................................
TEMPERATURE (F)
 TODAY
  MAXIMUM         83    259 PM  96    1955  77      6       64
  MINIMUM         59    513 AM  36    1893  58      1       57
  AVERAGE         71                        68      3       61

PRECIPITATION (IN)
  TODAY            0.00          2.19 1979   0.14  -0.14     0.86
  MONTH TO DATE    5.74                      4.10   1.64     3.16
  SINCE JUN 1     16.58                     13.33   3.25    12.56
  SINCE JAN 1     28.27                     23.77   4.50    25.17

SNOWFALL (IN)
  TODAY            0.0           0.0  2012   0.0    0.0      0.0
  MONTH TO DATE    0.0                       0.0    0.0      0.0
  SINCE JUL 1      0.0                       0.0    0.0      0.0
  SNOW DEPTH       0

DEGREE DAYS
 HEATING
  TODAY            0                         1     -1        4
  MONTH TO DATE    7                        25    -18       42
  SINCE JUL 1     11                        36    -25       59

 COOLING
  TODAY            6                         4      2        0
  MONTH TO DATE  156                       144     12       90
  SINCE JAN 1    556                       515     41      367
..................................................................


WIND (MPH)
  HIGHEST WIND SPEED    13   HIGHEST WIND DIRECTION     S (180)
  HIGHEST GUST SPEED    17   HIGHEST GUST DIRECTION    SE (150)
  AVERAGE WIND SPEED     5.7


SKY COVER
  POSSIBLE SUNSHINE  MM
  AVERAGE SKY COVER 0.8


WEATHER CONDITIONS
 THE FOLLOWING WEATHER WAS RECORDED TODAY.
  FOG
  FOG W/VISIBILITY <= 1/4 MILE


RELATIVE HUMIDITY (PERCENT)
 HIGHEST   100          1200 AM
 LOWEST     63           300 PM
 AVERAGE    82

..........................................................


THE ROCHESTER MN CLIMATE NORMALS FOR TOMORROW
                         NORMAL    RECORD    YEAR
 MAXIMUM TEMPERATURE (F)   77        92      2012
                                             1945
                                             1941
 MINIMUM TEMPERATURE (F)   57        34      1935


SUNRISE AND SUNSET
AUGUST 28 2016........SUNRISE   629 AM CDT   SUNSET   752 PM CDT
AUGUST 29 2016........SUNRISE   631 AM CDT   SUNSET   750 PM CDT


-  INDICATES NEGATIVE NUMBERS.
R  INDICATES RECORD WAS SET OR TIED.
MM INDICATES DATA IS MISSING.
T  INDICATES TRACE AMOUNT.




$$
