000
CDUS43 KARX 200641
CLIRST


CLIMATE REPORT
NATIONAL WEATHER SERVICE LA CROSSE WI
140 AM CDT WED SEP 20 2017


...................................

...THE ROCHESTER MN CLIMATE SUMMARY FOR SEPTEMBER 19 2017...

CLIMATE NORMAL PERIOD 1981 TO 2010
CLIMATE RECORD PERIOD 1886 TO 2017


WEATHER ITEM   OBSERVED TIME   RECORD YEAR NORMAL DEPARTURE LAST
                VALUE   (LST)  VALUE       VALUE  FROM      YEAR
                                                  NORMAL
..................................................................
TEMPERATURE (F)
 YESTERDAY
  MAXIMUM         78    349 PM  92    1908  70      8       78
  MINIMUM         55    146 AM  30    1991  49      6       54
                                      1929
  AVERAGE         67                        60      7       66

PRECIPITATION (IN)
  YESTERDAY        0.00          2.51 1983   0.11  -0.11      T
  MONTH TO DATE    1.47                      2.25  -0.78     4.65
  SINCE SEP 1      1.47                      2.25  -0.78     4.65
  SINCE JAN 1     25.97                     26.44  -0.47    32.92

SNOWFALL (IN)
  YESTERDAY        0.0           0.0  2012   0.0    0.0      0.0
  MONTH TO DATE    0.0                       0.0    0.0      0.0
  SINCE JUL 1      0.0                       0.0    0.0      0.0
  SNOW DEPTH       0

DEGREE DAYS
 HEATING
  YESTERDAY        0                         7     -7        0
  MONTH TO DATE   67                        78    -11       23
  SINCE JUL 1    108                       116     -8       34

 COOLING
  YESTERDAY        2                         1      1        1
  MONTH TO DATE   37                        44     -7       42
  SINCE JAN 1    439                       569   -130      615
..................................................................


WIND (MPH)
  HIGHEST WIND SPEED    23   HIGHEST WIND DIRECTION    SE (150)
  HIGHEST GUST SPEED    34   HIGHEST GUST DIRECTION    SE (150)
  AVERAGE WIND SPEED    11.7


SKY COVER
  POSSIBLE SUNSHINE  MM
  AVERAGE SKY COVER 0.3


WEATHER CONDITIONS
 THE FOLLOWING WEATHER WAS RECORDED YESTERDAY.
  NO SIGNIFICANT WEATHER WAS OBSERVED.


RELATIVE HUMIDITY (PERCENT)
 HIGHEST   100           200 AM
 LOWEST     60           200 PM
 AVERAGE    80

..........................................................


THE ROCHESTER MN CLIMATE NORMALS FOR TODAY
                         NORMAL    RECORD    YEAR
 MAXIMUM TEMPERATURE (F)   70        92      1908
 MINIMUM TEMPERATURE (F)   48        28      1991


SUNRISE AND SUNSET
SEPTEMBER 20 2017.....SUNRISE   655 AM CDT   SUNSET   711 PM CDT
SEPTEMBER 21 2017.....SUNRISE   656 AM CDT   SUNSET   709 PM CDT


-  INDICATES NEGATIVE NUMBERS.
R  INDICATES RECORD WAS SET OR TIED.
MM INDICATES DATA IS MISSING.
T  INDICATES TRACE AMOUNT.




$$
