000
CDUS45 KCYS 250744
CLIRWL


CLIMATE REPORT
NATIONAL WEATHER SERVICE CHEYENNE WY
1244 AM MST SUN JAN 25 2015


...................................

...THE RAWLINS WY AIRPORT CLIMATE SUMMARY FOR JANUARY 24 2015...

CLIMATE NORMAL PERIOD 1981 TO 2010
CLIMATE RECORD PERIOD 1951 TO 2015


WEATHER ITEM   OBSERVED TIME   RECORD YEAR NORMAL DEPARTURE LAST
                VALUE   (LST)  VALUE       VALUE  FROM      YEAR
                                                  NORMAL
..................................................................
TEMPERATURE (F)
 YESTERDAY
  MAXIMUM         34    300 PM  47    1970  31      3       36
                                      1968
                                      1959
  MINIMUM         20   1211 AM -15    1978  12      8       17
  AVERAGE         27                        21      6       27

PRECIPITATION (IN)
  YESTERDAY        0.00          0.20 2009   0.01  -0.01     0.00
  MONTH TO DATE    0.11                      0.29  -0.18     0.09
  SINCE JAN 1      0.11                      0.29  -0.18     0.09

DEGREE DAYS
 HEATING
  YESTERDAY       38                        44     -6       38
  MONTH TO DATE  958                      1034    -76      978
  SINCE DEC 1   2200                      2382   -182     2383
  SINCE JUL 1   4091                      4488   -397     4367

 COOLING
  YESTERDAY        0                         0      0        0
  MONTH TO DATE    0                         0      0        0
  SINCE DEC 1      0                         0      0        0
  SINCE JAN 1      0                         0      0        0
..................................................................


WIND (MPH)
  HIGHEST WIND SPEED    36   HIGHEST WIND DIRECTION     W (250)
  HIGHEST GUST SPEED    45   HIGHEST GUST DIRECTION     W (250)
  AVERAGE WIND SPEED    18.3


SKY COVER
  AVERAGE SKY COVER 0.4


WEATHER CONDITIONS
 THE FOLLOWING WEATHER WAS RECORDED YESTERDAY.
  NO SIGNIFICANT WEATHER WAS OBSERVED.


RELATIVE HUMIDITY (PERCENT)
 HIGHEST    85          1100 PM
 LOWEST     51           100 PM
 AVERAGE    68

..........................................................


THE RAWLINS WY AIRPORT CLIMATE NORMALS FOR TODAY
                         NORMAL    RECORD    YEAR
 MAXIMUM TEMPERATURE (F)   31        47      1953
 MINIMUM TEMPERATURE (F)   12       -14      1991


SUNRISE AND SUNSET
JANUARY 25 2015.......SUNRISE   728 AM MST   SUNSET   515 PM MST
JANUARY 26 2015.......SUNRISE   727 AM MST   SUNSET   516 PM MST


-  INDICATES NEGATIVE NUMBERS.
R  INDICATES RECORD WAS SET OR TIED.
MM INDICATES DATA IS MISSING.
T  INDICATES TRACE AMOUNT.




$$
