000
CDUS45 KCYS 250728
CLIRWL


CLIMATE REPORT
NATIONAL WEATHER SERVICE CHEYENNE WY
127 AM MDT SUN SEP 25 2016


...................................

...THE RAWLINS WY AIRPORT CLIMATE SUMMARY FOR SEPTEMBER 24 2016...

CLIMATE NORMAL PERIOD 1981 TO 2010
CLIMATE RECORD PERIOD 1951 TO 2016


WEATHER ITEM   OBSERVED TIME   RECORD YEAR NORMAL DEPARTURE LAST
                VALUE   (LST)  VALUE       VALUE  FROM      YEAR
                                                  NORMAL
..................................................................
TEMPERATURE (F)
 YESTERDAY
  MAXIMUM         46    251 PM  82    2001  67    -21       80
  MINIMUM         37    536 AM  21    2000  37      0       37
                                      1965
  AVERAGE         42                        52    -10       59

PRECIPITATION (IN)
  YESTERDAY        0.04          0.27 1986   0.03   0.01     0.00
  MONTH TO DATE    0.63                      0.77  -0.14     0.64
  SINCE JAN 1      6.77                      7.32  -0.55     8.94

DEGREE DAYS
 HEATING
  YESTERDAY       23                        13     10        6
  MONTH TO DATE  201                       204     -3      114
  SINCE SEP 1    201                       204     -3      114
  SINCE JUL 1    292                       297     -5      197

 COOLING
  YESTERDAY        0                         0      0        0
  MONTH TO DATE   15                         2     13       10
  SINCE SEP 1     15                         2     13       10
  SINCE JAN 1    235                       183     52      213
..................................................................


WIND (MPH)
  HIGHEST WIND SPEED    24   HIGHEST WIND DIRECTION     W (250)
  HIGHEST GUST SPEED    31   HIGHEST GUST DIRECTION    SW (240)
  AVERAGE WIND SPEED    11.7


SKY COVER
  AVERAGE SKY COVER 1.0


WEATHER CONDITIONS
 THE FOLLOWING WEATHER WAS RECORDED YESTERDAY.
  LIGHT RAIN
  FOG


RELATIVE HUMIDITY (PERCENT)
 HIGHEST    92           400 AM
 LOWEST     70           300 PM
 AVERAGE    81

..........................................................


THE RAWLINS WY AIRPORT CLIMATE NORMALS FOR TODAY
                         NORMAL    RECORD    YEAR
 MAXIMUM TEMPERATURE (F)   66        82      2015
                                             2014
                                             2001
 MINIMUM TEMPERATURE (F)   37        18      2000


SUNRISE AND SUNSET
SEPTEMBER 25 2016.....SUNRISE   700 AM MDT   SUNSET   700 PM MDT
SEPTEMBER 26 2016.....SUNRISE   701 AM MDT   SUNSET   658 PM MDT


-  INDICATES NEGATIVE NUMBERS.
R  INDICATES RECORD WAS SET OR TIED.
MM INDICATES DATA IS MISSING.
T  INDICATES TRACE AMOUNT.




$$
