000
CDUS45 KCYS 230407
CLIRWL


CLIMATE REPORT
NATIONAL WEATHER SERVICE CHEYENNE WY
1006 PM MDT FRI AUG 22 2014


...................................

...THE RAWLINS WY AIRPORT CLIMATE SUMMARY FOR AUGUST 22 2014...
VALID TODAY AS OF 0900 PM LOCAL TIME.

CLIMATE NORMAL PERIOD 1981 TO 2010
CLIMATE RECORD PERIOD 1951 TO 2014


WEATHER ITEM   OBSERVED TIME   RECORD YEAR NORMAL DEPARTURE LAST
                VALUE   (LST)  VALUE       VALUE  FROM      YEAR
                                                  NORMAL
..................................................................
TEMPERATURE (F)
 TODAY
  MAXIMUM         76    239 PM  92    2009  80     -4       83
  MINIMUM         43    320 AM  34    1966  48     -5       51
  AVERAGE         60                        64     -4       67

PRECIPITATION (IN)
  TODAY            0.00          0.08 1995   0.03  -0.03     0.03
  MONTH TO DATE    0.43                      0.55  -0.12     0.45
  SINCE JAN 1      3.74                      6.34  -2.60     3.66

DEGREE DAYS
 HEATING
  TODAY            5                         2      3        0
  MONTH TO DATE   26                        30     -4        7
  SINCE JUN 1    224                       255    -31      108
  SINCE JUL 1     52                        65    -13        7

 COOLING
  TODAY            0                         1     -1        2
  MONTH TO DATE   32                        55    -23       86
  SINCE JUN 1    207                       172     35      285
  SINCE JAN 1    209                       172     37      286
..................................................................


WIND (MPH)
  HIGHEST WIND SPEED    24   HIGHEST WIND DIRECTION     S (170)
  HIGHEST GUST SPEED    31   HIGHEST GUST DIRECTION     S (170)
  AVERAGE WIND SPEED     7.6


SKY COVER
  AVERAGE SKY COVER 0.2


WEATHER CONDITIONS
 THE FOLLOWING WEATHER WAS RECORDED TODAY.
  NO SIGNIFICANT WEATHER WAS OBSERVED.


RELATIVE HUMIDITY (PERCENT)
 HIGHEST    92           300 AM
 LOWEST     29           100 PM
 AVERAGE    61

..........................................................


THE RAWLINS WY AIRPORT CLIMATE NORMALS FOR TOMORROW
                         NORMAL    RECORD    YEAR
 MAXIMUM TEMPERATURE (F)   80        91      2011
 MINIMUM TEMPERATURE (F)   48        35      1988


SUNRISE AND SUNSET
AUGUST 22 2014........SUNRISE   624 AM MDT   SUNSET   758 PM MDT
AUGUST 23 2014........SUNRISE   625 AM MDT   SUNSET   757 PM MDT


-  INDICATES NEGATIVE NUMBERS.
R  INDICATES RECORD WAS SET OR TIED.
MM INDICATES DATA IS MISSING.
T  INDICATES TRACE AMOUNT.




$$
