000
CDUS45 KCYS 290345
CLIRWL


CLIMATE REPORT
NATIONAL WEATHER SERVICE CHEYENNE WY
945 PM MDT FRI AUG 28 2015


...................................

...THE RAWLINS WY AIRPORT CLIMATE SUMMARY FOR AUGUST 28 2015...
VALID TODAY AS OF 0900 PM LOCAL TIME.

CLIMATE NORMAL PERIOD 1981 TO 2010
CLIMATE RECORD PERIOD 1951 TO 2015


WEATHER ITEM   OBSERVED TIME   RECORD YEAR NORMAL DEPARTURE LAST
                VALUE   (LST)  VALUE       VALUE  FROM      YEAR
                                                  NORMAL
..................................................................
TEMPERATURE (F)
 TODAY
  MAXIMUM         80    407 PM  90    2012  79      1       75
                                      1996
  MINIMUM         44    603 AM  35    2004  46     -2       51
  AVERAGE         62                        62      0       63

PRECIPITATION (IN)
  TODAY            0.00          0.15 1964   0.02  -0.02     0.02
  MONTH TO DATE    0.48                      0.68  -0.20     0.95
  SINCE JAN 1      8.30                      6.47   1.83     4.26

DEGREE DAYS
 HEATING
  TODAY            3                         3      0        2
  MONTH TO DATE   45                        47     -2       64
  SINCE JUN 1    148                       272   -124      262
  SINCE JUL 1     82                        82      0       90

 COOLING
  TODAY            0                         1     -1        0
  MONTH TO DATE   70                        61      9       32
  SINCE JUN 1    192                       178     14      207
  SINCE JAN 1    192                       178     14      209
..................................................................


WIND (MPH)
  HIGHEST WIND SPEED    16   HIGHEST WIND DIRECTION     W (260)
  HIGHEST GUST SPEED    23   HIGHEST GUST DIRECTION     W (260)
  AVERAGE WIND SPEED     5.5


SKY COVER
  AVERAGE SKY COVER 0.0


WEATHER CONDITIONS
 THE FOLLOWING WEATHER WAS RECORDED TODAY.
  FOG
  HAZE


RELATIVE HUMIDITY (PERCENT)
 HIGHEST    86           400 AM
 LOWEST     17           300 PM
 AVERAGE    52

..........................................................


THE RAWLINS WY AIRPORT CLIMATE NORMALS FOR TOMORROW
                         NORMAL    RECORD    YEAR
 MAXIMUM TEMPERATURE (F)   78        90      1998
 MINIMUM TEMPERATURE (F)   46        36      1964


SUNRISE AND SUNSET
AUGUST 28 2015........SUNRISE   630 AM MDT   SUNSET   749 PM MDT
AUGUST 29 2015........SUNRISE   631 AM MDT   SUNSET   747 PM MDT


-  INDICATES NEGATIVE NUMBERS.
R  INDICATES RECORD WAS SET OR TIED.
MM INDICATES DATA IS MISSING.
T  INDICATES TRACE AMOUNT.




$$
