000
CDUS45 KPIH 300730
CLIRXE


CLIMATE REPORT
NATIONAL WEATHER SERVICE POCATELLO ID
129 AM MDT THU MAR 30 2017


...................................

...THE REXBURG ID CLIMATE SUMMARY FOR MARCH 29 2017...

CLIMATE NORMAL PERIOD 1981 TO 2010
CLIMATE RECORD PERIOD 1998 TO 2017


WEATHER ITEM   OBSERVED TIME   RECORD YEAR NORMAL DEPARTURE LAST
                VALUE   (LST)  VALUE       VALUE  FROM      YEAR
                                                  NORMAL
..................................................................
TEMPERATURE (F)
 YESTERDAY
  MAXIMUM         50    717 PM  60    2015  50      0       48
  MINIMUM         33    635 AM  14    2008  29      4       36
  AVERAGE         42                        39      3       42

PRECIPITATION (IN)
  YESTERDAY        0.02         MM      MM   0.04  -0.02      T
  MONTH TO DATE    0.64                      0.96  -0.32     0.93
  SINCE OCT 1      8.66                      5.74   2.92     5.87
  SINCE JAN 1      2.90                      2.53   0.37     2.71

SNOWFALL (IN)
  YESTERDAY       MM
  MONTH TO DATE   MM
  SINCE MAR 1     MM
  SINCE JUL 1     MM
  SNOW DEPTH      MM

DEGREE DAYS
 HEATING
  YESTERDAY       23                        26     -3       23
  MONTH TO DATE  698                       906   -208      815
  SINCE MAR 1    698                       906   -208      815
  SINCE JUL 1   6493                      6879   -386     6392

 COOLING
  YESTERDAY        0                         0      0        0
  MONTH TO DATE    0                         0      0        0
  SINCE MAR 1      0                         0      0        0
  SINCE JAN 1      0                         0      0        0
..................................................................


WIND (MPH)
  HIGHEST WIND SPEED    22   HIGHEST WIND DIRECTION    SW (230)
  HIGHEST GUST SPEED    28   HIGHEST GUST DIRECTION    SW (240)
  AVERAGE WIND SPEED    10.0


SKY COVER
  POSSIBLE SUNSHINE  MM
  AVERAGE SKY COVER 0.6


WEATHER CONDITIONS
 THE FOLLOWING WEATHER WAS RECORDED YESTERDAY.
  LIGHT RAIN


RELATIVE HUMIDITY (PERCENT)
 HIGHEST    82           700 AM
 LOWEST     50           100 PM
 AVERAGE    66

..........................................................


THE REXBURG ID CLIMATE NORMALS FOR TODAY
                         NORMAL    RECORD    YEAR
 MAXIMUM TEMPERATURE (F)   51        70      2004
 MINIMUM TEMPERATURE (F)   29        13      2008


SUNRISE AND SUNSET
MARCH 30 2017.........SUNRISE   712 AM MDT   SUNSET   752 PM MDT
MARCH 31 2017.........SUNRISE   710 AM MDT   SUNSET   753 PM MDT


-  INDICATES NEGATIVE NUMBERS.
R  INDICATES RECORD WAS SET OR TIED.
MM INDICATES DATA IS MISSING.
T  INDICATES TRACE AMOUNT.




$$
