000
CDUS45 KPIH 272340
CLIRXE


CLIMATE REPORT
NATIONAL WEATHER SERVICE POCATELLO ID
438 PM MST THU NOV 27 2014


...................................

...THE REXBURG ID CLIMATE SUMMARY FOR NOVEMBER 27 2014...
VALID TODAY AS OF 0400 PM LOCAL TIME.

CLIMATE NORMAL PERIOD 1981 TO 2010
CLIMATE RECORD PERIOD 1998 TO 2014


WEATHER ITEM   OBSERVED TIME   RECORD YEAR NORMAL DEPARTURE LAST
                VALUE   (LST)  VALUE       VALUE  FROM      YEAR
                                                  NORMAL
..................................................................
TEMPERATURE (F)
 TODAY
  MAXIMUM         56R   230 PM  48    2013  34     22       48
  MINIMUM         32    612 AM   8    2001  16     16       20
  AVERAGE         44                        25     19       34

PRECIPITATION (IN)
  TODAY            0.00         MM      MM   0.03  -0.03     0.00
  MONTH TO DATE    0.87                      0.96  -0.09     0.31
  SINCE OCT 1      0.93                      2.07  -1.14     1.22
  SINCE JAN 1     15.03                     11.95   3.08     7.66

SNOWFALL (IN)
  TODAY           MM
  MONTH TO DATE   MM
  SINCE SEP 1     MM
  SINCE JUL 1     MM
  SNOW DEPTH      MM

DEGREE DAYS
 HEATING
  TODAY           21                        40    -19       31
  MONTH TO DATE  973                       903     70      825
  SINCE SEP 1   1656                      1817   -161     1666
  SINCE JUL 1   1730                      1890   -160     1666

 COOLING
  TODAY            0                         0      0        0
  MONTH TO DATE    0                         0      0        0
  SINCE SEP 1     12                         6      6       39
  SINCE JAN 1    234                       208     26      452
..................................................................


WIND (MPH)
  HIGHEST WIND SPEED    20   HIGHEST WIND DIRECTION    SW (210)
  HIGHEST GUST SPEED    29   HIGHEST GUST DIRECTION    SW (220)
  AVERAGE WIND SPEED     4.9


SKY COVER
  POSSIBLE SUNSHINE  MM
  AVERAGE SKY COVER 0.3


WEATHER CONDITIONS
 THE FOLLOWING WEATHER WAS RECORDED TODAY.
  NO SIGNIFICANT WEATHER WAS OBSERVED.


RELATIVE HUMIDITY (PERCENT)
 HIGHEST    89           400 AM
 LOWEST     41           400 PM
 AVERAGE    65

..........................................................


THE REXBURG ID CLIMATE NORMALS FOR TOMORROW
                         NORMAL    RECORD    YEAR
 MAXIMUM TEMPERATURE (F)   33        50      1999
 MINIMUM TEMPERATURE (F)   16         2      2000


SUNRISE AND SUNSET
NOVEMBER 27 2014......SUNRISE   737 AM MST   SUNSET   453 PM MST
NOVEMBER 28 2014......SUNRISE   738 AM MST   SUNSET   452 PM MST


-  INDICATES NEGATIVE NUMBERS.
R  INDICATES RECORD WAS SET OR TIED.
MM INDICATES DATA IS MISSING.
T  INDICATES TRACE AMOUNT.




$$
