000
CDUS45 KPIH 200742
CLIRXE


CLIMATE REPORT
NATIONAL WEATHER SERVICE POCATELLO ID
139 AM MDT WED AUG 20 2014


...................................

...THE REXBURG ID CLIMATE SUMMARY FOR AUGUST 19 2014...

CLIMATE NORMAL PERIOD 1981 TO 2010
CLIMATE RECORD PERIOD 1998 TO 2014


WEATHER ITEM   OBSERVED TIME   RECORD YEAR NORMAL DEPARTURE LAST
                VALUE   (LST)  VALUE       VALUE  FROM      YEAR
                                                  NORMAL
..................................................................
TEMPERATURE (F)
 YESTERDAY
  MAXIMUM         81    236 PM  91    2013  84     -3       91
  MINIMUM         48    435 AM  37    2002  49     -1       52
  AVERAGE         65                        66     -1       72

PRECIPITATION (IN)
  YESTERDAY        0.55         MM      MM   0.03   0.52     0.00
  MONTH TO DATE    2.40                      0.53   1.87      T
  SINCE OCT 1     11.35                     11.70  -0.35     8.51
  SINCE JAN 1      9.49                      8.49   1.00     5.12

SNOWFALL (IN)
  YESTERDAY       MM
  MONTH TO DATE   MM
  SINCE JUN 1     MM
  SINCE JUL 1     MM
  SNOW DEPTH      MM

DEGREE DAYS
 HEATING
  YESTERDAY        0                         1     -1        0
  MONTH TO DATE    1                        12    -11        0
  SINCE JUN 1    164                       214    -50      117
  SINCE JUL 1      9                        42    -33        0

 COOLING
  YESTERDAY        0                         2     -2        7
  MONTH TO DATE   55                        68    -13      101
  SINCE JUN 1    221                       178     43      353
  SINCE JAN 1    221                       182     39      355
..................................................................


WIND (MPH)
  HIGHEST WIND SPEED    29   HIGHEST WIND DIRECTION     W (270)
  HIGHEST GUST SPEED    40   HIGHEST GUST DIRECTION     W (270)
  AVERAGE WIND SPEED     6.9


SKY COVER
  POSSIBLE SUNSHINE  MM
  AVERAGE SKY COVER 0.1


WEATHER CONDITIONS
 THE FOLLOWING WEATHER WAS RECORDED YESTERDAY.
  THUNDERSTORM
  HEAVY RAIN
  RAIN
  LIGHT RAIN


RELATIVE HUMIDITY (PERCENT)
 HIGHEST    86           300 AM
 LOWEST     30           300 PM
 AVERAGE    58

..........................................................


THE REXBURG ID CLIMATE NORMALS FOR TODAY
                         NORMAL    RECORD    YEAR
 MAXIMUM TEMPERATURE (F)   83        92      2013
 MINIMUM TEMPERATURE (F)   48        44      2006


SUNRISE AND SUNSET
AUGUST 20 2014........SUNRISE   637 AM MDT   SUNSET   823 PM MDT
AUGUST 21 2014........SUNRISE   638 AM MDT   SUNSET   822 PM MDT


-  INDICATES NEGATIVE NUMBERS.
R  INDICATES RECORD WAS SET OR TIED.
MM INDICATES DATA IS MISSING.
T  INDICATES TRACE AMOUNT.




$$
