000
CDUS45 KPIH 290730
CLIRXE


CLIMATE REPORT
NATIONAL WEATHER SERVICE POCATELLO ID
130 AM MDT SUN MAR 29 2015


...................................

...THE REXBURG ID CLIMATE SUMMARY FOR MARCH 28 2015...

CLIMATE NORMAL PERIOD 1981 TO 2010
CLIMATE RECORD PERIOD 1998 TO 2015


WEATHER ITEM   OBSERVED TIME   RECORD YEAR NORMAL DEPARTURE LAST
                VALUE   (LST)  VALUE       VALUE  FROM      YEAR
                                                  NORMAL
..................................................................
TEMPERATURE (F)
 YESTERDAY
  MAXIMUM         63R   152 PM  58    2013  50     13       49
  MINIMUM         34    703 AM   7    2008  28      6       29
  AVERAGE         49                        39     10       39

PRECIPITATION (IN)
  YESTERDAY        0.00         MM      MM   0.05  -0.05     0.00
  MONTH TO DATE    0.25                      0.92  -0.67     0.53
  SINCE OCT 1      4.03                      5.70  -1.67     3.79
  SINCE JAN 1      1.26                      2.49  -1.23     1.93

SNOWFALL (IN)
  YESTERDAY       MM
  MONTH TO DATE   MM
  SINCE MAR 1     MM
  SINCE JUL 1     MM
  SNOW DEPTH      MM

DEGREE DAYS
 HEATING
  YESTERDAY       16                        26    -10       26
  MONTH TO DATE  682                       880   -198      780
  SINCE MAR 1    682                       880   -198      780
  SINCE JUL 1   5766                      6853  -1087     6595

 COOLING
  YESTERDAY        0                         0      0        0
  MONTH TO DATE    0                         0      0        0
  SINCE MAR 1      0                         0      0        0
  SINCE JAN 1      0                         0      0        0
..................................................................


WIND (MPH)
  HIGHEST WIND SPEED    46   HIGHEST WIND DIRECTION    SW (230)
  HIGHEST GUST SPEED    60   HIGHEST GUST DIRECTION    SW (230)
  AVERAGE WIND SPEED    15.9


SKY COVER
  POSSIBLE SUNSHINE  MM
  AVERAGE SKY COVER 0.2


WEATHER CONDITIONS
 THE FOLLOWING WEATHER WAS RECORDED YESTERDAY.
  HAZE


RELATIVE HUMIDITY (PERCENT)
 HIGHEST    89           700 AM
 LOWEST     21           900 PM
 AVERAGE    55

..........................................................


THE REXBURG ID CLIMATE NORMALS FOR TODAY
                         NORMAL    RECORD    YEAR
 MAXIMUM TEMPERATURE (F)   50        59      2013
 MINIMUM TEMPERATURE (F)   29        14      2008


SUNRISE AND SUNSET
MARCH 29 2015.........SUNRISE   714 AM MDT   SUNSET   750 PM MDT
MARCH 30 2015.........SUNRISE   713 AM MDT   SUNSET   752 PM MDT


-  INDICATES NEGATIVE NUMBERS.
R  INDICATES RECORD WAS SET OR TIED.
MM INDICATES DATA IS MISSING.
T  INDICATES TRACE AMOUNT.




$$
