000
CDUS45 KPIH 010731
CLIRXE


CLIMATE REPORT
NATIONAL WEATHER SERVICE POCATELLO ID
129 AM MDT WED OCT 1 2014


...................................

...THE REXBURG ID CLIMATE SUMMARY FOR SEPTEMBER 30 2014...

CLIMATE NORMAL PERIOD 1981 TO 2010
CLIMATE RECORD PERIOD 1998 TO 2014


WEATHER ITEM   OBSERVED TIME   RECORD YEAR NORMAL DEPARTURE LAST
                VALUE   (LST)  VALUE       VALUE  FROM      YEAR
                                                  NORMAL
..................................................................
TEMPERATURE (F)
 YESTERDAY
  MAXIMUM         57    305 PM  84    2011  65     -8       67
  MINIMUM         43   1159 PM  30    1999  35      8       43
  AVERAGE         50                        50      0       55

PRECIPITATION (IN)
  YESTERDAY        0.35         MM      MM   0.03   0.32     0.01
  MONTH TO DATE    2.83                      0.96   1.87     1.16
  SINCE OCT 1     15.96                     13.09   2.87     9.83
  SINCE JAN 1     14.10                      9.88   4.22     6.44

SNOWFALL (IN)
  YESTERDAY       MM
  MONTH TO DATE   MM
  SINCE SEP 1     MM
  SINCE JUL 1     MM
  SNOW DEPTH      MM

DEGREE DAYS
 HEATING
  YESTERDAY       15                        15      0       10
  MONTH TO DATE  198                       285    -87      147
  SINCE SEP 1    198                       285    -87      147
  SINCE JUL 1    272                       358    -86      147

 COOLING
  YESTERDAY        0                         0      0        0
  MONTH TO DATE   12                         6      6       39
  SINCE SEP 1     12                         6      6       39
  SINCE JAN 1    234                       208     26      452
..................................................................


WIND (MPH)
  HIGHEST WIND SPEED    23   HIGHEST WIND DIRECTION    SW (230)
  HIGHEST GUST SPEED    29   HIGHEST GUST DIRECTION    SW (210)
  AVERAGE WIND SPEED     9.5


SKY COVER
  POSSIBLE SUNSHINE  MM
  AVERAGE SKY COVER 0.9


WEATHER CONDITIONS
 THE FOLLOWING WEATHER WAS RECORDED YESTERDAY.
  THUNDERSTORM
  HEAVY RAIN
  RAIN
  LIGHT RAIN
  FOG


RELATIVE HUMIDITY (PERCENT)
 HIGHEST    93           200 AM
 LOWEST     63           600 PM
 AVERAGE    78

..........................................................


THE REXBURG ID CLIMATE NORMALS FOR TODAY
                         NORMAL    RECORD    YEAR
 MAXIMUM TEMPERATURE (F)   65        83      2011
                                             2010
 MINIMUM TEMPERATURE (F)   35        28      2002


SUNRISE AND SUNSET
OCTOBER  1 2014.......SUNRISE   725 AM MDT   SUNSET   708 PM MDT
OCTOBER  2 2014.......SUNRISE   726 AM MDT   SUNSET   706 PM MDT


-  INDICATES NEGATIVE NUMBERS.
R  INDICATES RECORD WAS SET OR TIED.
MM INDICATES DATA IS MISSING.
T  INDICATES TRACE AMOUNT.




$$
