000
CDUS45 KPIH 170739
CLIRXE


CLIMATE REPORT
NATIONAL WEATHER SERVICE POCATELLO ID
1234 AM MST FRI NOV 17 2017


...................................

...THE REXBURG ID CLIMATE SUMMARY FOR NOVEMBER 16 2017...

CLIMATE NORMAL PERIOD 1981 TO 2010
CLIMATE RECORD PERIOD 1998 TO 2017


WEATHER ITEM   OBSERVED TIME   RECORD YEAR NORMAL DEPARTURE LAST
                VALUE   (LST)  VALUE       VALUE  FROM      YEAR
                                                  NORMAL
..................................................................
TEMPERATURE (F)
 YESTERDAY
  MAXIMUM         46    610 AM  62    1999  40      6       51
  MINIMUM         37   1159 PM -12    2014  21     16       31
  AVERAGE         42                        30     12       41

PRECIPITATION (IN)
  YESTERDAY        0.27         MM      MM   0.03   0.24     0.01
  MONTH TO DATE    0.61                      0.61   0.00     0.01
  SINCE OCT 1      1.04                      1.72  -0.68     3.40
  SINCE JAN 1     11.40                     11.60  -0.20    11.13

SNOWFALL (IN)
  YESTERDAY       MM
  MONTH TO DATE   MM
  SINCE SEP 1     MM
  SINCE JUL 1     MM
  SNOW DEPTH      MM

DEGREE DAYS
 HEATING
  YESTERDAY       23                        35    -12       24
  MONTH TO DATE  437                       489    -52      332
  SINCE SEP 1   1452                      1403     49     1139
  SINCE JUL 1   1465                      1476    -11     1203

 COOLING
  YESTERDAY        0                         0      0        0
  MONTH TO DATE    0                         0      0        0
  SINCE SEP 1     38                         6     32       14
  SINCE JAN 1    347                       208    139      261
..................................................................


WIND (MPH)
  HIGHEST WIND SPEED    26   HIGHEST WIND DIRECTION     S (180)
  HIGHEST GUST SPEED    36   HIGHEST GUST DIRECTION     S (180)
  AVERAGE WIND SPEED    14.3


SKY COVER
  POSSIBLE SUNSHINE  MM
  AVERAGE SKY COVER 1.0


WEATHER CONDITIONS
 THE FOLLOWING WEATHER WAS RECORDED YESTERDAY.
  LIGHT RAIN
  FOG


RELATIVE HUMIDITY (PERCENT)
 HIGHEST   100           500 PM
 LOWEST     65           600 AM
 AVERAGE    83

..........................................................


THE REXBURG ID CLIMATE NORMALS FOR TODAY
                         NORMAL    RECORD    YEAR
 MAXIMUM TEMPERATURE (F)   40        58      1999
 MINIMUM TEMPERATURE (F)   20        -1      2014


SUNRISE AND SUNSET
NOVEMBER 17 2017......SUNRISE   725 AM MST   SUNSET   459 PM MST
NOVEMBER 18 2017......SUNRISE   726 AM MST   SUNSET   458 PM MST


-  INDICATES NEGATIVE NUMBERS.
R  INDICATES RECORD WAS SET OR TIED.
MM INDICATES DATA IS MISSING.
T  INDICATES TRACE AMOUNT.




$$
