000
CDUS45 KPIH 010733
CLIRXE


CLIMATE REPORT
NATIONAL WEATHER SERVICE POCATELLO ID
1232 AM MST SUN MAR 1 2015


...................................

...THE REXBURG ID CLIMATE SUMMARY FOR FEBRUARY 28 2015...

CLIMATE NORMAL PERIOD 1981 TO 2010
CLIMATE RECORD PERIOD 1998 TO 2015


WEATHER ITEM   OBSERVED TIME   RECORD YEAR NORMAL DEPARTURE LAST
                VALUE   (LST)  VALUE       VALUE  FROM      YEAR
                                                  NORMAL
..................................................................
TEMPERATURE (F)
 YESTERDAY
  MAXIMUM         41    355 PM  48    2014  37      4       48
  MINIMUM         15    711 AM  -3    2001  17     -2       34
  AVERAGE         28                        27      1       41

PRECIPITATION (IN)
  YESTERDAY        0.00         MM      MM   0.03  -0.03     0.03
  MONTH TO DATE    0.29                      0.83  -0.54     0.54
  SINCE OCT 1      3.78                      4.78  -1.00     3.26
  SINCE JAN 1      1.01                      1.57  -0.56     1.40

SNOWFALL (IN)
  YESTERDAY       MM
  MONTH TO DATE   MM
  SINCE DEC 1     MM
  SINCE JUL 1     MM
  SNOW DEPTH      MM

DEGREE DAYS
 HEATING
  YESTERDAY       37                        38     -1       24
  MONTH TO DATE  863                      1196   -333     1085
  SINCE DEC 1   3274                      3961   -687     4052
  SINCE JUL 1   5084                      5973   -889     5815

 COOLING
  YESTERDAY        0                         0      0        0
  MONTH TO DATE    0                         0      0        0
  SINCE DEC 1      0                         0      0        0
  SINCE JAN 1      0                         0      0        0
..................................................................


WIND (MPH)
  HIGHEST WIND SPEED    21   HIGHEST WIND DIRECTION    NE (60)
  HIGHEST GUST SPEED    27   HIGHEST GUST DIRECTION    NE (50)
  AVERAGE WIND SPEED    11.2


SKY COVER
  POSSIBLE SUNSHINE  MM
  AVERAGE SKY COVER 0.0


WEATHER CONDITIONS
 THE FOLLOWING WEATHER WAS RECORDED YESTERDAY.
  HAZE


RELATIVE HUMIDITY (PERCENT)
 HIGHEST    74           200 AM
 LOWEST     23           400 PM
 AVERAGE    49

..........................................................


THE REXBURG ID CLIMATE NORMALS FOR TODAY
                         NORMAL    RECORD    YEAR
 MAXIMUM TEMPERATURE (F)   38        43      2000
 MINIMUM TEMPERATURE (F)   17        -1      2002


SUNRISE AND SUNSET
MARCH  1 2015.........SUNRISE   704 AM MST   SUNSET   616 PM MST
MARCH  2 2015.........SUNRISE   703 AM MST   SUNSET   617 PM MST


-  INDICATES NEGATIVE NUMBERS.
R  INDICATES RECORD WAS SET OR TIED.
MM INDICATES DATA IS MISSING.
T  INDICATES TRACE AMOUNT.




$$
