000
CDUS45 KPIH 280737
CLIRXE


CLIMATE REPORT
NATIONAL WEATHER SERVICE POCATELLO ID
134 AM MDT SUN AUG 28 2016


...................................

...THE REXBURG ID CLIMATE SUMMARY FOR AUGUST 27 2016...

CLIMATE NORMAL PERIOD 1981 TO 2010
CLIMATE RECORD PERIOD 1998 TO 2016


WEATHER ITEM   OBSERVED TIME   RECORD YEAR NORMAL DEPARTURE LAST
                VALUE   (LST)  VALUE       VALUE  FROM      YEAR
                                                  NORMAL
..................................................................
TEMPERATURE (F)
 YESTERDAY
  MAXIMUM         83    348 PM  91    2011  81      2       81
                                      2001
  MINIMUM         42    618 AM  38    2004  46     -4       49
  AVERAGE         63                        63      0       65

PRECIPITATION (IN)
  YESTERDAY        0.00         MM      MM   0.04  -0.04      T
  MONTH TO DATE    0.04                      0.80  -0.76     0.53
  SINCE OCT 1      9.11                     11.97  -2.86     9.89
  SINCE JAN 1      5.95                      8.76  -2.81     7.12

SNOWFALL (IN)
  YESTERDAY       MM
  MONTH TO DATE   MM
  SINCE JUN 1     MM
  SINCE JUL 1     MM
  SNOW DEPTH      MM

DEGREE DAYS
 HEATING
  YESTERDAY        2                         3     -1        0
  MONTH TO DATE   30                        28      2       26
  SINCE JUN 1    134                       230    -96      110
  SINCE JUL 1     64                        58      6       70

 COOLING
  YESTERDAY        0                         1     -1        0
  MONTH TO DATE   63                        81    -18       89
  SINCE JUN 1    235                       191     44      274
  SINCE JAN 1    235                       195     40      274
..................................................................


WIND (MPH)
  HIGHEST WIND SPEED    21   HIGHEST WIND DIRECTION    SW (220)
  HIGHEST GUST SPEED    27   HIGHEST GUST DIRECTION    SW (220)
  AVERAGE WIND SPEED    10.2


SKY COVER
  POSSIBLE SUNSHINE  MM
  AVERAGE SKY COVER 0.0


WEATHER CONDITIONS
 THE FOLLOWING WEATHER WAS RECORDED YESTERDAY.
  NO SIGNIFICANT WEATHER WAS OBSERVED.


RELATIVE HUMIDITY (PERCENT)
 HIGHEST    70           500 AM
 LOWEST     13           400 PM
 AVERAGE    42

..........................................................


THE REXBURG ID CLIMATE NORMALS FOR TODAY
                         NORMAL    RECORD    YEAR
 MAXIMUM TEMPERATURE (F)   80        93      2012
 MINIMUM TEMPERATURE (F)   46        39      2004


SUNRISE AND SUNSET
AUGUST 28 2016........SUNRISE   647 AM MDT   SUNSET   809 PM MDT
AUGUST 29 2016........SUNRISE   648 AM MDT   SUNSET   807 PM MDT


-  INDICATES NEGATIVE NUMBERS.
R  INDICATES RECORD WAS SET OR TIED.
MM INDICATES DATA IS MISSING.
T  INDICATES TRACE AMOUNT.




$$
