000
CDUS45 KPIH 200730
CLIRXE


CLIMATE REPORT
NATIONAL WEATHER SERVICE POCATELLO ID
1229 AM MST SAT JAN 20 2018


...................................

...THE REXBURG ID CLIMATE SUMMARY FOR JANUARY 19 2018...

CLIMATE NORMAL PERIOD 1981 TO 2010
CLIMATE RECORD PERIOD 1998 TO 2018


WEATHER ITEM   OBSERVED TIME   RECORD YEAR NORMAL DEPARTURE LAST
                VALUE   (LST)  VALUE       VALUE  FROM      YEAR
                                                  NORMAL
..................................................................
TEMPERATURE (F)
 YESTERDAY
  MAXIMUM         43R  1222 AM  38    2010  29     14       32
  MINIMUM         29   1159 PM  -9    2013  11     18       20
  AVERAGE         36                        20     16       26

PRECIPITATION (IN)
  YESTERDAY        0.02         MM      MM   0.02   0.00     0.29
  MONTH TO DATE    1.11                      0.52   0.59     0.81
  SINCE OCT 1      3.21                      3.73  -0.52     6.57
  SINCE JAN 1      1.11                      0.52   0.59     0.81

SNOWFALL (IN)
  YESTERDAY       MM
  MONTH TO DATE   MM
  SINCE DEC 1     MM
  SINCE JUL 1     MM
  SNOW DEPTH      MM

DEGREE DAYS
 HEATING
  YESTERDAY       29                        45    -16       39
  MONTH TO DATE  728                       855   -127     1027
  SINCE DEC 1   2078                      2225   -147     2577
  SINCE JUL 1   3957                      4237   -280     4224

 COOLING
  YESTERDAY        0                         0      0        0
  MONTH TO DATE    0                         0      0        0
  SINCE DEC 1      0                         0      0        0
  SINCE JAN 1      0                         0      0        0
..................................................................


WIND (MPH)
  HIGHEST WIND SPEED    25   HIGHEST WIND DIRECTION    SW (220)
  HIGHEST GUST SPEED    35   HIGHEST GUST DIRECTION    SW (220)
  AVERAGE WIND SPEED    13.8


SKY COVER
  POSSIBLE SUNSHINE  MM
  AVERAGE SKY COVER 1.0


WEATHER CONDITIONS
 THE FOLLOWING WEATHER WAS RECORDED YESTERDAY.
  LIGHT RAIN
  LIGHT SNOW
  FOG


RELATIVE HUMIDITY (PERCENT)
 HIGHEST   100           600 AM
 LOWEST     65          1200 AM
 AVERAGE    83

..........................................................


THE REXBURG ID CLIMATE NORMALS FOR TODAY
                         NORMAL    RECORD    YEAR
 MAXIMUM TEMPERATURE (F)   29        42      2012
 MINIMUM TEMPERATURE (F)   11        -5      2013


SUNRISE AND SUNSET
JANUARY 20 2018.......SUNRISE   755 AM MST   SUNSET   522 PM MST
JANUARY 21 2018.......SUNRISE   754 AM MST   SUNSET   523 PM MST


-  INDICATES NEGATIVE NUMBERS.
R  INDICATES RECORD WAS SET OR TIED.
MM INDICATES DATA IS MISSING.
T  INDICATES TRACE AMOUNT.




$$
