000
CDUS45 KPIH 242329
CLIRXE


CLIMATE REPORT
NATIONAL WEATHER SERVICE POCATELLO ID
526 PM MDT THU APR 24 2014


...................................

...THE REXBURG ID CLIMATE SUMMARY FOR APRIL 24 2014...
VALID TODAY AS OF 0500 PM LOCAL TIME.

CLIMATE NORMAL PERIOD 1981 TO 2010
CLIMATE RECORD PERIOD 1998 TO 2014


WEATHER ITEM   OBSERVED TIME   RECORD YEAR NORMAL DEPARTURE LAST
                VALUE   (LST)  VALUE       VALUE  FROM      YEAR
                                                  NORMAL
..................................................................
TEMPERATURE (F)
 TODAY
  MAXIMUM         52    341 PM  79    2012  59     -7       54
  MINIMUM         33    647 AM  20    2002  33      0       22
  AVERAGE         43                        46     -3       38

PRECIPITATION (IN)
  TODAY            0.04         MM      MM   0.05  -0.01     0.00
  MONTH TO DATE    0.59                      1.15  -0.56     0.57
  SINCE OCT 1      5.49                      6.99  -1.50     6.40
  SINCE JAN 1      3.63                      3.78  -0.15     3.01

SNOWFALL (IN)
  TODAY           MM
  MONTH TO DATE   MM
  SINCE MAR 1     MM
  SINCE JUL 1     MM
  SNOW DEPTH      MM

DEGREE DAYS
 HEATING
  TODAY           22                        19      3       27
  MONTH TO DATE  490                       528    -38      585
  SINCE MAR 1   1351                      1484   -133     1578
  SINCE JUL 1   7166                      7457   -291     7245

 COOLING
  TODAY            0                         0      0        0
  MONTH TO DATE    0                         0      0        0
  SINCE MAR 1      0                         0      0        0
  SINCE JAN 1      0                         0      0        0
..................................................................


WIND (MPH)
  HIGHEST WIND SPEED    31   HIGHEST WIND DIRECTION    SW (230)
  HIGHEST GUST SPEED    42   HIGHEST GUST DIRECTION     W (250)
  AVERAGE WIND SPEED    12.4


SKY COVER
  POSSIBLE SUNSHINE  MM
  AVERAGE SKY COVER 0.5


WEATHER CONDITIONS
 THE FOLLOWING WEATHER WAS RECORDED TODAY.
  RAIN
  LIGHT RAIN


RELATIVE HUMIDITY (PERCENT)
 HIGHEST    75           700 AM
 LOWEST     39          1100 AM
 AVERAGE    57

..........................................................


THE REXBURG ID CLIMATE NORMALS FOR TOMORROW
                         NORMAL    RECORD    YEAR
 MAXIMUM TEMPERATURE (F)   59        77      2012
 MINIMUM TEMPERATURE (F)   33        25      2013
                                             2009


SUNRISE AND SUNSET
APRIL 24 2014.........SUNRISE   630 AM MDT   SUNSET   822 PM MDT
APRIL 25 2014.........SUNRISE   628 AM MDT   SUNSET   823 PM MDT


-  INDICATES NEGATIVE NUMBERS.
R  INDICATES RECORD WAS SET OR TIED.
MM INDICATES DATA IS MISSING.
T  INDICATES TRACE AMOUNT.




$$
