000
CDUS45 KPIH 290001
CLIRXE


CLIMATE REPORT
NATIONAL WEATHER SERVICE POCATELLO ID
554 PM MDT TUE JUL 28 2015


...................................

...THE REXBURG ID CLIMATE SUMMARY FOR JULY 28 2015...
VALID TODAY AS OF 0500 PM LOCAL TIME.

CLIMATE NORMAL PERIOD 1981 TO 2010
CLIMATE RECORD PERIOD 1998 TO 2015


WEATHER ITEM   OBSERVED TIME   RECORD YEAR NORMAL DEPARTURE LAST
                VALUE   (LST)  VALUE       VALUE  FROM      YEAR
                                                  NORMAL
..................................................................
TEMPERATURE (F)
 TODAY
  MAXIMUM         69    351 PM  97    2006  87    -18       88
  MINIMUM         37R   544 AM  42    2002  52    -15       53
  AVERAGE         53                        69    -16       71

PRECIPITATION (IN)
  TODAY            0.00         MM      MM   0.02  -0.02      T
  MONTH TO DATE    0.92                      0.66   0.26     1.30
  SINCE OCT 1      9.36                     11.11  -1.75     8.95
  SINCE JAN 1      6.59                      7.90  -1.31     7.09

SNOWFALL (IN)
  TODAY           MM
  MONTH TO DATE   MM
  SINCE JUN 1     MM
  SINCE JUL 1     MM
  SNOW DEPTH      MM

DEGREE DAYS
 HEATING
  TODAY           12                         0     12        0
  MONTH TO DATE   38                        27     11        8
  SINCE JUN 1     78                       199   -121      163
  SINCE JUL 1     38                        27     11        8

 COOLING
  TODAY            0                         4     -4        6
  MONTH TO DATE   92                        77     15      152
  SINCE JUN 1    181                        95     86      155
  SINCE JAN 1    181                        99     82      155
..................................................................


WIND (MPH)
  HIGHEST WIND SPEED    10   HIGHEST WIND DIRECTION    NW (310)
  HIGHEST GUST SPEED    16   HIGHEST GUST DIRECTION     N (350)
  AVERAGE WIND SPEED     3.6


SKY COVER
  POSSIBLE SUNSHINE  MM
  AVERAGE SKY COVER 0.1


WEATHER CONDITIONS
 THE FOLLOWING WEATHER WAS RECORDED TODAY.
  NO SIGNIFICANT WEATHER WAS OBSERVED.


RELATIVE HUMIDITY (PERCENT)
 HIGHEST    93           200 AM
 LOWEST     24           400 PM
 AVERAGE    59

..........................................................


THE REXBURG ID CLIMATE NORMALS FOR TOMORROW
                         NORMAL    RECORD    YEAR
 MAXIMUM TEMPERATURE (F)   87        95      2007
                                             2006
                                             2000
 MINIMUM TEMPERATURE (F)   52        45      2011


SUNRISE AND SUNSET
JULY 28 2015..........SUNRISE   611 AM MDT   SUNSET   855 PM MDT
JULY 29 2015..........SUNRISE   612 AM MDT   SUNSET   854 PM MDT


-  INDICATES NEGATIVE NUMBERS.
R  INDICATES RECORD WAS SET OR TIED.
MM INDICATES DATA IS MISSING.
T  INDICATES TRACE AMOUNT.




$$
