000
CDUS46 KSTO 280834
CLISAC

CLIMATE REPORT
NATIONAL WEATHER SERVICE SACRAMENTO, CA
134 AM PDT WED SEP 28 2016


...................................

...THE SACRAMENTO EXEC. AIRPORT CA CLIMATE SUMMARY FOR SEPTEMBER 27 2016...

CLIMATE NORMAL PERIOD 1981 TO 2010
CLIMATE RECORD PERIOD 1930 TO 2016


WEATHER ITEM   OBSERVED TIME   RECORD YEAR NORMAL DEPARTURE LAST
                VALUE   (LST)  VALUE       VALUE  FROM      YEAR
                                                  NORMAL
..................................................................
TEMPERATURE (F)
 YESTERDAY
  MAXIMUM         97    402 PM 102    1963  85     12       90
  MINIMUM         58    622 AM  44    1971  54      4       58
                                      1948
  AVERAGE         78

PRECIPITATION (IN)
  YESTERDAY        0.00          0.38 1957   0.01  -0.01     0.00
  MONTH TO DATE    T                         0.24  -0.24     0.02
  SINCE OCT 1     16.19                     18.47  -2.28    15.43
  SINCE JAN 1     12.75                     12.19   0.56     5.05

SNOWFALL (IN)
  YESTERDAY        0.0           0.0  2002   0.0             0.0
                                      2001
  MONTH TO DATE    0.0                       0.0             0.0
  SINCE SEP 1      0.0                       0.0             0.0
  SINCE JUL 1      0.0                       0.0             0.0

DEGREE DAYS
 HEATING
  YESTERDAY        0

 COOLING
  YESTERDAY       13
..................................................................


WIND (MPH)
  RESULTANT WIND SPEED   2   RESULTANT WIND DIRECTION   S (180)
  HIGHEST WIND SPEED     8   HIGHEST WIND DIRECTION     S (190)
  HIGHEST GUST SPEED    11   HIGHEST GUST DIRECTION     S (190)


SKY COVER
  POSSIBLE SUNSHINE  MM
  AVERAGE SKY COVER 0.0


WEATHER CONDITIONS
 THE FOLLOWING WEATHER WAS RECORDED YESTERDAY.
  NO SIGNIFICANT WEATHER WAS OBSERVED.


RELATIVE HUMIDITY (PERCENT)
 HIGHEST    72
 LOWEST     14
 AVERAGE    43

..........................................................


THE SACRAMENTO EXEC. AIRPORT CA CLIMATE NORMALS FOR TODAY
                         NORMAL    RECORD    YEAR
 MAXIMUM TEMPERATURE (F)   84       102      2010
 MINIMUM TEMPERATURE (F)   54        45      1986


SUNRISE AND SUNSET
SEPTEMBER 28 2016.....SUNRISE   700 AM PDT   SUNSET   653 PM PDT
SEPTEMBER 29 2016.....SUNRISE   701 AM PDT   SUNSET   651 PM PDT


-  INDICATES NEGATIVE NUMBERS.
R  INDICATES RECORD WAS SET OR TIED.
MM INDICATES DATA IS MISSING.
T  INDICATES TRACE AMOUNT.

&&
....................................................................

SACRAMENTO CITY CLIMATE DATA FOR TUESDAY SEPTEMBER 27 2016

HIGH...  100  RECORD HIGH   102 IN 1963    NORMAL    HIGH   85
LOW....   61  RECORD LOW     46 IN 1986    NORMAL    LOW    57

RAIN SINCE MIDNIGHT....  0.00   RECORD THIS DATE....... 0.62 IN 1957
TOTAL THIS MONTH.......  0.00   NORMAL SINCE OCT 1ST.........  20.21
TOTAL SINCE OCT 1ST.... 16.97   PERCENT OF NORMAL..............  84%

$$
