000
CDUS46 KSTO 190849
CLISAC

CLIMATE REPORT
NATIONAL WEATHER SERVICE SACRAMENTO, CA
1244 AM PST MON FEB 19 2018


...................................

...THE SACRAMENTO EXEC. AIRPORT CA CLIMATE SUMMARY FOR FEBRUARY 18 2018...

CLIMATE NORMAL PERIOD 1981 TO 2010
CLIMATE RECORD PERIOD 1930 TO 2018


WEATHER ITEM   OBSERVED TIME   RECORD YEAR NORMAL DEPARTURE LAST
                VALUE   (LST)  VALUE       VALUE  FROM      YEAR
                                                  NORMAL
..................................................................
TEMPERATURE (F)
 YESTERDAY
  MAXIMUM         61    131 PM  74    1977  61      0       60
  MINIMUM         39   1156 PM  29    1956  42     -3       48
  AVERAGE         50

PRECIPITATION (IN)
  YESTERDAY        0.00          1.81 1958   0.13  -0.13     0.07
  MONTH TO DATE    0.00                      2.25  -2.25     6.23
  SINCE OCT 1      7.62                     12.17  -4.55    25.60
  SINCE JAN 1      5.20                      5.89  -0.69    16.15

SNOWFALL (IN)
  YESTERDAY        0.0          MM      MM   0.0            MM
  MONTH TO DATE    0.0                       0.0             0.0
  SINCE DEC 1      0.0                       0.0             0.0
  SINCE JUL 1      0.0                       0.0             0.0

DEGREE DAYS
 HEATING
  YESTERDAY       15

 COOLING
  YESTERDAY        0
..................................................................


WIND (MPH)
  RESULTANT WIND SPEED   9   RESULTANT WIND DIRECTION   W (250)
  HIGHEST WIND SPEED    25   HIGHEST WIND DIRECTION     W (280)
  HIGHEST GUST SPEED    35   HIGHEST GUST DIRECTION     W (280)


SKY COVER
  POSSIBLE SUNSHINE  MM
  AVERAGE SKY COVER 0.0


WEATHER CONDITIONS
 THE FOLLOWING WEATHER WAS RECORDED YESTERDAY.
  NO SIGNIFICANT WEATHER WAS OBSERVED.


RELATIVE HUMIDITY (PERCENT)
 HIGHEST    93
 LOWEST     32
 AVERAGE    63

..........................................................


THE SACRAMENTO EXEC. AIRPORT CA CLIMATE NORMALS FOR TODAY
                         NORMAL    RECORD    YEAR
 MAXIMUM TEMPERATURE (F)   61        76      1964
 MINIMUM TEMPERATURE (F)   42        33      1961


SUNRISE AND SUNSET
FEBRUARY 19 2018......SUNRISE   651 AM PST   SUNSET   549 PM PST
FEBRUARY 20 2018......SUNRISE   650 AM PST   SUNSET   550 PM PST


-  INDICATES NEGATIVE NUMBERS.
R  INDICATES RECORD WAS SET OR TIED.
MM INDICATES DATA IS MISSING.
T  INDICATES TRACE AMOUNT.




&&
....................................................................

SACRAMENTO CITY CLIMATE DATA FOR SUNDAY FEBRUARY 18 2018

HIGH...   63  RECORD HIGH    80 IN 1899    NORMAL    HIGH   62
LOW....   42  RECORD LOW     31 IN 1990    NORMAL    LOW    44

RAIN SINCE MIDNIGHT....  0.00   RECORD THIS DATE....... 1.91 IN 1958
TOTAL THIS MONTH.......  0.00   NORMAL SINCE OCT 1ST.........  13.3
TOTAL SINCE OCT 1ST...  7.79   PERCENT OF NORMAL.............  59%


$$
NNNN
