000
CDUS46 KSTO 201438
CLISAC

CLIMATE REPORT
NATIONAL WEATHER SERVICE SACRAMENTO, CA
735 AM PDT SUN APR 20 2014


...................................

...THE SACRAMENTO EXEC. AIRPORT CA CLIMATE SUMMARY FOR APRIL 19 2014...

CLIMATE NORMAL PERIOD 1981 TO 2010
CLIMATE RECORD PERIOD 1930 TO 2014


WEATHER ITEM   OBSERVED TIME   RECORD YEAR NORMAL DEPARTURE LAST
                VALUE   (LST)  VALUE       VALUE  FROM      YEAR
                                                  NORMAL
..................................................................
TEMPERATURE (F)
 YESTERDAY
  MAXIMUM         76    147 PM  90    2009  72      4       82
  MINIMUM         50    555 AM  35    1961  47      3       45
  AVERAGE         63

PRECIPITATION (IN)
  YESTERDAY        0.00          0.85 1988   0.04  -0.04     0.00
  MONTH TO DATE    1.38                      0.81   0.57     0.69
  SINCE JUL 1      9.34                     17.29  -7.95    14.68
  SINCE JAN 1      7.44                     10.67  -3.23     3.39

SNOWFALL (IN)
  YESTERDAY        0.0          MM      MM   0.0             0.0
  MONTH TO DATE    0.0                       0.0             0.0
  SINCE MAR 1      0.0                       0.0             0.0
  SINCE JUL 1      0.0                       0.0             0.0

DEGREE DAYS
 HEATING
  YESTERDAY        2

 COOLING
  YESTERDAY        0
..................................................................


WIND (MPH)
  RESULTANT WIND SPEED   7   RESULTANT WIND DIRECTION   S (200)
  HIGHEST WIND SPEED    17   HIGHEST WIND DIRECTION    SW (230)
  HIGHEST GUST SPEED    23   HIGHEST GUST DIRECTION    SW (230)


SKY COVER
  POSSIBLE SUNSHINE  MM
  AVERAGE SKY COVER 0.0


WEATHER CONDITIONS
 THE FOLLOWING WEATHER WAS RECORDED YESTERDAY.
  NO SIGNIFICANT WEATHER WAS OBSERVED.


RELATIVE HUMIDITY (PERCENT)
 HIGHEST    86
 LOWEST     31
 AVERAGE    59

..........................................................


THE SACRAMENTO EXEC. AIRPORT CA CLIMATE NORMALS FOR TODAY
                         NORMAL    RECORD    YEAR
 MAXIMUM TEMPERATURE (F)   72        93      2009
 MINIMUM TEMPERATURE (F)   47        34      2008


SUNRISE AND SUNSET
APRIL 20 2014.........SUNRISE   623 AM PDT   SUNSET   747 PM PDT
APRIL 21 2014.........SUNRISE   622 AM PDT   SUNSET   748 PM PDT


-  INDICATES NEGATIVE NUMBERS.
R  INDICATES RECORD WAS SET OR TIED.
MM INDICATES DATA IS MISSING.
T  INDICATES TRACE AMOUNT.






&&
....................................................................

SACRAMENTO CITY CLIMATE DATA FOR SATURDAY APRIL 19 2014

HIGH...   78  RECORD HIGH    91 IN 1939    NORMAL    HIGH   74
LOW....   51  RECORD LOW     39 IN 1933    NORMAL    LOW    49

RAIN SINCE MIDNIGHT....  0.00   RECORD THIS DATE.......    1 IN 1988
TOTAL THIS MONTH.......  1.31   NORMAL SEASON TO DATE......... 18.92
TOTAL SINCE JULY 1ST...  9.68   PERCENT OF NORMAL.............   51%


$$
