000
CDUS46 KSTO 270844
CLISAC

CLIMATE REPORT
NATIONAL WEATHER SERVICE SACRAMENTO, CA
144 AM PDT SAT MAY 27 2017


...................................

...THE SACRAMENTO EXEC. AIRPORT CA CLIMATE SUMMARY FOR MAY 26 2017...

CLIMATE NORMAL PERIOD 1981 TO 2010
CLIMATE RECORD PERIOD 1930 TO 2017


WEATHER ITEM   OBSERVED TIME   RECORD YEAR NORMAL DEPARTURE LAST
                VALUE   (LST)  VALUE       VALUE  FROM      YEAR
                                                  NORMAL
..................................................................
TEMPERATURE (F)
 YESTERDAY
  MAXIMUM         68        MM 101    1976  82    -14       84
  MINIMUM         53        MM  41    1953  53      0       54
  AVERAGE         61

PRECIPITATION (IN)
  YESTERDAY        0.00          0.17 1964   0.01  -0.01     0.00
  MONTH TO DATE    0.00                      0.59  -0.59     0.39
  SINCE OCT 1     32.93                     17.88  15.05    16.19
  SINCE JAN 1     23.48                     11.60  11.88    12.75

SNOWFALL (IN)
  YESTERDAY        0.0          MM      MM   0.0             0.0
  MONTH TO DATE    0.0                       0.0             0.0
  SINCE MAR 1      0.0                       0.0             0.0
  SINCE JUL 1      0.0                       0.0             0.0

DEGREE DAYS
 HEATING
  YESTERDAY        4

 COOLING
  YESTERDAY        0
..................................................................


WIND (MPH)
  RESULTANT WIND SPEED  11   RESULTANT WIND DIRECTION  SW (210)
  HIGHEST WIND SPEED    15   HIGHEST WIND DIRECTION     S (190)
  HIGHEST GUST SPEED    17   HIGHEST GUST DIRECTION    SW (210)


SKY COVER
  POSSIBLE SUNSHINE  MM
  AVERAGE SKY COVER 0.4


WEATHER CONDITIONS
 THE FOLLOWING WEATHER WAS RECORDED YESTERDAY.
  NO SIGNIFICANT WEATHER WAS OBSERVED.


RELATIVE HUMIDITY (PERCENT)
 HIGHEST    83
 LOWEST     51
 AVERAGE    67

..........................................................


THE SACRAMENTO EXEC. AIRPORT CA CLIMATE NORMALS FOR TODAY
                         NORMAL    RECORD    YEAR
 MAXIMUM TEMPERATURE (F)   83       100      1984
 MINIMUM TEMPERATURE (F)   53        43      1977


SUNRISE AND SUNSET
MAY 27 2017...........SUNRISE   546 AM PDT   SUNSET   821 PM PDT
MAY 28 2017...........SUNRISE   545 AM PDT   SUNSET   822 PM PDT


-  INDICATES NEGATIVE NUMBERS.
R  INDICATES RECORD WAS SET OR TIED.
MM INDICATES DATA IS MISSING.
T  INDICATES TRACE AMOUNT.




&&
....................................................................

SACRAMENTO CITY CLIMATE DATA FOR FRIDAY MAY 26 2017

HIGH...   79  RECORD HIGH   102 IN 1974    NORMAL    HIGH   83
LOW....   56  RECORD LOW     42 IN 1918    NORMAL    LOW    55

RAIN SINCE MIDNIGHT....  0.00   RECORD THIS DATE.......  0.3 IN 1901
TOTAL THIS MONTH.......  0.00   NORMAL SINCE OCT 1ST.........  19.61
TOTAL SINCE OCT 1ST... 33.66   PERCENT OF NORMAL.............  172%


$$
NNNN
