000
CDUS46 KSTO 291441
CLISAC

CLIMATE REPORT
NATIONAL WEATHER SERVICE SACRAMENTO, CA
730 AM PDT FRI AUG 29 2014

.................................................................

...THE SACRAMENTO EXEC. AIRPORT CA CLIMATE SUMMARY FOR AUGUST 28 2014...

CLIMATE NORMAL PERIOD 1981 TO 2010
CLIMATE RECORD PERIOD 1930 TO 2014


WEATHER ITEM   OBSERVED TIME   RECORD YEAR NORMAL DEPARTURE LAST
                VALUE   (LST)  VALUE       VALUE  FROM      YEAR
                                                  NORMAL
..................................................................
TEMPERATURE (F)
 YESTERDAY
  MAXIMUM         97    425 PM 104    2008  90      7       91
  MINIMUM         63    707 AM  46    1939  58      5       61
  AVERAGE         80

PRECIPITATION (IN)
  YESTERDAY        0.00          0.00 2007   0.00   0.00     0.00
                                      2006
                                      2005
  MONTH TO DATE    T                         0.04  -0.04      T
  SINCE JUL 1      0.01                      0.04  -0.03      T
  SINCE JAN 1      7.90                     11.94  -4.04     3.91

SNOWFALL (IN)
  YESTERDAY        0.0          MM      MM   0.0             0.0
  MONTH TO DATE    0.0                       0.0             0.0
  SINCE JUN 1      0.0                       0.0             0.0
  SINCE JUL 1      0.0                       0.0             0.0

DEGREE DAYS
 HEATING
  YESTERDAY        0

 COOLING
  YESTERDAY       15
..................................................................


WIND (MPH)
  RESULTANT WIND SPEED   4   RESULTANT WIND DIRECTION   S (200)
  HIGHEST WIND SPEED    10   HIGHEST WIND DIRECTION    SW (210)
  HIGHEST GUST SPEED    16   HIGHEST GUST DIRECTION    SW (230)


SKY COVER
  POSSIBLE SUNSHINE  MM
  AVERAGE SKY COVER 0.0


WEATHER CONDITIONS
 THE FOLLOWING WEATHER WAS RECORDED YESTERDAY.
  NO SIGNIFICANT WEATHER WAS OBSERVED.


RELATIVE HUMIDITY (PERCENT)
 HIGHEST    78
 LOWEST     21
 AVERAGE    50

..........................................................


THE SACRAMENTO EXEC. AIRPORT CA CLIMATE NORMALS FOR TODAY
                         NORMAL    RECORD    YEAR
 MAXIMUM TEMPERATURE (F)   90       105      2007
                                             1987
 MINIMUM TEMPERATURE (F)   58        50      1955


SUNRISE AND SUNSET
AUGUST 29 2014........SUNRISE   633 AM PDT   SUNSET   740 PM PDT
AUGUST 30 2014........SUNRISE   634 AM PDT   SUNSET   739 PM PDT


-  INDICATES NEGATIVE NUMBERS.
R  INDICATES RECORD WAS SET OR TIED.
MM INDICATES DATA IS MISSING.
T  INDICATES TRACE AMOUNT.

&&
....................................................................

SACRAMENTO CITY CLIMATE DATA FOR THURSDAY AUGUST 28 2014

HIGH...   99  RECORD HIGH   105 IN 1915    NORMAL    HIGH   91
LOW....   64  RECORD LOW     50 IN 1910    NORMAL    LOW    60

RAIN SINCE MIDNIGHT....  0.00   RECORD THIS DATE.......         NONE
TOTAL THIS MONTH.......  0.00   NORMAL SEASON TO DATE.........  0.03
TOTAL SINCE JULY 1ST...  0.02   PERCENT OF NORMAL.............   66%

$$
POWELL
