000
CDUS46 KSTO 270841
CLISAC

CLIMATE REPORT
NATIONAL WEATHER SERVICE SACRAMENTO, CA
1239 AM PST TUE JAN 27 2015


...................................

...THE SACRAMENTO EXEC. AIRPORT CA CLIMATE SUMMARY FOR JANUARY 26 2015...

CLIMATE NORMAL PERIOD 1981 TO 2010
CLIMATE RECORD PERIOD 1930 TO 2015


WEATHER ITEM   OBSERVED TIME   RECORD YEAR NORMAL DEPARTURE LAST
                VALUE   (LST)  VALUE       VALUE  FROM      YEAR
                                                  NORMAL
..................................................................
TEMPERATURE (F)
 YESTERDAY
  MAXIMUM         66    402 PM  67    1947  56     10       64
  MINIMUM         40    342 AM  26    1950  39      1       37
  AVERAGE         53

PRECIPITATION (IN)
  YESTERDAY        0.00          1.93 1997   0.12  -0.12     0.00
  MONTH TO DATE    T                         3.04  -3.04     0.00
  SINCE OCT 1     10.38                      9.32   1.06     1.31
  SINCE JAN 1      T                         3.04  -3.04     0.00

SNOWFALL (IN)
  YESTERDAY        0.0          MM      MM   0.0             0.0
  MONTH TO DATE    0.0                       0.0             0.0
  SINCE DEC 1      0.0                       0.0             0.0
  SINCE JUL 1      0.0                       0.0             0.0

DEGREE DAYS
 HEATING
  YESTERDAY       12

 COOLING
  YESTERDAY        0
..................................................................


WIND (MPH)
  RESULTANT WIND SPEED   1   RESULTANT WIND DIRECTION  NW (330)
  HIGHEST WIND SPEED    10   HIGHEST WIND DIRECTION     N (340)
  HIGHEST GUST SPEED    12   HIGHEST GUST DIRECTION    NW (330)


SKY COVER
  POSSIBLE SUNSHINE  MM
  AVERAGE SKY COVER 0.1


WEATHER CONDITIONS
 THE FOLLOWING WEATHER WAS RECORDED YESTERDAY.
  FOG
  HAZE


RELATIVE HUMIDITY (PERCENT)
 HIGHEST    92
 LOWEST     48
 AVERAGE    70

..........................................................


THE SACRAMENTO EXEC. AIRPORT CA CLIMATE NORMALS FOR TODAY
                         NORMAL    RECORD    YEAR
 MAXIMUM TEMPERATURE (F)   56        66      1988
 MINIMUM TEMPERATURE (F)   39        27      1949


SUNRISE AND SUNSET
JANUARY 27 2015.......SUNRISE   716 AM PST   SUNSET   522 PM PST
JANUARY 28 2015.......SUNRISE   715 AM PST   SUNSET   523 PM PST


-  INDICATES NEGATIVE NUMBERS.
R  INDICATES RECORD WAS SET OR TIED.
MM INDICATES DATA IS MISSING.
T  INDICATES TRACE AMOUNT.






&&
....................................................................

SACRAMENTO CITY CLIMATE DATA FOR MONDAY JANUARY 26 2015

HIGH...   65  RECORD HIGH    70 IN 1899    NORMAL    HIGH   56
LOW....   42  RECORD LOW     28 IN 1949    NORMAL    LOW    41

RAIN SINCE MIDNIGHT....  0.00   RECORD THIS DATE....... 1.35 IN 1997
TOTAL THIS MONTH.......  0.01   NORMAL SINCE OCT 1ST.........  10.3
TOTAL SINCE OCT 1ST...  9.29   PERCENT OF NORMAL.............  90%


$$
