000
CDUS46 KSTO 230843
CLISAC

CLIMATE REPORT
NATIONAL WEATHER SERVICE SACRAMENTO, CA
1241 AM PST SUN NOV 23 2014


...................................

...THE SACRAMENTO EXEC. AIRPORT CA CLIMATE SUMMARY FOR NOVEMBER 22 2014...

CLIMATE NORMAL PERIOD 1981 TO 2010
CLIMATE RECORD PERIOD 1930 TO 2014


WEATHER ITEM   OBSERVED TIME   RECORD YEAR NORMAL DEPARTURE LAST
                VALUE   (LST)  VALUE       VALUE  FROM      YEAR
                                                  NORMAL
..................................................................
TEMPERATURE (F)
 YESTERDAY
  MAXIMUM         61    225 PM  75    1959  61      0       72
  MINIMUM         49    913 PM  29    1941  41      8       40
  AVERAGE         55

PRECIPITATION (IN)
  YESTERDAY        0.13          0.86 1978   0.08   0.05     0.00
  MONTH TO DATE    0.73                      1.41  -0.68     0.88
  SINCE JUL 1      1.73                      2.70  -0.97     1.47
  SINCE JAN 1      9.62                     14.60  -4.98     5.38

SNOWFALL (IN)
  YESTERDAY       MM             0.0  2002   0.0             0.0
                                      2001
  MONTH TO DATE    0.0                       0.0             0.0
  SINCE SEP 1      0.0                       0.0             0.0
  SINCE JUL 1      0.0                       0.0             0.0

DEGREE DAYS
 HEATING
  YESTERDAY       10

 COOLING
  YESTERDAY        0
..................................................................


WIND (MPH)
  RESULTANT WIND SPEED   6   RESULTANT WIND DIRECTION  SE (150)
  HIGHEST WIND SPEED    17   HIGHEST WIND DIRECTION    SE (150)
  HIGHEST GUST SPEED    26   HIGHEST GUST DIRECTION    SE (140)


SKY COVER
  POSSIBLE SUNSHINE  MM
  AVERAGE SKY COVER 0.8


WEATHER CONDITIONS
 THE FOLLOWING WEATHER WAS RECORDED YESTERDAY.
  RAIN
  LIGHT RAIN
  FOG
  FOG W/VISIBILITY <= 1/4 MILE
  HAZE


RELATIVE HUMIDITY (PERCENT)
 HIGHEST   100
 LOWEST     77
 AVERAGE    89

..........................................................


THE SACRAMENTO EXEC. AIRPORT CA CLIMATE NORMALS FOR TODAY
                         NORMAL    RECORD    YEAR
 MAXIMUM TEMPERATURE (F)   60        72      2005
                                             1986
                                             1981
 MINIMUM TEMPERATURE (F)   41        27      1947


SUNRISE AND SUNSET
NOVEMBER 23 2014......SUNRISE   657 AM PST   SUNSET   448 PM PST
NOVEMBER 24 2014......SUNRISE   658 AM PST   SUNSET   448 PM PST


-  INDICATES NEGATIVE NUMBERS.
R  INDICATES RECORD WAS SET OR TIED.
MM INDICATES DATA IS MISSING.
T  INDICATES TRACE AMOUNT.

&&
....................................................................

SACRAMENTO CITY CLIMATE DATA FOR SATURDAY NOVEMBER 22 2014

HIGH...   59  RECORD HIGH    75 IN 1959    NORMAL    HIGH   61
LOW....   51  RECORD LOW     30 IN 1880    NORMAL    LOW    44

RAIN SINCE MIDNIGHT....  0.14   RECORD THIS DATE....... 1.07 IN 1978
TOTAL THIS MONTH.......  0.70   NORMAL SEASON TO DATE.........  3.09
TOTAL SINCE JULY 1ST...  1.63   PERCENT OF NORMAL.............   52%


$$
