000
CDUS46 KSGX 281421
CLISAN


CLIMATE REPORT
NATIONAL WEATHER SERVICE SAN DIEGO, CA
719 AM PDT SAT MAY 28 2016


...................................

...THE SAN DIEGO/LINDBERGH FIELD CA CLIMATE SUMMARY FOR MAY 27 2016...

CLIMATE NORMAL PERIOD 1981 TO 2010
CLIMATE RECORD PERIOD 1874 TO 2016


WEATHER ITEM   OBSERVED TIME   RECORD YEAR NORMAL DEPARTURE LAST
                VALUE   (LST)  VALUE       VALUE  FROM      YEAR
                                                  NORMAL
..................................................................
TEMPERATURE (F)
 YESTERDAY
  MAXIMUM         70    238 PM  84    1915  69      1       69
                                      1880
  MINIMUM         63   1144 PM  50    1917  60      3       61
  AVERAGE         67                        64      3       65

PRECIPITATION (IN)
  YESTERDAY        0.00          0.10 1962   0.00   0.00     0.00
                                      1853
  MONTH TO DATE    0.43                      0.11   0.32     2.39
  SINCE OCT 1      7.85                     10.06  -2.21     8.91
  SINCE JAN 1      5.00                      6.95  -1.95     4.04

DEGREE DAYS
 HEATING
  YESTERDAY        0                         1     -1        0
  MONTH TO DATE   10                        53    -43       37
  SINCE MAR 1    106                       344   -238       94
  SINCE JUL 1    646                      1202   -556      440

 COOLING
  YESTERDAY        2                         1      1        0
  MONTH TO DATE   17                        27    -10        9
  SINCE MAR 1     71                        46     25      156
  SINCE JAN 1    116                        51     65      178
..................................................................


WIND (MPH)
  RESULTANT WIND SPEED   5   RESULTANT WIND DIRECTION   W (260)
  HIGHEST WIND SPEED    13   HIGHEST WIND DIRECTION    SW (230)
  HIGHEST GUST SPEED    17   HIGHEST GUST DIRECTION     S (200)
  AVERAGE WIND SPEED     6.2


SKY COVER
  POSSIBLE SUNSHINE  MM
  AVERAGE SKY COVER 0.9


WEATHER CONDITIONS
 THE FOLLOWING WEATHER WAS RECORDED YESTERDAY.
  NO SIGNIFICANT WEATHER WAS OBSERVED.


RELATIVE HUMIDITY (PERCENT)
 HIGHEST    78           400 AM
 LOWEST     61           100 PM
 AVERAGE    70

..........................................................


THE SAN DIEGO/LINDBERGH FIELD CA CLIMATE NORMALS FOR TODAY
                         NORMAL    RECORD    YEAR
 MAXIMUM TEMPERATURE (F)   69        86      1997
 MINIMUM TEMPERATURE (F)   60        52      1893


SUNRISE AND SUNSET
MAY 28 2016...........SUNRISE   543 AM PDT   SUNSET   750 PM PDT
MAY 29 2016...........SUNRISE   542 AM PDT   SUNSET   750 PM PDT


-  INDICATES NEGATIVE NUMBERS.
R  INDICATES RECORD WAS SET OR TIED.
MM INDICATES DATA IS MISSING.
T  INDICATES TRACE AMOUNT.




$$
