715
CDUS46 KSGX 271430
CLISAN


CLIMATE REPORT
NATIONAL WEATHER SERVICE SAN DIEGO, CA
730 AM PDT MON MAR 27 2017


...................................

...THE SAN DIEGO INTL AIRPORT CA CLIMATE SUMMARY FOR MARCH 26 2017...

CLIMATE NORMAL PERIOD 1981 TO 2010
CLIMATE RECORD PERIOD 1874 TO 2017


WEATHER ITEM   OBSERVED TIME   RECORD YEAR NORMAL DEPARTURE LAST
                VALUE   (LST)  VALUE       VALUE  FROM      YEAR
                                                  NORMAL
..................................................................
TEMPERATURE (F)
 YESTERDAY
  MAXIMUM         67    123 PM  93    1988  66      1       68
  MINIMUM         59    623 AM  41    1936  54      5       60
  AVERAGE         63                        60      3       64

PRECIPITATION (IN)
  YESTERDAY        0.00          0.98 1991   0.04  -0.04     0.00
  MONTH TO DATE    0.08                      1.59  -1.51     0.72
  SINCE OCT 1     11.70                      8.95   2.75     6.83
  SINCE JAN 1      6.80                      5.84   0.96     3.98

DEGREE DAYS
 HEATING
  YESTERDAY        2                         5     -3        1
  MONTH TO DATE   67                       153    -86       48
  SINCE MAR 1     67                       153    -86       48
  SINCE JUL 1    659                      1011   -352      588

 COOLING
  YESTERDAY        0                         0      0        0
  MONTH TO DATE    9                         0      9        5
  SINCE MAR 1      9                         0      9        5
  SINCE JAN 1      9                         5      4       50
..................................................................


WIND (MPH)
  RESULTANT WIND SPEED   3   RESULTANT WIND DIRECTION   W (290)
  HIGHEST WIND SPEED    13   HIGHEST WIND DIRECTION     W (260)
  HIGHEST GUST SPEED    16   HIGHEST GUST DIRECTION     W (270)
  AVERAGE WIND SPEED     4.8


SKY COVER
  POSSIBLE SUNSHINE  MM
  AVERAGE SKY COVER 0.6


WEATHER CONDITIONS
 THE FOLLOWING WEATHER WAS RECORDED YESTERDAY.
  NO SIGNIFICANT WEATHER WAS OBSERVED.


RELATIVE HUMIDITY (PERCENT)
 HIGHEST    80           400 AM
 LOWEST     58           100 PM
 AVERAGE    69

..........................................................


THE SAN DIEGO INTL AIRPORT CA CLIMATE NORMALS FOR TODAY
                         NORMAL    RECORD    YEAR
 MAXIMUM TEMPERATURE (F)   66        82      2015
                                             1952
 MINIMUM TEMPERATURE (F)   54        41      1880


SUNRISE AND SUNSET
MARCH 27 2017.........SUNRISE   643 AM PDT   SUNSET   705 PM PDT
MARCH 28 2017.........SUNRISE   641 AM PDT   SUNSET   706 PM PDT


-  INDICATES NEGATIVE NUMBERS.
R  INDICATES RECORD WAS SET OR TIED.
MM INDICATES DATA IS MISSING.
T  INDICATES TRACE AMOUNT.




$$
