248
CDUS46 KSGX 251136
CLISAN


CLIMATE REPORT
NATIONAL WEATHER SERVICE SAN DIEGO, CA
436 AM PDT SUN JUN 25 2017


...................................

...THE SAN DIEGO INTL AIRPORT CA CLIMATE SUMMARY FOR JUNE 24 2017...

CLIMATE NORMAL PERIOD 1981 TO 2010
CLIMATE RECORD PERIOD 1874 TO 2017


WEATHER ITEM   OBSERVED TIME   RECORD YEAR NORMAL DEPARTURE LAST
                VALUE   (LST)  VALUE       VALUE  FROM      YEAR
                                                  NORMAL
..................................................................
TEMPERATURE (F)
 YESTERDAY
  MAXIMUM         75   1253 PM  96    1931  72      3       69
  MINIMUM         62    746 PM  53    1892  63     -1       64
  AVERAGE         69                        68      1       67

PRECIPITATION (IN)
  YESTERDAY        0.00          0.03 1918   0.01  -0.01     0.00
  MONTH TO DATE    0.02                      0.07  -0.05      T
  SINCE OCT 1     12.65                     10.14   2.51     7.86
  SINCE JAN 1      7.75                      7.03   0.72     5.01

DEGREE DAYS
 HEATING
  YESTERDAY        0                         0      0        0
  MONTH TO DATE    9                        15     -6        0
  SINCE JUN 1      9                        15     -6        0
  SINCE JUL 1    736                      1222   -486      648

 COOLING
  YESTERDAY        4                         3      1        2
  MONTH TO DATE   69                        39     30       98
  SINCE JUN 1     69                        39     30       98
  SINCE JAN 1    161                        88     73      216
..................................................................


WIND (MPH)
  RESULTANT WIND SPEED   9   RESULTANT WIND DIRECTION  NW (310)
  HIGHEST WIND SPEED    16   HIGHEST WIND DIRECTION    NW (300)
  HIGHEST GUST SPEED    20   HIGHEST GUST DIRECTION    NW (300)
  AVERAGE WIND SPEED     9.1


SKY COVER
  POSSIBLE SUNSHINE  MM
  AVERAGE SKY COVER 0.7


WEATHER CONDITIONS
 THE FOLLOWING WEATHER WAS RECORDED YESTERDAY.
  FOG


RELATIVE HUMIDITY (PERCENT)
 HIGHEST    93           200 AM
 LOWEST     64          1200 PM
 AVERAGE    79

..........................................................


THE SAN DIEGO INTL AIRPORT CA CLIMATE NORMALS FOR TODAY
                         NORMAL    RECORD    YEAR
 MAXIMUM TEMPERATURE (F)   72        89      2000
 MINIMUM TEMPERATURE (F)   63        54      1943
                                             1894
                                             1892


SUNRISE AND SUNSET
JUNE 25 2017..........SUNRISE   542 AM PDT   SUNSET   800 PM PDT
JUNE 26 2017..........SUNRISE   543 AM PDT   SUNSET   801 PM PDT


-  INDICATES NEGATIVE NUMBERS.
R  INDICATES RECORD WAS SET OR TIED.
MM INDICATES DATA IS MISSING.
T  INDICATES TRACE AMOUNT.




$$
