000
CDUS46 KSGX 190017
CLISAN


CLIMATE REPORT
NATIONAL WEATHER SERVICE SAN DIEGO, CA
517 PM PDT FRI APR 18 2014


...................................

...THE SAN DIEGO/LINDBERGH FIELD CA CLIMATE SUMMARY FOR APRIL 18 2014...
VALID TODAY AS OF 0500 PM LOCAL TIME.

CLIMATE NORMAL PERIOD 1981 TO 2010
CLIMATE RECORD PERIOD 1850 TO 2014


WEATHER ITEM   OBSERVED TIME   RECORD YEAR NORMAL DEPARTURE LAST
                VALUE   (LST)  VALUE       VALUE  FROM      YEAR
                                                  NORMAL
..................................................................
TEMPERATURE (F)
 TODAY
  MAXIMUM         68    341 PM  83    1914  68      0       79
  MINIMUM         62    623 AM  44    1896  56      6       52
                                      1878
  AVERAGE         65                        62      3       66

PRECIPITATION (IN)
  TODAY            0.00          0.42 1983   0.02  -0.02     0.00
  MONTH TO DATE    0.36                      0.56  -0.20     0.01
  SINCE JUL 1      4.89                      9.93  -5.04     6.24
  SINCE JAN 1      2.65                      6.62  -3.97     3.07

SNOWFALL (IN)
  TODAY            0.0
  MONTH TO DATE    0.0
  SINCE JAN 1      0.0
  SINCE JUL 1      0.0
  SNOW DEPTH       0

DEGREE DAYS
 HEATING
  TODAY            0                         4     -4        0
  MONTH TO DATE   35                        77    -42       72
  SINCE MAR 1     75                       255   -180      220
  SINCE JUL 1    531                      1113   -582     1053

 COOLING
  TODAY            0                         0      0        1
  MONTH TO DATE   26                         0     26        1
  SINCE MAR 1     46                         5     41        4
  SINCE JAN 1     55                        10     45        5
..................................................................


WIND (MPH)
  RESULTANT WIND SPEED   5   RESULTANT WIND DIRECTION  SW (210)
  HIGHEST WIND SPEED    13   HIGHEST WIND DIRECTION    SW (240)
  HIGHEST GUST SPEED    16   HIGHEST GUST DIRECTION    SW (240)
  AVERAGE WIND SPEED     7.0


SKY COVER
  POSSIBLE SUNSHINE  MM
  AVERAGE SKY COVER 0.9


WEATHER CONDITIONS
 THE FOLLOWING WEATHER WAS RECORDED TODAY.
  NO SIGNIFICANT WEATHER WAS OBSERVED.


RELATIVE HUMIDITY (PERCENT)
 HIGHEST    72           700 AM
 LOWEST     58          1100 AM
 AVERAGE    65

..........................................................


THE SAN DIEGO/LINDBERGH FIELD CA CLIMATE NORMALS FOR TOMORROW
                         NORMAL    RECORD    YEAR
 MAXIMUM TEMPERATURE (F)   68        91      2009
 MINIMUM TEMPERATURE (F)   56        42      1880


SUNRISE AND SUNSET
APRIL 18 2014.........SUNRISE   615 AM PDT   SUNSET   721 PM PDT
APRIL 19 2014.........SUNRISE   614 AM PDT   SUNSET   722 PM PDT


-  INDICATES NEGATIVE NUMBERS.
R  INDICATES RECORD WAS SET OR TIED.
MM INDICATES DATA IS MISSING.
T  INDICATES TRACE AMOUNT.




$$
