000
CDUS46 KSGX 030020
CLISAN


CLIMATE REPORT
NATIONAL WEATHER SERVICE SAN DIEGO, CA
420 PM PST FRI DEC 2 2016


...................................

...THE SAN DIEGO INTL AIRPORT CA CLIMATE SUMMARY FOR DECEMBER 2 2016...
VALID TODAY AS OF 0400 PM LOCAL TIME.

CLIMATE NORMAL PERIOD 1981 TO 2010
CLIMATE RECORD PERIOD 1874 TO 2016


WEATHER ITEM   OBSERVED TIME   RECORD YEAR NORMAL DEPARTURE LAST
                VALUE   (LST)  VALUE       VALUE  FROM      YEAR
                                                  NORMAL
..................................................................
TEMPERATURE (F)
 TODAY
  MAXIMUM         68    138 PM  83    1959  66      2       77
  MINIMUM         51    652 AM  42    1991  50      1       49
  AVERAGE         60                        58      2       63

PRECIPITATION (IN)
  TODAY            0.00          3.34 1854   0.04  -0.04     0.00
  MONTH TO DATE    0.00                      0.08  -0.08     0.00
  SINCE OCT 1      0.68                      1.66  -0.98     1.97
  SINCE JAN 1      6.01                      8.89  -2.88     9.01

DEGREE DAYS
 HEATING
  TODAY            5                         7     -2        2
  MONTH TO DATE   13                        14     -1        9
  SINCE DEC 1     13                        14     -1        9
  SINCE JUL 1     63                       159    -96       78

 COOLING
  TODAY            0                         0      0        0
  MONTH TO DATE    0                         0      0        0
  SINCE DEC 1      0                         0      0        0
  SINCE JAN 1   1163                       720    443     1564
..................................................................


WIND (MPH)
  RESULTANT WIND SPEED   3   RESULTANT WIND DIRECTION  NW (320)
  HIGHEST WIND SPEED    14   HIGHEST WIND DIRECTION     W (290)
  HIGHEST GUST SPEED    17   HIGHEST GUST DIRECTION    NW (300)
  AVERAGE WIND SPEED     4.3


SKY COVER
  POSSIBLE SUNSHINE  MM
  AVERAGE SKY COVER 0.5


WEATHER CONDITIONS
 THE FOLLOWING WEATHER WAS RECORDED TODAY.
  NO SIGNIFICANT WEATHER WAS OBSERVED.


RELATIVE HUMIDITY (PERCENT)
 HIGHEST    89           600 AM
 LOWEST     17           100 PM
 AVERAGE    53

..........................................................


THE SAN DIEGO INTL AIRPORT CA CLIMATE NORMALS FOR TOMORROW
                         NORMAL    RECORD    YEAR
 MAXIMUM TEMPERATURE (F)   66        85      1958
 MINIMUM TEMPERATURE (F)   50        42      1909
                                             1897
                                             1884


SUNRISE AND SUNSET
DECEMBER  2 2016......SUNRISE   634 AM PST   SUNSET   442 PM PST
DECEMBER  3 2016......SUNRISE   635 AM PST   SUNSET   442 PM PST


-  INDICATES NEGATIVE NUMBERS.
R  INDICATES RECORD WAS SET OR TIED.
MM INDICATES DATA IS MISSING.
T  INDICATES TRACE AMOUNT.




$$
