342
CDUS46 KSGX 291419
CLISAN


CLIMATE REPORT
NATIONAL WEATHER SERVICE SAN DIEGO, CA
719 AM PDT THU SEP 29 2016


...................................

...THE SAN DIEGO/LINDBERGH FIELD CA CLIMATE SUMMARY FOR SEPTEMBER 28 2016...

CLIMATE NORMAL PERIOD 1981 TO 2010
CLIMATE RECORD PERIOD 1874 TO 2016


WEATHER ITEM   OBSERVED TIME   RECORD YEAR NORMAL DEPARTURE LAST
                VALUE   (LST)  VALUE       VALUE  FROM      YEAR
                                                  NORMAL
..................................................................
TEMPERATURE (F)
 YESTERDAY
  MAXIMUM         89   1045 AM  99    1963  75     14       83
  MINIMUM         73    613 AM  53    1880  64      9       70
                                      1878
  AVERAGE         81                        69     12       77

PRECIPITATION (IN)
  YESTERDAY        0.00          0.16 1905   0.01  -0.01     0.00
  MONTH TO DATE    0.32                      0.13   0.19     1.24
  SINCE OCT 1      8.18                     10.32  -2.14    11.91
  SINCE JAN 1      5.33                      7.21  -1.88     7.04

DEGREE DAYS
 HEATING
  YESTERDAY        0                         0      0        0
  MONTH TO DATE    0                         0      0        0
  SINCE SEP 1      0                         0      0        0
  SINCE JUL 1      0                         1     -1        0

 COOLING
  YESTERDAY       16                         4     12       12
  MONTH TO DATE  193                       160     33      354
  SINCE SEP 1    193                       160     33      354
  SINCE JAN 1    875                       628    247     1220
..................................................................


WIND (MPH)
  RESULTANT WIND SPEED   4   RESULTANT WIND DIRECTION  NW (300)
  HIGHEST WIND SPEED    16   HIGHEST WIND DIRECTION    NW (320)
  HIGHEST GUST SPEED    20   HIGHEST GUST DIRECTION    NW (320)
  AVERAGE WIND SPEED     4.8


SKY COVER
  POSSIBLE SUNSHINE  MM
  AVERAGE SKY COVER 0.4


WEATHER CONDITIONS
 THE FOLLOWING WEATHER WAS RECORDED YESTERDAY.
  NO SIGNIFICANT WEATHER WAS OBSERVED.


RELATIVE HUMIDITY (PERCENT)
 HIGHEST    60           800 PM
 LOWEST     25           100 PM
 AVERAGE    43

..........................................................


THE SAN DIEGO/LINDBERGH FIELD CA CLIMATE NORMALS FOR TODAY
                         NORMAL    RECORD    YEAR
 MAXIMUM TEMPERATURE (F)   74        91      1918
 MINIMUM TEMPERATURE (F)   64        50      1880


SUNRISE AND SUNSET
SEPTEMBER 29 2016.....SUNRISE   642 AM PDT   SUNSET   635 PM PDT
SEPTEMBER 30 2016.....SUNRISE   642 AM PDT   SUNSET   634 PM PDT


-  INDICATES NEGATIVE NUMBERS.
R  INDICATES RECORD WAS SET OR TIED.
MM INDICATES DATA IS MISSING.
T  INDICATES TRACE AMOUNT.




$$
