000
CDUS46 KSGX 290015
CLISAN


CLIMATE REPORT
NATIONAL WEATHER SERVICE SAN DIEGO, CA
415 PM PST WED JAN 28 2015


...................................

...THE SAN DIEGO/LINDBERGH FIELD CA CLIMATE SUMMARY FOR JANUARY 28 2015...
VALID TODAY AS OF 0400 PM LOCAL TIME.

CLIMATE NORMAL PERIOD 1981 TO 2010
CLIMATE RECORD PERIOD 1850 TO 2015


WEATHER ITEM   OBSERVED TIME   RECORD YEAR NORMAL DEPARTURE LAST
                VALUE   (LST)  VALUE       VALUE  FROM      YEAR
                                                  NORMAL
..................................................................
TEMPERATURE (F)
 TODAY
  MAXIMUM         72   1158 AM  83    1962  65      7       65
  MINIMUM         54    521 AM  36    1948  50      4       54
                                      1895
  AVERAGE         63                        57      6       60

PRECIPITATION (IN)
  TODAY            0.00          1.32 1915   0.07  -0.07     0.00
  MONTH TO DATE    0.41                      1.79  -1.38     0.00
  SINCE OCT 1      5.28                      4.90   0.38     2.19
  SINCE JAN 1      0.41                      1.79  -1.38     0.00

SNOWFALL (IN)
  TODAY            0.0
  MONTH TO DATE    0.0
  SINCE JAN 1      0.0
  SINCE JUL 1      0.0
  SNOW DEPTH       0

DEGREE DAYS
 HEATING
  TODAY            2                         8     -6        5
  MONTH TO DATE  117                       227   -110       99
  SINCE DEC 1    249                       489   -240      269
  SINCE JUL 1    271                       634   -363      339

 COOLING
  TODAY            0                         0      0        0
  MONTH TO DATE    0                         0      0        7
  SINCE DEC 1      4                         0      4       11
  SINCE JAN 1      0                         0      0        7
..................................................................


WIND (MPH)
  RESULTANT WIND SPEED   2   RESULTANT WIND DIRECTION  NW (330)
  HIGHEST WIND SPEED    13   HIGHEST WIND DIRECTION    NW (320)
  HIGHEST GUST SPEED    15   HIGHEST GUST DIRECTION    NW (330)
  AVERAGE WIND SPEED     2.3


SKY COVER
  POSSIBLE SUNSHINE  MM
  AVERAGE SKY COVER 0.8


WEATHER CONDITIONS
 THE FOLLOWING WEATHER WAS RECORDED TODAY.
  NO SIGNIFICANT WEATHER WAS OBSERVED.


RELATIVE HUMIDITY (PERCENT)
 HIGHEST    83           500 AM
 LOWEST     40          1100 AM
 AVERAGE    62

..........................................................


THE SAN DIEGO/LINDBERGH FIELD CA CLIMATE NORMALS FOR TOMORROW
                         NORMAL    RECORD    YEAR
 MAXIMUM TEMPERATURE (F)   65        81      1984
                                             1962
 MINIMUM TEMPERATURE (F)   50        33      1880


SUNRISE AND SUNSET
JANUARY 28 2015.......SUNRISE   646 AM PST   SUNSET   517 PM PST
JANUARY 29 2015.......SUNRISE   645 AM PST   SUNSET   518 PM PST


-  INDICATES NEGATIVE NUMBERS.
R  INDICATES RECORD WAS SET OR TIED.
MM INDICATES DATA IS MISSING.
T  INDICATES TRACE AMOUNT.




$$
