000
CDUS46 KSGX 291417
CLISAN


CLIMATE REPORT
NATIONAL WEATHER SERVICE SAN DIEGO, CA
716 AM PDT FRI MAY 29 2015


...................................

...THE SAN DIEGO/LINDBERGH FIELD CA CLIMATE SUMMARY FOR MAY 28 2015...

CLIMATE NORMAL PERIOD 1981 TO 2010
CLIMATE RECORD PERIOD 1874 TO 2015


WEATHER ITEM   OBSERVED TIME   RECORD YEAR NORMAL DEPARTURE LAST
                VALUE   (LST)  VALUE       VALUE  FROM      YEAR
                                                  NORMAL
..................................................................
TEMPERATURE (F)
 YESTERDAY
  MAXIMUM         71    125 PM  86    1997  69      2       71
  MINIMUM         62   1159 PM  52    1893  60      2       64
  AVERAGE         67                        64      3       68

PRECIPITATION (IN)
  YESTERDAY        0.00          0.49 1990   0.00   0.00     0.00
  MONTH TO DATE    2.39                      0.11   2.28      T
  SINCE OCT 1      8.91                     10.06  -1.15     5.01
  SINCE JAN 1      4.04                      6.95  -2.91     2.82

SNOWFALL (IN)
  YESTERDAY        0.0
  MONTH TO DATE    0.0
  SINCE MAR 1      0.0
  SINCE JUL 1      0.0
  SNOW DEPTH       0

DEGREE DAYS
 HEATING
  YESTERDAY        0                         1     -1        0
  MONTH TO DATE   37                        54    -17        8
  SINCE MAR 1     94                       345   -251       89
  SINCE JUL 1    440                      1203   -763      545

 COOLING
  YESTERDAY        2                         1      1        3
  MONTH TO DATE   11                        28    -17      145
  SINCE MAR 1    158                        47    111      220
  SINCE JAN 1    180                        52    128      229
..................................................................


WIND (MPH)
  RESULTANT WIND SPEED   5   RESULTANT WIND DIRECTION  NW (300)
  HIGHEST WIND SPEED    14   HIGHEST WIND DIRECTION    NW (300)
  HIGHEST GUST SPEED    18   HIGHEST GUST DIRECTION     W (290)
  AVERAGE WIND SPEED     5.0


SKY COVER
  POSSIBLE SUNSHINE  MM
  AVERAGE SKY COVER 0.8


WEATHER CONDITIONS
 THE FOLLOWING WEATHER WAS RECORDED YESTERDAY.
  NO SIGNIFICANT WEATHER WAS OBSERVED.


RELATIVE HUMIDITY (PERCENT)
 HIGHEST    78           300 AM
 LOWEST     59           300 PM
 AVERAGE    69

..........................................................


THE SAN DIEGO/LINDBERGH FIELD CA CLIMATE NORMALS FOR TODAY
                         NORMAL    RECORD    YEAR
 MAXIMUM TEMPERATURE (F)   69        88      1978
 MINIMUM TEMPERATURE (F)   61        52      1895


SUNRISE AND SUNSET
MAY 29 2015...........SUNRISE   543 AM PDT   SUNSET   750 PM PDT
MAY 30 2015...........SUNRISE   542 AM PDT   SUNSET   750 PM PDT


-  INDICATES NEGATIVE NUMBERS.
R  INDICATES RECORD WAS SET OR TIED.
MM INDICATES DATA IS MISSING.
T  INDICATES TRACE AMOUNT.




$$
