000
CDUS44 KEWX 250707
CLISAT


CLIMATE REPORT
NATIONAL WEATHER SERVICE AUSTIN/SAN ANTONIO, TX
202 AM CDT SAT OCT 25 2014


...................................

...THE SAN ANTONIO CLIMATE SUMMARY FOR OCTOBER 24 2014...

CLIMATE NORMAL PERIOD 1981 TO 2010
CLIMATE RECORD PERIOD 1886 TO 2014


WEATHER ITEM   OBSERVED TIME   RECORD YEAR NORMAL DEPARTURE LAST
                VALUE   (LST)  VALUE       VALUE  FROM      YEAR
                                                  NORMAL
..................................................................
TEMPERATURE (F)
 YESTERDAY
  MAXIMUM         88    313 PM  94    1933  80      8       82
  MINIMUM         60    520 AM  38    1908  58      2       50
  AVERAGE         74                        69      5       66

PRECIPITATION (IN)
  YESTERDAY        0.00          3.53 2004   0.12  -0.12     0.00
  MONTH TO DATE    0.64                      3.30  -2.66     1.97
  SINCE SEP 1      2.41                      6.33  -3.92     5.67
  SINCE JAN 1     18.48                     27.27  -8.79    29.11

SNOWFALL (IN)
  YESTERDAY        0.0
  MONTH TO DATE    0.0
  SINCE SEP 1      0.0
  SINCE JUL 1      0.0
  SNOW DEPTH       0

DEGREE DAYS
 HEATING
  YESTERDAY        0                         2     -2        0
  MONTH TO DATE    0                        14    -14       11
  SINCE SEP 1      0                        16    -16       11
  SINCE JUL 1      0                        16    -16       11

 COOLING
  YESTERDAY        9                         5      4        1
  MONTH TO DATE  289                       186    103      209
  SINCE SEP 1    805                       629    176      767
  SINCE JAN 1   3405                      3020    385     3360
..................................................................


WIND (MPH)
  HIGHEST WIND SPEED    10   HIGHEST WIND DIRECTION    SE (150)
  HIGHEST GUST SPEED    13   HIGHEST GUST DIRECTION     W (250)
  AVERAGE WIND SPEED     3.3


SKY COVER
  AVERAGE SKY COVER 0.1


WEATHER CONDITIONS
 THE FOLLOWING WEATHER WAS RECORDED YESTERDAY.
  NO SIGNIFICANT WEATHER WAS OBSERVED.


RELATIVE HUMIDITY (PERCENT)
 HIGHEST    84           400 AM
 LOWEST     36           400 PM
 AVERAGE    60

..........................................................


THE SAN ANTONIO CLIMATE NORMALS FOR TODAY
                         NORMAL    RECORD    YEAR
 MAXIMUM TEMPERATURE (F)   80        91      2010
                                             1991
                                             1893
 MINIMUM TEMPERATURE (F)   58        36      1945


SUNRISE AND SUNSET
OCTOBER 25 2014.......SUNRISE   742 AM CDT   SUNSET   653 PM CDT
OCTOBER 26 2014.......SUNRISE   743 AM CDT   SUNSET   652 PM CDT


-  INDICATES NEGATIVE NUMBERS.
R  INDICATES RECORD WAS SET OR TIED.
MM INDICATES DATA IS MISSING.
T  INDICATES TRACE AMOUNT.




$$
