000
CDUS44 KEWX 212338
CLISAT


CLIMATE REPORT
NATIONAL WEATHER SERVICE AUSTIN/SAN ANTONIO, TX
638 PM CDT THU SEP 21 2017


...................................

...THE SAN ANTONIO CLIMATE SUMMARY FOR SEPTEMBER 21 2017...
VALID TODAY AS OF 0600 PM LOCAL TIME.

CLIMATE NORMAL PERIOD 1981 TO 2010
CLIMATE RECORD PERIOD 1886 TO 2017


WEATHER ITEM   OBSERVED TIME   RECORD YEAR NORMAL DEPARTURE LAST
                VALUE   (LST)  VALUE       VALUE  FROM      YEAR
                                                  NORMAL
..................................................................
TEMPERATURE (F)
 TODAY
  MAXIMUM         95    332 PM 100    1909  89      6       93
  MINIMUM         78    633 AM  53    1913  68     10       75
  AVERAGE         87                        78      9       84

PRECIPITATION (IN)
  TODAY            0.00          2.94 1928   0.09  -0.09     0.00
  MONTH TO DATE    0.00                      2.17  -2.17     0.19
  SINCE SEP 1      0.00                      2.17  -2.17     0.19
  SINCE JAN 1     19.50                     23.11  -3.61    29.64

SNOWFALL (IN)
  TODAY            0.0
  MONTH TO DATE    0.0
  SINCE SEP 1      0.0
  SINCE JUL 1      0.0
  SNOW DEPTH      MM

DEGREE DAYS
 HEATING
  TODAY            0                         0      0        0
  MONTH TO DATE    0                         0      0        0
  SINCE SEP 1      0                         0      0        0
  SINCE JUL 1      0                         0      0        0

 COOLING
  TODAY           22                        13      9       19
  MONTH TO DATE  321                       336    -15      399
  SINCE SEP 1    321                       336    -15      399
  SINCE JAN 1   2970                      2727    243     2825
..................................................................


WIND (MPH)
  HIGHEST WIND SPEED    16   HIGHEST WIND DIRECTION     E (90)
  HIGHEST GUST SPEED    22   HIGHEST GUST DIRECTION     S (170)
  AVERAGE WIND SPEED    11.7


SKY COVER
  AVERAGE SKY COVER 0.7


WEATHER CONDITIONS
 THE FOLLOWING WEATHER WAS RECORDED TODAY.
  NO SIGNIFICANT WEATHER WAS OBSERVED.


RELATIVE HUMIDITY (PERCENT)
 HIGHEST    85           600 AM
 LOWEST     46           100 PM
 AVERAGE    66

..........................................................


THE SAN ANTONIO CLIMATE NORMALS FOR TOMORROW
                         NORMAL    RECORD    YEAR
 MAXIMUM TEMPERATURE (F)   89       101      1926
 MINIMUM TEMPERATURE (F)   67        46      1983


SUNRISE AND SUNSET
SEPTEMBER 21 2017.....SUNRISE   722 AM CDT   SUNSET   731 PM CDT
SEPTEMBER 22 2017.....SUNRISE   722 AM CDT   SUNSET   730 PM CDT


-  INDICATES NEGATIVE NUMBERS.
R  INDICATES RECORD WAS SET OR TIED.
MM INDICATES DATA IS MISSING.
T  INDICATES TRACE AMOUNT.




$$
