000
CDUS44 KEWX 212230
CLISAT


CLIMATE REPORT
NATIONAL WEATHER SERVICE AUSTIN/SAN ANTONIO, TX
429 PM CST SAT JAN 21 2017


...................................

...THE SAN ANTONIO CLIMATE SUMMARY FOR JANUARY 21 2017...
VALID TODAY AS OF 425 PM LOCAL TIME.

CLIMATE NORMAL PERIOD 1981 TO 2010
CLIMATE RECORD PERIOD 1886 TO 2017


WEATHER ITEM   OBSERVED TIME   RECORD YEAR NORMAL DEPARTURE LAST
                VALUE   (LST)  VALUE       VALUE  FROM      YEAR
                                                  NORMAL
..................................................................
TEMPERATURE (F)
 TODAY
  MAXIMUM         83R   359 PM  80    2003  63     20       69
                                      1999
                                      1974
  MINIMUM         49    134 AM  16    1985  41      8       44
  AVERAGE         66                        52     14       57

PRECIPITATION (IN)
  TODAY            0.00          1.64 1965   0.07  -0.07      T
  MONTH TO DATE    2.71                      1.15   1.56     1.10
  SINCE DEC 1      8.93                      3.06   5.87     2.58
  SINCE JAN 1      2.71                      1.15   1.56     1.10

SNOWFALL (IN)
  TODAY            0.0
  MONTH TO DATE    0.0
  SINCE DEC 1      0.0
  SINCE JUL 1      0.0
  SNOW DEPTH       0

DEGREE DAYS
 HEATING
  TODAY            0                        13    -13        8
  MONTH TO DATE  160                       290   -130      290
  SINCE DEC 1    478                       681   -203      519
  SINCE JUL 1    536                       892   -356      648

 COOLING
  TODAY            1                         0      1        0
  MONTH TO DATE   21                         0     21        0
  SINCE DEC 1     63                        14     49       25
  SINCE JAN 1     21                         0     21        0
..................................................................


WIND (MPH)
  HIGHEST WIND SPEED    15   HIGHEST WIND DIRECTION     W (270)
  HIGHEST GUST SPEED    19   HIGHEST GUST DIRECTION     W (270)
  AVERAGE WIND SPEED     5.7


SKY COVER
  AVERAGE SKY COVER 0.6


WEATHER CONDITIONS
 THE FOLLOWING WEATHER WAS RECORDED TODAY.
  FOG
  FOG W/VISIBILITY <= 1/4 MILE


RELATIVE HUMIDITY (PERCENT)
 HIGHEST   100           300 AM
 LOWEST     23           400 PM
 AVERAGE    62

..........................................................


THE SAN ANTONIO CLIMATE NORMALS FOR TOMORROW
                         NORMAL    RECORD    YEAR
 MAXIMUM TEMPERATURE (F)   63        84      1972
 MINIMUM TEMPERATURE (F)   41        17      1930


SUNRISE AND SUNSET
JANUARY 21 2017.......SUNRISE   728 AM CST   SUNSET   603 PM CST
JANUARY 22 2017.......SUNRISE   728 AM CST   SUNSET   604 PM CST


-  INDICATES NEGATIVE NUMBERS.
R  INDICATES RECORD WAS SET OR TIED.
MM INDICATES DATA IS MISSING.
T  INDICATES TRACE AMOUNT.




$$
