000
CDUS44 KEWX 292303
CLISAT


CLIMATE REPORT
NATIONAL WEATHER SERVICE AUSTIN/SAN ANTONIO, TX
602 PM CDT MON MAY 29 2017


...................................

...THE SAN ANTONIO CLIMATE SUMMARY FOR MAY 29 2017...
VALID TODAY AS OF 0600 PM LOCAL TIME.

CLIMATE NORMAL PERIOD 1981 TO 2010
CLIMATE RECORD PERIOD 1886 TO 2017


WEATHER ITEM   OBSERVED TIME   RECORD YEAR NORMAL DEPARTURE LAST
                VALUE   (LST)  VALUE       VALUE  FROM      YEAR
                                                  NORMAL
..................................................................
TEMPERATURE (F)
 TODAY
  MAXIMUM         88    352 PM 102    1927  90     -2       88
  MINIMUM         71    655 AM  57    1888  70      1       68
  AVERAGE         80                        80      0       78

PRECIPITATION (IN)
  TODAY            T             3.54 1987   0.15  -0.15     1.52
  MONTH TO DATE    0.79                      3.70  -2.91     6.41
  SINCE MAR 1      5.77                      8.11  -2.34    16.16
  SINCE JAN 1     12.10                     11.66   0.44    19.09

SNOWFALL (IN)
  TODAY            0.0
  MONTH TO DATE    0.0
  SINCE MAR 1      0.0
  SINCE JUL 1      0.0
  SNOW DEPTH       0

DEGREE DAYS
 HEATING
  TODAY            0                         0      0        0
  MONTH TO DATE    0                         0      0        1
  SINCE MAR 1     60                       193   -133       89
  SINCE JUL 1    778                      1494   -716     1038

 COOLING
  TODAY           15                        15      0       13
  MONTH TO DATE  315                       340    -25      300
  SINCE MAR 1    648                       573     75      574
  SINCE JAN 1    748                       599    149      603
..................................................................


WIND (MPH)
  HIGHEST WIND SPEED    17   HIGHEST WIND DIRECTION    SE (130)
  HIGHEST GUST SPEED    24   HIGHEST GUST DIRECTION    SE (120)
  AVERAGE WIND SPEED     8.2


SKY COVER
  AVERAGE SKY COVER 0.8


WEATHER CONDITIONS
 THE FOLLOWING WEATHER WAS RECORDED TODAY.
  THUNDERSTORM
  LIGHT RAIN


RELATIVE HUMIDITY (PERCENT)
 HIGHEST    90           500 AM
 LOWEST     40           400 PM
 AVERAGE    65

..........................................................


THE SAN ANTONIO CLIMATE NORMALS FOR TOMORROW
                         NORMAL    RECORD    YEAR
 MAXIMUM TEMPERATURE (F)   90        98      2011
                                             2003
                                             1949
 MINIMUM TEMPERATURE (F)   70        55      1992
                                             1984


SUNRISE AND SUNSET
MAY 29 2017...........SUNRISE   635 AM CDT   SUNSET   828 PM CDT
MAY 30 2017...........SUNRISE   635 AM CDT   SUNSET   828 PM CDT


-  INDICATES NEGATIVE NUMBERS.
R  INDICATES RECORD WAS SET OR TIED.
MM INDICATES DATA IS MISSING.
T  INDICATES TRACE AMOUNT.




$$
