000
CDUS44 KEWX 220714
CLISAT


CLIMATE REPORT
NATIONAL WEATHER SERVICE AUSTIN/SAN ANTONIO, TX
213 AM CDT MON SEP 22 2014


...................................

...THE SAN ANTONIO CLIMATE SUMMARY FOR SEPTEMBER 21 2014...

CLIMATE NORMAL PERIOD 1981 TO 2010
CLIMATE RECORD PERIOD 1886 TO 2014


WEATHER ITEM   OBSERVED TIME   RECORD YEAR NORMAL DEPARTURE LAST
                VALUE   (LST)  VALUE       VALUE  FROM      YEAR
                                                  NORMAL
..................................................................
TEMPERATURE (F)
 YESTERDAY
  MAXIMUM         94    252 PM 100    1909  89      5       89
  MINIMUM         75   1143 PM  53    1913  68      7       63
  AVERAGE         85                        78      7       76

PRECIPITATION (IN)
  YESTERDAY        0.00          2.94 1928   0.09  -0.09     0.00
  MONTH TO DATE    1.10                      2.17  -1.07     1.55
  SINCE SEP 1      1.10                      2.17  -1.07     1.55
  SINCE JAN 1     17.17                     23.11  -5.94    24.99

SNOWFALL (IN)
  YESTERDAY        0.0
  MONTH TO DATE    0.0
  SINCE SEP 1      0.0
  SINCE JUL 1      0.0
  SNOW DEPTH       0

DEGREE DAYS
 HEATING
  YESTERDAY        0                         0      0        0
  MONTH TO DATE    0                         0      0        0
  SINCE SEP 1      0                         0      0        0
  SINCE JUL 1      0                         0      0        0

 COOLING
  YESTERDAY       20                        13      7       11
  MONTH TO DATE  399                       336     63      425
  SINCE SEP 1    399                       336     63      425
  SINCE JAN 1   2999                      2727    272     3018
..................................................................


WIND (MPH)
  HIGHEST WIND SPEED    20   HIGHEST WIND DIRECTION     E (90)
  HIGHEST GUST SPEED    25   HIGHEST GUST DIRECTION     E (90)
  AVERAGE WIND SPEED     7.3


SKY COVER
  AVERAGE SKY COVER 0.4


WEATHER CONDITIONS
 THE FOLLOWING WEATHER WAS RECORDED YESTERDAY.
  NO SIGNIFICANT WEATHER WAS OBSERVED.


RELATIVE HUMIDITY (PERCENT)
 HIGHEST    87           200 AM
 LOWEST     39           300 PM
 AVERAGE    63

..........................................................


THE SAN ANTONIO CLIMATE NORMALS FOR TODAY
                         NORMAL    RECORD    YEAR
 MAXIMUM TEMPERATURE (F)   89       101      1926
 MINIMUM TEMPERATURE (F)   67        46      1983


SUNRISE AND SUNSET
SEPTEMBER 22 2014.....SUNRISE   722 AM CDT   SUNSET   730 PM CDT
SEPTEMBER 23 2014.....SUNRISE   723 AM CDT   SUNSET   729 PM CDT


-  INDICATES NEGATIVE NUMBERS.
R  INDICATES RECORD WAS SET OR TIED.
MM INDICATES DATA IS MISSING.
T  INDICATES TRACE AMOUNT.




$$
