442
CDUS44 KEWX 180744
CLISAT


CLIMATE REPORT
NATIONAL WEATHER SERVICE AUSTIN/SAN ANTONIO, TX
143 AM CST SAT NOV 18 2017


...................................

...THE SAN ANTONIO CLIMATE SUMMARY FOR NOVEMBER 17 2017...

CLIMATE NORMAL PERIOD 1981 TO 2010
CLIMATE RECORD PERIOD 1886 TO 2017


WEATHER ITEM   OBSERVED TIME   RECORD YEAR NORMAL DEPARTURE LAST
                VALUE   (LST)  VALUE       VALUE  FROM      YEAR
                                                  NORMAL
..................................................................
TEMPERATURE (F)
 YESTERDAY
  MAXIMUM         85    343 PM  89    2013  72     13       82
  MINIMUM         69    303 AM  30    1959  50     19       59
  AVERAGE         77                        60     17       71

PRECIPITATION (IN)
  YESTERDAY        0.00          0.70 1917   0.07  -0.07     0.00
  MONTH TO DATE    0.53                      1.45  -0.92     1.79
  SINCE SEP 1      3.79                      8.59  -4.80     8.25
  SINCE JAN 1     23.29                     29.53  -6.24    37.70

SNOWFALL (IN)
  YESTERDAY        0.0
  MONTH TO DATE    0.0
  SINCE SEP 1      0.0
  SINCE JUL 1      0.0
  SNOW DEPTH       0

DEGREE DAYS
 HEATING
  YESTERDAY        0                         6     -6        0
  MONTH TO DATE   28                        73    -45        4
  SINCE SEP 1     74                       106    -32        7
  SINCE JUL 1     74                       106    -32        7

 COOLING
  YESTERDAY       12                         2     10        6
  MONTH TO DATE  132                        48     84       92
  SINCE SEP 1    793                       712     81      906
  SINCE JAN 1   3442                      3103    339     3332
..................................................................


WIND (MPH)
  HIGHEST WIND SPEED    20   HIGHEST WIND DIRECTION    SW (210)
  HIGHEST GUST SPEED    29   HIGHEST GUST DIRECTION     S (160)
  AVERAGE WIND SPEED    11.3


SKY COVER
  AVERAGE SKY COVER 0.6


WEATHER CONDITIONS
 THE FOLLOWING WEATHER WAS RECORDED YESTERDAY.
  NO SIGNIFICANT WEATHER WAS OBSERVED.


RELATIVE HUMIDITY (PERCENT)
 HIGHEST    90           100 AM
 LOWEST     48           300 PM
 AVERAGE    69

..........................................................


THE SAN ANTONIO CLIMATE NORMALS FOR TODAY
                         NORMAL    RECORD    YEAR
 MAXIMUM TEMPERATURE (F)   71        88      1986
 MINIMUM TEMPERATURE (F)   49        22      1886


SUNRISE AND SUNSET
NOVEMBER 18 2017......SUNRISE   701 AM CST   SUNSET   537 PM CST
NOVEMBER 19 2017......SUNRISE   702 AM CST   SUNSET   537 PM CST


-  INDICATES NEGATIVE NUMBERS.
R  INDICATES RECORD WAS SET OR TIED.
MM INDICATES DATA IS MISSING.
T  INDICATES TRACE AMOUNT.




$$
