000
CDUS44 KEWX 270744
CLISAT


CLIMATE REPORT
NATIONAL WEATHER SERVICE AUSTIN/SAN ANTONIO, TX
143 AM CST TUE JAN 27 2015


...................................

...THE SAN ANTONIO CLIMATE SUMMARY FOR JANUARY 26 2015...

CLIMATE NORMAL PERIOD 1981 TO 2010
CLIMATE RECORD PERIOD 1886 TO 2015


WEATHER ITEM   OBSERVED TIME   RECORD YEAR NORMAL DEPARTURE LAST
                VALUE   (LST)  VALUE       VALUE  FROM      YEAR
                                                  NORMAL
..................................................................
TEMPERATURE (F)
 YESTERDAY
  MAXIMUM         73    446 PM  87    1975  64      9       80
  MINIMUM         39    556 AM  20    1897  41     -2       40
  AVERAGE         56                        52      4       60

PRECIPITATION (IN)
  YESTERDAY        0.00          2.50 1992   0.06  -0.06     0.00
  MONTH TO DATE    3.38                      1.46   1.92     0.23
  SINCE DEC 1      4.62                      3.37   1.25     0.78
  SINCE JAN 1      3.38                      1.46   1.92     0.23

SNOWFALL (IN)
  YESTERDAY        0.0
  MONTH TO DATE    0.0
  SINCE DEC 1      0.0
  SINCE JUL 1      0.0
  SNOW DEPTH       0

DEGREE DAYS
 HEATING
  YESTERDAY        9                        13     -4        5
  MONTH TO DATE  450                       355     95      342
  SINCE DEC 1    706                       746    -40      754
  SINCE JUL 1    953                       957     -4      982

 COOLING
  YESTERDAY        0                         0      0        0
  MONTH TO DATE    0                         0      0        1
  SINCE DEC 1      7                        14     -7       19
  SINCE JAN 1      0                         0      0        1
..................................................................


WIND (MPH)
  HIGHEST WIND SPEED    12   HIGHEST WIND DIRECTION     W (260)
  HIGHEST GUST SPEED    14   HIGHEST GUST DIRECTION     W (250)
  AVERAGE WIND SPEED     6.5


SKY COVER
  AVERAGE SKY COVER 0.6


WEATHER CONDITIONS
 THE FOLLOWING WEATHER WAS RECORDED YESTERDAY.
  NO SIGNIFICANT WEATHER WAS OBSERVED.


RELATIVE HUMIDITY (PERCENT)
 HIGHEST    79           600 AM
 LOWEST     25           500 PM
 AVERAGE    52

..........................................................


THE SAN ANTONIO CLIMATE NORMALS FOR TODAY
                         NORMAL    RECORD    YEAR
 MAXIMUM TEMPERATURE (F)   64        84      1972
 MINIMUM TEMPERATURE (F)   41        18      1897


SUNRISE AND SUNSET
JANUARY 27 2015.......SUNRISE   726 AM CST   SUNSET   607 PM CST
JANUARY 28 2015.......SUNRISE   726 AM CST   SUNSET   608 PM CST


-  INDICATES NEGATIVE NUMBERS.
R  INDICATES RECORD WAS SET OR TIED.
MM INDICATES DATA IS MISSING.
T  INDICATES TRACE AMOUNT.




$$
