000
CDUS44 KEWX 260711
CLISAT


CLIMATE REPORT
NATIONAL WEATHER SERVICE AUSTIN/SAN ANTONIO, TX
109 AM CST WED NOV 26 2014


...................................

...THE SAN ANTONIO CLIMATE SUMMARY FOR NOVEMBER 25 2014...

CLIMATE NORMAL PERIOD 1981 TO 2010
CLIMATE RECORD PERIOD 1886 TO 2014


WEATHER ITEM   OBSERVED TIME   RECORD YEAR NORMAL DEPARTURE LAST
                VALUE   (LST)  VALUE       VALUE  FROM      YEAR
                                                  NORMAL
..................................................................
TEMPERATURE (F)
 YESTERDAY
  MAXIMUM         68    229 PM  86    1942  69     -1       45
  MINIMUM         39    639 AM  25    1950  47     -8       36
  AVERAGE         54                        58     -4       41

PRECIPITATION (IN)
  YESTERDAY        0.00          1.18 1980   0.06  -0.06     0.37
  MONTH TO DATE    7.21                      1.97   5.24     1.50
  SINCE SEP 1     10.89                      9.11   1.78     8.01
  SINCE JAN 1     26.96                     30.05  -3.09    31.45

SNOWFALL (IN)
  YESTERDAY        0.0
  MONTH TO DATE    0.0
  SINCE SEP 1      0.0
  SINCE JUL 1      0.0
  SNOW DEPTH       0

DEGREE DAYS
 HEATING
  YESTERDAY       11                         8      3       24
  MONTH TO DATE  222                       131     91      139
  SINCE SEP 1    222                       164     58      150
  SINCE JUL 1    222                       164     58      150

 COOLING
  YESTERDAY        0                         1     -1        0
  MONTH TO DATE   21                        57    -36       73
  SINCE SEP 1    892                       721    171      913
  SINCE JAN 1   3492                      3112    380     3506
..................................................................


WIND (MPH)
  HIGHEST WIND SPEED    16   HIGHEST WIND DIRECTION    SW (230)
  HIGHEST GUST SPEED    21   HIGHEST GUST DIRECTION    SW (220)
  AVERAGE WIND SPEED     6.8


SKY COVER
  AVERAGE SKY COVER 0.1


WEATHER CONDITIONS
 THE FOLLOWING WEATHER WAS RECORDED YESTERDAY.
  NO SIGNIFICANT WEATHER WAS OBSERVED.


RELATIVE HUMIDITY (PERCENT)
 HIGHEST    73           300 AM
 LOWEST     19           100 PM
 AVERAGE    46

..........................................................


THE SAN ANTONIO CLIMATE NORMALS FOR TODAY
                         NORMAL    RECORD    YEAR
 MAXIMUM TEMPERATURE (F)   69        87      1967
 MINIMUM TEMPERATURE (F)   46        28      1975


SUNRISE AND SUNSET
NOVEMBER 26 2014......SUNRISE   707 AM CST   SUNSET   535 PM CST
NOVEMBER 27 2014......SUNRISE   708 AM CST   SUNSET   535 PM CST


-  INDICATES NEGATIVE NUMBERS.
R  INDICATES RECORD WAS SET OR TIED.
MM INDICATES DATA IS MISSING.
T  INDICATES TRACE AMOUNT.




$$
