000
CDUS44 KEWX 230744
CLISAT


CLIMATE REPORT
NATIONAL WEATHER SERVICE AUSTIN/SAN ANTONIO, TX
243 AM CDT THU OCT 23 2014


...................................

...THE SAN ANTONIO CLIMATE SUMMARY FOR OCTOBER 22 2014...

CLIMATE NORMAL PERIOD 1981 TO 2010
CLIMATE RECORD PERIOD 1886 TO 2014


WEATHER ITEM   OBSERVED TIME   RECORD YEAR NORMAL DEPARTURE LAST
                VALUE   (LST)  VALUE       VALUE  FROM      YEAR
                                                  NORMAL
..................................................................
TEMPERATURE (F)
 YESTERDAY
  MAXIMUM         85    151 PM  91    1933  81      4       78
  MINIMUM         63    404 AM  40    1911  59      4       54
  AVERAGE         74                        70      4       66

PRECIPITATION (IN)
  YESTERDAY        0.00          4.09 1949   0.14  -0.14     0.00
  MONTH TO DATE    0.62                      3.04  -2.42     1.97
  SINCE SEP 1      2.39                      6.07  -3.68     5.67
  SINCE JAN 1     18.46                     27.01  -8.55    29.11

SNOWFALL (IN)
  YESTERDAY        0.0
  MONTH TO DATE    0.0
  SINCE SEP 1      0.0
  SINCE JUL 1      0.0
  SNOW DEPTH       0

DEGREE DAYS
 HEATING
  YESTERDAY        0                         1     -1        0
  MONTH TO DATE    0                        11    -11       11
  SINCE SEP 1      0                        13    -13       11
  SINCE JUL 1      0                        13    -13       11

 COOLING
  YESTERDAY        9                         6      3        1
  MONTH TO DATE  269                       175     94      207
  SINCE SEP 1    785                       618    167      765
  SINCE JAN 1   3385                      3009    376     3358
..................................................................


WIND (MPH)
  HIGHEST WIND SPEED    16   HIGHEST WIND DIRECTION    SE (140)
  HIGHEST GUST SPEED    22   HIGHEST GUST DIRECTION    SE (140)
  AVERAGE WIND SPEED     5.7


SKY COVER
  AVERAGE SKY COVER 0.6


WEATHER CONDITIONS
 THE FOLLOWING WEATHER WAS RECORDED YESTERDAY.
  NO SIGNIFICANT WEATHER WAS OBSERVED.


RELATIVE HUMIDITY (PERCENT)
 HIGHEST    68           800 AM
 LOWEST     34           100 PM
 AVERAGE    51

..........................................................


THE SAN ANTONIO CLIMATE NORMALS FOR TODAY
                         NORMAL    RECORD    YEAR
 MAXIMUM TEMPERATURE (F)   80        93      1988
 MINIMUM TEMPERATURE (F)   58        36      1996


SUNRISE AND SUNSET
OCTOBER 23 2014.......SUNRISE   741 AM CDT   SUNSET   655 PM CDT
OCTOBER 24 2014.......SUNRISE   741 AM CDT   SUNSET   654 PM CDT


-  INDICATES NEGATIVE NUMBERS.
R  INDICATES RECORD WAS SET OR TIED.
MM INDICATES DATA IS MISSING.
T  INDICATES TRACE AMOUNT.




$$
