000
CDUS42 KCHS 300604
CLISAV


CLIMATE REPORT
NATIONAL WEATHER SERVICE CHARLESTON SC
204 AM EDT SUN APR 30 2017


...................................

...THE SAVANNAH GA CLIMATE SUMMARY FOR APRIL 29 2017...

CLIMATE NORMAL PERIOD 1981 TO 2010
CLIMATE RECORD PERIOD 1871 TO 2017


WEATHER ITEM   OBSERVED TIME   RECORD YEAR NORMAL DEPARTURE LAST
                VALUE   (LST)  VALUE       VALUE  FROM      YEAR
                                                  NORMAL
..................................................................
TEMPERATURE (F)
 YESTERDAY
  MAXIMUM         88   1247 PM  93    2016  81      7       93
                                      2002
  MINIMUM         74   1159 PM  39    1967  57     17       68
  AVERAGE         81                        69     12       81

PRECIPITATION (IN)
  YESTERDAY        0.00          2.98 1873   0.09  -0.09     0.00
  MONTH TO DATE    2.88                      2.98  -0.10     2.26
  SINCE MAR 1      3.38                      6.71  -3.33     7.27
  SINCE JAN 1     12.21                     13.19  -0.98    13.68

SNOWFALL (IN)
  YESTERDAY        0.0                       0.0    0.0
  SINCE MAR 1      0.0                       T      0.0
  SINCE JUL 1      0.0                       0.3   -0.3

DEGREE DAYS
 HEATING
  YESTERDAY        0                         1     -1        0
  MONTH TO DATE   19                        75    -56       42
  SINCE MAR 1    212                       285    -73      142
  SINCE JUL 1   1022                      1802   -780     1211

 COOLING
  YESTERDAY       16                         5     11       16
  MONTH TO DATE  191                        89    102       97
  SINCE MAR 1    266                       121    145      203
  SINCE JAN 1    324                       131    193      224
..................................................................


WIND (MPH)
  HIGHEST WIND SPEED    20   HIGHEST WIND DIRECTION     S (160)
  HIGHEST GUST SPEED    26   HIGHEST GUST DIRECTION     S (190)
  AVERAGE WIND SPEED    13.0


SKY COVER
  POSSIBLE SUNSHINE  MM
  AVERAGE SKY COVER 0.6


WEATHER CONDITIONS
 THE FOLLOWING WEATHER WAS RECORDED YESTERDAY.
  NO SIGNIFICANT WEATHER WAS OBSERVED.


RELATIVE HUMIDITY (PERCENT)
 HIGHEST    87          1200 AM
 LOWEST     50           100 PM
 AVERAGE    69

..........................................................


THE SAVANNAH GA CLIMATE NORMALS FOR TODAY
                         NORMAL    RECORD    YEAR
 MAXIMUM TEMPERATURE (F)   81        93      1990
                                             1987
 MINIMUM TEMPERATURE (F)   57        43      2008
                                             1993


SUNRISE AND SUNSET
APRIL 30 2017.........SUNRISE   639 AM EDT   SUNSET   805 PM EDT
MAY  1 2017...........SUNRISE   638 AM EDT   SUNSET   806 PM EDT


-  INDICATES NEGATIVE NUMBERS.
R  INDICATES RECORD WAS SET OR TIED.
MM INDICATES DATA IS MISSING.
T  INDICATES TRACE AMOUNT.




$$
