976
CDUS42 KCHS 130638
CLISAV


CLIMATE REPORT
NATIONAL WEATHER SERVICE CHARLESTON SC
137 AM EST SAT FEB 13 2016


...................................

...THE SAVANNAH GA CLIMATE SUMMARY FOR FEBRUARY 12 2016...

CLIMATE NORMAL PERIOD 1981 TO 2010
CLIMATE RECORD PERIOD 1871 TO 2016


WEATHER ITEM   OBSERVED TIME   RECORD YEAR NORMAL DEPARTURE LAST
                VALUE   (LST)  VALUE       VALUE  FROM      YEAR
                                                  NORMAL
..................................................................
TEMPERATURE (F)
 YESTERDAY
  MAXIMUM         70    226 PM  83    1965  64      6       68
  MINIMUM         39    227 AM  19    1973  41     -2       39
  AVERAGE         55                        52      3       54

PRECIPITATION (IN)
  YESTERDAY        0.00          2.42 2013   0.09  -0.09     0.00
  MONTH TO DATE    3.07                      1.21   1.86     1.04
  SINCE DEC 1      9.55                      7.85   1.70     9.18
  SINCE JAN 1      6.20                      4.90   1.30     5.16

SNOWFALL (IN)
  YESTERDAY        0.0                       0.0    0.0
  SINCE DEC 1      T                         0.2   -0.2
  SINCE JUL 1      T                         0.2   -0.2

DEGREE DAYS
 HEATING
  YESTERDAY       10                        13     -3       11
  MONTH TO DATE  158                       163     -5      178
  SINCE DEC 1    728                      1070   -342      935
  SINCE JUL 1    853                      1337   -484     1227

 COOLING
  YESTERDAY        0                         0      0        0
  MONTH TO DATE    9                         0      9        0
  SINCE DEC 1    115                        12    103       11
  SINCE JAN 1      9                         3      6        5
..................................................................


WIND (MPH)
  HIGHEST WIND SPEED    22   HIGHEST WIND DIRECTION     W (260)
  HIGHEST GUST SPEED    29   HIGHEST GUST DIRECTION     W (260)
  AVERAGE WIND SPEED     6.7


SKY COVER
  POSSIBLE SUNSHINE  MM
  AVERAGE SKY COVER 0.5


WEATHER CONDITIONS
 THE FOLLOWING WEATHER WAS RECORDED YESTERDAY.
  NO SIGNIFICANT WEATHER WAS OBSERVED.


RELATIVE HUMIDITY (PERCENT)
 HIGHEST    96           800 AM
 LOWEST     56           600 PM
 AVERAGE    76

..........................................................


THE SAVANNAH GA CLIMATE NORMALS FOR TODAY
                         NORMAL    RECORD    YEAR
 MAXIMUM TEMPERATURE (F)   64        80      2013
                                             1922
                                             1876
 MINIMUM TEMPERATURE (F)   41         8      1899


SUNRISE AND SUNSET
FEBRUARY 13 2016......SUNRISE   709 AM EST   SUNSET   609 PM EST
FEBRUARY 14 2016......SUNRISE   709 AM EST   SUNSET   610 PM EST


-  INDICATES NEGATIVE NUMBERS.
R  INDICATES RECORD WAS SET OR TIED.
MM INDICATES DATA IS MISSING.
T  INDICATES TRACE AMOUNT.




$$
