000
CDUS42 KCHS 220610
CLISAV


CLIMATE REPORT
NATIONAL WEATHER SERVICE CHARLESTON SC
110 AM EST WED FEB 22 2017


...................................

...THE SAVANNAH GA CLIMATE SUMMARY FOR FEBRUARY 21 2017...

CLIMATE NORMAL PERIOD 1981 TO 2010
CLIMATE RECORD PERIOD 1871 TO 2017


WEATHER ITEM   OBSERVED TIME   RECORD YEAR NORMAL DEPARTURE LAST
                VALUE   (LST)  VALUE       VALUE  FROM      YEAR
                                                  NORMAL
..................................................................
TEMPERATURE (F)
 YESTERDAY
  MAXIMUM         75    345 PM  83    1991  66      9       78
  MINIMUM         54    713 AM  21    1896  43     11       54
  AVERAGE         65                        54     11       66

PRECIPITATION (IN)
  YESTERDAY        T             1.59 1912   0.11  -0.11     0.00
  MONTH TO DATE    0.14                      2.08  -1.94     3.17
  SINCE DEC 1     11.04                      8.72   2.32     9.65
  SINCE JAN 1      6.75                      5.77   0.98     6.30

SNOWFALL (IN)
  YESTERDAY        0.0                       0.0    0.0
  SINCE DEC 1      0.0                       0.3   -0.3
  SINCE JUL 1      0.0                       0.3   -0.3

DEGREE DAYS
 HEATING
  YESTERDAY        0                        11    -11        0
  MONTH TO DATE  113                       270   -157      266
  SINCE DEC 1    614                      1177   -563      881
  SINCE JUL 1    795                      1444   -649     1006

 COOLING
  YESTERDAY        0                         0      0        1
  MONTH TO DATE   12                         0     12       10
  SINCE DEC 1     45                        12     33      116
  SINCE JAN 1     35                         3     32       10
..................................................................


WIND (MPH)
  HIGHEST WIND SPEED    18   HIGHEST WIND DIRECTION     E (100)
  HIGHEST GUST SPEED    23   HIGHEST GUST DIRECTION     E (100)
  AVERAGE WIND SPEED     7.5


SKY COVER
  POSSIBLE SUNSHINE  MM
  AVERAGE SKY COVER 0.7


WEATHER CONDITIONS
 THE FOLLOWING WEATHER WAS RECORDED YESTERDAY.
  LIGHT RAIN
  FOG


RELATIVE HUMIDITY (PERCENT)
 HIGHEST    93           100 AM
 LOWEST     61           100 PM
 AVERAGE    77

..........................................................


THE SAVANNAH GA CLIMATE NORMALS FOR TODAY
                         NORMAL    RECORD    YEAR
 MAXIMUM TEMPERATURE (F)   66        83      1991
                                             1962
 MINIMUM TEMPERATURE (F)   43        25      1896


SUNRISE AND SUNSET
FEBRUARY 22 2017......SUNRISE   700 AM EST   SUNSET   617 PM EST
FEBRUARY 23 2017......SUNRISE   659 AM EST   SUNSET   618 PM EST


-  INDICATES NEGATIVE NUMBERS.
R  INDICATES RECORD WAS SET OR TIED.
MM INDICATES DATA IS MISSING.
T  INDICATES TRACE AMOUNT.




$$
