000
CDUS42 KCHS 242103
CLISAV


CLIMATE REPORT
NATIONAL WEATHER SERVICE CHARLESTON SC
503 PM EDT SAT JUN 24 2017


...................................

...THE SAVANNAH GA CLIMATE SUMMARY FOR JUNE 24 2017...
VALID TODAY AS OF 0500 PM LOCAL TIME.

CLIMATE NORMAL PERIOD 1981 TO 2010
CLIMATE RECORD PERIOD 1871 TO 2017


WEATHER ITEM   OBSERVED TIME   RECORD YEAR NORMAL DEPARTURE LAST
                VALUE   (LST)  VALUE       VALUE  FROM      YEAR
                                                  NORMAL
..................................................................
TEMPERATURE (F)
 TODAY
  MAXIMUM         95    336 PM 103    1944  91      4       97
  MINIMUM         76    540 AM  59    1947  71      5       75
  AVERAGE         86                        81      5       86

PRECIPITATION (IN)
  TODAY            0.00          2.48 1945   0.21  -0.21     0.00
  MONTH TO DATE    2.30                      4.75  -2.45     6.28
  SINCE JUN 1      2.30                      4.75  -2.45     6.28
  SINCE JAN 1     26.05                     21.01   5.04    28.95

DEGREE DAYS
 HEATING
  TODAY            0                         0      0        0
  MONTH TO DATE    0                         0      0        0
  SINCE JUN 1      0                         0      0        0
  SINCE JUL 1   1023                      1812   -789     1215

 COOLING
  TODAY           21                        16      5       21
  MONTH TO DATE  356                       347      9      404
  SINCE JUN 1    356                       347      9      404
  SINCE JAN 1   1030                       750    280      932
..................................................................


WIND (MPH)
  HIGHEST WIND SPEED    15   HIGHEST WIND DIRECTION     W (260)
  HIGHEST GUST SPEED    19   HIGHEST GUST DIRECTION    SW (240)
  AVERAGE WIND SPEED     9.1


SKY COVER
  POSSIBLE SUNSHINE  MM
  AVERAGE SKY COVER 0.3


WEATHER CONDITIONS
 THE FOLLOWING WEATHER WAS RECORDED TODAY.
  NO SIGNIFICANT WEATHER WAS OBSERVED.


RELATIVE HUMIDITY (PERCENT)
 HIGHEST    87           500 AM
 LOWEST     41           300 PM
 AVERAGE    64

..........................................................


THE SAVANNAH GA CLIMATE NORMALS FOR TOMORROW
                         NORMAL    RECORD    YEAR
 MAXIMUM TEMPERATURE (F)   91       102      1948
 MINIMUM TEMPERATURE (F)   71        59      1889


SUNRISE AND SUNSET
JUNE 24 2017..........SUNRISE   620 AM EDT   SUNSET   835 PM EDT
JUNE 25 2017..........SUNRISE   620 AM EDT   SUNSET   835 PM EDT


-  INDICATES NEGATIVE NUMBERS.
R  INDICATES RECORD WAS SET OR TIED.
MM INDICATES DATA IS MISSING.
T  INDICATES TRACE AMOUNT.




$$
