000
CDUS42 KCHS 230617
CLISAV


CLIMATE REPORT
NATIONAL WEATHER SERVICE CHARLESTON SC
217 AM EDT MON OCT 23 2017


...................................

...THE SAVANNAH GA CLIMATE SUMMARY FOR OCTOBER 22 2017...

CLIMATE NORMAL PERIOD 1981 TO 2010
CLIMATE RECORD PERIOD 1871 TO 2017


WEATHER ITEM   OBSERVED TIME   RECORD YEAR NORMAL DEPARTURE LAST
                VALUE   (LST)  VALUE       VALUE  FROM      YEAR
                                                  NORMAL
..................................................................
TEMPERATURE (F)
 YESTERDAY
  MAXIMUM         83    258 PM  88    1943  77      6       71
                                      1939
  MINIMUM         67    612 AM  38    1976  55     12       48
  AVERAGE         75                        66      9       60

PRECIPITATION (IN)
  YESTERDAY        0.16          2.19 1890   0.10   0.06     0.00
  MONTH TO DATE    1.09                      2.92  -1.83    11.60
  SINCE SEP 1      6.68                      7.50  -0.82    16.59
  SINCE JAN 1     49.04                     41.87   7.17    50.96

SNOWFALL (IN)
  YESTERDAY        0.0                       0.0    0.0
  SINCE SEP 1      0.0                       0.0    0.0
  SINCE JUL 1      0.0                       0.0    0.0

DEGREE DAYS
 HEATING
  YESTERDAY        0                         2     -2        5
  MONTH TO DATE    1                        28    -27        5
  SINCE SEP 1      1                        30    -29        5
  SINCE JUL 1      1                        30    -29        5

 COOLING
  YESTERDAY       10                         3      7        0
  MONTH TO DATE  233                       123    110      162
  SINCE SEP 1    655                       482    173      605
  SINCE JAN 1   2915                      2389    526     2915
..................................................................


WIND (MPH)
  HIGHEST WIND SPEED    16   HIGHEST WIND DIRECTION     E (100)
  HIGHEST GUST SPEED    20   HIGHEST GUST DIRECTION     E (100)
  AVERAGE WIND SPEED     8.3


SKY COVER
  POSSIBLE SUNSHINE  MM
  AVERAGE SKY COVER 0.6


WEATHER CONDITIONS
 THE FOLLOWING WEATHER WAS RECORDED YESTERDAY.
  LIGHT RAIN
  FOG


RELATIVE HUMIDITY (PERCENT)
 HIGHEST   100          1100 PM
 LOWEST     69           300 PM
 AVERAGE    85

..........................................................


THE SAVANNAH GA CLIMATE NORMALS FOR TODAY
                         NORMAL    RECORD    YEAR
 MAXIMUM TEMPERATURE (F)   77        89      1941
 MINIMUM TEMPERATURE (F)   55        37      1998


SUNRISE AND SUNSET
OCTOBER 23 2017.......SUNRISE   735 AM EDT   SUNSET   643 PM EDT
OCTOBER 24 2017.......SUNRISE   735 AM EDT   SUNSET   642 PM EDT


-  INDICATES NEGATIVE NUMBERS.
R  INDICATES RECORD WAS SET OR TIED.
MM INDICATES DATA IS MISSING.
T  INDICATES TRACE AMOUNT.




$$
