000
CDUS42 KCHS 220601
CLISAV


CLIMATE REPORT
NATIONAL WEATHER SERVICE CHARLESTON SC
100 AM EST MON JAN 22 2018


...................................

...THE SAVANNAH GA CLIMATE SUMMARY FOR JANUARY 21 2018...

CLIMATE NORMAL PERIOD 1981 TO 2010
CLIMATE RECORD PERIOD 1871 TO 2018


WEATHER ITEM   OBSERVED TIME   RECORD YEAR NORMAL DEPARTURE LAST
                VALUE   (LST)  VALUE       VALUE  FROM      YEAR
                                                  NORMAL
..................................................................
TEMPERATURE (F)
 YESTERDAY
  MAXIMUM         72    317 PM  81    1954  61     11       79
  MINIMUM         41    744 AM   3    1985  39      2       59
  AVERAGE         57                        50      7       69

PRECIPITATION (IN)
  YESTERDAY        0.00          2.01 1983   0.13  -0.13     0.73
  MONTH TO DATE    0.66                      2.44  -1.78     2.35
  SINCE DEC 1      3.01                      5.39  -2.38     6.64
  SINCE JAN 1      0.66                      2.44  -1.78     2.35

SNOWFALL (IN)
  YESTERDAY        0.0                       0.0    0.0
  SINCE DEC 1      1.2                       0.2    1.0
  SINCE JUL 1      1.2                       0.2    1.0

DEGREE DAYS
 HEATING
  YESTERDAY        8                        16     -8        0
  MONTH TO DATE  453                       336    117      137
  SINCE DEC 1    829                       759     70      409
  SINCE JUL 1   1053                      1026     27      590

 COOLING
  YESTERDAY        0                         0      0        4
  MONTH TO DATE    3                         0      3       23
  SINCE DEC 1     12                         9      3       33
  SINCE JAN 1      3                         0      3       23
..................................................................


WIND (MPH)
  HIGHEST WIND SPEED    10   HIGHEST WIND DIRECTION     S (170)
  HIGHEST GUST SPEED    19   HIGHEST GUST DIRECTION    SW (220)
  AVERAGE WIND SPEED     2.9


SKY COVER
  POSSIBLE SUNSHINE  MM
  AVERAGE SKY COVER 0.2


WEATHER CONDITIONS
 THE FOLLOWING WEATHER WAS RECORDED YESTERDAY.
  NO SIGNIFICANT WEATHER WAS OBSERVED.


RELATIVE HUMIDITY (PERCENT)
 HIGHEST    76          1100 PM
 LOWEST     31           300 PM
 AVERAGE    54

..........................................................


THE SAVANNAH GA CLIMATE NORMALS FOR TODAY
                         NORMAL    RECORD    YEAR
 MAXIMUM TEMPERATURE (F)   61        80      1937
                                             1923
 MINIMUM TEMPERATURE (F)   39        17      1985
                                             1961


SUNRISE AND SUNSET
JANUARY 22 2018.......SUNRISE   724 AM EST   SUNSET   549 PM EST
JANUARY 23 2018.......SUNRISE   723 AM EST   SUNSET   550 PM EST


-  INDICATES NEGATIVE NUMBERS.
R  INDICATES RECORD WAS SET OR TIED.
MM INDICATES DATA IS MISSING.
T  INDICATES TRACE AMOUNT.




$$
