000
CDUS42 KCHS 260603
CLISAV


CLIMATE REPORT
NATIONAL WEATHER SERVICE CHARLESTON SC
203 AM EDT TUE JUL 26 2016


...................................

...THE SAVANNAH GA CLIMATE SUMMARY FOR JULY 25 2016...

CLIMATE NORMAL PERIOD 1981 TO 2010
CLIMATE RECORD PERIOD 1871 TO 2016


WEATHER ITEM   OBSERVED TIME   RECORD YEAR NORMAL DEPARTURE LAST
                VALUE   (LST)  VALUE       VALUE  FROM      YEAR
                                                  NORMAL
..................................................................
TEMPERATURE (F)
 YESTERDAY
  MAXIMUM         94    245 PM 101    1952  92      2       90
                                      1940
  MINIMUM         74    548 AM  66    1977  73      1       74
  AVERAGE         84                        83      1       82

PRECIPITATION (IN)
  YESTERDAY        0.00          2.19 1974   0.20  -0.20     0.00
  MONTH TO DATE    1.21                      4.37  -3.16     5.29
  SINCE JUN 1      8.17                     10.32  -2.15    10.92
  SINCE JAN 1     30.84                     26.58   4.26    28.25

DEGREE DAYS
 HEATING
  YESTERDAY        0                         0      0        0
  MONTH TO DATE    0                         0      0        0
  SINCE JUN 1      0                         0      0        0
  SINCE JUL 1      0                         0      0        0

 COOLING
  YESTERDAY       19                        18      1       17
  MONTH TO DATE  525                       442     83      474
  SINCE JUN 1   1041                       888    153      980
  SINCE JAN 1   1569                      1291    278     1515
..................................................................


WIND (MPH)
  HIGHEST WIND SPEED    20   HIGHEST WIND DIRECTION     S (180)
  HIGHEST GUST SPEED    25   HIGHEST GUST DIRECTION     S (180)
  AVERAGE WIND SPEED     6.9


SKY COVER
  POSSIBLE SUNSHINE  MM
  AVERAGE SKY COVER 0.2


WEATHER CONDITIONS
 THE FOLLOWING WEATHER WAS RECORDED YESTERDAY.
  NO SIGNIFICANT WEATHER WAS OBSERVED.


RELATIVE HUMIDITY (PERCENT)
 HIGHEST    87           600 AM
 LOWEST     39           300 PM
 AVERAGE    63

..........................................................


THE SAVANNAH GA CLIMATE NORMALS FOR TODAY
                         NORMAL    RECORD    YEAR
 MAXIMUM TEMPERATURE (F)   92       102      2010
 MINIMUM TEMPERATURE (F)   73        65      1911


SUNRISE AND SUNSET
JULY 26 2016..........SUNRISE   636 AM EDT   SUNSET   826 PM EDT
JULY 27 2016..........SUNRISE   637 AM EDT   SUNSET   825 PM EDT


-  INDICATES NEGATIVE NUMBERS.
R  INDICATES RECORD WAS SET OR TIED.
MM INDICATES DATA IS MISSING.
T  INDICATES TRACE AMOUNT.




$$
