000
CDUS42 KCHS 030606
CLISAV


CLIMATE REPORT
NATIONAL WEATHER SERVICE CHARLESTON SC
206 AM EDT MON AUG 3 2015


...................................

...THE SAVANNAH GA CLIMATE SUMMARY FOR AUGUST 2 2015...

CLIMATE NORMAL PERIOD 1981 TO 2010
CLIMATE RECORD PERIOD 1871 TO 2015


WEATHER ITEM   OBSERVED TIME   RECORD YEAR NORMAL DEPARTURE LAST
                VALUE   (LST)  VALUE       VALUE  FROM      YEAR
                                                  NORMAL
..................................................................
TEMPERATURE (F)
 YESTERDAY
  MAXIMUM         85   1249 PM 101    1980  92     -7       89
  MINIMUM         75    831 PM  65    1966  73      2       75
  AVERAGE         80                        82     -2       82

PRECIPITATION (IN)
  YESTERDAY        0.72          1.81 1990   0.21   0.51     0.01
  MONTH TO DATE    1.25                      0.43   0.82     0.01
  SINCE JUN 1     12.24                     11.98   0.26    15.87
  SINCE JAN 1     29.57                     28.24   1.33    31.66

DEGREE DAYS
 HEATING
  YESTERDAY        0                         0      0        0
  MONTH TO DATE    0                         0      0        0
  SINCE JUN 1      0                         0      0        0
  SINCE JUL 1      0                         0      0        0

 COOLING
  YESTERDAY       15                        17     -2       17
  MONTH TO DATE   33                        35     -2       35
  SINCE JUN 1   1125                      1027     98     1089
  SINCE JAN 1   1660                      1430    230     1578
..................................................................


WIND (MPH)
  HIGHEST WIND SPEED    15   HIGHEST WIND DIRECTION    SE (120)
  HIGHEST GUST SPEED    21   HIGHEST GUST DIRECTION     S (200)
  AVERAGE WIND SPEED     3.6


SKY COVER
  POSSIBLE SUNSHINE  MM
  AVERAGE SKY COVER 0.7


WEATHER CONDITIONS
 THE FOLLOWING WEATHER WAS RECORDED YESTERDAY.
  HEAVY RAIN
  RAIN
  LIGHT RAIN
  FOG


RELATIVE HUMIDITY (PERCENT)
 HIGHEST    94           200 AM
 LOWEST     74           100 PM
 AVERAGE    84

..........................................................


THE SAVANNAH GA CLIMATE NORMALS FOR TODAY
                         NORMAL    RECORD    YEAR
 MAXIMUM TEMPERATURE (F)   92        99      1980
                                             1954
                                             1953
 MINIMUM TEMPERATURE (F)   73        68      2001
                                             1965


SUNRISE AND SUNSET
AUGUST  3 2015........SUNRISE   641 AM EDT   SUNSET   821 PM EDT
AUGUST  4 2015........SUNRISE   642 AM EDT   SUNSET   820 PM EDT


-  INDICATES NEGATIVE NUMBERS.
R  INDICATES RECORD WAS SET OR TIED.
MM INDICATES DATA IS MISSING.
T  INDICATES TRACE AMOUNT.




$$
