000
CDUS46 KLOX 240858
CLISBA


CLIMATE REPORT
NATIONAL WEATHER SERVICE LOS ANGELES/OXNARD CA
158 AM PDT SUN JUL 24 2016


...................................

...THE SANTA BARBARA AIRPORT CA CLIMATE SUMMARY FOR JULY 23 2016...

CLIMATE NORMAL PERIOD 1981 TO 2010
CLIMATE RECORD PERIOD 1940 TO 2016


WEATHER ITEM   OBSERVED TIME   RECORD YEAR NORMAL DEPARTURE LAST
                VALUE   (LST)  VALUE       VALUE  FROM      YEAR
                                                  NORMAL
..................................................................
TEMPERATURE (F)
 YESTERDAY
  MAXIMUM         92   1212 AM  93    2006  74     18       77
  MINIMUM         61    516 AM  51    1987  58      3       64
  AVERAGE         77                        66     11       71

PRECIPITATION (IN)
  YESTERDAY        0.00          T    1984   0.00   0.00     0.00
  MONTH TO DATE    0.00                      0.03  -0.03     0.01
  SINCE OCT 1     10.21                     17.38  -7.17     9.63
  SINCE JAN 1      9.33                     12.08  -2.75     3.34

SNOWFALL (IN)
  YESTERDAY        0.0
  MONTH TO DATE    0.0
  SINCE JUN 1      0.0
  SINCE JUL 1      0.0

DEGREE DAYS
 HEATING
  YESTERDAY        0                         1     -1        0
  MONTH TO DATE   15                        23     -8        0
  SINCE JUN 1     87                       113    -26       30
  SINCE JUL 1     15                        23     -8        0

 COOLING
  YESTERDAY       12                         2     10        6
  MONTH TO DATE   37                        34      3       84
  SINCE JUN 1     58                        48     10      108
  SINCE JAN 1     68                        62      6      146
..................................................................


WIND (MPH)
  HIGHEST WIND SPEED    13   HIGHEST WIND DIRECTION    SE (140)
  HIGHEST GUST SPEED    16   HIGHEST GUST DIRECTION    SE (150)
  AVERAGE WIND SPEED     5.5


SKY COVER
  POSSIBLE SUNSHINE  MM
  AVERAGE SKY COVER 0.0


WEATHER CONDITIONS
 THE FOLLOWING WEATHER WAS RECORDED YESTERDAY.
  FOG
  HAZE


RELATIVE HUMIDITY (PERCENT)
 HIGHEST    93           900 PM
 LOWEST     13          1200 AM
 AVERAGE    53

..........................................................


THE SANTA BARBARA AIRPORT CA CLIMATE NORMALS FOR TODAY
                         NORMAL    RECORD    YEAR
 MAXIMUM TEMPERATURE (F)   74        82      2006
                                             1960
 MINIMUM TEMPERATURE (F)   58        49      1948


SUNRISE AND SUNSET
JULY 24 2016..........SUNRISE   605 AM PDT   SUNSET   807 PM PDT
JULY 25 2016..........SUNRISE   605 AM PDT   SUNSET   806 PM PDT


-  INDICATES NEGATIVE NUMBERS.
R  INDICATES RECORD WAS SET OR TIED.
MM INDICATES DATA IS MISSING.
T  INDICATES TRACE AMOUNT.




$$
