000
CDUS46 KLOX 070905
CLISBA


CLIMATE REPORT
NATIONAL WEATHER SERVICE LOS ANGELES/OXNARD CA
205 AM PDT TUE JUL 7 2015


...................................

...THE SANTA BARBARA AIRPORT CA CLIMATE SUMMARY FOR JULY 6 2015...

CLIMATE NORMAL PERIOD 1981 TO 2010
CLIMATE RECORD PERIOD 1940 TO 2015


WEATHER ITEM   OBSERVED TIME   RECORD YEAR NORMAL DEPARTURE LAST
                VALUE   (LST)  VALUE       VALUE  FROM      YEAR
                                                  NORMAL
..................................................................
TEMPERATURE (F)
 YESTERDAY
  MAXIMUM         72    549 PM  99    1954  73     -1       79
  MINIMUM         61    413 AM  49    1955  57      4       59
  AVERAGE         67                        65      2       69

PRECIPITATION (IN)
  YESTERDAY        0.00          0.04 2001   0.00   0.00     0.00
  MONTH TO DATE    T                         0.01  -0.01     0.00
  SINCE OCT 1      9.62                     17.36  -7.74     6.49
  SINCE JAN 1      3.33                     12.06  -8.73     5.20

SNOWFALL (IN)
  YESTERDAY        0.0
  MONTH TO DATE    0.0
  SINCE JUN 1      0.0
  SINCE JUL 1      0.0

DEGREE DAYS
 HEATING
  YESTERDAY        0                         1     -1        0
  MONTH TO DATE    0                         6     -6        0
  SINCE JUN 1     30                        96    -66       52
  SINCE JUL 1      0                         6     -6        0

 COOLING
  YESTERDAY        2                         1      1        4
  MONTH TO DATE   15                         6      9       22
  SINCE JUN 1     39                        20     19       44
  SINCE JAN 1     77                        34     43      112
..................................................................


WIND (MPH)
  HIGHEST WIND SPEED    12   HIGHEST WIND DIRECTION    SW (240)
  HIGHEST GUST SPEED    15   HIGHEST GUST DIRECTION    SW (220)
  AVERAGE WIND SPEED     6.2


SKY COVER
  POSSIBLE SUNSHINE  MM
  AVERAGE SKY COVER 0.6


WEATHER CONDITIONS
 THE FOLLOWING WEATHER WAS RECORDED YESTERDAY.
  FOG


RELATIVE HUMIDITY (PERCENT)
 HIGHEST    97          1200 AM
 LOWEST     61           400 PM
 AVERAGE    79

..........................................................


THE SANTA BARBARA AIRPORT CA CLIMATE NORMALS FOR TODAY
                         NORMAL    RECORD    YEAR
 MAXIMUM TEMPERATURE (F)   73       101      1954
 MINIMUM TEMPERATURE (F)   57        49      1966


SUNRISE AND SUNSET
JULY  7 2015..........SUNRISE   553 AM PDT   SUNSET   815 PM PDT
JULY  8 2015..........SUNRISE   554 AM PDT   SUNSET   815 PM PDT


-  INDICATES NEGATIVE NUMBERS.
R  INDICATES RECORD WAS SET OR TIED.
MM INDICATES DATA IS MISSING.
T  INDICATES TRACE AMOUNT.




$$
