000
CDUS46 KLOX 300120
CLISBA


CLIMATE REPORT
NATIONAL WEATHER SERVICE LOS ANGELES/OXNARD CA
620 PM PDT SUN MAR 29 2015


...................................

...THE SANTA BARBARA AIRPORT CA CLIMATE SUMMARY FOR MARCH 29 2015...
VALID TODAY AS OF 0600 PM LOCAL TIME.

CLIMATE NORMAL PERIOD 1981 TO 2010
CLIMATE RECORD PERIOD 1940 TO 2015


WEATHER ITEM   OBSERVED TIME   RECORD YEAR NORMAL DEPARTURE LAST
                VALUE   (LST)  VALUE       VALUE  FROM      YEAR
                                                  NORMAL
..................................................................
TEMPERATURE (F)
 TODAY
  MAXIMUM         69    232 PM  80    2004  66      3       69
  MINIMUM         53    615 AM  35    1961  46      7       48
  AVERAGE         61                        56      5       59

PRECIPITATION (IN)
  TODAY            0.00          2.10 1946   0.07  -0.07     0.00
  MONTH TO DATE    0.30                      3.04  -2.74     0.83
  SINCE OCT 1      8.82                     15.80  -6.98     5.96
  SINCE JAN 1      2.53                     10.50  -7.97     4.67

SNOWFALL (IN)
  TODAY            0.0
  MONTH TO DATE    0.0
  SINCE MAR 1      0.0
  SINCE JUL 1      0.0

DEGREE DAYS
 HEATING
  TODAY            4                         9     -5        6
  MONTH TO DATE  114                       277   -163      150
  SINCE MAR 1    114                       277   -163      150
  SINCE JUL 1    939                      1878   -939     1385

 COOLING
  TODAY            0                         0      0        0
  MONTH TO DATE   34                         0     34        5
  SINCE MAR 1     34                         0     34        5
  SINCE JAN 1     34                         0     34        5
..................................................................


WIND (MPH)
  HIGHEST WIND SPEED    13   HIGHEST WIND DIRECTION     W (250)
  HIGHEST GUST SPEED    15   HIGHEST GUST DIRECTION    SW (240)
  AVERAGE WIND SPEED     5.6


SKY COVER
  POSSIBLE SUNSHINE  MM
  AVERAGE SKY COVER 0.4


WEATHER CONDITIONS
 THE FOLLOWING WEATHER WAS RECORDED TODAY.
  FOG
  FOG W/VISIBILITY <= 1/4 MILE
  HAZE


RELATIVE HUMIDITY (PERCENT)
 HIGHEST   100           400 AM
 LOWEST     68           100 PM
 AVERAGE    84

..........................................................


THE SANTA BARBARA AIRPORT CA CLIMATE NORMALS FOR TOMORROW
                         NORMAL    RECORD    YEAR
 MAXIMUM TEMPERATURE (F)   66        81      2003
 MINIMUM TEMPERATURE (F)   46        37      1949


SUNRISE AND SUNSET
MARCH 29 2015.........SUNRISE   651 AM PDT   SUNSET   718 PM PDT
MARCH 30 2015.........SUNRISE   649 AM PDT   SUNSET   719 PM PDT


-  INDICATES NEGATIVE NUMBERS.
R  INDICATES RECORD WAS SET OR TIED.
MM INDICATES DATA IS MISSING.
T  INDICATES TRACE AMOUNT.




$$
