511
CDUS46 KLOX 171152
CLISBA


CLIMATE REPORT
NATIONAL WEATHER SERVICE LOS ANGELES/OXNARD CA
451 AM PDT TUE OCT 17 2017


...................................

...THE SANTA BARBARA AIRPORT CA CLIMATE SUMMARY FOR OCTOBER 16 2017...

CLIMATE NORMAL PERIOD 1981 TO 2010
CLIMATE RECORD PERIOD 1940 TO 2017


WEATHER ITEM   OBSERVED TIME   RECORD YEAR NORMAL DEPARTURE LAST
                VALUE   (LST)  VALUE       VALUE  FROM      YEAR
                                                  NORMAL
..................................................................
TEMPERATURE (F)
 YESTERDAY
  MAXIMUM         87   1251 PM  93    1997  72     15       73
  MINIMUM         47    443 AM  39    1960  51     -4       62
  AVERAGE         67                        62      5       68

PRECIPITATION (IN)
  YESTERDAY        0.00          0.56 1984   0.03  -0.03     0.29
  MONTH TO DATE    0.00                      0.32  -0.32     0.29
  SINCE OCT 1      0.00                      0.32  -0.32     0.29
  SINCE JAN 1     19.69                     12.78   6.91     9.63

SNOWFALL (IN)
  YESTERDAY        0.0
  MONTH TO DATE    0.0
  SINCE SEP 1      0.0
  SINCE JUL 1      0.0

DEGREE DAYS
 HEATING
  YESTERDAY        0                         4     -4        0
  MONTH TO DATE   43                        50     -7       50
  SINCE SEP 1     61                        94    -33       86
  SINCE JUL 1     72                       145    -73      108

 COOLING
  YESTERDAY        2                         0      2        3
  MONTH TO DATE    8                        11     -3       11
  SINCE SEP 1    102                        55     47       88
  SINCE JAN 1    327                       182    145      236
..................................................................


WIND (MPH)
  HIGHEST WIND SPEED    15   HIGHEST WIND DIRECTION     W (270)
  HIGHEST GUST SPEED    MM   HIGHEST GUST DIRECTION    MM
  AVERAGE WIND SPEED     3.1


SKY COVER
  POSSIBLE SUNSHINE  MM
  AVERAGE SKY COVER 0.0


WEATHER CONDITIONS
 THE FOLLOWING WEATHER WAS RECORDED YESTERDAY.
  NO SIGNIFICANT WEATHER WAS OBSERVED.


RELATIVE HUMIDITY (PERCENT)
 HIGHEST    86          1100 PM
 LOWEST     13           100 PM
 AVERAGE    50

..........................................................


THE SANTA BARBARA AIRPORT CA CLIMATE NORMALS FOR TODAY
                         NORMAL    RECORD    YEAR
 MAXIMUM TEMPERATURE (F)   72        92      1967
 MINIMUM TEMPERATURE (F)   51        40      1971


SUNRISE AND SUNSET
OCTOBER 17 2017.......SUNRISE   707 AM PDT   SUNSET   622 PM PDT
OCTOBER 18 2017.......SUNRISE   708 AM PDT   SUNSET   621 PM PDT


-  INDICATES NEGATIVE NUMBERS.
R  INDICATES RECORD WAS SET OR TIED.
MM INDICATES DATA IS MISSING.
T  INDICATES TRACE AMOUNT.




$$
