000
CDUS46 KLOX 200902
CLISBA


CLIMATE REPORT
NATIONAL WEATHER SERVICE LOS ANGELES/OXNARD CA
102 AM PST SAT DEC 20 2014


...................................

...THE SANTA BARBARA AIRPORT CA CLIMATE SUMMARY FOR DECEMBER 19 2014...

CLIMATE NORMAL PERIOD 1981 TO 2010
CLIMATE RECORD PERIOD 1940 TO 2014


WEATHER ITEM   OBSERVED TIME   RECORD YEAR NORMAL DEPARTURE LAST
                VALUE   (LST)  VALUE       VALUE  FROM      YEAR
                                                  NORMAL
..................................................................
TEMPERATURE (F)
 YESTERDAY
  MAXIMUM         64   1142 AM  79    1953  63      1       61
  MINIMUM         46    659 AM  28    2006  40      6       48
  AVERAGE         55                        52      3       55

PRECIPITATION (IN)
  YESTERDAY        0.00          2.79 2010   0.10  -0.10     0.00
  MONTH TO DATE    4.95                      1.52   3.43     0.16
  SINCE JUL 1      6.31                      4.29   2.02     1.36
  SINCE JAN 1     11.51                     16.34  -4.83     4.71

SNOWFALL (IN)
  YESTERDAY        0.0
  MONTH TO DATE    0.0
  SINCE DEC 1      0.0
  SINCE JUL 1      0.0

DEGREE DAYS
 HEATING
  YESTERDAY       10                        14     -4       10
  MONTH TO DATE  125                       242   -117      240
  SINCE DEC 1    125                       242   -117      240
  SINCE JUL 1    258                       720   -462      614

 COOLING
  YESTERDAY        0                         0      0        0
  MONTH TO DATE    0                         0      0        0
  SINCE DEC 1      0                         0      0        0
  SINCE JAN 1    529                       188    341      285
..................................................................


WIND (MPH)
  HIGHEST WIND SPEED    12   HIGHEST WIND DIRECTION     W (270)
  HIGHEST GUST SPEED    14   HIGHEST GUST DIRECTION     W (270)
  AVERAGE WIND SPEED     2.8


SKY COVER
  POSSIBLE SUNSHINE  MM
  AVERAGE SKY COVER 0.3


WEATHER CONDITIONS
 THE FOLLOWING WEATHER WAS RECORDED YESTERDAY.
  NO SIGNIFICANT WEATHER WAS OBSERVED.


RELATIVE HUMIDITY (PERCENT)
 HIGHEST    93          1200 AM
 LOWEST     67          1100 AM
 AVERAGE    80

..........................................................


THE SANTA BARBARA AIRPORT CA CLIMATE NORMALS FOR TODAY
                         NORMAL    RECORD    YEAR
 MAXIMUM TEMPERATURE (F)   63        80      1953
 MINIMUM TEMPERATURE (F)   40        31      2012
                                             2006


SUNRISE AND SUNSET
DECEMBER 20 2014......SUNRISE   701 AM PST   SUNSET   453 PM PST
DECEMBER 21 2014......SUNRISE   702 AM PST   SUNSET   453 PM PST


-  INDICATES NEGATIVE NUMBERS.
R  INDICATES RECORD WAS SET OR TIED.
MM INDICATES DATA IS MISSING.
T  INDICATES TRACE AMOUNT.




$$
