000
CDUS43 KIWX 030522
CLISBN


CLIMATE REPORT
NATIONAL WEATHER SERVICE NORTHERN INDIANA
122 AM EDT FRI JUL 3 2015


...................................

...THE SOUTH BEND CLIMATE SUMMARY FOR JULY 2 2015...

CLIMATE NORMAL PERIOD 1981 TO 2010
CLIMATE RECORD PERIOD 1893 TO 2015


WEATHER ITEM   OBSERVED TIME   RECORD YEAR NORMAL DEPARTURE LAST
                VALUE   (LST)  VALUE       VALUE  FROM      YEAR
                                                  NORMAL
..................................................................
TEMPERATURE (F)
 YESTERDAY
  MAXIMUM         75    525 PM 101    1910  83     -8       73
  MINIMUM         53    441 AM  42    2001  63    -10       59
  AVERAGE         64                        73     -9       66

PRECIPITATION (IN)
  YESTERDAY        0.00          3.29 1962   0.12  -0.12      T
  MONTH TO DATE    0.00                      0.24  -0.24     0.22
  SINCE JUN 1      4.07                      4.03   0.04     9.36
  SINCE JAN 1     17.16                     17.75  -0.59    24.44

SNOWFALL (IN)
  YESTERDAY        0.0           0.0  2002   0.0    0.0      0.0
                                      2001
  MONTH TO DATE    0.0                       0.0    0.0      0.0
  SINCE JUN 1      0.0                       0.0    0.0      0.0
  SINCE JUL 1      0.0                       0.0    0.0      0.0
  SNOW DEPTH       0

DEGREE DAYS
 HEATING
  YESTERDAY        1                         0      1        0
  MONTH TO DATE    4                         0      4        0
  SINCE JUN 1     23                        44    -21       17
  SINCE JUL 1      4                         0      4        0

 COOLING
  YESTERDAY        0                         8     -8        1
  MONTH TO DATE    0                        16    -16       11
  SINCE JUN 1    157                       181    -24      227
  SINCE JAN 1    243                       237      6      312
..................................................................


WIND (MPH)
  HIGHEST WIND SPEED    13   HIGHEST WIND DIRECTION     E (70)
  HIGHEST GUST SPEED    19   HIGHEST GUST DIRECTION    NE (40)
  AVERAGE WIND SPEED     6.3


SKY COVER
  AVERAGE SKY COVER 0.2


WEATHER CONDITIONS
 THE FOLLOWING WEATHER WAS RECORDED YESTERDAY.
  NO SIGNIFICANT WEATHER WAS OBSERVED.


RELATIVE HUMIDITY (PERCENT)
 HIGHEST    93          1200 AM
 LOWEST     49           600 PM
 AVERAGE    71

..........................................................


THE SOUTH BEND CLIMATE NORMALS FOR TODAY
                         NORMAL    RECORD    YEAR
 MAXIMUM TEMPERATURE (F)   83        98      1897
 MINIMUM TEMPERATURE (F)   63        45      1917


SUNRISE AND SUNSET
JULY  3 2015..........SUNRISE   615 AM EDT   SUNSET   923 PM EDT
JULY  4 2015..........SUNRISE   616 AM EDT   SUNSET   923 PM EDT


-  INDICATES NEGATIVE NUMBERS.
R  INDICATES RECORD WAS SET OR TIED.
MM INDICATES DATA IS MISSING.
T  INDICATES TRACE AMOUNT.




$$
